0:00:00.007941131  2470 0x216d370 DEBUG   GST_REGISTRY gstregistry.c:1383:gst_registry_scan_path_internal: registry changed in path /home/conan/.local/share/gstreamer-1.0/plugins: 0
0:00:00.002827232  2471 0x199b320 LOG   GST_PLUGIN_LOADING gstplugin.c:514:gst_plugin_register_func: plugin "/home/conan/w/prod/BuildSingleReference/.conan/data/gstreamer/1.19.1/_/_/package/79b6a76dab3879a2afba8d14ba028b620dd3f25b/lib/gstreamer-1.0/libgstcoretracers.so" looks good
0:00:00.007951358  2470 0x216d370 DEBUG   GST_REGISTRY gstregistry.c:1691:scan_and_update_registry: scanning main plugins /home/conan/w/prod/BuildSingleReference/.conan/data/gstreamer/1.19.1/_/_/package/79b6a76dab3879a2afba8d14ba028b620dd3f25b/lib/gstreamer-1.0
0:00:00.007960052  2470 0x216d370 DEBUG   GST_REGISTRY gstregistry.c:1380:gst_registry_scan_path_internal: scanning path /home/conan/w/prod/BuildSingleReference/.conan/data/gstreamer/1.19.1/_/_/package/79b6a76dab3879a2afba8d14ba028b620dd3f25b/lib/gstreamer-1.0
0:00:00.002857542  2471 0x199b320 TRACE   GST_REFCOUNTING gstobject.c:208:gst_object_init: 0x19b5250 new
0:00:00.002869314  2471 0x199b320 DEBUG   GST_TRACER gsttracer.c:169:gst_tracer_register: new tracer factory for latency
0:00:00.002879212  2471 0x199b320 DEBUG   GST_TRACER gsttracer.c:176:gst_tracer_register: tracer factory for 26945408:GstLatencyTracer
0:00:00.008005327  2470 0x216d370 LOG   GST_REGISTRY gstregistry.c:1299:gst_registry_scan_path_level: file /home/conan/w/prod/BuildSingleReference/.conan/data/gstreamer/1.19.1/_/_/package/79b6a76dab3879a2afba8d14ba028b620dd3f25b/lib/gstreamer-1.0/libgstcoretracers.so looks like a possible module
0:00:00.002895419  2471 0x199b320 DEBUG   GST_REGISTRY gstregistry.c:589:gst_registry_add_feature: adding feature 0x19b5250 (latency)
0:00:00.008017646  2470 0x216d370 DEBUG   GST_REGISTRY gstregistry.c:1360:gst_registry_scan_path_level: file /home/conan/w/prod/BuildSingleReference/.conan/data/gstreamer/1.19.1/_/_/package/79b6a76dab3879a2afba8d14ba028b620dd3f25b/lib/gstreamer-1.0/libgstcoretracers.so not yet in registry
0:00:00.002903852  2471 0x199b320 DEBUG   GST_REFCOUNTING gstobject.c:708:gst_object_set_parent: set parent (ref and sink)
0:00:00.008026822  2470 0x216d370 DEBUG   GST_REGISTRY gstregistry.c:1172:gst_registry_scan_plugin_file: Using scan-helper to load plugin /home/conan/w/prod/BuildSingleReference/.conan/data/gstreamer/1.19.1/_/_/package/79b6a76dab3879a2afba8d14ba028b620dd3f25b/lib/gstreamer-1.0/libgstcoretracers.so
0:00:00.002914543  2471 0x199b320 TRACE   GST_REFCOUNTING gstobject.c:292:gst_object_ref_sink: 0x19b5250 ref_sink 1->2
0:00:00.008036542  2470 0x216d370 LOG   GST_PLUGIN_LOADING gstpluginloader.c:235:plugin_loader_load: Sending file /home/conan/w/prod/BuildSingleReference/.conan/data/gstreamer/1.19.1/_/_/package/79b6a76dab3879a2afba8d14ba028b620dd3f25b/lib/gstreamer-1.0/libgstcoretracers.so to child. tag 2
0:00:00.002922899  2471 0x199b320 LOG   GST_REGISTRY gstregistry.c:607:gst_registry_add_feature: emitting feature-added for latency
0:00:00.008047707  2470 0x216d370 DEBUG   GST_POLL gstpoll.c:979:gst_poll_fd_ctl_write: 0x2186d00: fd (fd:7, idx:1), active : 1
0:00:00.008056508  2470 0x216d370 LOG   GST_POLL gstpoll.c:994:gst_poll_fd_ctl_write: 0x2186d00: pfd->events now 60 (POLLOUT:4)
0:00:00.002942426  2471 0x199b320 TRACE   GST_REFCOUNTING gstobject.c:208:gst_object_init: 0x19b5740 new
0:00:00.008065060  2470 0x216d370 DEBUG   GST_POLL gstpoll.c:1414:gst_poll_wait: 0x2186d00: timeout :0:00:01.000000000
0:00:00.002953550  2471 0x199b320 DEBUG   GST_TRACER gsttracer.c:169:gst_tracer_register: new tracer factory for log
0:00:00.008076181  2470 0x216d370 LOG   GST_PLUGIN_LOADING gstpluginloader.c:1026:exchange_packets: Poll res = 1. 173 bytes pending for write
0:00:00.002963227  2471 0x199b320 DEBUG   GST_TRACER gsttracer.c:176:gst_tracer_register: tracer factory for 26957216:GstLogTracer
0:00:00.008085072  2470 0x216d370 DEBUG   GST_POLL gstpoll.c:1241:gst_poll_fd_has_error: 0x2186d00: fd (fd:8, idx:2) 0
0:00:00.002973576  2471 0x199b320 DEBUG   GST_REGISTRY gstregistry.c:589:gst_registry_add_feature: adding feature 0x19b5740 (log)
0:00:00.008092829  2470 0x216d370 DEBUG   GST_POLL gstpoll.c:1266:gst_poll_fd_can_read_unlocked: 0x2186d00: fd (fd:8, idx:2) 0
0:00:00.002980571  2471 0x199b320 DEBUG   GST_REFCOUNTING gstobject.c:708:gst_object_set_parent: set parent (ref and sink)
0:00:00.008100977  2470 0x216d370 DEBUG   GST_POLL gstpoll.c:1195:gst_poll_fd_has_closed: 0x2186d00: fd (fd:8, idx:2) 0
0:00:00.002994241  2471 0x199b320 TRACE   GST_REFCOUNTING gstobject.c:292:gst_object_ref_sink: 0x19b5740 ref_sink 1->2
0:00:00.008112210  2470 0x216d370 DEBUG   GST_POLL gstpoll.c:1241:gst_poll_fd_has_error: 0x2186d00: fd (fd:7, idx:1) 0
0:00:00.003002289  2471 0x199b320 LOG   GST_REGISTRY gstregistry.c:607:gst_registry_add_feature: emitting feature-added for log
0:00:00.008120068  2470 0x216d370 DEBUG   GST_POLL gstpoll.c:1335:gst_poll_fd_can_write: 0x2186d00: fd (fd:7, idx:1) 1
0:00:00.003015330  2471 0x199b320 TRACE   GST_REFCOUNTING gstobject.c:208:gst_object_init: 0x19b5950 new
0:00:00.008130295  2470 0x216d370 LOG   GST_PLUGIN_LOADING gstpluginloader.c:689:write_one: Writing packet of size 173 bytes to fd 7
0:00:00.003025237  2471 0x199b320 DEBUG   GST_TRACER gsttracer.c:169:gst_tracer_register: new tracer factory for rusage
0:00:00.008146816  2470 0x216d370 DEBUG   GST_POLL gstpoll.c:979:gst_poll_fd_ctl_write: 0x2186d00: fd (fd:7, idx:1), active : 0
0:00:00.003034094  2471 0x199b320 DEBUG   GST_TRACER gsttracer.c:176:gst_tracer_register: tracer factory for 26957824:GstRUsageTracer
0:00:00.008155255  2470 0x216d370 LOG   GST_POLL gstpoll.c:994:gst_poll_fd_ctl_write: 0x2186d00: pfd->events now 56 (POLLOUT:4)
0:00:00.003043382  2471 0x199b320 DEBUG   GST_REGISTRY gstregistry.c:589:gst_registry_add_feature: adding feature 0x19b5950 (rusage)
0:00:00.003050303  2471 0x199b320 DEBUG   GST_REFCOUNTING gstobject.c:708:gst_object_set_parent: set parent (ref and sink)
0:00:00.003057854  2471 0x199b320 TRACE   GST_REFCOUNTING gstobject.c:292:gst_object_ref_sink: 0x19b5950 ref_sink 1->2
0:00:00.008173118  2470 0x216d370 LOG   GST_REGISTRY gstregistry.c:1299:gst_registry_scan_path_level: file /home/conan/w/prod/BuildSingleReference/.conan/data/gstreamer/1.19.1/_/_/package/79b6a76dab3879a2afba8d14ba028b620dd3f25b/lib/gstreamer-1.0/libgstcoreelements.so looks like a possible module
0:00:00.003064647  2471 0x199b320 LOG   GST_REGISTRY gstregistry.c:607:gst_registry_add_feature: emitting feature-added for rusage
0:00:00.008184945  2470 0x216d370 DEBUG   GST_REGISTRY gstregistry.c:1360:gst_registry_scan_path_level: file /home/conan/w/prod/BuildSingleReference/.conan/data/gstreamer/1.19.1/_/_/package/79b6a76dab3879a2afba8d14ba028b620dd3f25b/lib/gstreamer-1.0/libgstcoreelements.so not yet in registry
0:00:00.003077729  2471 0x199b320 TRACE   GST_REFCOUNTING gstobject.c:208:gst_object_init: 0x19b5c20 new
0:00:00.008194470  2470 0x216d370 DEBUG   GST_REGISTRY gstregistry.c:1172:gst_registry_scan_plugin_file: Using scan-helper to load plugin /home/conan/w/prod/BuildSingleReference/.conan/data/gstreamer/1.19.1/_/_/package/79b6a76dab3879a2afba8d14ba028b620dd3f25b/lib/gstreamer-1.0/libgstcoreelements.so
0:00:00.003087377  2471 0x199b320 DEBUG   GST_TRACER gsttracer.c:169:gst_tracer_register: new tracer factory for stats
0:00:00.008204877  2470 0x216d370 LOG   GST_PLUGIN_LOADING gstpluginloader.c:235:plugin_loader_load: Sending file /home/conan/w/prod/BuildSingleReference/.conan/data/gstreamer/1.19.1/_/_/package/79b6a76dab3879a2afba8d14ba028b620dd3f25b/lib/gstreamer-1.0/libgstcoreelements.so to child. tag 3
0:00:00.003101568  2471 0x199b320 DEBUG   GST_TRACER gsttracer.c:176:gst_tracer_register: tracer factory for 26958432:GstStatsTracer
0:00:00.008220027  2470 0x216d370 DEBUG   GST_POLL gstpoll.c:979:gst_poll_fd_ctl_write: 0x2186d00: fd (fd:7, idx:1), active : 1
0:00:00.003110684  2471 0x199b320 DEBUG   GST_REGISTRY gstregistry.c:589:gst_registry_add_feature: adding feature 0x19b5c20 (stats)
0:00:00.008228310  2470 0x216d370 LOG   GST_POLL gstpoll.c:994:gst_poll_fd_ctl_write: 0x2186d00: pfd->events now 60 (POLLOUT:4)
0:00:00.003117715  2471 0x199b320 DEBUG   GST_REFCOUNTING gstobject.c:708:gst_object_set_parent: set parent (ref and sink)
0:00:00.008237198  2470 0x216d370 DEBUG   GST_POLL gstpoll.c:1414:gst_poll_wait: 0x2186d00: timeout :0:00:01.000000000
0:00:00.003126100  2471 0x199b320 TRACE   GST_REFCOUNTING gstobject.c:292:gst_object_ref_sink: 0x19b5c20 ref_sink 1->2
0:00:00.008247607  2470 0x216d370 LOG   GST_PLUGIN_LOADING gstpluginloader.c:1026:exchange_packets: Poll res = 1. 174 bytes pending for write
0:00:00.003133734  2471 0x199b320 LOG   GST_REGISTRY gstregistry.c:607:gst_registry_add_feature: emitting feature-added for stats
0:00:00.008256135  2470 0x216d370 DEBUG   GST_POLL gstpoll.c:1241:gst_poll_fd_has_error: 0x2186d00: fd (fd:8, idx:2) 0
0:00:00.008263903  2470 0x216d370 DEBUG   GST_POLL gstpoll.c:1266:gst_poll_fd_can_read_unlocked: 0x2186d00: fd (fd:8, idx:2) 0
0:00:00.003153132  2471 0x199b320 TRACE   GST_REFCOUNTING gstobject.c:208:gst_object_init: 0x19b5e70 new
0:00:00.008271083  2470 0x216d370 DEBUG   GST_POLL gstpoll.c:1195:gst_poll_fd_has_closed: 0x2186d00: fd (fd:8, idx:2) 0
0:00:00.003163153  2471 0x199b320 DEBUG   GST_TRACER gsttracer.c:169:gst_tracer_register: new tracer factory for leaks
0:00:00.008279133  2470 0x216d370 DEBUG   GST_POLL gstpoll.c:1241:gst_poll_fd_has_error: 0x2186d00: fd (fd:7, idx:1) 0
0:00:00.003171809  2471 0x199b320 DEBUG   GST_TRACER gsttracer.c:176:gst_tracer_register: tracer factory for 26959104:GstLeaksTracer
0:00:00.008288962  2470 0x216d370 DEBUG   GST_POLL gstpoll.c:1335:gst_poll_fd_can_write: 0x2186d00: fd (fd:7, idx:1) 1
0:00:00.003180165  2471 0x199b320 DEBUG   GST_REGISTRY gstregistry.c:589:gst_registry_add_feature: adding feature 0x19b5e70 (leaks)
0:00:00.008297762  2470 0x216d370 LOG   GST_PLUGIN_LOADING gstpluginloader.c:689:write_one: Writing packet of size 174 bytes to fd 7
0:00:00.003187070  2471 0x199b320 DEBUG   GST_REFCOUNTING gstobject.c:708:gst_object_set_parent: set parent (ref and sink)
0:00:00.008308236  2470 0x216d370 DEBUG   GST_POLL gstpoll.c:979:gst_poll_fd_ctl_write: 0x2186d00: fd (fd:7, idx:1), active : 0
0:00:00.003194834  2471 0x199b320 TRACE   GST_REFCOUNTING gstobject.c:292:gst_object_ref_sink: 0x19b5e70 ref_sink 1->2
0:00:00.008325166  2470 0x216d370 LOG   GST_POLL gstpoll.c:994:gst_poll_fd_ctl_write: 0x2186d00: pfd->events now 56 (POLLOUT:4)
0:00:00.003212698  2471 0x199b320 LOG   GST_REGISTRY gstregistry.c:607:gst_registry_add_feature: emitting feature-added for leaks
0:00:00.003221923  2471 0x199b320 LOG   GST_PLUGIN_LOADING gstplugin.c:541:gst_plugin_register_func: plugin "/home/conan/w/prod/BuildSingleReference/.conan/data/gstreamer/1.19.1/_/_/package/79b6a76dab3879a2afba8d14ba028b620dd3f25b/lib/gstreamer-1.0/libgstcoretracers.so" initialised
0:00:00.008341222  2470 0x216d370 DEBUG   GST_REGISTRY gstregistry.c:1383:gst_registry_scan_path_internal: registry changed in path /home/conan/w/prod/BuildSingleReference/.conan/data/gstreamer/1.19.1/_/_/package/79b6a76dab3879a2afba8d14ba028b620dd3f25b/lib/gstreamer-1.0: 0
0:00:00.003231139  2471 0x199b320 INFO   GST_PLUGIN_LOADING gstplugin.c:915:_priv_gst_plugin_load_file_for_registry: plugin "/home/conan/w/prod/BuildSingleReference/.conan/data/gstreamer/1.19.1/_/_/package/79b6a76dab3879a2afba8d14ba028b620dd3f25b/lib/gstreamer-1.0/libgstcoretracers.so" loaded
0:00:00.003239523  2471 0x199b320 TRACE   GST_REFCOUNTING gstobject.c:237:gst_object_ref: 0x19b4e90 ref 1->2
0:00:00.008356958  2470 0x216d370 DEBUG   GST_POLL gstpoll.c:979:gst_poll_fd_ctl_write: 0x2186d00: fd (fd:7, idx:1), active : 1
0:00:00.003248975  2471 0x199b320 DEBUG   GST_REGISTRY gstregistry.c:473:gst_registry_add_plugin: adding plugin 0x19b4e90 for filename "/home/conan/w/prod/BuildSingleReference/.conan/data/gstreamer/1.19.1/_/_/package/79b6a76dab3879a2afba8d14ba028b620dd3f25b/lib/gstreamer-1.0/libgstcoretracers.so"
0:00:00.008365893  2470 0x216d370 LOG   GST_POLL gstpoll.c:994:gst_poll_fd_ctl_write: 0x2186d00: pfd->events now 60 (POLLOUT:4)
0:00:00.003258363  2471 0x199b320 TRACE   GST_REFCOUNTING gstobject.c:292:gst_object_ref_sink: 0x19b4e90 ref_sink 2->3
0:00:00.008376686  2470 0x216d370 DEBUG   GST_POLL gstpoll.c:1414:gst_poll_wait: 0x2186d00: timeout :0:00:01.000000000
0:00:00.003267057  2471 0x199b320 LOG   GST_REGISTRY gstregistry.c:486:gst_registry_add_plugin: emitting plugin-added for filename "/home/conan/w/prod/BuildSingleReference/.conan/data/gstreamer/1.19.1/_/_/package/79b6a76dab3879a2afba8d14ba028b620dd3f25b/lib/gstreamer-1.0/libgstcoretracers.so"
0:00:00.008387959  2470 0x216d370 LOG   GST_PLUGIN_LOADING gstpluginloader.c:1026:exchange_packets: Poll res = 1. 12 bytes pending for write
0:00:00.003276946  2471 0x199b320 TRACE   GST_REFCOUNTING gstobject.c:237:gst_object_ref: 0x19b5e70 ref 1->2
0:00:00.008397524  2470 0x216d370 DEBUG   GST_POLL gstpoll.c:1241:gst_poll_fd_has_error: 0x2186d00: fd (fd:8, idx:2) 0
0:00:00.008406053  2470 0x216d370 DEBUG   GST_POLL gstpoll.c:1266:gst_poll_fd_can_read_unlocked: 0x2186d00: fd (fd:8, idx:2) 0
0:00:00.003297635  2471 0x199b320 TRACE   GST_REFCOUNTING gstobject.c:237:gst_object_ref: 0x19b5c20 ref 1->2
0:00:00.008413600  2470 0x216d370 DEBUG   GST_POLL gstpoll.c:1195:gst_poll_fd_has_closed: 0x2186d00: fd (fd:8, idx:2) 0
0:00:00.003306118  2471 0x199b320 TRACE   GST_REFCOUNTING gstobject.c:237:gst_object_ref: 0x19b5950 ref 1->2
0:00:00.008430363  2470 0x216d370 DEBUG   GST_POLL gstpoll.c:1241:gst_poll_fd_has_error: 0x2186d00: fd (fd:7, idx:1) 0
0:00:00.003318047  2471 0x199b320 TRACE   GST_REFCOUNTING gstobject.c:237:gst_object_ref: 0x19b5740 ref 1->2
0:00:00.008438961  2470 0x216d370 DEBUG   GST_POLL gstpoll.c:1335:gst_poll_fd_can_write: 0x2186d00: fd (fd:7, idx:1) 1
0:00:00.003326958  2471 0x199b320 TRACE   GST_REFCOUNTING gstobject.c:237:gst_object_ref: 0x19b5250 ref 1->2
0:00:00.008446749  2470 0x216d370 LOG   GST_PLUGIN_LOADING gstpluginloader.c:689:write_one: Writing packet of size 12 bytes to fd 7
0:00:00.008457420  2470 0x216d370 DEBUG   GST_POLL gstpoll.c:979:gst_poll_fd_ctl_write: 0x2186d00: fd (fd:7, idx:1), active : 0
0:00:00.003345269  2471 0x199b320 TRACE   GST_REFCOUNTING gstobject.c:264:gst_object_unref: 0x19b5250 unref 2->1
0:00:00.008465002  2470 0x216d370 LOG   GST_POLL gstpoll.c:994:gst_poll_fd_ctl_write: 0x2186d00: pfd->events now 56 (POLLOUT:4)
0:00:00.003354866  2471 0x199b320 TRACE   GST_REFCOUNTING gstobject.c:264:gst_object_unref: 0x19b5740 unref 2->1
0:00:00.008474582  2470 0x216d370 DEBUG   GST_POLL gstpoll.c:1414:gst_poll_wait: 0x2186d00: timeout :0:00:01.000000000
0:00:00.003363006  2471 0x199b320 TRACE   GST_REFCOUNTING gstobject.c:264:gst_object_unref: 0x19b5950 unref 2->1
0:00:00.003371201  2471 0x199b320 TRACE   GST_REFCOUNTING gstobject.c:264:gst_object_unref: 0x19b5c20 unref 2->1
0:00:00.003378188  2471 0x199b320 TRACE   GST_REFCOUNTING gstobject.c:264:gst_object_unref: 0x19b5e70 unref 2->1
0:00:00.003389176  2471 0x199b320 DEBUG   GST_REGISTRY gstregistrychunks.c:497:_priv_gst_registry_chunks_save_plugin: Found 5 features in plugin 0x19b4e90 (coretracers)
0:00:00.003397829  2471 0x199b320 DEBUG   GST_POLL gstpoll.c:979:gst_poll_fd_ctl_write: 0x19a39c0: fd (fd:0, idx:1), active : 1
0:00:00.003404988  2471 0x199b320 LOG   GST_POLL gstpoll.c:994:gst_poll_fd_ctl_write: 0x19a39c0: pfd->events now 60 (POLLOUT:4)
0:00:00.003412890  2471 0x199b320 DEBUG   GST_POLL gstpoll.c:979:gst_poll_fd_ctl_write: 0x19a39c0: fd (fd:0, idx:1), active : 1
0:00:00.003419640  2471 0x199b320 LOG   GST_POLL gstpoll.c:994:gst_poll_fd_ctl_write: 0x19a39c0: pfd->events now 60 (POLLOUT:4)
0:00:00.003427309  2471 0x199b320 DEBUG   GST_POLL gstpoll.c:979:gst_poll_fd_ctl_write: 0x19a39c0: fd (fd:0, idx:1), active : 1
0:00:00.003433614  2471 0x199b320 LOG   GST_POLL gstpoll.c:994:gst_poll_fd_ctl_write: 0x19a39c0: pfd->events now 60 (POLLOUT:4)
0:00:00.003440383  2471 0x199b320 DEBUG   GST_POLL gstpoll.c:979:gst_poll_fd_ctl_write: 0x19a39c0: fd (fd:0, idx:1), active : 1
0:00:00.003446757  2471 0x199b320 LOG   GST_POLL gstpoll.c:994:gst_poll_fd_ctl_write: 0x19a39c0: pfd->events now 60 (POLLOUT:4)
0:00:00.003467189  2471 0x199b320 DEBUG   GST_POLL gstpoll.c:979:gst_poll_fd_ctl_write: 0x19a39c0: fd (fd:0, idx:1), active : 1
0:00:00.003480739  2471 0x199b320 LOG   GST_POLL gstpoll.c:994:gst_poll_fd_ctl_write: 0x19a39c0: pfd->events now 60 (POLLOUT:4)
0:00:00.003488936  2471 0x199b320 DEBUG   GST_POLL gstpoll.c:979:gst_poll_fd_ctl_write: 0x19a39c0: fd (fd:0, idx:1), active : 1
0:00:00.003495046  2471 0x199b320 LOG   GST_POLL gstpoll.c:994:gst_poll_fd_ctl_write: 0x19a39c0: pfd->events now 60 (POLLOUT:4)
0:00:00.003501460  2471 0x199b320 DEBUG   GST_POLL gstpoll.c:979:gst_poll_fd_ctl_write: 0x19a39c0: fd (fd:0, idx:1), active : 1
0:00:00.003507639  2471 0x199b320 LOG   GST_POLL gstpoll.c:994:gst_poll_fd_ctl_write: 0x19a39c0: pfd->events now 60 (POLLOUT:4)
0:00:00.003513960  2471 0x199b320 DEBUG   GST_POLL gstpoll.c:979:gst_poll_fd_ctl_write: 0x19a39c0: fd (fd:0, idx:1), active : 1
0:00:00.003520084  2471 0x199b320 LOG   GST_POLL gstpoll.c:994:gst_poll_fd_ctl_write: 0x19a39c0: pfd->events now 60 (POLLOUT:4)
0:00:00.003526465  2471 0x199b320 DEBUG   GST_POLL gstpoll.c:979:gst_poll_fd_ctl_write: 0x19a39c0: fd (fd:0, idx:1), active : 1
0:00:00.003532511  2471 0x199b320 LOG   GST_POLL gstpoll.c:994:gst_poll_fd_ctl_write: 0x19a39c0: pfd->events now 60 (POLLOUT:4)
0:00:00.003539150  2471 0x199b320 DEBUG   GST_POLL gstpoll.c:979:gst_poll_fd_ctl_write: 0x19a39c0: fd (fd:0, idx:1), active : 1
0:00:00.003545549  2471 0x199b320 LOG   GST_POLL gstpoll.c:994:gst_poll_fd_ctl_write: 0x19a39c0: pfd->events now 60 (POLLOUT:4)
0:00:00.003552005  2471 0x199b320 DEBUG   GST_POLL gstpoll.c:979:gst_poll_fd_ctl_write: 0x19a39c0: fd (fd:0, idx:1), active : 1
0:00:00.003558370  2471 0x199b320 LOG   GST_POLL gstpoll.c:994:gst_poll_fd_ctl_write: 0x19a39c0: pfd->events now 60 (POLLOUT:4)
0:00:00.003564763  2471 0x199b320 DEBUG   GST_POLL gstpoll.c:979:gst_poll_fd_ctl_write: 0x19a39c0: fd (fd:0, idx:1), active : 1
0:00:00.003570959  2471 0x199b320 LOG   GST_POLL gstpoll.c:994:gst_poll_fd_ctl_write: 0x19a39c0: pfd->events now 60 (POLLOUT:4)
0:00:00.003577645  2471 0x199b320 DEBUG   GST_POLL gstpoll.c:979:gst_poll_fd_ctl_write: 0x19a39c0: fd (fd:0, idx:1), active : 1
0:00:00.003583710  2471 0x199b320 LOG   GST_POLL gstpoll.c:994:gst_poll_fd_ctl_write: 0x19a39c0: pfd->events now 60 (POLLOUT:4)
0:00:00.003590379  2471 0x199b320 DEBUG   GST_POLL gstpoll.c:979:gst_poll_fd_ctl_write: 0x19a39c0: fd (fd:0, idx:1), active : 1
0:00:00.003596575  2471 0x199b320 LOG   GST_POLL gstpoll.c:994:gst_poll_fd_ctl_write: 0x19a39c0: pfd->events now 60 (POLLOUT:4)
0:00:00.003603191  2471 0x199b320 DEBUG   GST_POLL gstpoll.c:979:gst_poll_fd_ctl_write: 0x19a39c0: fd (fd:0, idx:1), active : 1
0:00:00.003609700  2471 0x199b320 LOG   GST_POLL gstpoll.c:994:gst_poll_fd_ctl_write: 0x19a39c0: pfd->events now 60 (POLLOUT:4)
0:00:00.003616099  2471 0x199b320 DEBUG   GST_POLL gstpoll.c:979:gst_poll_fd_ctl_write: 0x19a39c0: fd (fd:0, idx:1), active : 1
0:00:00.003622291  2471 0x199b320 LOG   GST_POLL gstpoll.c:994:gst_poll_fd_ctl_write: 0x19a39c0: pfd->events now 60 (POLLOUT:4)
0:00:00.003634118  2471 0x199b320 DEBUG   GST_POLL gstpoll.c:979:gst_poll_fd_ctl_write: 0x19a39c0: fd (fd:0, idx:1), active : 1
0:00:00.003640574  2471 0x199b320 LOG   GST_POLL gstpoll.c:994:gst_poll_fd_ctl_write: 0x19a39c0: pfd->events now 60 (POLLOUT:4)
0:00:00.003647103  2471 0x199b320 DEBUG   GST_POLL gstpoll.c:979:gst_poll_fd_ctl_write: 0x19a39c0: fd (fd:0, idx:1), active : 1
0:00:00.003653236  2471 0x199b320 LOG   GST_POLL gstpoll.c:994:gst_poll_fd_ctl_write: 0x19a39c0: pfd->events now 60 (POLLOUT:4)
0:00:00.003659707  2471 0x199b320 DEBUG   GST_POLL gstpoll.c:979:gst_poll_fd_ctl_write: 0x19a39c0: fd (fd:0, idx:1), active : 1
0:00:00.003665726  2471 0x199b320 LOG   GST_POLL gstpoll.c:994:gst_poll_fd_ctl_write: 0x19a39c0: pfd->events now 60 (POLLOUT:4)
0:00:00.003672189  2471 0x199b320 DEBUG   GST_POLL gstpoll.c:979:gst_poll_fd_ctl_write: 0x19a39c0: fd (fd:0, idx:1), active : 1
0:00:00.003678213  2471 0x199b320 LOG   GST_POLL gstpoll.c:994:gst_poll_fd_ctl_write: 0x19a39c0: pfd->events now 60 (POLLOUT:4)
0:00:00.003684441  2471 0x199b320 DEBUG   GST_POLL gstpoll.c:979:gst_poll_fd_ctl_write: 0x19a39c0: fd (fd:0, idx:1), active : 1
0:00:00.003690429  2471 0x199b320 LOG   GST_POLL gstpoll.c:994:gst_poll_fd_ctl_write: 0x19a39c0: pfd->events now 60 (POLLOUT:4)
0:00:00.003697100  2471 0x199b320 DEBUG   GST_POLL gstpoll.c:979:gst_poll_fd_ctl_write: 0x19a39c0: fd (fd:0, idx:1), active : 1
0:00:00.003703006  2471 0x199b320 LOG   GST_POLL gstpoll.c:994:gst_poll_fd_ctl_write: 0x19a39c0: pfd->events now 60 (POLLOUT:4)
0:00:00.003709432  2471 0x199b320 DEBUG   GST_POLL gstpoll.c:979:gst_poll_fd_ctl_write: 0x19a39c0: fd (fd:0, idx:1), active : 1
0:00:00.003715655  2471 0x199b320 LOG   GST_POLL gstpoll.c:994:gst_poll_fd_ctl_write: 0x19a39c0: pfd->events now 60 (POLLOUT:4)
0:00:00.003721892  2471 0x199b320 DEBUG   GST_POLL gstpoll.c:979:gst_poll_fd_ctl_write: 0x19a39c0: fd (fd:0, idx:1), active : 1
0:00:00.003728249  2471 0x199b320 LOG   GST_POLL gstpoll.c:994:gst_poll_fd_ctl_write: 0x19a39c0: pfd->events now 60 (POLLOUT:4)
0:00:00.003734628  2471 0x199b320 DEBUG   GST_POLL gstpoll.c:979:gst_poll_fd_ctl_write: 0x19a39c0: fd (fd:0, idx:1), active : 1
0:00:00.003740704  2471 0x199b320 LOG   GST_POLL gstpoll.c:994:gst_poll_fd_ctl_write: 0x19a39c0: pfd->events now 60 (POLLOUT:4)
0:00:00.003746895  2471 0x199b320 DEBUG   GST_POLL gstpoll.c:979:gst_poll_fd_ctl_write: 0x19a39c0: fd (fd:0, idx:1), active : 1
0:00:00.003752949  2471 0x199b320 LOG   GST_POLL gstpoll.c:994:gst_poll_fd_ctl_write: 0x19a39c0: pfd->events now 60 (POLLOUT:4)
0:00:00.003759311  2471 0x199b320 DEBUG   GST_POLL gstpoll.c:979:gst_poll_fd_ctl_write: 0x19a39c0: fd (fd:0, idx:1), active : 1
0:00:00.003765317  2471 0x199b320 LOG   GST_POLL gstpoll.c:994:gst_poll_fd_ctl_write: 0x19a39c0: pfd->events now 60 (POLLOUT:4)
0:00:00.003773314  2471 0x199b320 TRACE   GST_REFCOUNTING gstobject.c:264:gst_object_unref: 0x19b4e90 unref 2->1
0:00:00.003787330  2471 0x199b320 DEBUG   GST_POLL gstpoll.c:1241:gst_poll_fd_has_error: 0x19a39c0: fd (fd:0, idx:1) 0
0:00:00.003794459  2471 0x199b320 DEBUG   GST_POLL gstpoll.c:1335:gst_poll_fd_can_write: 0x19a39c0: fd (fd:0, idx:1) 0
0:00:00.003801015  2471 0x199b320 DEBUG   GST_POLL gstpoll.c:1195:gst_poll_fd_has_closed: 0x19a39c0: fd (fd:0, idx:1) 0
0:00:00.003808649  2471 0x199b320 DEBUG   GST_POLL gstpoll.c:1414:gst_poll_wait: 0x19a39c0: timeout :0:00:01.000000000
0:00:00.003819885  2471 0x199b320 LOG   GST_PLUGIN_LOADING gstpluginloader.c:1026:exchange_packets: Poll res = 2. 488 bytes pending for write
0:00:00.003827581  2471 0x199b320 DEBUG   GST_POLL gstpoll.c:1241:gst_poll_fd_has_error: 0x19a39c0: fd (fd:5, idx:2) 0
0:00:00.003834217  2471 0x199b320 DEBUG   GST_POLL gstpoll.c:1266:gst_poll_fd_can_read_unlocked: 0x19a39c0: fd (fd:5, idx:2) 1
0:00:00.003846092  2471 0x199b320 DEBUG   GST_PLUGIN_LOADING gstpluginloader.c:721:do_plugin_load: Plugin scanner loading file /home/conan/w/prod/BuildSingleReference/.conan/data/gstreamer/1.19.1/_/_/package/79b6a76dab3879a2afba8d14ba028b620dd3f25b/lib/gstreamer-1.0/libgstcoreelements.so. tag 1
0:00:00.003855203  2471 0x199b320 DEBUG   GST_PLUGIN_LOADING gstplugin.c:767:_priv_gst_plugin_load_file_for_registry: attempt to load plugin "/home/conan/w/prod/BuildSingleReference/.conan/data/gstreamer/1.19.1/_/_/package/79b6a76dab3879a2afba8d14ba028b620dd3f25b/lib/gstreamer-1.0/libgstcoreelements.so"
0:00:00.004352123  2471 0x199b320 TRACE   GST_REFCOUNTING gstobject.c:208:gst_object_init: 0x19b7220 new
0:00:00.004378341  2471 0x199b320 LOG   GST_PLUGIN_LOADING gstplugin.c:889:_priv_gst_plugin_load_file_for_registry: Plugin 0x19b7220 for file "/home/conan/w/prod/BuildSingleReference/.conan/data/gstreamer/1.19.1/_/_/package/79b6a76dab3879a2afba8d14ba028b620dd3f25b/lib/gstreamer-1.0/libgstcoreelements.so" prepared, calling entry function...
0:00:00.004389984  2471 0x199b320 LOG   GST_PLUGIN_LOADING gstplugin.c:896:_priv_gst_plugin_load_file_for_registry: Plugin 0x19b7220 for file "/home/conan/w/prod/BuildSingleReference/.conan/data/gstreamer/1.19.1/_/_/package/79b6a76dab3879a2afba8d14ba028b620dd3f25b/lib/gstreamer-1.0/libgstcoreelements.so" prepared, registering...
0:00:00.004398549  2471 0x199b320 LOG   GST_PLUGIN_LOADING gstplugin.c:514:gst_plugin_register_func: plugin "/home/conan/w/prod/BuildSingleReference/.conan/data/gstreamer/1.19.1/_/_/package/79b6a76dab3879a2afba8d14ba028b620dd3f25b/lib/gstreamer-1.0/libgstcoreelements.so" looks good
0:00:00.004434138  2471 0x199b320 TRACE   GST_REFCOUNTING gstobject.c:208:gst_object_init: 0x19b7670 new
0:00:00.004451009  2471 0x199b320 LOG   GST_ELEMENT_FACTORY gstelementfactory.c:237:gst_element_register: Created new elementfactory for type GstCapsFilter
0:00:00.004482000  2471 0x199b320 TRACE   structure gststructure.c:292:gst_structure_new_id_empty_with_size: created structure 0x19b7d20
0:00:00.004494683  2471 0x199b320 TRACE   GST_PERFORMANCE gststructure.c:511:gst_structure_copy: doing copy 0x19a1b40 -> 0x19b7d20
0:00:00.004509178  2471 0x199b320 DEBUG   GST_ELEMENT_PADS gstelement.c:311:gst_element_base_class_init: type GstBaseTransform : factory (nil)
0:00:00.004534498  2471 0x199b320 DEBUG   basetransform gstbasetransform.c:333:gst_base_transform_class_init: gst_base_transform_class_init
0:00:00.004557832  2471 0x199b320 TRACE   structure gststructure.c:292:gst_structure_new_id_empty_with_size: created structure 0x19b8190
0:00:00.004565173  2471 0x199b320 TRACE   GST_PERFORMANCE gststructure.c:511:gst_structure_copy: doing copy 0x19b7d20 -> 0x19b8190
0:00:00.004572513  2471 0x199b320 DEBUG   GST_ELEMENT_PADS gstelement.c:311:gst_element_base_class_init: type GstCapsFilter : factory 0x19b7670
0:00:00.004598765  2471 0x199b320 TRACE   GST_CAPS gstcaps.c:263:gst_caps_new_empty: created caps 0x19aaaa0
0:00:00.004606755  2471 0x199b320 TRACE   GST_CAPS gstcaps.c:439:gst_static_caps_get: created 0x7f4c6c82bf70 from string ANY
0:00:00.004614519  2471 0x199b320 TRACE   GST_REFCOUNTING gstminiobject.c:478:gst_mini_object_ref: 0x19aaaa0 ref 1->2
0:00:00.004647423  2471 0x199b320 TRACE   GST_REFCOUNTING gstobject.c:208:gst_object_init: 0x19b8b20 new
0:00:00.004662036  2471 0x199b320 TRACE   GST_REFCOUNTING gstminiobject.c:478:gst_mini_object_ref: 0x19aaaa0 ref 2->3
0:00:00.004676702  2471 0x199b320 TRACE   GST_REFCOUNTING gstminiobject.c:660:gst_mini_object_unref: 0x19aaaa0 unref 3->2
0:00:00.004685161  2471 0x199b320 TRACE   GST_REFCOUNTING gstobject.c:292:gst_object_ref_sink: 0x19b8b20 ref_sink 1->2
0:00:00.004692907  2471 0x199b320 TRACE   GST_CAPS gstcaps.c:263:gst_caps_new_empty: created caps 0x19b8560
0:00:00.004699861  2471 0x199b320 TRACE   GST_CAPS gstcaps.c:439:gst_static_caps_get: created 0x7f4c6c82bf30 from string ANY
0:00:00.004707010  2471 0x199b320 TRACE   GST_REFCOUNTING gstminiobject.c:478:gst_mini_object_ref: 0x19b8560 ref 1->2
0:00:00.004716513  2471 0x199b320 TRACE   GST_REFCOUNTING gstobject.c:208:gst_object_init: 0x19b8d60 new
0:00:00.004729897  2471 0x199b320 TRACE   GST_REFCOUNTING gstminiobject.c:478:gst_mini_object_ref: 0x19b8560 ref 2->3
0:00:00.004739468  2471 0x199b320 TRACE   GST_REFCOUNTING gstminiobject.c:660:gst_mini_object_unref: 0x19b8560 unref 3->2
0:00:00.004747309  2471 0x199b320 TRACE   GST_REFCOUNTING gstobject.c:292:gst_object_ref_sink: 0x19b8d60 ref_sink 1->2
0:00:00.004758695  2471 0x199b320 TRACE   structure gststructure.c:292:gst_structure_new_id_empty_with_size: created structure 0x19b8fc0
0:00:00.004766806  2471 0x199b320 TRACE   GST_PERFORMANCE gststructure.c:511:gst_structure_copy: doing copy 0x19b8190 -> 0x19b8fc0
0:00:00.004778181  2471 0x199b320 DEBUG   GST_REGISTRY gstregistry.c:589:gst_registry_add_feature: adding feature 0x19b7670 (capsfilter)
0:00:00.004787206  2471 0x199b320 DEBUG   GST_REFCOUNTING gstobject.c:708:gst_object_set_parent: set parent (ref and sink)
0:00:00.004795687  2471 0x199b320 TRACE   GST_REFCOUNTING gstobject.c:292:gst_object_ref_sink: 0x19b7670 ref_sink 1->2
0:00:00.004809136  2471 0x199b320 LOG   GST_REGISTRY gstregistry.c:607:gst_registry_add_feature: emitting feature-added for capsfilter
0:00:00.004823136  2471 0x199b320 TRACE   GST_REFCOUNTING gstobject.c:208:gst_object_init: 0x19b9360 new
0:00:00.004834167  2471 0x199b320 LOG   GST_ELEMENT_FACTORY gstelementfactory.c:237:gst_element_register: Created new elementfactory for type GstClockSync
0:00:00.004842549  2471 0x199b320 TRACE   structure gststructure.c:292:gst_structure_new_id_empty_with_size: created structure 0x19b9790
0:00:00.004849326  2471 0x199b320 TRACE   GST_PERFORMANCE gststructure.c:511:gst_structure_copy: doing copy 0x19a1b40 -> 0x19b9790
0:00:00.004856570  2471 0x199b320 DEBUG   GST_ELEMENT_PADS gstelement.c:311:gst_element_base_class_init: type GstClockSync : factory 0x19b9360
0:00:00.004874093  2471 0x199b320 TRACE   GST_CAPS gstcaps.c:263:gst_caps_new_empty: created caps 0x19b99d0
0:00:00.004881194  2471 0x199b320 TRACE   GST_CAPS gstcaps.c:439:gst_static_caps_get: created 0x7f4c6c82bff0 from string ANY
0:00:00.004887801  2471 0x199b320 TRACE   GST_REFCOUNTING gstminiobject.c:478:gst_mini_object_ref: 0x19b99d0 ref 1->2
0:00:00.004897071  2471 0x199b320 TRACE   GST_REFCOUNTING gstobject.c:208:gst_object_init: 0x19b9be0 new
0:00:00.004906346  2471 0x199b320 TRACE   GST_REFCOUNTING gstminiobject.c:478:gst_mini_object_ref: 0x19b99d0 ref 2->3
0:00:00.004915606  2471 0x199b320 TRACE   GST_REFCOUNTING gstminiobject.c:660:gst_mini_object_unref: 0x19b99d0 unref 3->2
0:00:00.004923633  2471 0x199b320 TRACE   GST_REFCOUNTING gstobject.c:292:gst_object_ref_sink: 0x19b9be0 ref_sink 1->2
0:00:00.004930535  2471 0x199b320 TRACE   GST_CAPS gstcaps.c:263:gst_caps_new_empty: created caps 0x19b9250
0:00:00.004937411  2471 0x199b320 TRACE   GST_CAPS gstcaps.c:439:gst_static_caps_get: created 0x7f4c6c82bfb0 from string ANY
0:00:00.004944218  2471 0x199b320 TRACE   GST_REFCOUNTING gstminiobject.c:478:gst_mini_object_ref: 0x19b9250 ref 1->2
0:00:00.004953284  2471 0x199b320 TRACE   GST_REFCOUNTING gstobject.c:208:gst_object_init: 0x19b9cf0 new
0:00:00.004961982  2471 0x199b320 TRACE   GST_REFCOUNTING gstminiobject.c:478:gst_mini_object_ref: 0x19b9250 ref 2->3
0:00:00.004970861  2471 0x199b320 TRACE   GST_REFCOUNTING gstminiobject.c:660:gst_mini_object_unref: 0x19b9250 unref 3->2
0:00:00.004978494  2471 0x199b320 TRACE   GST_REFCOUNTING gstobject.c:292:gst_object_ref_sink: 0x19b9cf0 ref_sink 1->2
0:00:00.004986481  2471 0x199b320 TRACE   structure gststructure.c:292:gst_structure_new_id_empty_with_size: created structure 0x19b9d90
0:00:00.004998118  2471 0x199b320 TRACE   GST_PERFORMANCE gststructure.c:511:gst_structure_copy: doing copy 0x19b9790 -> 0x19b9d90
0:00:00.005008146  2471 0x199b320 DEBUG   GST_REGISTRY gstregistry.c:589:gst_registry_add_feature: adding feature 0x19b9360 (clocksync)
0:00:00.005019138  2471 0x199b320 DEBUG   GST_REFCOUNTING gstobject.c:708:gst_object_set_parent: set parent (ref and sink)
0:00:00.005026661  2471 0x199b320 TRACE   GST_REFCOUNTING gstobject.c:292:gst_object_ref_sink: 0x19b9360 ref_sink 1->2
0:00:00.005033715  2471 0x199b320 LOG   GST_REGISTRY gstregistry.c:607:gst_registry_add_feature: emitting feature-added for clocksync
0:00:00.005046328  2471 0x199b320 TRACE   GST_REFCOUNTING gstobject.c:208:gst_object_init: 0x19ba260 new
0:00:00.005056716  2471 0x199b320 LOG   GST_ELEMENT_FACTORY gstelementfactory.c:237:gst_element_register: Created new elementfactory for type GstConcat
0:00:00.005064587  2471 0x199b320 TRACE   structure gststructure.c:292:gst_structure_new_id_empty_with_size: created structure 0x19ba640
0:00:00.005071133  2471 0x199b320 TRACE   GST_PERFORMANCE gststructure.c:511:gst_structure_copy: doing copy 0x19a1b40 -> 0x19ba640
0:00:00.005078268  2471 0x199b320 DEBUG   GST_ELEMENT_PADS gstelement.c:311:gst_element_base_class_init: type GstConcat : factory 0x19ba260
0:00:00.005092995  2471 0x199b320 TRACE   GST_CAPS gstcaps.c:263:gst_caps_new_empty: created caps 0x19ba770
0:00:00.005100004  2471 0x199b320 TRACE   GST_CAPS gstcaps.c:439:gst_static_caps_get: created 0x7f4c6c82c030 from string ANY
0:00:00.005106722  2471 0x199b320 TRACE   GST_REFCOUNTING gstminiobject.c:478:gst_mini_object_ref: 0x19ba770 ref 1->2
0:00:00.005115441  2471 0x199b320 TRACE   GST_REFCOUNTING gstobject.c:208:gst_object_init: 0x19ba8c0 new
0:00:00.005124487  2471 0x199b320 TRACE   GST_REFCOUNTING gstminiobject.c:478:gst_mini_object_ref: 0x19ba770 ref 2->3
0:00:00.005133298  2471 0x199b320 TRACE   GST_REFCOUNTING gstminiobject.c:660:gst_mini_object_unref: 0x19ba770 unref 3->2
0:00:00.005140867  2471 0x199b320 TRACE   GST_REFCOUNTING gstobject.c:292:gst_object_ref_sink: 0x19ba8c0 ref_sink 1->2
0:00:00.005147564  2471 0x199b320 TRACE   GST_CAPS gstcaps.c:263:gst_caps_new_empty: created caps 0x19ba870
0:00:00.005154049  2471 0x199b320 TRACE   GST_CAPS gstcaps.c:439:gst_static_caps_get: created 0x7f4c6c82c070 from string ANY
0:00:00.005160838  2471 0x199b320 TRACE   GST_REFCOUNTING gstminiobject.c:478:gst_mini_object_ref: 0x19ba870 ref 1->2
0:00:00.005169519  2471 0x199b320 TRACE   GST_REFCOUNTING gstobject.c:208:gst_object_init: 0x19ba960 new
0:00:00.005178443  2471 0x199b320 TRACE   GST_REFCOUNTING gstminiobject.c:478:gst_mini_object_ref: 0x19ba870 ref 2->3
0:00:00.005186918  2471 0x199b320 TRACE   GST_REFCOUNTING gstminiobject.c:660:gst_mini_object_unref: 0x19ba870 unref 3->2
0:00:00.005194061  2471 0x199b320 TRACE   GST_REFCOUNTING gstobject.c:292:gst_object_ref_sink: 0x19ba960 ref_sink 1->2
0:00:00.005202843  2471 0x199b320 TRACE   structure gststructure.c:292:gst_structure_new_id_empty_with_size: created structure 0x19baaa0
0:00:00.005215576  2471 0x199b320 TRACE   GST_PERFORMANCE gststructure.c:511:gst_structure_copy: doing copy 0x19ba640 -> 0x19baaa0
0:00:00.005225652  2471 0x199b320 DEBUG   GST_REGISTRY gstregistry.c:589:gst_registry_add_feature: adding feature 0x19ba260 (concat)
0:00:00.005232012  2471 0x199b320 DEBUG   GST_REFCOUNTING gstobject.c:708:gst_object_set_parent: set parent (ref and sink)
0:00:00.005243297  2471 0x199b320 TRACE   GST_REFCOUNTING gstobject.c:292:gst_object_ref_sink: 0x19ba260 ref_sink 1->2
0:00:00.005250497  2471 0x199b320 LOG   GST_REGISTRY gstregistry.c:607:gst_registry_add_feature: emitting feature-added for concat
0:00:00.005267858  2471 0x199b320 TRACE   GST_REFCOUNTING gstobject.c:208:gst_object_init: 0x19bb060 new
0:00:00.005278296  2471 0x199b320 LOG   GST_ELEMENT_FACTORY gstelementfactory.c:237:gst_element_register: Created new elementfactory for type GstDataURISrc
0:00:00.005294618  2471 0x199b320 TRACE   structure gststructure.c:292:gst_structure_new_id_empty_with_size: created structure 0x19bb600
0:00:00.005301329  2471 0x199b320 TRACE   GST_PERFORMANCE gststructure.c:511:gst_structure_copy: doing copy 0x19a1b40 -> 0x19bb600
0:00:00.005308561  2471 0x199b320 DEBUG   GST_ELEMENT_PADS gstelement.c:311:gst_element_base_class_init: type GstBaseSrc : factory (nil)
0:00:00.005342399  2471 0x199b320 TRACE   structure gststructure.c:292:gst_structure_new_id_empty_with_size: created structure 0x19b42a0
0:00:00.005349676  2471 0x199b320 TRACE   GST_PERFORMANCE gststructure.c:511:gst_structure_copy: doing copy 0x19bb600 -> 0x19b42a0
0:00:00.005356877  2471 0x199b320 DEBUG   GST_ELEMENT_PADS gstelement.c:311:gst_element_base_class_init: type GstDataURISrc : factory 0x19bb060
0:00:00.005366550  2471 0x199b320 TRACE   GST_CAPS gstcaps.c:263:gst_caps_new_empty: created caps 0x19bc490
0:00:00.005373625  2471 0x199b320 TRACE   GST_CAPS gstcaps.c:439:gst_static_caps_get: created 0x7f4c6c82c0b0 from string ANY
0:00:00.005380470  2471 0x199b320 TRACE   GST_REFCOUNTING gstminiobject.c:478:gst_mini_object_ref: 0x19bc490 ref 1->2
0:00:00.005389690  2471 0x199b320 TRACE   GST_REFCOUNTING gstobject.c:208:gst_object_init: 0x19bc4e0 new
0:00:00.005398488  2471 0x199b320 TRACE   GST_REFCOUNTING gstminiobject.c:478:gst_mini_object_ref: 0x19bc490 ref 2->3
0:00:00.005407722  2471 0x199b320 TRACE   GST_REFCOUNTING gstminiobject.c:660:gst_mini_object_unref: 0x19bc490 unref 3->2
0:00:00.005415438  2471 0x199b320 TRACE   GST_REFCOUNTING gstobject.c:292:gst_object_ref_sink: 0x19bc4e0 ref_sink 1->2
0:00:00.005431031  2471 0x199b320 TRACE   structure gststructure.c:292:gst_structure_new_id_empty_with_size: created structure 0x19bc690
0:00:00.005438565  2471 0x199b320 TRACE   GST_PERFORMANCE gststructure.c:511:gst_structure_copy: doing copy 0x19b42a0 -> 0x19bc690
0:00:00.005507110  2471 0x199b320 DEBUG   GST_REGISTRY gstregistry.c:589:gst_registry_add_feature: adding feature 0x19bb060 (dataurisrc)
0:00:00.005523916  2471 0x199b320 DEBUG   GST_REFCOUNTING gstobject.c:708:gst_object_set_parent: set parent (ref and sink)
0:00:00.005532120  2471 0x199b320 TRACE   GST_REFCOUNTING gstobject.c:292:gst_object_ref_sink: 0x19bb060 ref_sink 1->2
0:00:00.005539476  2471 0x199b320 LOG   GST_REGISTRY gstregistry.c:607:gst_registry_add_feature: emitting feature-added for dataurisrc
0:00:00.005552967  2471 0x199b320 TRACE   GST_REFCOUNTING gstobject.c:208:gst_object_init: 0x19bcb10 new
0:00:00.005563635  2471 0x199b320 LOG   GST_ELEMENT_FACTORY gstelementfactory.c:237:gst_element_register: Created new elementfactory for type GstDownloadBuffer
0:00:00.005577083  2471 0x199b320 TRACE   structure gststructure.c:292:gst_structure_new_id_empty_with_size: created structure 0x19bd040
0:00:00.005583639  2471 0x199b320 TRACE   GST_PERFORMANCE gststructure.c:511:gst_structure_copy: doing copy 0x19a1b40 -> 0x19bd040
0:00:00.005590888  2471 0x199b320 DEBUG   GST_ELEMENT_PADS gstelement.c:311:gst_element_base_class_init: type GstDownloadBuffer : factory 0x19bcb10
0:00:00.005613641  2471 0x199b320 TRACE   GST_CAPS gstcaps.c:263:gst_caps_new_empty: created caps 0x19bce00
0:00:00.005620596  2471 0x199b320 TRACE   GST_CAPS gstcaps.c:439:gst_static_caps_get: created 0x7f4c6c82c150 from string ANY
0:00:00.005627574  2471 0x199b320 TRACE   GST_REFCOUNTING gstminiobject.c:478:gst_mini_object_ref: 0x19bce00 ref 1->2
0:00:00.005637164  2471 0x199b320 TRACE   GST_REFCOUNTING gstobject.c:208:gst_object_init: 0x19bcc80 new
0:00:00.005645801  2471 0x199b320 TRACE   GST_REFCOUNTING gstminiobject.c:478:gst_mini_object_ref: 0x19bce00 ref 2->3
0:00:00.005654842  2471 0x199b320 TRACE   GST_REFCOUNTING gstminiobject.c:660:gst_mini_object_unref: 0x19bce00 unref 3->2
0:00:00.005662234  2471 0x199b320 TRACE   GST_REFCOUNTING gstobject.c:292:gst_object_ref_sink: 0x19bcc80 ref_sink 1->2
0:00:00.005669181  2471 0x199b320 TRACE   GST_CAPS gstcaps.c:263:gst_caps_new_empty: created caps 0x19bd5a0
0:00:00.005675898  2471 0x199b320 TRACE   GST_CAPS gstcaps.c:439:gst_static_caps_get: created 0x7f4c6c82c110 from string ANY
0:00:00.005682785  2471 0x199b320 TRACE   GST_REFCOUNTING gstminiobject.c:478:gst_mini_object_ref: 0x19bd5a0 ref 1->2
0:00:00.005691826  2471 0x199b320 TRACE   GST_REFCOUNTING gstobject.c:208:gst_object_init: 0x19bd4d0 new
0:00:00.005700075  2471 0x199b320 TRACE   GST_REFCOUNTING gstminiobject.c:478:gst_mini_object_ref: 0x19bd5a0 ref 2->3
0:00:00.005708633  2471 0x199b320 TRACE   GST_REFCOUNTING gstminiobject.c:660:gst_mini_object_unref: 0x19bd5a0 unref 3->2
0:00:00.005716234  2471 0x199b320 TRACE   GST_REFCOUNTING gstobject.c:292:gst_object_ref_sink: 0x19bd4d0 ref_sink 1->2
0:00:00.005726657  2471 0x199b320 TRACE   structure gststructure.c:292:gst_structure_new_id_empty_with_size: created structure 0x19bd760
0:00:00.005739877  2471 0x199b320 TRACE   GST_PERFORMANCE gststructure.c:511:gst_structure_copy: doing copy 0x19bd040 -> 0x19bd760
0:00:00.005750069  2471 0x199b320 DEBUG   GST_REGISTRY gstregistry.c:589:gst_registry_add_feature: adding feature 0x19bcb10 (downloadbuffer)
0:00:00.005756949  2471 0x199b320 DEBUG   GST_REFCOUNTING gstobject.c:708:gst_object_set_parent: set parent (ref and sink)
0:00:00.005764354  2471 0x199b320 TRACE   GST_REFCOUNTING gstobject.c:292:gst_object_ref_sink: 0x19bcb10 ref_sink 1->2
0:00:00.005771462  2471 0x199b320 LOG   GST_REGISTRY gstregistry.c:607:gst_registry_add_feature: emitting feature-added for downloadbuffer
0:00:00.005784795  2471 0x199b320 TRACE   GST_REFCOUNTING gstobject.c:208:gst_object_init: 0x19bdb50 new
0:00:00.005795105  2471 0x199b320 LOG   GST_ELEMENT_FACTORY gstelementfactory.c:237:gst_element_register: Created new elementfactory for type GstFakeSrc
0:00:00.005807049  2471 0x199b320 TRACE   structure gststructure.c:292:gst_structure_new_id_empty_with_size: created structure 0x19be1f0
0:00:00.005813579  2471 0x199b320 TRACE   GST_PERFORMANCE gststructure.c:511:gst_structure_copy: doing copy 0x19bb600 -> 0x19be1f0
0:00:00.005820832  2471 0x199b320 DEBUG   GST_ELEMENT_PADS gstelement.c:311:gst_element_base_class_init: type GstFakeSrc : factory 0x19bdb50
0:00:00.005881470  2471 0x199b320 TRACE   GST_CAPS gstcaps.c:263:gst_caps_new_empty: created caps 0x19bef60
0:00:00.005889582  2471 0x199b320 TRACE   GST_CAPS gstcaps.c:439:gst_static_caps_get: created 0x7f4c6c82c1d0 from string ANY
0:00:00.005896714  2471 0x199b320 TRACE   GST_REFCOUNTING gstminiobject.c:478:gst_mini_object_ref: 0x19bef60 ref 1->2
0:00:00.005905610  2471 0x199b320 TRACE   GST_REFCOUNTING gstobject.c:208:gst_object_init: 0x19bf0e0 new
0:00:00.005914776  2471 0x199b320 TRACE   GST_REFCOUNTING gstminiobject.c:478:gst_mini_object_ref: 0x19bef60 ref 2->3
0:00:00.005923512  2471 0x199b320 TRACE   GST_REFCOUNTING gstminiobject.c:660:gst_mini_object_unref: 0x19bef60 unref 3->2
0:00:00.005930839  2471 0x199b320 TRACE   GST_REFCOUNTING gstobject.c:292:gst_object_ref_sink: 0x19bf0e0 ref_sink 1->2
0:00:00.005941543  2471 0x199b320 TRACE   structure gststructure.c:292:gst_structure_new_id_empty_with_size: created structure 0x19bf340
0:00:00.005949017  2471 0x199b320 TRACE   GST_PERFORMANCE gststructure.c:511:gst_structure_copy: doing copy 0x19be1f0 -> 0x19bf340
0:00:00.005958671  2471 0x199b320 DEBUG   GST_REGISTRY gstregistry.c:589:gst_registry_add_feature: adding feature 0x19bdb50 (fakesrc)
0:00:00.005965425  2471 0x199b320 DEBUG   GST_REFCOUNTING gstobject.c:708:gst_object_set_parent: set parent (ref and sink)
0:00:00.005973063  2471 0x199b320 TRACE   GST_REFCOUNTING gstobject.c:292:gst_object_ref_sink: 0x19bdb50 ref_sink 1->2
0:00:00.005980213  2471 0x199b320 LOG   GST_REGISTRY gstregistry.c:607:gst_registry_add_feature: emitting feature-added for fakesrc
0:00:00.006008423  2471 0x199b320 TRACE   GST_REFCOUNTING gstobject.c:208:gst_object_init: 0x19bf6a0 new
0:00:00.006019287  2471 0x199b320 LOG   GST_ELEMENT_FACTORY gstelementfactory.c:237:gst_element_register: Created new elementfactory for type GstFakeSink
0:00:00.006027525  2471 0x199b320 TRACE   structure gststructure.c:292:gst_structure_new_id_empty_with_size: created structure 0x19bfd30
0:00:00.006034096  2471 0x199b320 TRACE   GST_PERFORMANCE gststructure.c:511:gst_structure_copy: doing copy 0x19a1b40 -> 0x19bfd30
0:00:00.006045409  2471 0x199b320 DEBUG   GST_ELEMENT_PADS gstelement.c:311:gst_element_base_class_init: type GstBaseSink : factory (nil)
0:00:00.006087808  2471 0x199b320 TRACE   structure gststructure.c:292:gst_structure_new_id_empty_with_size: created structure 0x19c09e0
0:00:00.006094563  2471 0x199b320 TRACE   GST_PERFORMANCE gststructure.c:511:gst_structure_copy: doing copy 0x19bfd30 -> 0x19c09e0
0:00:00.006101675  2471 0x199b320 DEBUG   GST_ELEMENT_PADS gstelement.c:311:gst_element_base_class_init: type GstFakeSink : factory 0x19bf6a0
0:00:00.006141932  2471 0x199b320 TRACE   GST_CAPS gstcaps.c:263:gst_caps_new_empty: created caps 0x19c12b0
0:00:00.006149862  2471 0x199b320 TRACE   GST_CAPS gstcaps.c:439:gst_static_caps_get: created 0x7f4c6c82c190 from string ANY
0:00:00.006156639  2471 0x199b320 TRACE   GST_REFCOUNTING gstminiobject.c:478:gst_mini_object_ref: 0x19c12b0 ref 1->2
0:00:00.006165694  2471 0x199b320 TRACE   GST_REFCOUNTING gstobject.c:208:gst_object_init: 0x19c15a0 new
0:00:00.006174602  2471 0x199b320 TRACE   GST_REFCOUNTING gstminiobject.c:478:gst_mini_object_ref: 0x19c12b0 ref 2->3
0:00:00.006183013  2471 0x199b320 TRACE   GST_REFCOUNTING gstminiobject.c:660:gst_mini_object_unref: 0x19c12b0 unref 3->2
0:00:00.006190433  2471 0x199b320 TRACE   GST_REFCOUNTING gstobject.c:292:gst_object_ref_sink: 0x19c15a0 ref_sink 1->2
0:00:00.006199784  2471 0x199b320 TRACE   structure gststructure.c:292:gst_structure_new_id_empty_with_size: created structure 0x19c1730
0:00:00.006207065  2471 0x199b320 TRACE   GST_PERFORMANCE gststructure.c:511:gst_structure_copy: doing copy 0x19c09e0 -> 0x19c1730
0:00:00.006216108  2471 0x199b320 DEBUG   GST_REGISTRY gstregistry.c:589:gst_registry_add_feature: adding feature 0x19bf6a0 (fakesink)
0:00:00.006222407  2471 0x199b320 DEBUG   GST_REFCOUNTING gstobject.c:708:gst_object_set_parent: set parent (ref and sink)
0:00:00.006229500  2471 0x199b320 TRACE   GST_REFCOUNTING gstobject.c:292:gst_object_ref_sink: 0x19bf6a0 ref_sink 1->2
0:00:00.006236128  2471 0x199b320 LOG   GST_REGISTRY gstregistry.c:607:gst_registry_add_feature: emitting feature-added for fakesink
0:00:00.006257886  2471 0x199b320 TRACE   GST_REFCOUNTING gstobject.c:208:gst_object_init: 0x19c1cd0 new
0:00:00.006273830  2471 0x199b320 LOG   GST_ELEMENT_FACTORY gstelementfactory.c:237:gst_element_register: Created new elementfactory for type GstFdSrc
0:00:00.006290699  2471 0x199b320 TRACE   structure gststructure.c:292:gst_structure_new_id_empty_with_size: created structure 0x19c2290
0:00:00.006297148  2471 0x199b320 TRACE   GST_PERFORMANCE gststructure.c:511:gst_structure_copy: doing copy 0x19bb600 -> 0x19c2290
0:00:00.006303787  2471 0x199b320 DEBUG   GST_ELEMENT_PADS gstelement.c:311:gst_element_base_class_init: type GstPushSrc : factory (nil)
0:00:00.006312365  2471 0x199b320 TRACE   structure gststructure.c:292:gst_structure_new_id_empty_with_size: created structure 0x19c2730
0:00:00.006318540  2471 0x199b320 TRACE   GST_PERFORMANCE gststructure.c:511:gst_structure_copy: doing copy 0x19c2290 -> 0x19c2730
0:00:00.006325147  2471 0x199b320 DEBUG   GST_ELEMENT_PADS gstelement.c:311:gst_element_base_class_init: type GstFdSrc : factory 0x19c1cd0
0:00:00.006338144  2471 0x199b320 TRACE   GST_CAPS gstcaps.c:263:gst_caps_new_empty: created caps 0x19c1e60
0:00:00.006344895  2471 0x199b320 TRACE   GST_CAPS gstcaps.c:439:gst_static_caps_get: created 0x7f4c6c82c270 from string ANY
0:00:00.006351279  2471 0x199b320 TRACE   GST_REFCOUNTING gstminiobject.c:478:gst_mini_object_ref: 0x19c1e60 ref 1->2
0:00:00.006359927  2471 0x199b320 TRACE   GST_REFCOUNTING gstobject.c:208:gst_object_init: 0x19c2a50 new
0:00:00.006368885  2471 0x199b320 TRACE   GST_REFCOUNTING gstminiobject.c:478:gst_mini_object_ref: 0x19c1e60 ref 2->3
0:00:00.006377327  2471 0x199b320 TRACE   GST_REFCOUNTING gstminiobject.c:660:gst_mini_object_unref: 0x19c1e60 unref 3->2
0:00:00.006384396  2471 0x199b320 TRACE   GST_REFCOUNTING gstobject.c:292:gst_object_ref_sink: 0x19c2a50 ref_sink 1->2
0:00:00.006412700  2471 0x199b320 TRACE   structure gststructure.c:292:gst_structure_new_id_empty_with_size: created structure 0x19bba40
0:00:00.006421045  2471 0x199b320 TRACE   GST_PERFORMANCE gststructure.c:511:gst_structure_copy: doing copy 0x19c2730 -> 0x19bba40
0:00:00.006431663  2471 0x199b320 DEBUG   GST_REGISTRY gstregistry.c:589:gst_registry_add_feature: adding feature 0x19c1cd0 (fdsrc)
0:00:00.006438359  2471 0x199b320 DEBUG   GST_REFCOUNTING gstobject.c:708:gst_object_set_parent: set parent (ref and sink)
0:00:00.006445792  2471 0x199b320 TRACE   GST_REFCOUNTING gstobject.c:292:gst_object_ref_sink: 0x19c1cd0 ref_sink 1->2
0:00:00.006464478  2471 0x199b320 LOG   GST_REGISTRY gstregistry.c:607:gst_registry_add_feature: emitting feature-added for fdsrc
0:00:00.006478642  2471 0x199b320 TRACE   GST_REFCOUNTING gstobject.c:208:gst_object_init: 0x19bbe20 new
0:00:00.006489399  2471 0x199b320 LOG   GST_ELEMENT_FACTORY gstelementfactory.c:237:gst_element_register: Created new elementfactory for type GstFdSink
0:00:00.006501813  2471 0x199b320 TRACE   structure gststructure.c:292:gst_structure_new_id_empty_with_size: created structure 0x19bc1b0
0:00:00.006514037  2471 0x199b320 TRACE   GST_PERFORMANCE gststructure.c:511:gst_structure_copy: doing copy 0x19bfd30 -> 0x19bc1b0
0:00:00.006521181  2471 0x199b320 DEBUG   GST_ELEMENT_PADS gstelement.c:311:gst_element_base_class_init: type GstFdSink : factory 0x19bbe20
0:00:00.006530087  2471 0x199b320 TRACE   GST_CAPS gstcaps.c:263:gst_caps_new_empty: created caps 0x19bc160
0:00:00.006536679  2471 0x199b320 TRACE   GST_CAPS gstcaps.c:439:gst_static_caps_get: created 0x7f4c6c82c210 from string ANY
0:00:00.006543094  2471 0x199b320 TRACE   GST_REFCOUNTING gstminiobject.c:478:gst_mini_object_ref: 0x19bc160 ref 1->2
0:00:00.006551558  2471 0x199b320 TRACE   GST_REFCOUNTING gstobject.c:208:gst_object_init: 0x19c4240 new
0:00:00.006560223  2471 0x199b320 TRACE   GST_REFCOUNTING gstminiobject.c:478:gst_mini_object_ref: 0x19bc160 ref 2->3
0:00:00.006568722  2471 0x199b320 TRACE   GST_REFCOUNTING gstminiobject.c:660:gst_mini_object_unref: 0x19bc160 unref 3->2
0:00:00.006575723  2471 0x199b320 TRACE   GST_REFCOUNTING gstobject.c:292:gst_object_ref_sink: 0x19c4240 ref_sink 1->2
0:00:00.006589888  2471 0x199b320 TRACE   structure gststructure.c:292:gst_structure_new_id_empty_with_size: created structure 0x19c4360
0:00:00.006597168  2471 0x199b320 TRACE   GST_PERFORMANCE gststructure.c:511:gst_structure_copy: doing copy 0x19bc1b0 -> 0x19c4360
0:00:00.006606917  2471 0x199b320 DEBUG   GST_REGISTRY gstregistry.c:589:gst_registry_add_feature: adding feature 0x19bbe20 (fdsink)
0:00:00.006615409  2471 0x199b320 DEBUG   GST_REFCOUNTING gstobject.c:708:gst_object_set_parent: set parent (ref and sink)
