0:00:00.018125754  2471 0x199b320 DEBUG   GST_POLL gstpoll.c:979:gst_poll_fd_ctl_write: 0x19a39c0: fd (fd:0, idx:1), active : 1
0:00:00.023244834  2470 0x216d370 DEBUG   default gstvalue.c:2776:_priv_gst_value_parse_value: trying type name 'string'
0:00:00.018132947  2471 0x199b320 LOG   GST_POLL gstpoll.c:994:gst_poll_fd_ctl_write: 0x19a39c0: pfd->events now 60 (POLLOUT:4)
0:00:00.023251782  2470 0x216d370 DEBUG   structure gststructure.c:2258:gst_structure_parse_field: trying field name 'description'
0:00:00.018139839  2471 0x199b320 DEBUG   GST_POLL gstpoll.c:979:gst_poll_fd_ctl_write: 0x19a39c0: fd (fd:0, idx:1), active : 1
0:00:00.023257742  2470 0x216d370 DEBUG   default gstvalue.c:2776:_priv_gst_value_parse_value: trying type name 'string'
0:00:00.018146740  2471 0x199b320 LOG   GST_POLL gstpoll.c:994:gst_poll_fd_ctl_write: 0x19a39c0: pfd->events now 60 (POLLOUT:4)
0:00:00.023264864  2470 0x216d370 DEBUG   structure gststructure.c:2258:gst_structure_parse_field: trying field name 'author'
0:00:00.018153805  2471 0x199b320 DEBUG   GST_POLL gstpoll.c:979:gst_poll_fd_ctl_write: 0x19a39c0: fd (fd:0, idx:1), active : 1
0:00:00.023271809  2470 0x216d370 DEBUG   default gstvalue.c:2776:_priv_gst_value_parse_value: trying type name 'string'
0:00:00.018160975  2471 0x199b320 LOG   GST_POLL gstpoll.c:994:gst_poll_fd_ctl_write: 0x19a39c0: pfd->events now 60 (POLLOUT:4)
0:00:00.023280415  2470 0x216d370 DEBUG   GST_REGISTRY gstregistrychunks.c:626:gst_registry_chunks_load_feature: Element factory : npadtemplates=2
0:00:00.018169276  2471 0x199b320 DEBUG   GST_POLL gstpoll.c:979:gst_poll_fd_ctl_write: 0x19a39c0: fd (fd:0, idx:1), active : 1
0:00:00.023288225  2470 0x216d370 DEBUG   GST_REGISTRY gstregistrychunks.c:525:gst_registry_chunks_load_pad_template: Reading/casting for GstRegistryChunkPadTemplate at address 0x218a3b8
0:00:00.018176980  2471 0x199b320 LOG   GST_POLL gstpoll.c:994:gst_poll_fd_ctl_write: 0x19a39c0: pfd->events now 60 (POLLOUT:4)
0:00:00.023295179  2470 0x216d370 DEBUG   GST_REGISTRY gstregistrychunks.c:539:gst_registry_chunks_load_pad_template: Added pad_template src
0:00:00.018184330  2471 0x199b320 DEBUG   GST_POLL gstpoll.c:979:gst_poll_fd_ctl_write: 0x19a39c0: fd (fd:0, idx:1), active : 1
0:00:00.023302014  2470 0x216d370 DEBUG   GST_REGISTRY gstregistrychunks.c:525:gst_registry_chunks_load_pad_template: Reading/casting for GstRegistryChunkPadTemplate at address 0x218a3c8
0:00:00.018191158  2471 0x199b320 LOG   GST_POLL gstpoll.c:994:gst_poll_fd_ctl_write: 0x19a39c0: pfd->events now 60 (POLLOUT:4)
0:00:00.023309179  2470 0x216d370 DEBUG   GST_REGISTRY gstregistrychunks.c:539:gst_registry_chunks_load_pad_template: Added pad_template sink_%u
0:00:00.018206071  2471 0x199b320 DEBUG   GST_POLL gstpoll.c:979:gst_poll_fd_ctl_write: 0x19a39c0: fd (fd:0, idx:1), active : 1
0:00:00.023325007  2470 0x216d370 DEBUG   GST_REGISTRY gstregistry.c:589:gst_registry_add_feature: adding feature 0x218edb0 (concat)
0:00:00.018213265  2471 0x199b320 LOG   GST_POLL gstpoll.c:994:gst_poll_fd_ctl_write: 0x19a39c0: pfd->events now 60 (POLLOUT:4)
0:00:00.023331914  2470 0x216d370 DEBUG   GST_REFCOUNTING gstobject.c:708:gst_object_set_parent: set parent (ref and sink)
0:00:00.018220426  2471 0x199b320 DEBUG   GST_POLL gstpoll.c:979:gst_poll_fd_ctl_write: 0x19a39c0: fd (fd:0, idx:1), active : 1
0:00:00.023340576  2470 0x216d370 TRACE   GST_REFCOUNTING gstobject.c:292:gst_object_ref_sink: 0x218edb0 ref_sink 1->2
0:00:00.018227428  2471 0x199b320 LOG   GST_POLL gstpoll.c:994:gst_poll_fd_ctl_write: 0x19a39c0: pfd->events now 60 (POLLOUT:4)
0:00:00.023349123  2470 0x216d370 LOG   GST_REGISTRY gstregistry.c:607:gst_registry_add_feature: emitting feature-added for concat
0:00:00.018236373  2471 0x199b320 DEBUG   GST_POLL gstpoll.c:979:gst_poll_fd_ctl_write: 0x19a39c0: fd (fd:0, idx:1), active : 1
0:00:00.023357191  2470 0x216d370 DEBUG   GST_REGISTRY gstregistrychunks.c:740:gst_registry_chunks_load_feature: Added feature concat, plugin 0x2187230 coreelements
0:00:00.018243970  2471 0x199b320 LOG   GST_POLL gstpoll.c:994:gst_poll_fd_ctl_write: 0x19a39c0: pfd->events now 60 (POLLOUT:4)
0:00:00.023365241  2470 0x216d370 DEBUG   GST_REGISTRY gstregistrychunks.c:582:gst_registry_chunks_load_feature: Plugin 'coreelements' feature 'clocksync' typename : 'GstElementFactory'
0:00:00.018252505  2471 0x199b320 DEBUG   GST_POLL gstpoll.c:979:gst_poll_fd_ctl_write: 0x19a39c0: fd (fd:0, idx:1), active : 1
0:00:00.018259937  2471 0x199b320 LOG   GST_POLL gstpoll.c:994:gst_poll_fd_ctl_write: 0x19a39c0: pfd->events now 60 (POLLOUT:4)
0:00:00.023374336  2470 0x216d370 TRACE   GST_REFCOUNTING gstobject.c:208:gst_object_init: 0x218e530 new
0:00:00.018266606  2471 0x199b320 DEBUG   GST_POLL gstpoll.c:979:gst_poll_fd_ctl_write: 0x19a39c0: fd (fd:0, idx:1), active : 1
0:00:00.023385154  2470 0x216d370 LOG   GST_REGISTRY gstregistrychunks.c:609:gst_registry_chunks_load_feature: Reading/casting for GstRegistryChunkElementFactory at address 0x218a3f8
0:00:00.018273083  2471 0x199b320 LOG   GST_POLL gstpoll.c:994:gst_poll_fd_ctl_write: 0x19a39c0: pfd->events now 60 (POLLOUT:4)
0:00:00.023392136  2470 0x216d370 TRACE   structure gststructure.c:292:gst_structure_new_id_empty_with_size: created structure 0x218f570
0:00:00.018279985  2471 0x199b320 DEBUG   GST_POLL gstpoll.c:979:gst_poll_fd_ctl_write: 0x19a39c0: fd (fd:0, idx:1), active : 1
0:00:00.023398583  2470 0x216d370 DEBUG   structure gststructure.c:2258:gst_structure_parse_field: trying field name 'long-name'
0:00:00.018291165  2471 0x199b320 LOG   GST_POLL gstpoll.c:994:gst_poll_fd_ctl_write: 0x19a39c0: pfd->events now 60 (POLLOUT:4)
0:00:00.023413281  2470 0x216d370 DEBUG   default gstvalue.c:2776:_priv_gst_value_parse_value: trying type name 'string'
0:00:00.018301794  2471 0x199b320 DEBUG   GST_POLL gstpoll.c:979:gst_poll_fd_ctl_write: 0x19a39c0: fd (fd:0, idx:1), active : 1
0:00:00.023420487  2470 0x216d370 DEBUG   structure gststructure.c:2258:gst_structure_parse_field: trying field name 'klass'
0:00:00.018308858  2471 0x199b320 LOG   GST_POLL gstpoll.c:994:gst_poll_fd_ctl_write: 0x19a39c0: pfd->events now 60 (POLLOUT:4)
0:00:00.023426584  2470 0x216d370 DEBUG   default gstvalue.c:2776:_priv_gst_value_parse_value: trying type name 'string'
0:00:00.018316058  2471 0x199b320 DEBUG   GST_POLL gstpoll.c:979:gst_poll_fd_ctl_write: 0x19a39c0: fd (fd:0, idx:1), active : 1
0:00:00.023433493  2470 0x216d370 DEBUG   structure gststructure.c:2258:gst_structure_parse_field: trying field name 'description'
0:00:00.018322899  2471 0x199b320 LOG   GST_POLL gstpoll.c:994:gst_poll_fd_ctl_write: 0x19a39c0: pfd->events now 60 (POLLOUT:4)
0:00:00.023439596  2470 0x216d370 DEBUG   default gstvalue.c:2776:_priv_gst_value_parse_value: trying type name 'string'
0:00:00.018330005  2471 0x199b320 DEBUG   GST_POLL gstpoll.c:979:gst_poll_fd_ctl_write: 0x19a39c0: fd (fd:0, idx:1), active : 1
0:00:00.023447555  2470 0x216d370 DEBUG   structure gststructure.c:2258:gst_structure_parse_field: trying field name 'author'
0:00:00.018337127  2471 0x199b320 LOG   GST_POLL gstpoll.c:994:gst_poll_fd_ctl_write: 0x19a39c0: pfd->events now 60 (POLLOUT:4)
0:00:00.023453614  2470 0x216d370 DEBUG   default gstvalue.c:2776:_priv_gst_value_parse_value: trying type name 'string'
0:00:00.018344487  2471 0x199b320 DEBUG   GST_POLL gstpoll.c:979:gst_poll_fd_ctl_write: 0x19a39c0: fd (fd:0, idx:1), active : 1
0:00:00.023461967  2470 0x216d370 DEBUG   GST_REGISTRY gstregistrychunks.c:626:gst_registry_chunks_load_feature: Element factory : npadtemplates=2
0:00:00.018351419  2471 0x199b320 LOG   GST_POLL gstpoll.c:994:gst_poll_fd_ctl_write: 0x19a39c0: pfd->events now 60 (POLLOUT:4)
0:00:00.023468641  2470 0x216d370 DEBUG   GST_REGISTRY gstregistrychunks.c:525:gst_registry_chunks_load_pad_template: Reading/casting for GstRegistryChunkPadTemplate at address 0x218a4c8
0:00:00.018358979  2471 0x199b320 DEBUG   GST_POLL gstpoll.c:979:gst_poll_fd_ctl_write: 0x19a39c0: fd (fd:0, idx:1), active : 1
0:00:00.023475546  2470 0x216d370 DEBUG   GST_REGISTRY gstregistrychunks.c:539:gst_registry_chunks_load_pad_template: Added pad_template sink
0:00:00.018366113  2471 0x199b320 LOG   GST_POLL gstpoll.c:994:gst_poll_fd_ctl_write: 0x19a39c0: pfd->events now 60 (POLLOUT:4)
0:00:00.023483001  2470 0x216d370 DEBUG   GST_REGISTRY gstregistrychunks.c:525:gst_registry_chunks_load_pad_template: Reading/casting for GstRegistryChunkPadTemplate at address 0x218a4e0
0:00:00.018373077  2471 0x199b320 DEBUG   GST_POLL gstpoll.c:979:gst_poll_fd_ctl_write: 0x19a39c0: fd (fd:0, idx:1), active : 1
0:00:00.023489678  2470 0x216d370 DEBUG   GST_REGISTRY gstregistrychunks.c:539:gst_registry_chunks_load_pad_template: Added pad_template src
0:00:00.018386300  2471 0x199b320 LOG   GST_POLL gstpoll.c:994:gst_poll_fd_ctl_write: 0x19a39c0: pfd->events now 60 (POLLOUT:4)
0:00:00.023505450  2470 0x216d370 DEBUG   GST_REGISTRY gstregistry.c:589:gst_registry_add_feature: adding feature 0x218e530 (clocksync)
0:00:00.018393475  2471 0x199b320 DEBUG   GST_POLL gstpoll.c:979:gst_poll_fd_ctl_write: 0x19a39c0: fd (fd:0, idx:1), active : 1
0:00:00.023512327  2470 0x216d370 DEBUG   GST_REFCOUNTING gstobject.c:708:gst_object_set_parent: set parent (ref and sink)
0:00:00.018399972  2471 0x199b320 LOG   GST_POLL gstpoll.c:994:gst_poll_fd_ctl_write: 0x19a39c0: pfd->events now 60 (POLLOUT:4)
0:00:00.023520385  2470 0x216d370 TRACE   GST_REFCOUNTING gstobject.c:292:gst_object_ref_sink: 0x218e530 ref_sink 1->2
0:00:00.018406929  2471 0x199b320 DEBUG   GST_POLL gstpoll.c:979:gst_poll_fd_ctl_write: 0x19a39c0: fd (fd:0, idx:1), active : 1
0:00:00.023527842  2470 0x216d370 LOG   GST_REGISTRY gstregistry.c:607:gst_registry_add_feature: emitting feature-added for clocksync
0:00:00.018414911  2471 0x199b320 LOG   GST_POLL gstpoll.c:994:gst_poll_fd_ctl_write: 0x19a39c0: pfd->events now 60 (POLLOUT:4)
0:00:00.023535543  2470 0x216d370 DEBUG   GST_REGISTRY gstregistrychunks.c:740:gst_registry_chunks_load_feature: Added feature clocksync, plugin 0x2187230 coreelements
0:00:00.018421931  2471 0x199b320 DEBUG   GST_POLL gstpoll.c:979:gst_poll_fd_ctl_write: 0x19a39c0: fd (fd:0, idx:1), active : 1
0:00:00.023542954  2470 0x216d370 DEBUG   GST_REGISTRY gstregistrychunks.c:582:gst_registry_chunks_load_feature: Plugin 'coreelements' feature 'capsfilter' typename : 'GstElementFactory'
0:00:00.018429865  2471 0x199b320 LOG   GST_POLL gstpoll.c:994:gst_poll_fd_ctl_write: 0x19a39c0: pfd->events now 60 (POLLOUT:4)
0:00:00.018437903  2471 0x199b320 DEBUG   GST_POLL gstpoll.c:979:gst_poll_fd_ctl_write: 0x19a39c0: fd (fd:0, idx:1), active : 1
0:00:00.023552081  2470 0x216d370 TRACE   GST_REFCOUNTING gstobject.c:208:gst_object_init: 0x218f290 new
0:00:00.018444283  2471 0x199b320 LOG   GST_POLL gstpoll.c:994:gst_poll_fd_ctl_write: 0x19a39c0: pfd->events now 60 (POLLOUT:4)
0:00:00.023563496  2470 0x216d370 LOG   GST_REGISTRY gstregistrychunks.c:609:gst_registry_chunks_load_feature: Reading/casting for GstRegistryChunkElementFactory at address 0x218a510
0:00:00.018461230  2471 0x199b320 DEBUG   GST_POLL gstpoll.c:979:gst_poll_fd_ctl_write: 0x19a39c0: fd (fd:0, idx:1), active : 1
0:00:00.023584194  2470 0x216d370 TRACE   structure gststructure.c:292:gst_structure_new_id_empty_with_size: created structure 0x218f9e0
0:00:00.018471680  2471 0x199b320 LOG   GST_POLL gstpoll.c:994:gst_poll_fd_ctl_write: 0x19a39c0: pfd->events now 60 (POLLOUT:4)
0:00:00.023590545  2470 0x216d370 DEBUG   structure gststructure.c:2258:gst_structure_parse_field: trying field name 'long-name'
0:00:00.018478732  2471 0x199b320 DEBUG   GST_POLL gstpoll.c:979:gst_poll_fd_ctl_write: 0x19a39c0: fd (fd:0, idx:1), active : 1
0:00:00.023604333  2470 0x216d370 DEBUG   default gstvalue.c:2776:_priv_gst_value_parse_value: trying type name 'string'
0:00:00.018492453  2471 0x199b320 LOG   GST_POLL gstpoll.c:994:gst_poll_fd_ctl_write: 0x19a39c0: pfd->events now 60 (POLLOUT:4)
0:00:00.023611990  2470 0x216d370 DEBUG   structure gststructure.c:2258:gst_structure_parse_field: trying field name 'klass'
0:00:00.018500118  2471 0x199b320 DEBUG   GST_POLL gstpoll.c:979:gst_poll_fd_ctl_write: 0x19a39c0: fd (fd:0, idx:1), active : 1
0:00:00.023618351  2470 0x216d370 DEBUG   default gstvalue.c:2776:_priv_gst_value_parse_value: trying type name 'string'
0:00:00.018507122  2471 0x199b320 LOG   GST_POLL gstpoll.c:994:gst_poll_fd_ctl_write: 0x19a39c0: pfd->events now 60 (POLLOUT:4)
0:00:00.023625485  2470 0x216d370 DEBUG   structure gststructure.c:2258:gst_structure_parse_field: trying field name 'description'
0:00:00.018514513  2471 0x199b320 DEBUG   GST_POLL gstpoll.c:979:gst_poll_fd_ctl_write: 0x19a39c0: fd (fd:0, idx:1), active : 1
0:00:00.023631545  2470 0x216d370 DEBUG   default gstvalue.c:2776:_priv_gst_value_parse_value: trying type name 'string'
0:00:00.018521184  2471 0x199b320 LOG   GST_POLL gstpoll.c:994:gst_poll_fd_ctl_write: 0x19a39c0: pfd->events now 60 (POLLOUT:4)
0:00:00.023639491  2470 0x216d370 DEBUG   structure gststructure.c:2258:gst_structure_parse_field: trying field name 'author'
0:00:00.018528327  2471 0x199b320 DEBUG   GST_POLL gstpoll.c:979:gst_poll_fd_ctl_write: 0x19a39c0: fd (fd:0, idx:1), active : 1
0:00:00.023645543  2470 0x216d370 DEBUG   default gstvalue.c:2776:_priv_gst_value_parse_value: trying type name 'string'
0:00:00.018535702  2471 0x199b320 LOG   GST_POLL gstpoll.c:994:gst_poll_fd_ctl_write: 0x19a39c0: pfd->events now 60 (POLLOUT:4)
0:00:00.023653533  2470 0x216d370 DEBUG   GST_REGISTRY gstregistrychunks.c:626:gst_registry_chunks_load_feature: Element factory : npadtemplates=2
0:00:00.018542821  2471 0x199b320 DEBUG   GST_POLL gstpoll.c:979:gst_poll_fd_ctl_write: 0x19a39c0: fd (fd:0, idx:1), active : 1
0:00:00.023659877  2470 0x216d370 DEBUG   GST_REGISTRY gstregistrychunks.c:525:gst_registry_chunks_load_pad_template: Reading/casting for GstRegistryChunkPadTemplate at address 0x218a5f0
0:00:00.018549423  2471 0x199b320 LOG   GST_POLL gstpoll.c:994:gst_poll_fd_ctl_write: 0x19a39c0: pfd->events now 60 (POLLOUT:4)
0:00:00.023666614  2470 0x216d370 DEBUG   GST_REGISTRY gstregistrychunks.c:539:gst_registry_chunks_load_pad_template: Added pad_template sink
0:00:00.018556763  2471 0x199b320 DEBUG   GST_POLL gstpoll.c:979:gst_poll_fd_ctl_write: 0x19a39c0: fd (fd:0, idx:1), active : 1
0:00:00.023672951  2470 0x216d370 DEBUG   GST_REGISTRY gstregistrychunks.c:525:gst_registry_chunks_load_pad_template: Reading/casting for GstRegistryChunkPadTemplate at address 0x218a608
0:00:00.018563450  2471 0x199b320 LOG   GST_POLL gstpoll.c:994:gst_poll_fd_ctl_write: 0x19a39c0: pfd->events now 60 (POLLOUT:4)
0:00:00.023686813  2470 0x216d370 DEBUG   GST_REGISTRY gstregistrychunks.c:539:gst_registry_chunks_load_pad_template: Added pad_template src
0:00:00.018575270  2471 0x199b320 DEBUG   GST_POLL gstpoll.c:979:gst_poll_fd_ctl_write: 0x19a39c0: fd (fd:0, idx:1), active : 1
0:00:00.023695656  2470 0x216d370 DEBUG   GST_REGISTRY gstregistry.c:589:gst_registry_add_feature: adding feature 0x218f290 (capsfilter)
0:00:00.018582138  2471 0x199b320 LOG   GST_POLL gstpoll.c:994:gst_poll_fd_ctl_write: 0x19a39c0: pfd->events now 60 (POLLOUT:4)
0:00:00.023703309  2470 0x216d370 DEBUG   GST_REFCOUNTING gstobject.c:708:gst_object_set_parent: set parent (ref and sink)
0:00:00.018590739  2471 0x199b320 DEBUG   GST_POLL gstpoll.c:979:gst_poll_fd_ctl_write: 0x19a39c0: fd (fd:0, idx:1), active : 1
0:00:00.023711860  2470 0x216d370 TRACE   GST_REFCOUNTING gstobject.c:292:gst_object_ref_sink: 0x218f290 ref_sink 1->2
0:00:00.018598236  2471 0x199b320 LOG   GST_POLL gstpoll.c:994:gst_poll_fd_ctl_write: 0x19a39c0: pfd->events now 60 (POLLOUT:4)
0:00:00.023719434  2470 0x216d370 LOG   GST_REGISTRY gstregistry.c:607:gst_registry_add_feature: emitting feature-added for capsfilter
0:00:00.018607231  2471 0x199b320 DEBUG   GST_POLL gstpoll.c:979:gst_poll_fd_ctl_write: 0x19a39c0: fd (fd:0, idx:1), active : 1
0:00:00.023727188  2470 0x216d370 DEBUG   GST_REGISTRY gstregistrychunks.c:740:gst_registry_chunks_load_feature: Added feature capsfilter, plugin 0x2187230 coreelements
0:00:00.018614073  2471 0x199b320 LOG   GST_POLL gstpoll.c:994:gst_poll_fd_ctl_write: 0x19a39c0: pfd->events now 60 (POLLOUT:4)
0:00:00.023736669  2470 0x216d370 LOG   GST_PLUGIN_LOADING gstpluginloader.c:886:handle_rx_packet: marking plugin 0x2187230 as registered as /home/conan/w/prod/BuildSingleReference/.conan/data/gstreamer/1.19.1/_/_/package/79b6a76dab3879a2afba8d14ba028b620dd3f25b/lib/gstreamer-1.0/libgstcoreelements.so
0:00:00.018627300  2471 0x199b320 TRACE   GST_REFCOUNTING gstobject.c:264:gst_object_unref: 0x19b7220 unref 2->1
0:00:00.023749461  2470 0x216d370 DEBUG   GST_POLL gstpoll.c:1414:gst_poll_wait: 0x2186d00: timeout :0:00:01.000000000
0:00:00.018636402  2471 0x199b320 DEBUG   GST_POLL gstpoll.c:1241:gst_poll_fd_has_error: 0x19a39c0: fd (fd:0, idx:1) 0
0:00:00.018644868  2471 0x199b320 DEBUG   GST_POLL gstpoll.c:1335:gst_poll_fd_can_write: 0x19a39c0: fd (fd:0, idx:1) 1
0:00:00.018651517  2471 0x199b320 LOG   GST_PLUGIN_LOADING gstpluginloader.c:689:write_one: Writing packet of size 488 bytes to fd 0
0:00:00.018674098  2471 0x199b320 DEBUG   GST_POLL gstpoll.c:1414:gst_poll_wait: 0x19a39c0: timeout :0:00:01.000000000
0:00:00.018686202  2471 0x199b320 LOG   GST_PLUGIN_LOADING gstpluginloader.c:1026:exchange_packets: Poll res = 2. 6872 bytes pending for write
0:00:00.018693730  2471 0x199b320 DEBUG   GST_POLL gstpoll.c:1241:gst_poll_fd_has_error: 0x19a39c0: fd (fd:5, idx:2) 0
0:00:00.018708081  2471 0x199b320 DEBUG   GST_POLL gstpoll.c:1266:gst_poll_fd_can_read_unlocked: 0x19a39c0: fd (fd:5, idx:2) 1
0:00:00.018717143  2471 0x199b320 LOG   GST_PLUGIN_LOADING gstpluginloader.c:1004:read_one: No payload to read for 0 length packet type 1 tag 0
0:00:00.023836376  2470 0x216d370 LOG   GST_PLUGIN_LOADING gstpluginloader.c:1026:exchange_packets: Poll res = 1. 0 bytes pending for write
0:00:00.018724572  2471 0x199b320 DEBUG   GST_POLL gstpoll.c:1014:gst_poll_fd_ctl_read_unlocked: 0x19a39c0: fd (fd:5, idx:2), active : 0
0:00:00.023850514  2470 0x216d370 DEBUG   GST_POLL gstpoll.c:1241:gst_poll_fd_has_error: 0x2186d00: fd (fd:8, idx:2) 0
0:00:00.018737320  2471 0x199b320 DEBUG   GST_POLL gstpoll.c:979:gst_poll_fd_ctl_write: 0x19a39c0: fd (fd:0, idx:1), active : 1
0:00:00.023858083  2470 0x216d370 DEBUG   GST_POLL gstpoll.c:1266:gst_poll_fd_can_read_unlocked: 0x2186d00: fd (fd:8, idx:2) 1
0:00:00.018744835  2471 0x199b320 LOG   GST_POLL gstpoll.c:994:gst_poll_fd_ctl_write: 0x19a39c0: pfd->events now 60 (POLLOUT:4)
0:00:00.018753712  2471 0x199b320 DEBUG   GST_POLL gstpoll.c:1241:gst_poll_fd_has_error: 0x19a39c0: fd (fd:0, idx:1) 0
0:00:00.023871206  2470 0x216d370 DEBUG   GST_PLUGIN_LOADING gstpluginloader.c:847:handle_rx_packet: Received plugin details from child w/ tag 2. 476 bytes info
0:00:00.018760113  2471 0x199b320 DEBUG   GST_POLL gstpoll.c:1335:gst_poll_fd_can_write: 0x19a39c0: fd (fd:0, idx:1) 1
0:00:00.023878498  2470 0x216d370 LOG   GST_REGISTRY gstregistrychunks.c:836:_priv_gst_registry_chunks_load_plugin: Reading/casting for GstRegistryChunkPluginElement at address 0x2188b50
0:00:00.018766538  2471 0x199b320 LOG   GST_PLUGIN_LOADING gstpluginloader.c:689:write_one: Writing packet of size 6872 bytes to fd 0
0:00:00.023888048  2470 0x216d370 TRACE   GST_REFCOUNTING gstobject.c:208:gst_object_init: 0x218f7b0 new
0:00:00.018779324  2471 0x199b320 DEBUG   GST_POLL gstpoll.c:1414:gst_poll_wait: 0x19a39c0: timeout :0:00:01.000000000
0:00:00.023903447  2470 0x216d370 LOG   GST_REGISTRY gstregistrychunks.c:858:_priv_gst_registry_chunks_load_plugin: read strings for name='coretracers'
0:00:00.018789015  2471 0x199b320 LOG   GST_PLUGIN_LOADING gstpluginloader.c:1026:exchange_packets: Poll res = 1. 12 bytes pending for write
0:00:00.023910955  2470 0x216d370 LOG   GST_REGISTRY gstregistrychunks.c:859:_priv_gst_registry_chunks_load_plugin: desc.description='GStreamer core tracers'
0:00:00.018798884  2471 0x199b320 DEBUG   GST_POLL gstpoll.c:1241:gst_poll_fd_has_error: 0x19a39c0: fd (fd:0, idx:1) 0
0:00:00.023918331  2470 0x216d370 LOG   GST_REGISTRY gstregistrychunks.c:860:_priv_gst_registry_chunks_load_plugin: filename='/home/conan/w/prod/BuildSingleReference/.conan/data/gstreamer/1.19.1/_/_/package/79b6a76dab3879a2afba8d14ba028b620dd3f25b/lib/gstreamer-1.0/libgstcoretracers.so'
0:00:00.018806000  2471 0x199b320 DEBUG   GST_POLL gstpoll.c:1335:gst_poll_fd_can_write: 0x19a39c0: fd (fd:0, idx:1) 1
0:00:00.023925620  2470 0x216d370 LOG   GST_REGISTRY gstregistrychunks.c:861:_priv_gst_registry_chunks_load_plugin: desc.version='1.19.1'
0:00:00.018813416  2471 0x199b320 LOG   GST_PLUGIN_LOADING gstpluginloader.c:689:write_one: Writing packet of size 12 bytes to fd 0
0:00:00.023938091  2470 0x216d370 LOG   GST_REGISTRY gstregistrychunks.c:862:_priv_gst_registry_chunks_load_plugin: desc.license='LGPL'
0:00:00.018827818  2471 0x199b320 DEBUG   GST_POLL gstpoll.c:979:gst_poll_fd_ctl_write: 0x19a39c0: fd (fd:0, idx:1), active : 0
0:00:00.023944417  2470 0x216d370 LOG   GST_REGISTRY gstregistrychunks.c:863:_priv_gst_registry_chunks_load_plugin: desc.source='gstreamer'
0:00:00.018835058  2471 0x199b320 LOG   GST_POLL gstpoll.c:994:gst_poll_fd_ctl_write: 0x19a39c0: pfd->events now 56 (POLLOUT:4)
0:00:00.023952008  2470 0x216d370 LOG   GST_REGISTRY gstregistrychunks.c:864:_priv_gst_registry_chunks_load_plugin: desc.package='GStreamer source release'
0:00:00.023959157  2470 0x216d370 LOG   GST_REGISTRY gstregistrychunks.c:865:_priv_gst_registry_chunks_load_plugin: desc.origin='Unknown package origin'
0:00:00.023964888  2470 0x216d370 LOG   GST_REGISTRY gstregistrychunks.c:866:_priv_gst_registry_chunks_load_plugin: desc.datetime=2021-06-01
0:00:00.018857437  2471 0x199b320 DEBUG   GST_POLL gstpoll.c:772:gst_poll_free: 0x19a39c0: freeing
0:00:00.023975999  2470 0x216d370 DEBUG   GST_REGISTRY gstregistry.c:446:gst_registry_add_plugin: Replacing existing plugin "/home/conan/w/prod/BuildSingleReference/.conan/data/gstreamer/1.19.1/_/_/package/79b6a76dab3879a2afba8d14ba028b620dd3f25b/lib/gstreamer-1.0/libgstcoretracers.so" 0x21878a0 with new plugin 0x218f7b0 for filename "/home/conan/w/prod/BuildSingleReference/.conan/data/gstreamer/1.19.1/_/_/package/79b6a76dab3879a2afba8d14ba028b620dd3f25b/lib/gstreamer-1.0/libgstcoretracers.so"
0:00:00.023994639  2470 0x216d370 TRACE   GST_REFCOUNTING gstobject.c:264:gst_object_unref: 0x21878a0 unref 1->0
0:00:00.024004566  2470 0x216d370 TRACE   GST_REFCOUNTING gstobject.c:381:gst_object_dispose: 0x21878a0 dispose
0:00:00.024015482  2470 0x216d370 DEBUG   GST_PLUGIN_LOADING gstplugin.c:136:gst_plugin_finalize: finalizing plugin
0:00:00.024027999  2470 0x216d370 TRACE   GST_REFCOUNTING gstobject.c:423:gst_object_finalize: 0x21878a0 finalize
0:00:00.024048197  2470 0x216d370 DEBUG   GST_REGISTRY gstregistry.c:473:gst_registry_add_plugin: adding plugin 0x218f7b0 for filename "/home/conan/w/prod/BuildSingleReference/.conan/data/gstreamer/1.19.1/_/_/package/79b6a76dab3879a2afba8d14ba028b620dd3f25b/lib/gstreamer-1.0/libgstcoretracers.so"
0:00:00.024057848  2470 0x216d370 TRACE   GST_REFCOUNTING gstobject.c:292:gst_object_ref_sink: 0x218f7b0 ref_sink 1->2
0:00:00.024066338  2470 0x216d370 LOG   GST_REGISTRY gstregistry.c:486:gst_registry_add_plugin: emitting plugin-added for filename "/home/conan/w/prod/BuildSingleReference/.conan/data/gstreamer/1.19.1/_/_/package/79b6a76dab3879a2afba8d14ba028b620dd3f25b/lib/gstreamer-1.0/libgstcoretracers.so"
0:00:00.024074759  2470 0x216d370 DEBUG   GST_REGISTRY gstregistrychunks.c:886:_priv_gst_registry_chunks_load_plugin: Added plugin 'coretracers' plugin with 5 features from binary registry
0:00:00.024088286  2470 0x216d370 DEBUG   GST_REGISTRY gstregistrychunks.c:582:gst_registry_chunks_load_feature: Plugin 'coretracers' feature 'leaks' typename : 'GstTracerFactory'
0:00:00.024099318  2470 0x216d370 TRACE   GST_REFCOUNTING gstobject.c:208:gst_object_init: 0x2187740 new
0:00:00.024109799  2470 0x216d370 DEBUG   GST_REGISTRY gstregistrychunks.c:716:gst_registry_chunks_load_feature: Reading/casting for GstRegistryChunkPluginFeature at address 0x2188c98
0:00:00.024118936  2470 0x216d370 DEBUG   GST_REGISTRY gstregistry.c:580:gst_registry_add_feature: replacing existing feature 0x2187bb0 (leaks)
0:00:00.024127605  2470 0x216d370 DEBUG   GST_REGISTRY gstregistry.c:589:gst_registry_add_feature: adding feature 0x2187740 (leaks)
0:00:00.024134638  2470 0x216d370 TRACE   GST_REFCOUNTING gstobject.c:788:gst_object_unparent: unparent
0:00:00.024143233  2470 0x216d370 TRACE   GST_REFCOUNTING gstobject.c:264:gst_object_unref: 0x2187bb0 unref 1->0
0:00:00.024150819  2470 0x216d370 TRACE   GST_REFCOUNTING gstobject.c:381:gst_object_dispose: 0x2187bb0 dispose
0:00:00.024159236  2470 0x216d370 DEBUG   GST_PLUGIN_LOADING gstpluginfeature.c:67:gst_plugin_feature_finalize: finalizing feature 0x2187bb0: 'leaks'
0:00:00.024167026  2470 0x216d370 TRACE   GST_REFCOUNTING gstobject.c:423:gst_object_finalize: 0x2187bb0 finalize
0:00:00.024174596  2470 0x216d370 DEBUG   GST_REFCOUNTING gstobject.c:708:gst_object_set_parent: set parent (ref and sink)
0:00:00.024183326  2470 0x216d370 TRACE   GST_REFCOUNTING gstobject.c:292:gst_object_ref_sink: 0x2187740 ref_sink 1->2
0:00:00.024190285  2470 0x216d370 LOG   GST_REGISTRY gstregistry.c:607:gst_registry_add_feature: emitting feature-added for leaks
0:00:00.024197596  2470 0x216d370 DEBUG   GST_REGISTRY gstregistrychunks.c:740:gst_registry_chunks_load_feature: Added feature leaks, plugin 0x218f7b0 coretracers
0:00:00.024204941  2470 0x216d370 DEBUG   GST_REGISTRY gstregistrychunks.c:582:gst_registry_chunks_load_feature: Plugin 'coretracers' feature 'stats' typename : 'GstTracerFactory'
0:00:00.024212571  2470 0x216d370 TRACE   GST_REFCOUNTING gstobject.c:208:gst_object_init: 0x2187bb0 new
0:00:00.024221185  2470 0x216d370 DEBUG   GST_REGISTRY gstregistrychunks.c:716:gst_registry_chunks_load_feature: Reading/casting for GstRegistryChunkPluginFeature at address 0x2188cb8
0:00:00.024229902  2470 0x216d370 DEBUG   GST_REGISTRY gstregistry.c:580:gst_registry_add_feature: replacing existing feature 0x2187db0 (stats)
0:00:00.024237642  2470 0x216d370 DEBUG   GST_REGISTRY gstregistry.c:589:gst_registry_add_feature: adding feature 0x2187bb0 (stats)
0:00:00.024244200  2470 0x216d370 TRACE   GST_REFCOUNTING gstobject.c:788:gst_object_unparent: unparent
0:00:00.024251586  2470 0x216d370 TRACE   GST_REFCOUNTING gstobject.c:264:gst_object_unref: 0x2187db0 unref 1->0
0:00:00.024259101  2470 0x216d370 TRACE   GST_REFCOUNTING gstobject.c:381:gst_object_dispose: 0x2187db0 dispose
0:00:00.024273397  2470 0x216d370 DEBUG   GST_PLUGIN_LOADING gstpluginfeature.c:67:gst_plugin_feature_finalize: finalizing feature 0x2187db0: 'stats'
0:00:00.024280454  2470 0x216d370 TRACE   GST_REFCOUNTING gstobject.c:423:gst_object_finalize: 0x2187db0 finalize
0:00:00.024288569  2470 0x216d370 DEBUG   GST_REFCOUNTING gstobject.c:708:gst_object_set_parent: set parent (ref and sink)
0:00:00.024297040  2470 0x216d370 TRACE   GST_REFCOUNTING gstobject.c:292:gst_object_ref_sink: 0x2187bb0 ref_sink 1->2
0:00:00.024304076  2470 0x216d370 LOG   GST_REGISTRY gstregistry.c:607:gst_registry_add_feature: emitting feature-added for stats
0:00:00.024311174  2470 0x216d370 DEBUG   GST_REGISTRY gstregistrychunks.c:740:gst_registry_chunks_load_feature: Added feature stats, plugin 0x218f7b0 coretracers
0:00:00.024318384  2470 0x216d370 DEBUG   GST_REGISTRY gstregistrychunks.c:582:gst_registry_chunks_load_feature: Plugin 'coretracers' feature 'rusage' typename : 'GstTracerFactory'
0:00:00.024326335  2470 0x216d370 TRACE   GST_REFCOUNTING gstobject.c:208:gst_object_init: 0x2187db0 new
0:00:00.024334929  2470 0x216d370 DEBUG   GST_REGISTRY gstregistrychunks.c:716:gst_registry_chunks_load_feature: Reading/casting for GstRegistryChunkPluginFeature at address 0x2188cd8
0:00:00.024342847  2470 0x216d370 DEBUG   GST_REGISTRY gstregistry.c:580:gst_registry_add_feature: replacing existing feature 0x2187fb0 (rusage)
0:00:00.024350000  2470 0x216d370 DEBUG   GST_REGISTRY gstregistry.c:589:gst_registry_add_feature: adding feature 0x2187db0 (rusage)
0:00:00.024356494  2470 0x216d370 TRACE   GST_REFCOUNTING gstobject.c:788:gst_object_unparent: unparent
0:00:00.024363866  2470 0x216d370 TRACE   GST_REFCOUNTING gstobject.c:264:gst_object_unref: 0x2187fb0 unref 1->0
0:00:00.024370643  2470 0x216d370 TRACE   GST_REFCOUNTING gstobject.c:381:gst_object_dispose: 0x2187fb0 dispose
0:00:00.024378597  2470 0x216d370 DEBUG   GST_PLUGIN_LOADING gstpluginfeature.c:67:gst_plugin_feature_finalize: finalizing feature 0x2187fb0: 'rusage'
0:00:00.024385567  2470 0x216d370 TRACE   GST_REFCOUNTING gstobject.c:423:gst_object_finalize: 0x2187fb0 finalize
0:00:00.024392508  2470 0x216d370 DEBUG   GST_REFCOUNTING gstobject.c:708:gst_object_set_parent: set parent (ref and sink)
0:00:00.024399900  2470 0x216d370 TRACE   GST_REFCOUNTING gstobject.c:292:gst_object_ref_sink: 0x2187db0 ref_sink 1->2
0:00:00.024407704  2470 0x216d370 LOG   GST_REGISTRY gstregistry.c:607:gst_registry_add_feature: emitting feature-added for rusage
0:00:00.024414959  2470 0x216d370 DEBUG   GST_REGISTRY gstregistrychunks.c:740:gst_registry_chunks_load_feature: Added feature rusage, plugin 0x218f7b0 coretracers
0:00:00.024422514  2470 0x216d370 DEBUG   GST_REGISTRY gstregistrychunks.c:582:gst_registry_chunks_load_feature: Plugin 'coretracers' feature 'log' typename : 'GstTracerFactory'
0:00:00.024430431  2470 0x216d370 TRACE   GST_REFCOUNTING gstobject.c:208:gst_object_init: 0x2187fb0 new
0:00:00.024444941  2470 0x216d370 DEBUG   GST_REGISTRY gstregistrychunks.c:716:gst_registry_chunks_load_feature: Reading/casting for GstRegistryChunkPluginFeature at address 0x2188cf8
0:00:00.024453104  2470 0x216d370 DEBUG   GST_REGISTRY gstregistry.c:580:gst_registry_add_feature: replacing existing feature 0x21881b0 (log)
0:00:00.024460456  2470 0x216d370 DEBUG   GST_REGISTRY gstregistry.c:589:gst_registry_add_feature: adding feature 0x2187fb0 (log)
0:00:00.024466460  2470 0x216d370 TRACE   GST_REFCOUNTING gstobject.c:788:gst_object_unparent: unparent
0:00:00.024473954  2470 0x216d370 TRACE   GST_REFCOUNTING gstobject.c:264:gst_object_unref: 0x21881b0 unref 1->0
0:00:00.024480727  2470 0x216d370 TRACE   GST_REFCOUNTING gstobject.c:381:gst_object_dispose: 0x21881b0 dispose
0:00:00.024488217  2470 0x216d370 DEBUG   GST_PLUGIN_LOADING gstpluginfeature.c:67:gst_plugin_feature_finalize: finalizing feature 0x21881b0: 'log'
0:00:00.024495440  2470 0x216d370 TRACE   GST_REFCOUNTING gstobject.c:423:gst_object_finalize: 0x21881b0 finalize
0:00:00.024502011  2470 0x216d370 DEBUG   GST_REFCOUNTING gstobject.c:708:gst_object_set_parent: set parent (ref and sink)
0:00:00.024509067  2470 0x216d370 TRACE   GST_REFCOUNTING gstobject.c:292:gst_object_ref_sink: 0x2187fb0 ref_sink 1->2
0:00:00.024516459  2470 0x216d370 LOG   GST_REGISTRY gstregistry.c:607:gst_registry_add_feature: emitting feature-added for log
0:00:00.024523121  2470 0x216d370 DEBUG   GST_REGISTRY gstregistrychunks.c:740:gst_registry_chunks_load_feature: Added feature log, plugin 0x218f7b0 coretracers
0:00:00.024529974  2470 0x216d370 DEBUG   GST_REGISTRY gstregistrychunks.c:582:gst_registry_chunks_load_feature: Plugin 'coretracers' feature 'latency' typename : 'GstTracerFactory'
0:00:00.024552465  2470 0x216d370 TRACE   GST_REFCOUNTING gstobject.c:208:gst_object_init: 0x21881b0 new
0:00:00.024561142  2470 0x216d370 DEBUG   GST_REGISTRY gstregistrychunks.c:716:gst_registry_chunks_load_feature: Reading/casting for GstRegistryChunkPluginFeature at address 0x2188d20
0:00:00.024591813  2470 0x216d370 DEBUG   GST_REGISTRY gstregistry.c:580:gst_registry_add_feature: replacing existing feature 0x21883b0 (latency)
0:00:00.024601669  2470 0x216d370 DEBUG   GST_REGISTRY gstregistry.c:589:gst_registry_add_feature: adding feature 0x21881b0 (latency)
0:00:00.024607586  2470 0x216d370 TRACE   GST_REFCOUNTING gstobject.c:788:gst_object_unparent: unparent
0:00:00.024615001  2470 0x216d370 TRACE   GST_REFCOUNTING gstobject.c:264:gst_object_unref: 0x21883b0 unref 1->0
0:00:00.024622074  2470 0x216d370 TRACE   GST_REFCOUNTING gstobject.c:381:gst_object_dispose: 0x21883b0 dispose
0:00:00.024629587  2470 0x216d370 DEBUG   GST_PLUGIN_LOADING gstpluginfeature.c:67:gst_plugin_feature_finalize: finalizing feature 0x21883b0: 'latency'
0:00:00.024636182  2470 0x216d370 TRACE   GST_REFCOUNTING gstobject.c:423:gst_object_finalize: 0x21883b0 finalize
0:00:00.024649294  2470 0x216d370 DEBUG   GST_REFCOUNTING gstobject.c:708:gst_object_set_parent: set parent (ref and sink)
0:00:00.024656858  2470 0x216d370 TRACE   GST_REFCOUNTING gstobject.c:292:gst_object_ref_sink: 0x21881b0 ref_sink 1->2
0:00:00.024664433  2470 0x216d370 LOG   GST_REGISTRY gstregistry.c:607:gst_registry_add_feature: emitting feature-added for latency
0:00:00.024671545  2470 0x216d370 DEBUG   GST_REGISTRY gstregistrychunks.c:740:gst_registry_chunks_load_feature: Added feature latency, plugin 0x218f7b0 coretracers
0:00:00.024679874  2470 0x216d370 LOG   GST_PLUGIN_LOADING gstpluginloader.c:886:handle_rx_packet: marking plugin 0x218f7b0 as registered as /home/conan/w/prod/BuildSingleReference/.conan/data/gstreamer/1.19.1/_/_/package/79b6a76dab3879a2afba8d14ba028b620dd3f25b/lib/gstreamer-1.0/libgstcoretracers.so
0:00:00.024689545  2470 0x216d370 DEBUG   GST_POLL gstpoll.c:1414:gst_poll_wait: 0x2186d00: timeout :0:00:01.000000000
0:00:00.024700646  2470 0x216d370 LOG   GST_PLUGIN_LOADING gstpluginloader.c:1026:exchange_packets: Poll res = 2. 0 bytes pending for write
0:00:00.024708048  2470 0x216d370 DEBUG   GST_POLL gstpoll.c:1241:gst_poll_fd_has_error: 0x2186d00: fd (fd:8, idx:2) 0
0:00:00.024714628  2470 0x216d370 DEBUG   GST_POLL gstpoll.c:1266:gst_poll_fd_can_read_unlocked: 0x2186d00: fd (fd:8, idx:2) 1
0:00:00.024726577  2470 0x216d370 DEBUG   GST_PLUGIN_LOADING gstpluginloader.c:847:handle_rx_packet: Received plugin details from child w/ tag 3. 6860 bytes info
0:00:00.024733108  2470 0x216d370 LOG   GST_REGISTRY gstregistrychunks.c:836:_priv_gst_registry_chunks_load_plugin: Reading/casting for GstRegistryChunkPluginElement at address 0x2188b50
0:00:00.024740449  2470 0x216d370 TRACE   GST_REFCOUNTING gstobject.c:208:gst_object_init: 0x218fca0 new
0:00:00.024752308  2470 0x216d370 LOG   GST_REGISTRY gstregistrychunks.c:858:_priv_gst_registry_chunks_load_plugin: read strings for name='coreelements'
0:00:00.024758966  2470 0x216d370 LOG   GST_REGISTRY gstregistrychunks.c:859:_priv_gst_registry_chunks_load_plugin: desc.description='GStreamer core elements'
0:00:00.024765800  2470 0x216d370 LOG   GST_REGISTRY gstregistrychunks.c:860:_priv_gst_registry_chunks_load_plugin: filename='/home/conan/w/prod/BuildSingleReference/.conan/data/gstreamer/1.19.1/_/_/package/79b6a76dab3879a2afba8d14ba028b620dd3f25b/lib/gstreamer-1.0/libgstcoreelements.so'
0:00:00.024772028  2470 0x216d370 LOG   GST_REGISTRY gstregistrychunks.c:861:_priv_gst_registry_chunks_load_plugin: desc.version='1.19.1'
0:00:00.024777930  2470 0x216d370 LOG   GST_REGISTRY gstregistrychunks.c:862:_priv_gst_registry_chunks_load_plugin: desc.license='LGPL'
0:00:00.024783551  2470 0x216d370 LOG   GST_REGISTRY gstregistrychunks.c:863:_priv_gst_registry_chunks_load_plugin: desc.source='gstreamer'
0:00:00.024789076  2470 0x216d370 LOG   GST_REGISTRY gstregistrychunks.c:864:_priv_gst_registry_chunks_load_plugin: desc.package='GStreamer source release'
0:00:00.024806832  2470 0x216d370 LOG   GST_REGISTRY gstregistrychunks.c:865:_priv_gst_registry_chunks_load_plugin: desc.origin='Unknown package origin'
0:00:00.024821154  2470 0x216d370 LOG   GST_REGISTRY gstregistrychunks.c:866:_priv_gst_registry_chunks_load_plugin: desc.datetime=2021-06-01
0:00:00.024831634  2470 0x216d370 DEBUG   GST_REGISTRY gstregistry.c:446:gst_registry_add_plugin: Replacing existing plugin "/home/conan/w/prod/BuildSingleReference/.conan/data/gstreamer/1.19.1/_/_/package/79b6a76dab3879a2afba8d14ba028b620dd3f25b/lib/gstreamer-1.0/libgstcoreelements.so" 0x2187230 with new plugin 0x218fca0 for filename "/home/conan/w/prod/BuildSingleReference/.conan/data/gstreamer/1.19.1/_/_/package/79b6a76dab3879a2afba8d14ba028b620dd3f25b/lib/gstreamer-1.0/libgstcoreelements.so"
0:00:00.024841338  2470 0x216d370 TRACE   GST_REFCOUNTING gstobject.c:264:gst_object_unref: 0x2187230 unref 1->0
0:00:00.024852545  2470 0x216d370 TRACE   GST_REFCOUNTING gstobject.c:381:gst_object_dispose: 0x2187230 dispose
0:00:00.024861114  2470 0x216d370 DEBUG   GST_PLUGIN_LOADING gstplugin.c:136:gst_plugin_finalize: finalizing plugin
0:00:00.024868114  2470 0x216d370 TRACE   GST_REFCOUNTING gstobject.c:423:gst_object_finalize: 0x2187230 finalize
0:00:00.024877867  2470 0x216d370 DEBUG   GST_REGISTRY gstregistry.c:473:gst_registry_add_plugin: adding plugin 0x218fca0 for filename "/home/conan/w/prod/BuildSingleReference/.conan/data/gstreamer/1.19.1/_/_/package/79b6a76dab3879a2afba8d14ba028b620dd3f25b/lib/gstreamer-1.0/libgstcoreelements.so"
0:00:00.024885797  2470 0x216d370 TRACE   GST_REFCOUNTING gstobject.c:292:gst_object_ref_sink: 0x218fca0 ref_sink 1->2
0:00:00.024893682  2470 0x216d370 LOG   GST_REGISTRY gstregistry.c:486:gst_registry_add_plugin: emitting plugin-added for filename "/home/conan/w/prod/BuildSingleReference/.conan/data/gstreamer/1.19.1/_/_/package/79b6a76dab3879a2afba8d14ba028b620dd3f25b/lib/gstreamer-1.0/libgstcoreelements.so"
0:00:00.024901366  2470 0x216d370 DEBUG   GST_REGISTRY gstregistrychunks.c:886:_priv_gst_registry_chunks_load_plugin: Added plugin 'coreelements' plugin with 22 features from binary registry
0:00:00.024908440  2470 0x216d370 DEBUG   GST_REGISTRY gstregistrychunks.c:582:gst_registry_chunks_load_feature: Plugin 'coreelements' feature 'streamiddemux' typename : 'GstElementFactory'
0:00:00.024916908  2470 0x216d370 TRACE   GST_REFCOUNTING gstobject.c:208:gst_object_init: 0x2187890 new
0:00:00.024925055  2470 0x216d370 LOG   GST_REGISTRY gstregistrychunks.c:609:gst_registry_chunks_load_feature: Reading/casting for GstRegistryChunkElementFactory at address 0x2188ca8
0:00:00.024932660  2470 0x216d370 TRACE   structure gststructure.c:292:gst_structure_new_id_empty_with_size: created structure 0x218fb10
0:00:00.024939608  2470 0x216d370 DEBUG   structure gststructure.c:2258:gst_structure_parse_field: trying field name 'long-name'
0:00:00.024945948  2470 0x216d370 DEBUG   default gstvalue.c:2776:_priv_gst_value_parse_value: trying type name 'string'
0:00:00.024954563  2470 0x216d370 DEBUG   structure gststructure.c:2258:gst_structure_parse_field: trying field name 'klass'
0:00:00.024960695  2470 0x216d370 DEBUG   default gstvalue.c:2776:_priv_gst_value_parse_value: trying type name 'string'
0:00:00.024972915  2470 0x216d370 DEBUG   structure gststructure.c:2258:gst_structure_parse_field: trying field name 'description'
0:00:00.024978983  2470 0x216d370 DEBUG   default gstvalue.c:2776:_priv_gst_value_parse_value: trying type name 'string'
0:00:00.024986249  2470 0x216d370 DEBUG   structure gststructure.c:2258:gst_structure_parse_field: trying field name 'author'
0:00:00.024991830  2470 0x216d370 DEBUG   default gstvalue.c:2776:_priv_gst_value_parse_value: trying type name 'string'
0:00:00.024999191  2470 0x216d370 DEBUG   GST_REGISTRY gstregistrychunks.c:626:gst_registry_chunks_load_feature: Element factory : npadtemplates=2
0:00:00.025005537  2470 0x216d370 DEBUG   GST_REGISTRY gstregistrychunks.c:525:gst_registry_chunks_load_pad_template: Reading/casting for GstRegistryChunkPadTemplate at address 0x2188d80
0:00:00.025012202  2470 0x216d370 DEBUG   GST_REGISTRY gstregistrychunks.c:539:gst_registry_chunks_load_pad_template: Added pad_template src_%u
0:00:00.025017935  2470 0x216d370 DEBUG   GST_REGISTRY gstregistrychunks.c:525:gst_registry_chunks_load_pad_template: Reading/casting for GstRegistryChunkPadTemplate at address 0x2188d98
0:00:00.025024189  2470 0x216d370 DEBUG   GST_REGISTRY gstregistrychunks.c:539:gst_registry_chunks_load_pad_template: Added pad_template sink
0:00:00.025032552  2470 0x216d370 DEBUG   GST_REGISTRY gstregistry.c:580:gst_registry_add_feature: replacing existing feature 0x2187360 (streamiddemux)
0:00:00.025039801  2470 0x216d370 DEBUG   GST_REGISTRY gstregistry.c:589:gst_registry_add_feature: adding feature 0x2187890 (streamiddemux)
0:00:00.025045830  2470 0x216d370 TRACE   GST_REFCOUNTING gstobject.c:788:gst_object_unparent: unparent
0:00:00.025053365  2470 0x216d370 TRACE   GST_REFCOUNTING gstobject.c:264:gst_object_unref: 0x2187360 unref 1->0
0:00:00.025060332  2470 0x216d370 TRACE   GST_REFCOUNTING gstobject.c:381:gst_object_dispose: 0x2187360 dispose
0:00:00.025068490  2470 0x216d370 TRACE   structure gststructure.c:547:gst_structure_free: free structure 0x2188720
0:00:00.025077922  2470 0x216d370 TRACE   GST_REFCOUNTING gstminiobject.c:734:gst_mini_object_replace: replace (nil) (0) with (nil) (0)
0:00:00.025086720  2470 0x216d370 TRACE   GST_REFCOUNTING gstminiobject.c:734:gst_mini_object_replace: replace (nil) (0) with (nil) (0)
0:00:00.025094212  2470 0x216d370 DEBUG   GST_PLUGIN_LOADING gstpluginfeature.c:67:gst_plugin_feature_finalize: finalizing feature 0x2187360: 'streamiddemux'
0:00:00.025100729  2470 0x216d370 TRACE   GST_REFCOUNTING gstobject.c:423:gst_object_finalize: 0x2187360 finalize
0:00:00.025107941  2470 0x216d370 DEBUG   GST_REFCOUNTING gstobject.c:708:gst_object_set_parent: set parent (ref and sink)
0:00:00.025115255  2470 0x216d370 TRACE   GST_REFCOUNTING gstobject.c:292:gst_object_ref_sink: 0x2187890 ref_sink 1->2
0:00:00.025122303  2470 0x216d370 LOG   GST_REGISTRY gstregistry.c:607:gst_registry_add_feature: emitting feature-added for streamiddemux
0:00:00.025135069  2470 0x216d370 DEBUG   GST_REGISTRY gstregistrychunks.c:740:gst_registry_chunks_load_feature: Added feature streamiddemux, plugin 0x218fca0 coreelements
0:00:00.025142391  2470 0x216d370 DEBUG   GST_REGISTRY gstregistrychunks.c:582:gst_registry_chunks_load_feature: Plugin 'coreelements' feature 'valve' typename : 'GstElementFactory'
0:00:00.025150295  2470 0x216d370 TRACE   GST_REFCOUNTING gstobject.c:208:gst_object_init: 0x21882e0 new
0:00:00.025158294  2470 0x216d370 LOG   GST_REGISTRY gstregistrychunks.c:609:gst_registry_chunks_load_feature: Reading/casting for GstRegistryChunkElementFactory at address 0x2188dc8
0:00:00.025165364  2470 0x216d370 TRACE   structure gststructure.c:292:gst_structure_new_id_empty_with_size: created structure 0x2187320
0:00:00.025171455  2470 0x216d370 DEBUG   structure gststructure.c:2258:gst_structure_parse_field: trying field name 'long-name'
0:00:00.025177075  2470 0x216d370 DEBUG   default gstvalue.c:2776:_priv_gst_value_parse_value: trying type name 'string'
0:00:00.025183687  2470 0x216d370 DEBUG   structure gststructure.c:2258:gst_structure_parse_field: trying field name 'klass'
0:00:00.025189143  2470 0x216d370 DEBUG   default gstvalue.c:2776:_priv_gst_value_parse_value: trying type name 'string'
0:00:00.025195445  2470 0x216d370 DEBUG   structure gststructure.c:2258:gst_structure_parse_field: trying field name 'description'
0:00:00.025201204  2470 0x216d370 DEBUG   default gstvalue.c:2776:_priv_gst_value_parse_value: trying type name 'string'
0:00:00.025208075  2470 0x216d370 DEBUG   structure gststructure.c:2258:gst_structure_parse_field: trying field name 'author'
0:00:00.025213598  2470 0x216d370 DEBUG   default gstvalue.c:2776:_priv_gst_value_parse_value: trying type name 'string'
0:00:00.025220866  2470 0x216d370 DEBUG   GST_REGISTRY gstregistrychunks.c:626:gst_registry_chunks_load_feature: Element factory : npadtemplates=2
0:00:00.025226689  2470 0x216d370 DEBUG   GST_REGISTRY gstregistrychunks.c:525:gst_registry_chunks_load_pad_template: Reading/casting for GstRegistryChunkPadTemplate at address 0x2188eb8
0:00:00.025232803  2470 0x216d370 DEBUG   GST_REGISTRY gstregistrychunks.c:539:gst_registry_chunks_load_pad_template: Added pad_template sink
0:00:00.025238550  2470 0x216d370 DEBUG   GST_REGISTRY gstregistrychunks.c:525:gst_registry_chunks_load_pad_template: Reading/casting for GstRegistryChunkPadTemplate at address 0x2188ed0
0:00:00.025244606  2470 0x216d370 DEBUG   GST_REGISTRY gstregistrychunks.c:539:gst_registry_chunks_load_pad_template: Added pad_template src
0:00:00.025252109  2470 0x216d370 DEBUG   GST_REGISTRY gstregistry.c:580:gst_registry_add_feature: replacing existing feature 0x218a820 (valve)
0:00:00.025259510  2470 0x216d370 DEBUG   GST_REGISTRY gstregistry.c:589:gst_registry_add_feature: adding feature 0x21882e0 (valve)
0:00:00.025265815  2470 0x216d370 TRACE   GST_REFCOUNTING gstobject.c:788:gst_object_unparent: unparent
0:00:00.025281091  2470 0x216d370 TRACE   GST_REFCOUNTING gstobject.c:264:gst_object_unref: 0x218a820 unref 1->0
0:00:00.025288342  2470 0x216d370 TRACE   GST_REFCOUNTING gstobject.c:381:gst_object_dispose: 0x218a820 dispose
0:00:00.025295763  2470 0x216d370 TRACE   structure gststructure.c:547:gst_structure_free: free structure 0x218a9f0
0:00:00.025303087  2470 0x216d370 TRACE   GST_REFCOUNTING gstminiobject.c:734:gst_mini_object_replace: replace (nil) (0) with (nil) (0)
0:00:00.025310568  2470 0x216d370 TRACE   GST_REFCOUNTING gstminiobject.c:734:gst_mini_object_replace: replace (nil) (0) with (nil) (0)
0:00:00.025317517  2470 0x216d370 DEBUG   GST_PLUGIN_LOADING gstpluginfeature.c:67:gst_plugin_feature_finalize: finalizing feature 0x218a820: 'valve'
0:00:00.025324623  2470 0x216d370 TRACE   GST_REFCOUNTING gstobject.c:423:gst_object_finalize: 0x218a820 finalize
0:00:00.025331403  2470 0x216d370 DEBUG   GST_REFCOUNTING gstobject.c:708:gst_object_set_parent: set parent (ref and sink)
0:00:00.025339323  2470 0x216d370 TRACE   GST_REFCOUNTING gstobject.c:292:gst_object_ref_sink: 0x21882e0 ref_sink 1->2
0:00:00.025346585  2470 0x216d370 LOG   GST_REGISTRY gstregistry.c:607:gst_registry_add_feature: emitting feature-added for valve
0:00:00.025353806  2470 0x216d370 DEBUG   GST_REGISTRY gstregistrychunks.c:740:gst_registry_chunks_load_feature: Added feature valve, plugin 0x218fca0 coreelements
0:00:00.025360992  2470 0x216d370 DEBUG   GST_REGISTRY gstregistrychunks.c:582:gst_registry_chunks_load_feature: Plugin 'coreelements' feature 'multiqueue' typename : 'GstElementFactory'
0:00:00.025369440  2470 0x216d370 TRACE   GST_REFCOUNTING gstobject.c:208:gst_object_init: 0x2188a00 new
0:00:00.025377378  2470 0x216d370 LOG   GST_REGISTRY gstregistrychunks.c:609:gst_registry_chunks_load_feature: Reading/casting for GstRegistryChunkElementFactory at address 0x2188f00
0:00:00.025384786  2470 0x216d370 TRACE   structure gststructure.c:292:gst_structure_new_id_empty_with_size: created structure 0x218fdd0
0:00:00.025391093  2470 0x216d370 DEBUG   structure gststructure.c:2258:gst_structure_parse_field: trying field name 'long-name'
0:00:00.025396695  2470 0x216d370 DEBUG   default gstvalue.c:2776:_priv_gst_value_parse_value: trying type name 'string'
0:00:00.025403347  2470 0x216d370 DEBUG   structure gststructure.c:2258:gst_structure_parse_field: trying field name 'klass'
0:00:00.025409023  2470 0x216d370 DEBUG   default gstvalue.c:2776:_priv_gst_value_parse_value: trying type name 'string'
0:00:00.025415435  2470 0x216d370 DEBUG   structure gststructure.c:2258:gst_structure_parse_field: trying field name 'description'
0:00:00.025421136  2470 0x216d370 DEBUG   default gstvalue.c:2776:_priv_gst_value_parse_value: trying type name 'string'
0:00:00.025427744  2470 0x216d370 DEBUG   structure gststructure.c:2258:gst_structure_parse_field: trying field name 'author'
0:00:00.025433335  2470 0x216d370 DEBUG   default gstvalue.c:2776:_priv_gst_value_parse_value: trying type name 'string'
0:00:00.025447348  2470 0x216d370 DEBUG   GST_REGISTRY gstregistrychunks.c:626:gst_registry_chunks_load_feature: Element factory : npadtemplates=2
0:00:00.025453535  2470 0x216d370 DEBUG   GST_REGISTRY gstregistrychunks.c:525:gst_registry_chunks_load_pad_template: Reading/casting for GstRegistryChunkPadTemplate at address 0x2188fc0
0:00:00.025459539  2470 0x216d370 DEBUG   GST_REGISTRY gstregistrychunks.c:539:gst_registry_chunks_load_pad_template: Added pad_template src_%u
0:00:00.025465542  2470 0x216d370 DEBUG   GST_REGISTRY gstregistrychunks.c:525:gst_registry_chunks_load_pad_template: Reading/casting for GstRegistryChunkPadTemplate at address 0x2188fd8
0:00:00.025472098  2470 0x216d370 DEBUG   GST_REGISTRY gstregistrychunks.c:539:gst_registry_chunks_load_pad_template: Added pad_template sink_%u
0:00:00.025480160  2470 0x216d370 DEBUG   GST_REGISTRY gstregistry.c:580:gst_registry_add_feature: replacing existing feature 0x218ab20 (multiqueue)
0:00:00.025487689  2470 0x216d370 DEBUG   GST_REGISTRY gstregistry.c:589:gst_registry_add_feature: adding feature 0x2188a00 (multiqueue)
0:00:00.025493655  2470 0x216d370 TRACE   GST_REFCOUNTING gstobject.c:788:gst_object_unparent: unparent
0:00:00.025501290  2470 0x216d370 TRACE   GST_REFCOUNTING gstobject.c:264:gst_object_unref: 0x218ab20 unref 1->0
0:00:00.025508446  2470 0x216d370 TRACE   GST_REFCOUNTING gstobject.c:381:gst_object_dispose: 0x218ab20 dispose
0:00:00.025516109  2470 0x216d370 TRACE   structure gststructure.c:547:gst_structure_free: free structure 0x218ac10
0:00:00.025523359  2470 0x216d370 TRACE   GST_REFCOUNTING gstminiobject.c:734:gst_mini_object_replace: replace (nil) (0) with (nil) (0)
0:00:00.025530354  2470 0x216d370 TRACE   GST_REFCOUNTING gstminiobject.c:734:gst_mini_object_replace: replace (nil) (0) with (nil) (0)
0:00:00.025537236  2470 0x216d370 DEBUG   GST_PLUGIN_LOADING gstpluginfeature.c:67:gst_plugin_feature_finalize: finalizing feature 0x218ab20: 'multiqueue'
0:00:00.025543705  2470 0x216d370 TRACE   GST_REFCOUNTING gstobject.c:423:gst_object_finalize: 0x218ab20 finalize
0:00:00.025550377  2470 0x216d370 DEBUG   GST_REFCOUNTING gstobject.c:708:gst_object_set_parent: set parent (ref and sink)
