0:00:00.020049004  2470 0x216d370 DEBUG   GST_REGISTRY gstregistrychunks.c:525:gst_registry_chunks_load_pad_template: Reading/casting for GstRegistryChunkPadTemplate at address 0x2188fd8
0:00:00.014938890  2471 0x199b320 DEBUG   GST_POLL gstpoll.c:979:gst_poll_fd_ctl_write: 0x19a39c0: fd (fd:0, idx:1), active : 1
0:00:00.020056204  2470 0x216d370 DEBUG   GST_REGISTRY gstregistrychunks.c:539:gst_registry_chunks_load_pad_template: Added pad_template sink_%u
0:00:00.014945449  2471 0x199b320 LOG   GST_POLL gstpoll.c:994:gst_poll_fd_ctl_write: 0x19a39c0: pfd->events now 60 (POLLOUT:4)
0:00:00.020065211  2470 0x216d370 DEBUG   GST_REGISTRY gstregistry.c:589:gst_registry_add_feature: adding feature 0x218ab20 (multiqueue)
0:00:00.014952409  2471 0x199b320 DEBUG   GST_POLL gstpoll.c:979:gst_poll_fd_ctl_write: 0x19a39c0: fd (fd:0, idx:1), active : 1
0:00:00.020077375  2470 0x216d370 DEBUG   GST_REFCOUNTING gstobject.c:708:gst_object_set_parent: set parent (ref and sink)
0:00:00.014964944  2471 0x199b320 LOG   GST_POLL gstpoll.c:994:gst_poll_fd_ctl_write: 0x19a39c0: pfd->events now 60 (POLLOUT:4)
0:00:00.020085925  2470 0x216d370 TRACE   GST_REFCOUNTING gstobject.c:292:gst_object_ref_sink: 0x218ab20 ref_sink 1->2
0:00:00.014972362  2471 0x199b320 DEBUG   GST_POLL gstpoll.c:979:gst_poll_fd_ctl_write: 0x19a39c0: fd (fd:0, idx:1), active : 1
0:00:00.020094344  2470 0x216d370 LOG   GST_REGISTRY gstregistry.c:607:gst_registry_add_feature: emitting feature-added for multiqueue
0:00:00.014981450  2471 0x199b320 LOG   GST_POLL gstpoll.c:994:gst_poll_fd_ctl_write: 0x19a39c0: pfd->events now 60 (POLLOUT:4)
0:00:00.020102413  2470 0x216d370 DEBUG   GST_REGISTRY gstregistrychunks.c:740:gst_registry_chunks_load_feature: Added feature multiqueue, plugin 0x2187230 coreelements
0:00:00.014989128  2471 0x199b320 DEBUG   GST_POLL gstpoll.c:979:gst_poll_fd_ctl_write: 0x19a39c0: fd (fd:0, idx:1), active : 1
0:00:00.020110325  2470 0x216d370 DEBUG   GST_REGISTRY gstregistrychunks.c:582:gst_registry_chunks_load_feature: Plugin 'coreelements' feature 'typefind' typename : 'GstElementFactory'
0:00:00.014996968  2471 0x199b320 LOG   GST_POLL gstpoll.c:994:gst_poll_fd_ctl_write: 0x19a39c0: pfd->events now 60 (POLLOUT:4)
0:00:00.015005253  2471 0x199b320 DEBUG   GST_POLL gstpoll.c:979:gst_poll_fd_ctl_write: 0x19a39c0: fd (fd:0, idx:1), active : 1
0:00:00.020119696  2470 0x216d370 TRACE   GST_REFCOUNTING gstobject.c:208:gst_object_init: 0x218ad90 new
0:00:00.015011701  2471 0x199b320 LOG   GST_POLL gstpoll.c:994:gst_poll_fd_ctl_write: 0x19a39c0: pfd->events now 60 (POLLOUT:4)
0:00:00.020130729  2470 0x216d370 LOG   GST_REGISTRY gstregistrychunks.c:609:gst_registry_chunks_load_feature: Reading/casting for GstRegistryChunkElementFactory at address 0x2189008
0:00:00.015018804  2471 0x199b320 DEBUG   GST_POLL gstpoll.c:979:gst_poll_fd_ctl_write: 0x19a39c0: fd (fd:0, idx:1), active : 1
0:00:00.015025603  2471 0x199b320 LOG   GST_POLL gstpoll.c:994:gst_poll_fd_ctl_write: 0x19a39c0: pfd->events now 60 (POLLOUT:4)
0:00:00.020142906  2470 0x216d370 TRACE   structure gststructure.c:292:gst_structure_new_id_empty_with_size: created structure 0x218af50
0:00:00.015032355  2471 0x199b320 DEBUG   GST_POLL gstpoll.c:979:gst_poll_fd_ctl_write: 0x19a39c0: fd (fd:0, idx:1), active : 1
0:00:00.020149859  2470 0x216d370 DEBUG   structure gststructure.c:2258:gst_structure_parse_field: trying field name 'long-name'
0:00:00.015038962  2471 0x199b320 LOG   GST_POLL gstpoll.c:994:gst_poll_fd_ctl_write: 0x19a39c0: pfd->events now 60 (POLLOUT:4)
0:00:00.020156379  2470 0x216d370 DEBUG   default gstvalue.c:2776:_priv_gst_value_parse_value: trying type name 'string'
0:00:00.015045843  2471 0x199b320 DEBUG   GST_POLL gstpoll.c:979:gst_poll_fd_ctl_write: 0x19a39c0: fd (fd:0, idx:1), active : 1
0:00:00.020171159  2470 0x216d370 DEBUG   structure gststructure.c:2258:gst_structure_parse_field: trying field name 'klass'
0:00:00.015057826  2471 0x199b320 LOG   GST_POLL gstpoll.c:994:gst_poll_fd_ctl_write: 0x19a39c0: pfd->events now 60 (POLLOUT:4)
0:00:00.020177583  2470 0x216d370 DEBUG   default gstvalue.c:2776:_priv_gst_value_parse_value: trying type name 'string'
0:00:00.015065386  2471 0x199b320 DEBUG   GST_POLL gstpoll.c:979:gst_poll_fd_ctl_write: 0x19a39c0: fd (fd:0, idx:1), active : 1
0:00:00.020184222  2470 0x216d370 DEBUG   structure gststructure.c:2258:gst_structure_parse_field: trying field name 'description'
0:00:00.015071855  2471 0x199b320 LOG   GST_POLL gstpoll.c:994:gst_poll_fd_ctl_write: 0x19a39c0: pfd->events now 60 (POLLOUT:4)
0:00:00.020190302  2470 0x216d370 DEBUG   default gstvalue.c:2776:_priv_gst_value_parse_value: trying type name 'string'
0:00:00.015078598  2471 0x199b320 DEBUG   GST_POLL gstpoll.c:979:gst_poll_fd_ctl_write: 0x19a39c0: fd (fd:0, idx:1), active : 1
0:00:00.020198008  2470 0x216d370 DEBUG   structure gststructure.c:2258:gst_structure_parse_field: trying field name 'author'
0:00:00.015085034  2471 0x199b320 LOG   GST_POLL gstpoll.c:994:gst_poll_fd_ctl_write: 0x19a39c0: pfd->events now 60 (POLLOUT:4)
0:00:00.020204151  2470 0x216d370 DEBUG   default gstvalue.c:2776:_priv_gst_value_parse_value: trying type name 'string'
0:00:00.015092086  2471 0x199b320 DEBUG   GST_POLL gstpoll.c:979:gst_poll_fd_ctl_write: 0x19a39c0: fd (fd:0, idx:1), active : 1
0:00:00.020211659  2470 0x216d370 DEBUG   GST_REGISTRY gstregistrychunks.c:626:gst_registry_chunks_load_feature: Element factory : npadtemplates=2
0:00:00.015098701  2471 0x199b320 LOG   GST_POLL gstpoll.c:994:gst_poll_fd_ctl_write: 0x19a39c0: pfd->events now 60 (POLLOUT:4)
0:00:00.020218167  2470 0x216d370 DEBUG   GST_REGISTRY gstregistrychunks.c:525:gst_registry_chunks_load_pad_template: Reading/casting for GstRegistryChunkPadTemplate at address 0x21890e0
0:00:00.015106041  2471 0x199b320 DEBUG   GST_POLL gstpoll.c:979:gst_poll_fd_ctl_write: 0x19a39c0: fd (fd:0, idx:1), active : 1
0:00:00.020224963  2470 0x216d370 DEBUG   GST_REGISTRY gstregistrychunks.c:539:gst_registry_chunks_load_pad_template: Added pad_template sink
0:00:00.015112808  2471 0x199b320 LOG   GST_POLL gstpoll.c:994:gst_poll_fd_ctl_write: 0x19a39c0: pfd->events now 60 (POLLOUT:4)
0:00:00.020231356  2470 0x216d370 DEBUG   GST_REGISTRY gstregistrychunks.c:525:gst_registry_chunks_load_pad_template: Reading/casting for GstRegistryChunkPadTemplate at address 0x21890f8
0:00:00.015120261  2471 0x199b320 DEBUG   GST_POLL gstpoll.c:979:gst_poll_fd_ctl_write: 0x19a39c0: fd (fd:0, idx:1), active : 1
0:00:00.020237856  2470 0x216d370 DEBUG   GST_REGISTRY gstregistrychunks.c:539:gst_registry_chunks_load_pad_template: Added pad_template src
0:00:00.015126905  2471 0x199b320 LOG   GST_POLL gstpoll.c:994:gst_poll_fd_ctl_write: 0x19a39c0: pfd->events now 60 (POLLOUT:4)
0:00:00.020246663  2470 0x216d370 DEBUG   GST_REGISTRY gstregistry.c:589:gst_registry_add_feature: adding feature 0x218ad90 (typefind)
0:00:00.015140172  2471 0x199b320 DEBUG   GST_POLL gstpoll.c:979:gst_poll_fd_ctl_write: 0x19a39c0: fd (fd:0, idx:1), active : 1
0:00:00.020257151  2470 0x216d370 DEBUG   GST_REFCOUNTING gstobject.c:708:gst_object_set_parent: set parent (ref and sink)
0:00:00.015147305  2471 0x199b320 LOG   GST_POLL gstpoll.c:994:gst_poll_fd_ctl_write: 0x19a39c0: pfd->events now 60 (POLLOUT:4)
0:00:00.020265665  2470 0x216d370 TRACE   GST_REFCOUNTING gstobject.c:292:gst_object_ref_sink: 0x218ad90 ref_sink 1->2
0:00:00.015158602  2471 0x199b320 DEBUG   GST_POLL gstpoll.c:979:gst_poll_fd_ctl_write: 0x19a39c0: fd (fd:0, idx:1), active : 1
0:00:00.020275786  2470 0x216d370 LOG   GST_REGISTRY gstregistry.c:607:gst_registry_add_feature: emitting feature-added for typefind
0:00:00.015165430  2471 0x199b320 LOG   GST_POLL gstpoll.c:994:gst_poll_fd_ctl_write: 0x19a39c0: pfd->events now 60 (POLLOUT:4)
0:00:00.020283715  2470 0x216d370 DEBUG   GST_REGISTRY gstregistrychunks.c:740:gst_registry_chunks_load_feature: Added feature typefind, plugin 0x2187230 coreelements
0:00:00.015172341  2471 0x199b320 DEBUG   GST_POLL gstpoll.c:979:gst_poll_fd_ctl_write: 0x19a39c0: fd (fd:0, idx:1), active : 1
0:00:00.020291162  2470 0x216d370 DEBUG   GST_REGISTRY gstregistrychunks.c:582:gst_registry_chunks_load_feature: Plugin 'coreelements' feature 'tee' typename : 'GstElementFactory'
0:00:00.015178895  2471 0x199b320 LOG   GST_POLL gstpoll.c:994:gst_poll_fd_ctl_write: 0x19a39c0: pfd->events now 60 (POLLOUT:4)
0:00:00.020299914  2470 0x216d370 TRACE   GST_REFCOUNTING gstobject.c:208:gst_object_init: 0x218b0d0 new
0:00:00.015186160  2471 0x199b320 DEBUG   GST_POLL gstpoll.c:979:gst_poll_fd_ctl_write: 0x19a39c0: fd (fd:0, idx:1), active : 1
0:00:00.020309328  2470 0x216d370 LOG   GST_REGISTRY gstregistrychunks.c:609:gst_registry_chunks_load_feature: Reading/casting for GstRegistryChunkElementFactory at address 0x2189120
0:00:00.015195142  2471 0x199b320 LOG   GST_POLL gstpoll.c:994:gst_poll_fd_ctl_write: 0x19a39c0: pfd->events now 60 (POLLOUT:4)
0:00:00.020316965  2470 0x216d370 TRACE   structure gststructure.c:292:gst_structure_new_id_empty_with_size: created structure 0x218b2a0
0:00:00.015204148  2471 0x199b320 DEBUG   GST_POLL gstpoll.c:979:gst_poll_fd_ctl_write: 0x19a39c0: fd (fd:0, idx:1), active : 1
0:00:00.020323843  2470 0x216d370 DEBUG   structure gststructure.c:2258:gst_structure_parse_field: trying field name 'long-name'
0:00:00.015211600  2471 0x199b320 LOG   GST_POLL gstpoll.c:994:gst_poll_fd_ctl_write: 0x19a39c0: pfd->events now 60 (POLLOUT:4)
0:00:00.020329934  2470 0x216d370 DEBUG   default gstvalue.c:2776:_priv_gst_value_parse_value: trying type name 'string'
0:00:00.015218578  2471 0x199b320 DEBUG   GST_POLL gstpoll.c:979:gst_poll_fd_ctl_write: 0x19a39c0: fd (fd:0, idx:1), active : 1
0:00:00.020337615  2470 0x216d370 DEBUG   structure gststructure.c:2258:gst_structure_parse_field: trying field name 'klass'
0:00:00.015231678  2471 0x199b320 LOG   GST_POLL gstpoll.c:994:gst_poll_fd_ctl_write: 0x19a39c0: pfd->events now 60 (POLLOUT:4)
0:00:00.020348448  2470 0x216d370 DEBUG   default gstvalue.c:2776:_priv_gst_value_parse_value: trying type name 'string'
0:00:00.015239050  2471 0x199b320 DEBUG   GST_POLL gstpoll.c:979:gst_poll_fd_ctl_write: 0x19a39c0: fd (fd:0, idx:1), active : 1
0:00:00.020356701  2470 0x216d370 DEBUG   structure gststructure.c:2258:gst_structure_parse_field: trying field name 'description'
0:00:00.015246182  2471 0x199b320 LOG   GST_POLL gstpoll.c:994:gst_poll_fd_ctl_write: 0x19a39c0: pfd->events now 60 (POLLOUT:4)
0:00:00.020363398  2470 0x216d370 DEBUG   default gstvalue.c:2776:_priv_gst_value_parse_value: trying type name 'string'
0:00:00.015253622  2471 0x199b320 DEBUG   GST_POLL gstpoll.c:979:gst_poll_fd_ctl_write: 0x19a39c0: fd (fd:0, idx:1), active : 1
0:00:00.020371131  2470 0x216d370 DEBUG   structure gststructure.c:2258:gst_structure_parse_field: trying field name 'author'
0:00:00.015260563  2471 0x199b320 LOG   GST_POLL gstpoll.c:994:gst_poll_fd_ctl_write: 0x19a39c0: pfd->events now 60 (POLLOUT:4)
0:00:00.020377645  2470 0x216d370 DEBUG   default gstvalue.c:2776:_priv_gst_value_parse_value: trying type name 'string'
0:00:00.015268149  2471 0x199b320 DEBUG   GST_POLL gstpoll.c:979:gst_poll_fd_ctl_write: 0x19a39c0: fd (fd:0, idx:1), active : 1
0:00:00.020386617  2470 0x216d370 DEBUG   GST_REGISTRY gstregistrychunks.c:626:gst_registry_chunks_load_feature: Element factory : npadtemplates=2
0:00:00.015275253  2471 0x199b320 LOG   GST_POLL gstpoll.c:994:gst_poll_fd_ctl_write: 0x19a39c0: pfd->events now 60 (POLLOUT:4)
0:00:00.020392968  2470 0x216d370 DEBUG   GST_REGISTRY gstregistrychunks.c:525:gst_registry_chunks_load_pad_template: Reading/casting for GstRegistryChunkPadTemplate at address 0x2189210
0:00:00.020399908  2470 0x216d370 DEBUG   GST_REGISTRY gstregistrychunks.c:539:gst_registry_chunks_load_pad_template: Added pad_template src_%u
0:00:00.015282509  2471 0x199b320 DEBUG   GST_POLL gstpoll.c:979:gst_poll_fd_ctl_write: 0x19a39c0: fd (fd:0, idx:1), active : 1
0:00:00.020405880  2470 0x216d370 DEBUG   GST_REGISTRY gstregistrychunks.c:525:gst_registry_chunks_load_pad_template: Reading/casting for GstRegistryChunkPadTemplate at address 0x2189228
0:00:00.015295329  2471 0x199b320 LOG   GST_POLL gstpoll.c:994:gst_poll_fd_ctl_write: 0x19a39c0: pfd->events now 60 (POLLOUT:4)
0:00:00.020412271  2470 0x216d370 DEBUG   GST_REGISTRY gstregistrychunks.c:539:gst_registry_chunks_load_pad_template: Added pad_template sink
0:00:00.015302632  2471 0x199b320 DEBUG   GST_POLL gstpoll.c:979:gst_poll_fd_ctl_write: 0x19a39c0: fd (fd:0, idx:1), active : 1
0:00:00.020421845  2470 0x216d370 DEBUG   GST_REGISTRY gstregistry.c:589:gst_registry_add_feature: adding feature 0x218b0d0 (tee)
0:00:00.015309467  2471 0x199b320 LOG   GST_POLL gstpoll.c:994:gst_poll_fd_ctl_write: 0x19a39c0: pfd->events now 60 (POLLOUT:4)
0:00:00.020435402  2470 0x216d370 DEBUG   GST_REFCOUNTING gstobject.c:708:gst_object_set_parent: set parent (ref and sink)
0:00:00.015323173  2471 0x199b320 DEBUG   GST_POLL gstpoll.c:979:gst_poll_fd_ctl_write: 0x19a39c0: fd (fd:0, idx:1), active : 1
0:00:00.020444027  2470 0x216d370 TRACE   GST_REFCOUNTING gstobject.c:292:gst_object_ref_sink: 0x218b0d0 ref_sink 1->2
0:00:00.015330322  2471 0x199b320 LOG   GST_POLL gstpoll.c:994:gst_poll_fd_ctl_write: 0x19a39c0: pfd->events now 60 (POLLOUT:4)
0:00:00.020451700  2470 0x216d370 LOG   GST_REGISTRY gstregistry.c:607:gst_registry_add_feature: emitting feature-added for tee
0:00:00.015338835  2471 0x199b320 DEBUG   GST_POLL gstpoll.c:979:gst_poll_fd_ctl_write: 0x19a39c0: fd (fd:0, idx:1), active : 1
0:00:00.020458869  2470 0x216d370 DEBUG   GST_REGISTRY gstregistrychunks.c:740:gst_registry_chunks_load_feature: Added feature tee, plugin 0x2187230 coreelements
0:00:00.015345712  2471 0x199b320 LOG   GST_POLL gstpoll.c:994:gst_poll_fd_ctl_write: 0x19a39c0: pfd->events now 60 (POLLOUT:4)
0:00:00.020466400  2470 0x216d370 DEBUG   GST_REGISTRY gstregistrychunks.c:582:gst_registry_chunks_load_feature: Plugin 'coreelements' feature 'filesink' typename : 'GstElementFactory'
0:00:00.015353776  2471 0x199b320 DEBUG   GST_POLL gstpoll.c:979:gst_poll_fd_ctl_write: 0x19a39c0: fd (fd:0, idx:1), active : 1
0:00:00.015360789  2471 0x199b320 LOG   GST_POLL gstpoll.c:994:gst_poll_fd_ctl_write: 0x19a39c0: pfd->events now 60 (POLLOUT:4)
0:00:00.020475362  2470 0x216d370 TRACE   GST_REFCOUNTING gstobject.c:208:gst_object_init: 0x218b4a0 new
0:00:00.015367610  2471 0x199b320 DEBUG   GST_POLL gstpoll.c:979:gst_poll_fd_ctl_write: 0x19a39c0: fd (fd:0, idx:1), active : 1
0:00:00.020486615  2470 0x216d370 LOG   GST_REGISTRY gstregistrychunks.c:609:gst_registry_chunks_load_feature: Reading/casting for GstRegistryChunkElementFactory at address 0x2189258
0:00:00.015374087  2471 0x199b320 LOG   GST_POLL gstpoll.c:994:gst_poll_fd_ctl_write: 0x19a39c0: pfd->events now 60 (POLLOUT:4)
0:00:00.020494312  2470 0x216d370 TRACE   structure gststructure.c:292:gst_structure_new_id_empty_with_size: created structure 0x218b660
0:00:00.015381654  2471 0x199b320 DEBUG   GST_POLL gstpoll.c:979:gst_poll_fd_ctl_write: 0x19a39c0: fd (fd:0, idx:1), active : 1
0:00:00.020501031  2470 0x216d370 DEBUG   structure gststructure.c:2258:gst_structure_parse_field: trying field name 'long-name'
0:00:00.015388906  2471 0x199b320 LOG   GST_POLL gstpoll.c:994:gst_poll_fd_ctl_write: 0x19a39c0: pfd->events now 60 (POLLOUT:4)
0:00:00.020507078  2470 0x216d370 DEBUG   default gstvalue.c:2776:_priv_gst_value_parse_value: trying type name 'string'
0:00:00.015395845  2471 0x199b320 DEBUG   GST_POLL gstpoll.c:979:gst_poll_fd_ctl_write: 0x19a39c0: fd (fd:0, idx:1), active : 1
0:00:00.020514271  2470 0x216d370 DEBUG   structure gststructure.c:2258:gst_structure_parse_field: trying field name 'klass'
0:00:00.015402409  2471 0x199b320 LOG   GST_POLL gstpoll.c:994:gst_poll_fd_ctl_write: 0x19a39c0: pfd->events now 60 (POLLOUT:4)
0:00:00.020525971  2470 0x216d370 DEBUG   default gstvalue.c:2776:_priv_gst_value_parse_value: trying type name 'string'
0:00:00.015414712  2471 0x199b320 DEBUG   GST_POLL gstpoll.c:979:gst_poll_fd_ctl_write: 0x19a39c0: fd (fd:0, idx:1), active : 1
0:00:00.020533571  2470 0x216d370 DEBUG   structure gststructure.c:2258:gst_structure_parse_field: trying field name 'description'
0:00:00.015421421  2471 0x199b320 LOG   GST_POLL gstpoll.c:994:gst_poll_fd_ctl_write: 0x19a39c0: pfd->events now 60 (POLLOUT:4)
0:00:00.020539628  2470 0x216d370 DEBUG   default gstvalue.c:2776:_priv_gst_value_parse_value: trying type name 'string'
0:00:00.015428395  2471 0x199b320 DEBUG   GST_POLL gstpoll.c:979:gst_poll_fd_ctl_write: 0x19a39c0: fd (fd:0, idx:1), active : 1
0:00:00.020546995  2470 0x216d370 DEBUG   structure gststructure.c:2258:gst_structure_parse_field: trying field name 'author'
0:00:00.015435247  2471 0x199b320 LOG   GST_POLL gstpoll.c:994:gst_poll_fd_ctl_write: 0x19a39c0: pfd->events now 60 (POLLOUT:4)
0:00:00.020553342  2470 0x216d370 DEBUG   default gstvalue.c:2776:_priv_gst_value_parse_value: trying type name 'string'
0:00:00.015442668  2471 0x199b320 DEBUG   GST_POLL gstpoll.c:979:gst_poll_fd_ctl_write: 0x19a39c0: fd (fd:0, idx:1), active : 1
0:00:00.020561620  2470 0x216d370 DEBUG   GST_REGISTRY gstregistrychunks.c:626:gst_registry_chunks_load_feature: Element factory : npadtemplates=1
0:00:00.015449712  2471 0x199b320 LOG   GST_POLL gstpoll.c:994:gst_poll_fd_ctl_write: 0x19a39c0: pfd->events now 60 (POLLOUT:4)
0:00:00.020580490  2470 0x216d370 DEBUG   GST_REGISTRY gstregistrychunks.c:525:gst_registry_chunks_load_pad_template: Reading/casting for GstRegistryChunkPadTemplate at address 0x2189338
0:00:00.015470483  2471 0x199b320 DEBUG   GST_POLL gstpoll.c:979:gst_poll_fd_ctl_write: 0x19a39c0: fd (fd:0, idx:1), active : 1
0:00:00.015477636  2471 0x199b320 LOG   GST_POLL gstpoll.c:994:gst_poll_fd_ctl_write: 0x19a39c0: pfd->events now 60 (POLLOUT:4)
0:00:00.020591369  2470 0x216d370 DEBUG   GST_REGISTRY gstregistrychunks.c:539:gst_registry_chunks_load_pad_template: Added pad_template sink
0:00:00.015484691  2471 0x199b320 DEBUG   GST_POLL gstpoll.c:979:gst_poll_fd_ctl_write: 0x19a39c0: fd (fd:0, idx:1), active : 1
0:00:00.015491624  2471 0x199b320 LOG   GST_POLL gstpoll.c:994:gst_poll_fd_ctl_write: 0x19a39c0: pfd->events now 60 (POLLOUT:4)
0:00:00.020605633  2470 0x216d370 DEBUG   GST_REGISTRY gstregistrychunks.c:639:gst_registry_chunks_load_feature: Reading 1 UriTypes at address 0x2189349
0:00:00.015498080  2471 0x199b320 DEBUG   GST_POLL gstpoll.c:979:gst_poll_fd_ctl_write: 0x19a39c0: fd (fd:0, idx:1), active : 1
0:00:00.015504704  2471 0x199b320 LOG   GST_POLL gstpoll.c:994:gst_poll_fd_ctl_write: 0x19a39c0: pfd->events now 60 (POLLOUT:4)
0:00:00.020619124  2470 0x216d370 DEBUG   GST_REGISTRY gstregistrychunks.c:654:gst_registry_chunks_load_feature: Reading 1 Interfaces at address 0x2189359
0:00:00.015517516  2471 0x199b320 DEBUG   GST_POLL gstpoll.c:979:gst_poll_fd_ctl_write: 0x19a39c0: fd (fd:0, idx:1), active : 1
0:00:00.015524198  2471 0x199b320 LOG   GST_POLL gstpoll.c:994:gst_poll_fd_ctl_write: 0x19a39c0: pfd->events now 60 (POLLOUT:4)
0:00:00.020639882  2470 0x216d370 DEBUG   GST_REGISTRY gstregistry.c:589:gst_registry_add_feature: adding feature 0x218b4a0 (filesink)
0:00:00.015530665  2471 0x199b320 DEBUG   GST_POLL gstpoll.c:979:gst_poll_fd_ctl_write: 0x19a39c0: fd (fd:0, idx:1), active : 1
0:00:00.020648385  2470 0x216d370 DEBUG   GST_REFCOUNTING gstobject.c:708:gst_object_set_parent: set parent (ref and sink)
0:00:00.015537233  2471 0x199b320 LOG   GST_POLL gstpoll.c:994:gst_poll_fd_ctl_write: 0x19a39c0: pfd->events now 60 (POLLOUT:4)
0:00:00.020657216  2470 0x216d370 TRACE   GST_REFCOUNTING gstobject.c:292:gst_object_ref_sink: 0x218b4a0 ref_sink 1->2
0:00:00.015544178  2471 0x199b320 DEBUG   GST_POLL gstpoll.c:979:gst_poll_fd_ctl_write: 0x19a39c0: fd (fd:0, idx:1), active : 1
0:00:00.020665455  2470 0x216d370 LOG   GST_REGISTRY gstregistry.c:607:gst_registry_add_feature: emitting feature-added for filesink
0:00:00.015551901  2471 0x199b320 LOG   GST_POLL gstpoll.c:994:gst_poll_fd_ctl_write: 0x19a39c0: pfd->events now 60 (POLLOUT:4)
0:00:00.020673731  2470 0x216d370 DEBUG   GST_REGISTRY gstregistrychunks.c:740:gst_registry_chunks_load_feature: Added feature filesink, plugin 0x2187230 coreelements
0:00:00.015560299  2471 0x199b320 DEBUG   GST_POLL gstpoll.c:979:gst_poll_fd_ctl_write: 0x19a39c0: fd (fd:0, idx:1), active : 1
0:00:00.020681863  2470 0x216d370 DEBUG   GST_REGISTRY gstregistrychunks.c:582:gst_registry_chunks_load_feature: Plugin 'coreelements' feature 'queue2' typename : 'GstElementFactory'
0:00:00.015568005  2471 0x199b320 LOG   GST_POLL gstpoll.c:994:gst_poll_fd_ctl_write: 0x19a39c0: pfd->events now 60 (POLLOUT:4)
0:00:00.015576920  2471 0x199b320 DEBUG   GST_POLL gstpoll.c:979:gst_poll_fd_ctl_write: 0x19a39c0: fd (fd:0, idx:1), active : 1
0:00:00.020691875  2470 0x216d370 TRACE   GST_REFCOUNTING gstobject.c:208:gst_object_init: 0x218b810 new
0:00:00.015583312  2471 0x199b320 LOG   GST_POLL gstpoll.c:994:gst_poll_fd_ctl_write: 0x19a39c0: pfd->events now 60 (POLLOUT:4)
0:00:00.020703546  2470 0x216d370 LOG   GST_REGISTRY gstregistrychunks.c:609:gst_registry_chunks_load_feature: Reading/casting for GstRegistryChunkElementFactory at address 0x2189380
0:00:00.015590685  2471 0x199b320 DEBUG   GST_POLL gstpoll.c:979:gst_poll_fd_ctl_write: 0x19a39c0: fd (fd:0, idx:1), active : 1
0:00:00.020711289  2470 0x216d370 TRACE   structure gststructure.c:292:gst_structure_new_id_empty_with_size: created structure 0x218b9e0
0:00:00.015598014  2471 0x199b320 LOG   GST_POLL gstpoll.c:994:gst_poll_fd_ctl_write: 0x19a39c0: pfd->events now 60 (POLLOUT:4)
0:00:00.020717962  2470 0x216d370 DEBUG   structure gststructure.c:2258:gst_structure_parse_field: trying field name 'long-name'
0:00:00.015611720  2471 0x199b320 DEBUG   GST_POLL gstpoll.c:979:gst_poll_fd_ctl_write: 0x19a39c0: fd (fd:0, idx:1), active : 1
0:00:00.020729151  2470 0x216d370 DEBUG   default gstvalue.c:2776:_priv_gst_value_parse_value: trying type name 'string'
0:00:00.015618807  2471 0x199b320 LOG   GST_POLL gstpoll.c:994:gst_poll_fd_ctl_write: 0x19a39c0: pfd->events now 60 (POLLOUT:4)
0:00:00.020737436  2470 0x216d370 DEBUG   structure gststructure.c:2258:gst_structure_parse_field: trying field name 'klass'
0:00:00.015626834  2471 0x199b320 DEBUG   GST_POLL gstpoll.c:979:gst_poll_fd_ctl_write: 0x19a39c0: fd (fd:0, idx:1), active : 1
0:00:00.020744660  2470 0x216d370 DEBUG   default gstvalue.c:2776:_priv_gst_value_parse_value: trying type name 'string'
0:00:00.015634089  2471 0x199b320 LOG   GST_POLL gstpoll.c:994:gst_poll_fd_ctl_write: 0x19a39c0: pfd->events now 60 (POLLOUT:4)
0:00:00.020751874  2470 0x216d370 DEBUG   structure gststructure.c:2258:gst_structure_parse_field: trying field name 'description'
0:00:00.015641195  2471 0x199b320 DEBUG   GST_POLL gstpoll.c:979:gst_poll_fd_ctl_write: 0x19a39c0: fd (fd:0, idx:1), active : 1
0:00:00.020758419  2470 0x216d370 DEBUG   default gstvalue.c:2776:_priv_gst_value_parse_value: trying type name 'string'
0:00:00.015648338  2471 0x199b320 LOG   GST_POLL gstpoll.c:994:gst_poll_fd_ctl_write: 0x19a39c0: pfd->events now 60 (POLLOUT:4)
0:00:00.020766607  2470 0x216d370 DEBUG   structure gststructure.c:2258:gst_structure_parse_field: trying field name 'author'
0:00:00.015655695  2471 0x199b320 DEBUG   GST_POLL gstpoll.c:979:gst_poll_fd_ctl_write: 0x19a39c0: fd (fd:0, idx:1), active : 1
0:00:00.020772858  2470 0x216d370 DEBUG   default gstvalue.c:2776:_priv_gst_value_parse_value: trying type name 'string'
0:00:00.015662705  2471 0x199b320 LOG   GST_POLL gstpoll.c:994:gst_poll_fd_ctl_write: 0x19a39c0: pfd->events now 60 (POLLOUT:4)
0:00:00.020781941  2470 0x216d370 DEBUG   GST_REGISTRY gstregistrychunks.c:626:gst_registry_chunks_load_feature: Element factory : npadtemplates=2
0:00:00.015669679  2471 0x199b320 DEBUG   GST_POLL gstpoll.c:979:gst_poll_fd_ctl_write: 0x19a39c0: fd (fd:0, idx:1), active : 1
0:00:00.015676723  2471 0x199b320 LOG   GST_POLL gstpoll.c:994:gst_poll_fd_ctl_write: 0x19a39c0: pfd->events now 60 (POLLOUT:4)
0:00:00.020789084  2470 0x216d370 DEBUG   GST_REGISTRY gstregistrychunks.c:525:gst_registry_chunks_load_pad_template: Reading/casting for GstRegistryChunkPadTemplate at address 0x2189470
0:00:00.015683377  2471 0x199b320 DEBUG   GST_POLL gstpoll.c:979:gst_poll_fd_ctl_write: 0x19a39c0: fd (fd:0, idx:1), active : 1
0:00:00.020801342  2470 0x216d370 DEBUG   GST_REGISTRY gstregistrychunks.c:539:gst_registry_chunks_load_pad_template: Added pad_template sink
0:00:00.015690287  2471 0x199b320 LOG   GST_POLL gstpoll.c:994:gst_poll_fd_ctl_write: 0x19a39c0: pfd->events now 60 (POLLOUT:4)
0:00:00.020808639  2470 0x216d370 DEBUG   GST_REGISTRY gstregistrychunks.c:525:gst_registry_chunks_load_pad_template: Reading/casting for GstRegistryChunkPadTemplate at address 0x2189488
0:00:00.015704710  2471 0x199b320 DEBUG   GST_POLL gstpoll.c:979:gst_poll_fd_ctl_write: 0x19a39c0: fd (fd:0, idx:1), active : 1
0:00:00.020821991  2470 0x216d370 DEBUG   GST_REGISTRY gstregistrychunks.c:539:gst_registry_chunks_load_pad_template: Added pad_template src
0:00:00.015711435  2471 0x199b320 LOG   GST_POLL gstpoll.c:994:gst_poll_fd_ctl_write: 0x19a39c0: pfd->events now 60 (POLLOUT:4)
0:00:00.020831455  2470 0x216d370 DEBUG   GST_REGISTRY gstregistry.c:589:gst_registry_add_feature: adding feature 0x218b810 (queue2)
0:00:00.015719026  2471 0x199b320 DEBUG   GST_POLL gstpoll.c:979:gst_poll_fd_ctl_write: 0x19a39c0: fd (fd:0, idx:1), active : 1
0:00:00.020839159  2470 0x216d370 DEBUG   GST_REFCOUNTING gstobject.c:708:gst_object_set_parent: set parent (ref and sink)
0:00:00.015726366  2471 0x199b320 LOG   GST_POLL gstpoll.c:994:gst_poll_fd_ctl_write: 0x19a39c0: pfd->events now 60 (POLLOUT:4)
0:00:00.020848137  2470 0x216d370 TRACE   GST_REFCOUNTING gstobject.c:292:gst_object_ref_sink: 0x218b810 ref_sink 1->2
0:00:00.015734584  2471 0x199b320 DEBUG   GST_POLL gstpoll.c:979:gst_poll_fd_ctl_write: 0x19a39c0: fd (fd:0, idx:1), active : 1
0:00:00.020856782  2470 0x216d370 LOG   GST_REGISTRY gstregistry.c:607:gst_registry_add_feature: emitting feature-added for queue2
0:00:00.015743906  2471 0x199b320 LOG   GST_POLL gstpoll.c:994:gst_poll_fd_ctl_write: 0x19a39c0: pfd->events now 60 (POLLOUT:4)
0:00:00.020865197  2470 0x216d370 DEBUG   GST_REGISTRY gstregistrychunks.c:740:gst_registry_chunks_load_feature: Added feature queue2, plugin 0x2187230 coreelements
0:00:00.015752445  2471 0x199b320 DEBUG   GST_POLL gstpoll.c:979:gst_poll_fd_ctl_write: 0x19a39c0: fd (fd:0, idx:1), active : 1
0:00:00.020873652  2470 0x216d370 DEBUG   GST_REGISTRY gstregistrychunks.c:582:gst_registry_chunks_load_feature: Plugin 'coreelements' feature 'queue' typename : 'GstElementFactory'
0:00:00.015760584  2471 0x199b320 LOG   GST_POLL gstpoll.c:994:gst_poll_fd_ctl_write: 0x19a39c0: pfd->events now 60 (POLLOUT:4)
0:00:00.015768972  2471 0x199b320 DEBUG   GST_POLL gstpoll.c:979:gst_poll_fd_ctl_write: 0x19a39c0: fd (fd:0, idx:1), active : 1
0:00:00.020883180  2470 0x216d370 TRACE   GST_REFCOUNTING gstobject.c:208:gst_object_init: 0x218bc60 new
0:00:00.015775404  2471 0x199b320 LOG   GST_POLL gstpoll.c:994:gst_poll_fd_ctl_write: 0x19a39c0: pfd->events now 60 (POLLOUT:4)
0:00:00.020895942  2470 0x216d370 LOG   GST_REGISTRY gstregistrychunks.c:609:gst_registry_chunks_load_feature: Reading/casting for GstRegistryChunkElementFactory at address 0x21894b0
0:00:00.015784239  2471 0x199b320 DEBUG   GST_POLL gstpoll.c:979:gst_poll_fd_ctl_write: 0x19a39c0: fd (fd:0, idx:1), active : 1
0:00:00.015791424  2471 0x199b320 LOG   GST_POLL gstpoll.c:994:gst_poll_fd_ctl_write: 0x19a39c0: pfd->events now 60 (POLLOUT:4)
0:00:00.020910749  2470 0x216d370 TRACE   structure gststructure.c:292:gst_structure_new_id_empty_with_size: created structure 0x218be90
0:00:00.015804053  2471 0x199b320 DEBUG   GST_POLL gstpoll.c:979:gst_poll_fd_ctl_write: 0x19a39c0: fd (fd:0, idx:1), active : 1
0:00:00.020921842  2470 0x216d370 DEBUG   structure gststructure.c:2258:gst_structure_parse_field: trying field name 'long-name'
0:00:00.015811417  2471 0x199b320 LOG   GST_POLL gstpoll.c:994:gst_poll_fd_ctl_write: 0x19a39c0: pfd->events now 60 (POLLOUT:4)
0:00:00.020928862  2470 0x216d370 DEBUG   default gstvalue.c:2776:_priv_gst_value_parse_value: trying type name 'string'
0:00:00.015818945  2471 0x199b320 DEBUG   GST_POLL gstpoll.c:979:gst_poll_fd_ctl_write: 0x19a39c0: fd (fd:0, idx:1), active : 1
0:00:00.020936530  2470 0x216d370 DEBUG   structure gststructure.c:2258:gst_structure_parse_field: trying field name 'klass'
0:00:00.015825586  2471 0x199b320 LOG   GST_POLL gstpoll.c:994:gst_poll_fd_ctl_write: 0x19a39c0: pfd->events now 60 (POLLOUT:4)
0:00:00.020942917  2470 0x216d370 DEBUG   default gstvalue.c:2776:_priv_gst_value_parse_value: trying type name 'string'
0:00:00.015832859  2471 0x199b320 DEBUG   GST_POLL gstpoll.c:979:gst_poll_fd_ctl_write: 0x19a39c0: fd (fd:0, idx:1), active : 1
0:00:00.020950285  2470 0x216d370 DEBUG   structure gststructure.c:2258:gst_structure_parse_field: trying field name 'description'
0:00:00.015840030  2471 0x199b320 LOG   GST_POLL gstpoll.c:994:gst_poll_fd_ctl_write: 0x19a39c0: pfd->events now 60 (POLLOUT:4)
0:00:00.020957455  2470 0x216d370 DEBUG   default gstvalue.c:2776:_priv_gst_value_parse_value: trying type name 'string'
0:00:00.015847508  2471 0x199b320 DEBUG   GST_POLL gstpoll.c:979:gst_poll_fd_ctl_write: 0x19a39c0: fd (fd:0, idx:1), active : 1
0:00:00.020965568  2470 0x216d370 DEBUG   structure gststructure.c:2258:gst_structure_parse_field: trying field name 'author'
0:00:00.015854061  2471 0x199b320 LOG   GST_POLL gstpoll.c:994:gst_poll_fd_ctl_write: 0x19a39c0: pfd->events now 60 (POLLOUT:4)
0:00:00.020972400  2470 0x216d370 DEBUG   default gstvalue.c:2776:_priv_gst_value_parse_value: trying type name 'string'
0:00:00.015861147  2471 0x199b320 DEBUG   GST_POLL gstpoll.c:979:gst_poll_fd_ctl_write: 0x19a39c0: fd (fd:0, idx:1), active : 1
0:00:00.020980361  2470 0x216d370 DEBUG   GST_REGISTRY gstregistrychunks.c:626:gst_registry_chunks_load_feature: Element factory : npadtemplates=2
0:00:00.015867974  2471 0x199b320 LOG   GST_POLL gstpoll.c:994:gst_poll_fd_ctl_write: 0x19a39c0: pfd->events now 60 (POLLOUT:4)
0:00:00.020987078  2470 0x216d370 DEBUG   GST_REGISTRY gstregistrychunks.c:525:gst_registry_chunks_load_pad_template: Reading/casting for GstRegistryChunkPadTemplate at address 0x2189568
0:00:00.015875450  2471 0x199b320 DEBUG   GST_POLL gstpoll.c:979:gst_poll_fd_ctl_write: 0x19a39c0: fd (fd:0, idx:1), active : 1
0:00:00.020994133  2470 0x216d370 DEBUG   GST_REGISTRY gstregistrychunks.c:539:gst_registry_chunks_load_pad_template: Added pad_template sink
0:00:00.015882367  2471 0x199b320 LOG   GST_POLL gstpoll.c:994:gst_poll_fd_ctl_write: 0x19a39c0: pfd->events now 60 (POLLOUT:4)
0:00:00.021010556  2470 0x216d370 DEBUG   GST_REGISTRY gstregistrychunks.c:525:gst_registry_chunks_load_pad_template: Reading/casting for GstRegistryChunkPadTemplate at address 0x2189580
0:00:00.015898260  2471 0x199b320 DEBUG   GST_POLL gstpoll.c:979:gst_poll_fd_ctl_write: 0x19a39c0: fd (fd:0, idx:1), active : 1
0:00:00.021019054  2470 0x216d370 DEBUG   GST_REGISTRY gstregistrychunks.c:539:gst_registry_chunks_load_pad_template: Added pad_template src
0:00:00.015906359  2471 0x199b320 LOG   GST_POLL gstpoll.c:994:gst_poll_fd_ctl_write: 0x19a39c0: pfd->events now 60 (POLLOUT:4)
0:00:00.015914222  2471 0x199b320 DEBUG   GST_POLL gstpoll.c:979:gst_poll_fd_ctl_write: 0x19a39c0: fd (fd:0, idx:1), active : 1
0:00:00.021028972  2470 0x216d370 DEBUG   GST_REGISTRY gstregistry.c:589:gst_registry_add_feature: adding feature 0x218bc60 (queue)
0:00:00.015920713  2471 0x199b320 LOG   GST_POLL gstpoll.c:994:gst_poll_fd_ctl_write: 0x19a39c0: pfd->events now 60 (POLLOUT:4)
0:00:00.021038837  2470 0x216d370 DEBUG   GST_REFCOUNTING gstobject.c:708:gst_object_set_parent: set parent (ref and sink)
0:00:00.015928107  2471 0x199b320 DEBUG   GST_POLL gstpoll.c:979:gst_poll_fd_ctl_write: 0x19a39c0: fd (fd:0, idx:1), active : 1
0:00:00.021047606  2470 0x216d370 TRACE   GST_REFCOUNTING gstobject.c:292:gst_object_ref_sink: 0x218bc60 ref_sink 1->2
0:00:00.015934807  2471 0x199b320 LOG   GST_POLL gstpoll.c:994:gst_poll_fd_ctl_write: 0x19a39c0: pfd->events now 60 (POLLOUT:4)
0:00:00.021056468  2470 0x216d370 LOG   GST_REGISTRY gstregistry.c:607:gst_registry_add_feature: emitting feature-added for queue
0:00:00.015943862  2471 0x199b320 DEBUG   GST_POLL gstpoll.c:979:gst_poll_fd_ctl_write: 0x19a39c0: fd (fd:0, idx:1), active : 1
0:00:00.021065312  2470 0x216d370 DEBUG   GST_REGISTRY gstregistrychunks.c:740:gst_registry_chunks_load_feature: Added feature queue, plugin 0x2187230 coreelements
0:00:00.015951667  2471 0x199b320 LOG   GST_POLL gstpoll.c:994:gst_poll_fd_ctl_write: 0x19a39c0: pfd->events now 60 (POLLOUT:4)
0:00:00.021072977  2470 0x216d370 DEBUG   GST_REGISTRY gstregistrychunks.c:582:gst_registry_chunks_load_feature: Plugin 'coreelements' feature 'output-selector' typename : 'GstElementFactory'
0:00:00.015960142  2471 0x199b320 DEBUG   GST_POLL gstpoll.c:979:gst_poll_fd_ctl_write: 0x19a39c0: fd (fd:0, idx:1), active : 1
0:00:00.015967836  2471 0x199b320 LOG   GST_POLL gstpoll.c:994:gst_poll_fd_ctl_write: 0x19a39c0: pfd->events now 60 (POLLOUT:4)
0:00:00.021083193  2470 0x216d370 TRACE   GST_REFCOUNTING gstobject.c:208:gst_object_init: 0x218bfc0 new
0:00:00.015975303  2471 0x199b320 DEBUG   GST_POLL gstpoll.c:979:gst_poll_fd_ctl_write: 0x19a39c0: fd (fd:0, idx:1), active : 1
0:00:00.021095030  2470 0x216d370 LOG   GST_REGISTRY gstregistrychunks.c:609:gst_registry_chunks_load_feature: Reading/casting for GstRegistryChunkElementFactory at address 0x21895b8
0:00:00.015982251  2471 0x199b320 LOG   GST_POLL gstpoll.c:994:gst_poll_fd_ctl_write: 0x19a39c0: pfd->events now 60 (POLLOUT:4)
0:00:00.021110568  2470 0x216d370 TRACE   structure gststructure.c:292:gst_structure_new_id_empty_with_size: created structure 0x218c2c0
0:00:00.015998507  2471 0x199b320 DEBUG   GST_POLL gstpoll.c:979:gst_poll_fd_ctl_write: 0x19a39c0: fd (fd:0, idx:1), active : 1
0:00:00.021118363  2470 0x216d370 DEBUG   structure gststructure.c:2258:gst_structure_parse_field: trying field name 'long-name'
0:00:00.016005721  2471 0x199b320 LOG   GST_POLL gstpoll.c:994:gst_poll_fd_ctl_write: 0x19a39c0: pfd->events now 60 (POLLOUT:4)
0:00:00.021124863  2470 0x216d370 DEBUG   default gstvalue.c:2776:_priv_gst_value_parse_value: trying type name 'string'
0:00:00.016013055  2471 0x199b320 DEBUG   GST_POLL gstpoll.c:979:gst_poll_fd_ctl_write: 0x19a39c0: fd (fd:0, idx:1), active : 1
0:00:00.021132831  2470 0x216d370 DEBUG   structure gststructure.c:2258:gst_structure_parse_field: trying field name 'klass'
0:00:00.016019674  2471 0x199b320 LOG   GST_POLL gstpoll.c:994:gst_poll_fd_ctl_write: 0x19a39c0: pfd->events now 60 (POLLOUT:4)
0:00:00.021139157  2470 0x216d370 DEBUG   default gstvalue.c:2776:_priv_gst_value_parse_value: trying type name 'string'
0:00:00.016027960  2471 0x199b320 DEBUG   GST_POLL gstpoll.c:979:gst_poll_fd_ctl_write: 0x19a39c0: fd (fd:0, idx:1), active : 1
0:00:00.021147888  2470 0x216d370 DEBUG   structure gststructure.c:2258:gst_structure_parse_field: trying field name 'description'
0:00:00.016035586  2471 0x199b320 LOG   GST_POLL gstpoll.c:994:gst_poll_fd_ctl_write: 0x19a39c0: pfd->events now 60 (POLLOUT:4)
0:00:00.021155002  2470 0x216d370 DEBUG   default gstvalue.c:2776:_priv_gst_value_parse_value: trying type name 'string'
0:00:00.016043242  2471 0x199b320 DEBUG   GST_POLL gstpoll.c:979:gst_poll_fd_ctl_write: 0x19a39c0: fd (fd:0, idx:1), active : 1
0:00:00.021162631  2470 0x216d370 DEBUG   structure gststructure.c:2258:gst_structure_parse_field: trying field name 'author'
0:00:00.016050441  2471 0x199b320 LOG   GST_POLL gstpoll.c:994:gst_poll_fd_ctl_write: 0x19a39c0: pfd->events now 60 (POLLOUT:4)
0:00:00.021169092  2470 0x216d370 DEBUG   default gstvalue.c:2776:_priv_gst_value_parse_value: trying type name 'string'
0:00:00.016057560  2471 0x199b320 DEBUG   GST_POLL gstpoll.c:979:gst_poll_fd_ctl_write: 0x19a39c0: fd (fd:0, idx:1), active : 1
0:00:00.021176803  2470 0x216d370 DEBUG   GST_REGISTRY gstregistrychunks.c:626:gst_registry_chunks_load_feature: Element factory : npadtemplates=2
0:00:00.016064901  2471 0x199b320 LOG   GST_POLL gstpoll.c:994:gst_poll_fd_ctl_write: 0x19a39c0: pfd->events now 60 (POLLOUT:4)
0:00:00.021184000  2470 0x216d370 DEBUG   GST_REGISTRY gstregistrychunks.c:525:gst_registry_chunks_load_pad_template: Reading/casting for GstRegistryChunkPadTemplate at address 0x2189690
0:00:00.016072819  2471 0x199b320 LOG   GST_PLUGIN_LOADING gstpluginloader.c:644:put_chunk: Expanding tx buf from 10158 to 13209 for chunk of size 209
0:00:00.021191300  2470 0x216d370 DEBUG   GST_REGISTRY gstregistrychunks.c:539:gst_registry_chunks_load_pad_template: Added pad_template src_%u
0:00:00.021205359  2470 0x216d370 DEBUG   GST_REGISTRY gstregistrychunks.c:525:gst_registry_chunks_load_pad_template: Reading/casting for GstRegistryChunkPadTemplate at address 0x21896a8
0:00:00.021211687  2470 0x216d370 DEBUG   GST_REGISTRY gstregistrychunks.c:539:gst_registry_chunks_load_pad_template: Added pad_template sink
0:00:00.016103331  2471 0x199b320 DEBUG   GST_POLL gstpoll.c:979:gst_poll_fd_ctl_write: 0x19a39c0: fd (fd:0, idx:1), active : 1
0:00:00.021220582  2470 0x216d370 DEBUG   GST_REGISTRY gstregistry.c:589:gst_registry_add_feature: adding feature 0x218bfc0 (output-selector)
0:00:00.016111799  2471 0x199b320 LOG   GST_POLL gstpoll.c:994:gst_poll_fd_ctl_write: 0x19a39c0: pfd->events now 60 (POLLOUT:4)
0:00:00.021232789  2470 0x216d370 DEBUG   GST_REFCOUNTING gstobject.c:708:gst_object_set_parent: set parent (ref and sink)
0:00:00.016119747  2471 0x199b320 DEBUG   GST_POLL gstpoll.c:979:gst_poll_fd_ctl_write: 0x19a39c0: fd (fd:0, idx:1), active : 1
0:00:00.021241516  2470 0x216d370 TRACE   GST_REFCOUNTING gstobject.c:292:gst_object_ref_sink: 0x218bfc0 ref_sink 1->2
0:00:00.016127554  2471 0x199b320 LOG   GST_POLL gstpoll.c:994:gst_poll_fd_ctl_write: 0x19a39c0: pfd->events now 60 (POLLOUT:4)
0:00:00.021250234  2470 0x216d370 LOG   GST_REGISTRY gstregistry.c:607:gst_registry_add_feature: emitting feature-added for output-selector
0:00:00.016137291  2471 0x199b320 DEBUG   GST_POLL gstpoll.c:979:gst_poll_fd_ctl_write: 0x19a39c0: fd (fd:0, idx:1), active : 1
0:00:00.021258429  2470 0x216d370 DEBUG   GST_REGISTRY gstregistrychunks.c:740:gst_registry_chunks_load_feature: Added feature output-selector, plugin 0x2187230 coreelements
0:00:00.016144705  2471 0x199b320 LOG   GST_POLL gstpoll.c:994:gst_poll_fd_ctl_write: 0x19a39c0: pfd->events now 60 (POLLOUT:4)
0:00:00.021266368  2470 0x216d370 DEBUG   GST_REGISTRY gstregistrychunks.c:582:gst_registry_chunks_load_feature: Plugin 'coreelements' feature 'input-selector' typename : 'GstElementFactory'
0:00:00.016153196  2471 0x199b320 DEBUG   GST_POLL gstpoll.c:979:gst_poll_fd_ctl_write: 0x19a39c0: fd (fd:0, idx:1), active : 1
0:00:00.016161143  2471 0x199b320 LOG   GST_POLL gstpoll.c:994:gst_poll_fd_ctl_write: 0x19a39c0: pfd->events now 60 (POLLOUT:4)
0:00:00.021276154  2470 0x216d370 TRACE   GST_REFCOUNTING gstobject.c:208:gst_object_init: 0x218c5e0 new
0:00:00.016168536  2471 0x199b320 DEBUG   GST_POLL gstpoll.c:979:gst_poll_fd_ctl_write: 0x19a39c0: fd (fd:0, idx:1), active : 1
0:00:00.021287630  2470 0x216d370 LOG   GST_REGISTRY gstregistrychunks.c:609:gst_registry_chunks_load_feature: Reading/casting for GstRegistryChunkElementFactory at address 0x21896e0
0:00:00.016175245  2471 0x199b320 LOG   GST_POLL gstpoll.c:994:gst_poll_fd_ctl_write: 0x19a39c0: pfd->events now 60 (POLLOUT:4)
0:00:00.021295404  2470 0x216d370 TRACE   structure gststructure.c:292:gst_structure_new_id_empty_with_size: created structure 0x218c7f0
0:00:00.016191213  2471 0x199b320 DEBUG   GST_POLL gstpoll.c:979:gst_poll_fd_ctl_write: 0x19a39c0: fd (fd:0, idx:1), active : 1
0:00:00.021307836  2470 0x216d370 DEBUG   structure gststructure.c:2258:gst_structure_parse_field: trying field name 'long-name'
0:00:00.016198330  2471 0x199b320 LOG   GST_POLL gstpoll.c:994:gst_poll_fd_ctl_write: 0x19a39c0: pfd->events now 60 (POLLOUT:4)
0:00:00.021315157  2470 0x216d370 DEBUG   default gstvalue.c:2776:_priv_gst_value_parse_value: trying type name 'string'
0:00:00.016205253  2471 0x199b320 DEBUG   GST_POLL gstpoll.c:979:gst_poll_fd_ctl_write: 0x19a39c0: fd (fd:0, idx:1), active : 1
0:00:00.021323108  2470 0x216d370 DEBUG   structure gststructure.c:2258:gst_structure_parse_field: trying field name 'klass'
0:00:00.016211967  2471 0x199b320 LOG   GST_POLL gstpoll.c:994:gst_poll_fd_ctl_write: 0x19a39c0: pfd->events now 60 (POLLOUT:4)
0:00:00.021329375  2470 0x216d370 DEBUG   default gstvalue.c:2776:_priv_gst_value_parse_value: trying type name 'string'
0:00:00.016219666  2471 0x199b320 DEBUG   GST_POLL gstpoll.c:979:gst_poll_fd_ctl_write: 0x19a39c0: fd (fd:0, idx:1), active : 1
0:00:00.021336417  2470 0x216d370 DEBUG   structure gststructure.c:2258:gst_structure_parse_field: trying field name 'description'
0:00:00.016226855  2471 0x199b320 LOG   GST_POLL gstpoll.c:994:gst_poll_fd_ctl_write: 0x19a39c0: pfd->events now 60 (POLLOUT:4)
0:00:00.021343818  2470 0x216d370 DEBUG   default gstvalue.c:2776:_priv_gst_value_parse_value: trying type name 'string'
0:00:00.016233993  2471 0x199b320 DEBUG   GST_POLL gstpoll.c:979:gst_poll_fd_ctl_write: 0x19a39c0: fd (fd:0, idx:1), active : 1
0:00:00.021351457  2470 0x216d370 DEBUG   structure gststructure.c:2258:gst_structure_parse_field: trying field name 'author'
0:00:00.016241182  2471 0x199b320 LOG   GST_POLL gstpoll.c:994:gst_poll_fd_ctl_write: 0x19a39c0: pfd->events now 60 (POLLOUT:4)
0:00:00.021357835  2470 0x216d370 DEBUG   default gstvalue.c:2776:_priv_gst_value_parse_value: trying type name 'string'
0:00:00.016248106  2471 0x199b320 DEBUG   GST_POLL gstpoll.c:979:gst_poll_fd_ctl_write: 0x19a39c0: fd (fd:0, idx:1), active : 1
0:00:00.021367796  2470 0x216d370 DEBUG   GST_REGISTRY gstregistrychunks.c:626:gst_registry_chunks_load_feature: Element factory : npadtemplates=2
0:00:00.016254596  2471 0x199b320 LOG   GST_POLL gstpoll.c:994:gst_poll_fd_ctl_write: 0x19a39c0: pfd->events now 60 (POLLOUT:4)
0:00:00.021374143  2470 0x216d370 DEBUG   GST_REGISTRY gstregistrychunks.c:525:gst_registry_chunks_load_pad_template: Reading/casting for GstRegistryChunkPadTemplate at address 0x2189810
0:00:00.016262333  2471 0x199b320 DEBUG   GST_POLL gstpoll.c:979:gst_poll_fd_ctl_write: 0x19a39c0: fd (fd:0, idx:1), active : 1
0:00:00.021381307  2470 0x216d370 DEBUG   GST_REGISTRY gstregistrychunks.c:539:gst_registry_chunks_load_pad_template: Added pad_template src
0:00:00.016269627  2471 0x199b320 LOG   GST_POLL gstpoll.c:994:gst_poll_fd_ctl_write: 0x19a39c0: pfd->events now 60 (POLLOUT:4)
0:00:00.021394538  2470 0x216d370 DEBUG   GST_REGISTRY gstregistrychunks.c:525:gst_registry_chunks_load_pad_template: Reading/casting for GstRegistryChunkPadTemplate at address 0x2189820
0:00:00.016282892  2471 0x199b320 DEBUG   GST_POLL gstpoll.c:979:gst_poll_fd_ctl_write: 0x19a39c0: fd (fd:0, idx:1), active : 1
0:00:00.021401746  2470 0x216d370 DEBUG   GST_REGISTRY gstregistrychunks.c:539:gst_registry_chunks_load_pad_template: Added pad_template sink_%u
0:00:00.016294030  2471 0x199b320 LOG   GST_POLL gstpoll.c:994:gst_poll_fd_ctl_write: 0x19a39c0: pfd->events now 60 (POLLOUT:4)
0:00:00.021413483  2470 0x216d370 DEBUG   GST_REGISTRY gstregistry.c:589:gst_registry_add_feature: adding feature 0x218c5e0 (input-selector)
0:00:00.016301176  2471 0x199b320 DEBUG   GST_POLL gstpoll.c:979:gst_poll_fd_ctl_write: 0x19a39c0: fd (fd:0, idx:1), active : 1
0:00:00.021420714  2470 0x216d370 DEBUG   GST_REFCOUNTING gstobject.c:708:gst_object_set_parent: set parent (ref and sink)
0:00:00.016308239  2471 0x199b320 LOG   GST_POLL gstpoll.c:994:gst_poll_fd_ctl_write: 0x19a39c0: pfd->events now 60 (POLLOUT:4)
0:00:00.021429546  2470 0x216d370 TRACE   GST_REFCOUNTING gstobject.c:292:gst_object_ref_sink: 0x218c5e0 ref_sink 1->2
0:00:00.016316410  2471 0x199b320 DEBUG   GST_POLL gstpoll.c:979:gst_poll_fd_ctl_write: 0x19a39c0: fd (fd:0, idx:1), active : 1
0:00:00.021438540  2470 0x216d370 LOG   GST_REGISTRY gstregistry.c:607:gst_registry_add_feature: emitting feature-added for input-selector
0:00:00.016324980  2471 0x199b320 LOG   GST_POLL gstpoll.c:994:gst_poll_fd_ctl_write: 0x19a39c0: pfd->events now 60 (POLLOUT:4)
0:00:00.021447174  2470 0x216d370 DEBUG   GST_REGISTRY gstregistrychunks.c:740:gst_registry_chunks_load_feature: Added feature input-selector, plugin 0x2187230 coreelements
0:00:00.016333508  2471 0x199b320 DEBUG   GST_POLL gstpoll.c:979:gst_poll_fd_ctl_write: 0x19a39c0: fd (fd:0, idx:1), active : 1
0:00:00.021454558  2470 0x216d370 DEBUG   GST_REGISTRY gstregistrychunks.c:582:gst_registry_chunks_load_feature: Plugin 'coreelements' feature 'identity' typename : 'GstElementFactory'
0:00:00.016341511  2471 0x199b320 LOG   GST_POLL gstpoll.c:994:gst_poll_fd_ctl_write: 0x19a39c0: pfd->events now 60 (POLLOUT:4)
0:00:00.016349206  2471 0x199b320 DEBUG   GST_POLL gstpoll.c:979:gst_poll_fd_ctl_write: 0x19a39c0: fd (fd:0, idx:1), active : 1
0:00:00.021463593  2470 0x216d370 TRACE   GST_REFCOUNTING gstobject.c:208:gst_object_init: 0x218ca30 new
0:00:00.016355688  2471 0x199b320 LOG   GST_POLL gstpoll.c:994:gst_poll_fd_ctl_write: 0x19a39c0: pfd->events now 60 (POLLOUT:4)
0:00:00.021474991  2470 0x216d370 LOG   GST_REGISTRY gstregistrychunks.c:609:gst_registry_chunks_load_feature: Reading/casting for GstRegistryChunkElementFactory at address 0x2189850
0:00:00.016362762  2471 0x199b320 DEBUG   GST_POLL gstpoll.c:979:gst_poll_fd_ctl_write: 0x19a39c0: fd (fd:0, idx:1), active : 1
0:00:00.021482822  2470 0x216d370 TRACE   structure gststructure.c:292:gst_structure_new_id_empty_with_size: created structure 0x218cbe0
0:00:00.016376483  2471 0x199b320 LOG   GST_POLL gstpoll.c:994:gst_poll_fd_ctl_write: 0x19a39c0: pfd->events now 60 (POLLOUT:4)
0:00:00.021493680  2470 0x216d370 DEBUG   structure gststructure.c:2258:gst_structure_parse_field: trying field name 'long-name'
0:00:00.016383996  2471 0x199b320 DEBUG   GST_POLL gstpoll.c:979:gst_poll_fd_ctl_write: 0x19a39c0: fd (fd:0, idx:1), active : 1
0:00:00.021500986  2470 0x216d370 DEBUG   default gstvalue.c:2776:_priv_gst_value_parse_value: trying type name 'string'
0:00:00.016391365  2471 0x199b320 LOG   GST_POLL gstpoll.c:994:gst_poll_fd_ctl_write: 0x19a39c0: pfd->events now 60 (POLLOUT:4)
0:00:00.021509683  2470 0x216d370 DEBUG   structure gststructure.c:2258:gst_structure_parse_field: trying field name 'klass'
0:00:00.016398279  2471 0x199b320 DEBUG   GST_POLL gstpoll.c:979:gst_poll_fd_ctl_write: 0x19a39c0: fd (fd:0, idx:1), active : 1
0:00:00.021516470  2470 0x216d370 DEBUG   default gstvalue.c:2776:_priv_gst_value_parse_value: trying type name 'string'
0:00:00.016405145  2471 0x199b320 LOG   GST_POLL gstpoll.c:994:gst_poll_fd_ctl_write: 0x19a39c0: pfd->events now 60 (POLLOUT:4)
0:00:00.016412401  2471 0x199b320 DEBUG   GST_POLL gstpoll.c:979:gst_poll_fd_ctl_write: 0x19a39c0: fd (fd:0, idx:1), active : 1
0:00:00.021523699  2470 0x216d370 DEBUG   structure gststructure.c:2258:gst_structure_parse_field: trying field name 'description'
0:00:00.016418320  2471 0x199b320 LOG   GST_POLL gstpoll.c:994:gst_poll_fd_ctl_write: 0x19a39c0: pfd->events now 60 (POLLOUT:4)
0:00:00.021537491  2470 0x216d370 DEBUG   default gstvalue.c:2776:_priv_gst_value_parse_value: trying type name 'string'
0:00:00.016425296  2471 0x199b320 DEBUG   GST_POLL gstpoll.c:979:gst_poll_fd_ctl_write: 0x19a39c0: fd (fd:0, idx:1), active : 1
0:00:00.021545363  2470 0x216d370 DEBUG   structure gststructure.c:2258:gst_structure_parse_field: trying field name 'author'
0:00:00.016431836  2471 0x199b320 LOG   GST_POLL gstpoll.c:994:gst_poll_fd_ctl_write: 0x19a39c0: pfd->events now 60 (POLLOUT:4)
0:00:00.021556510  2470 0x216d370 DEBUG   default gstvalue.c:2776:_priv_gst_value_parse_value: trying type name 'string'
0:00:00.016444717  2471 0x199b320 DEBUG   GST_POLL gstpoll.c:979:gst_poll_fd_ctl_write: 0x19a39c0: fd (fd:0, idx:1), active : 1
0:00:00.021565428  2470 0x216d370 DEBUG   GST_REGISTRY gstregistrychunks.c:626:gst_registry_chunks_load_feature: Element factory : npadtemplates=2
0:00:00.016469705  2471 0x199b320 LOG   GST_POLL gstpoll.c:994:gst_poll_fd_ctl_write: 0x19a39c0: pfd->events now 60 (POLLOUT:4)
0:00:00.021591200  2470 0x216d370 DEBUG   GST_REGISTRY gstregistrychunks.c:525:gst_registry_chunks_load_pad_template: Reading/casting for GstRegistryChunkPadTemplate at address 0x2189920
0:00:00.016482806  2471 0x199b320 DEBUG   GST_POLL gstpoll.c:979:gst_poll_fd_ctl_write: 0x19a39c0: fd (fd:0, idx:1), active : 1
0:00:00.021612720  2470 0x216d370 DEBUG   GST_REGISTRY gstregistrychunks.c:539:gst_registry_chunks_load_pad_template: Added pad_template sink
0:00:00.016502149  2471 0x199b320 LOG   GST_POLL gstpoll.c:994:gst_poll_fd_ctl_write: 0x19a39c0: pfd->events now 60 (POLLOUT:4)
0:00:00.021622724  2470 0x216d370 DEBUG   GST_REGISTRY gstregistrychunks.c:525:gst_registry_chunks_load_pad_template: Reading/casting for GstRegistryChunkPadTemplate at address 0x2189938
0:00:00.021630306  2470 0x216d370 DEBUG   GST_REGISTRY gstregistrychunks.c:539:gst_registry_chunks_load_pad_template: Added pad_template src
0:00:00.016515042  2471 0x199b320 DEBUG   GST_POLL gstpoll.c:979:gst_poll_fd_ctl_write: 0x19a39c0: fd (fd:0, idx:1), active : 1
0:00:00.021639700  2470 0x216d370 DEBUG   GST_REGISTRY gstregistry.c:589:gst_registry_add_feature: adding feature 0x218ca30 (identity)
0:00:00.016526780  2471 0x199b320 LOG   GST_POLL gstpoll.c:994:gst_poll_fd_ctl_write: 0x19a39c0: pfd->events now 60 (POLLOUT:4)
0:00:00.021646986  2470 0x216d370 DEBUG   GST_REFCOUNTING gstobject.c:708:gst_object_set_parent: set parent (ref and sink)
0:00:00.016534828  2471 0x199b320 DEBUG   GST_POLL gstpoll.c:979:gst_poll_fd_ctl_write: 0x19a39c0: fd (fd:0, idx:1), active : 1
