0:00:00.012997445  2471 0x199b320 DEBUG   GST_POLL gstpoll.c:979:gst_poll_fd_ctl_write: 0x19a39c0: fd (fd:0, idx:1), active : 1
0:00:00.013007979  2471 0x199b320 LOG   GST_POLL gstpoll.c:994:gst_poll_fd_ctl_write: 0x19a39c0: pfd->events now 60 (POLLOUT:4)
0:00:00.013014424  2471 0x199b320 DEBUG   GST_POLL gstpoll.c:979:gst_poll_fd_ctl_write: 0x19a39c0: fd (fd:0, idx:1), active : 1
0:00:00.013020214  2471 0x199b320 LOG   GST_POLL gstpoll.c:994:gst_poll_fd_ctl_write: 0x19a39c0: pfd->events now 60 (POLLOUT:4)
0:00:00.013026347  2471 0x199b320 DEBUG   GST_POLL gstpoll.c:979:gst_poll_fd_ctl_write: 0x19a39c0: fd (fd:0, idx:1), active : 1
0:00:00.013032147  2471 0x199b320 LOG   GST_POLL gstpoll.c:994:gst_poll_fd_ctl_write: 0x19a39c0: pfd->events now 60 (POLLOUT:4)
0:00:00.013038350  2471 0x199b320 DEBUG   GST_POLL gstpoll.c:979:gst_poll_fd_ctl_write: 0x19a39c0: fd (fd:0, idx:1), active : 1
0:00:00.013044162  2471 0x199b320 LOG   GST_POLL gstpoll.c:994:gst_poll_fd_ctl_write: 0x19a39c0: pfd->events now 60 (POLLOUT:4)
0:00:00.013050438  2471 0x199b320 DEBUG   GST_POLL gstpoll.c:979:gst_poll_fd_ctl_write: 0x19a39c0: fd (fd:0, idx:1), active : 1
0:00:00.013056250  2471 0x199b320 LOG   GST_POLL gstpoll.c:994:gst_poll_fd_ctl_write: 0x19a39c0: pfd->events now 60 (POLLOUT:4)
0:00:00.013062439  2471 0x199b320 DEBUG   GST_POLL gstpoll.c:979:gst_poll_fd_ctl_write: 0x19a39c0: fd (fd:0, idx:1), active : 1
0:00:00.013068270  2471 0x199b320 LOG   GST_POLL gstpoll.c:994:gst_poll_fd_ctl_write: 0x19a39c0: pfd->events now 60 (POLLOUT:4)
0:00:00.013074439  2471 0x199b320 DEBUG   GST_POLL gstpoll.c:979:gst_poll_fd_ctl_write: 0x19a39c0: fd (fd:0, idx:1), active : 1
0:00:00.013080216  2471 0x199b320 LOG   GST_POLL gstpoll.c:994:gst_poll_fd_ctl_write: 0x19a39c0: pfd->events now 60 (POLLOUT:4)
0:00:00.013086419  2471 0x199b320 DEBUG   GST_POLL gstpoll.c:979:gst_poll_fd_ctl_write: 0x19a39c0: fd (fd:0, idx:1), active : 1
0:00:00.013092213  2471 0x199b320 LOG   GST_POLL gstpoll.c:994:gst_poll_fd_ctl_write: 0x19a39c0: pfd->events now 60 (POLLOUT:4)
0:00:00.013098382  2471 0x199b320 DEBUG   GST_POLL gstpoll.c:979:gst_poll_fd_ctl_write: 0x19a39c0: fd (fd:0, idx:1), active : 1
0:00:00.013104183  2471 0x199b320 LOG   GST_POLL gstpoll.c:994:gst_poll_fd_ctl_write: 0x19a39c0: pfd->events now 60 (POLLOUT:4)
0:00:00.013110349  2471 0x199b320 DEBUG   GST_POLL gstpoll.c:979:gst_poll_fd_ctl_write: 0x19a39c0: fd (fd:0, idx:1), active : 1
0:00:00.013116104  2471 0x199b320 LOG   GST_POLL gstpoll.c:994:gst_poll_fd_ctl_write: 0x19a39c0: pfd->events now 60 (POLLOUT:4)
0:00:00.013122230  2471 0x199b320 DEBUG   GST_POLL gstpoll.c:979:gst_poll_fd_ctl_write: 0x19a39c0: fd (fd:0, idx:1), active : 1
0:00:00.013128015  2471 0x199b320 LOG   GST_POLL gstpoll.c:994:gst_poll_fd_ctl_write: 0x19a39c0: pfd->events now 60 (POLLOUT:4)
0:00:00.013134186  2471 0x199b320 DEBUG   GST_POLL gstpoll.c:979:gst_poll_fd_ctl_write: 0x19a39c0: fd (fd:0, idx:1), active : 1
0:00:00.013139993  2471 0x199b320 LOG   GST_POLL gstpoll.c:994:gst_poll_fd_ctl_write: 0x19a39c0: pfd->events now 60 (POLLOUT:4)
0:00:00.013146187  2471 0x199b320 DEBUG   GST_POLL gstpoll.c:979:gst_poll_fd_ctl_write: 0x19a39c0: fd (fd:0, idx:1), active : 1
0:00:00.013158615  2471 0x199b320 LOG   GST_POLL gstpoll.c:994:gst_poll_fd_ctl_write: 0x19a39c0: pfd->events now 60 (POLLOUT:4)
0:00:00.013164884  2471 0x199b320 DEBUG   GST_POLL gstpoll.c:979:gst_poll_fd_ctl_write: 0x19a39c0: fd (fd:0, idx:1), active : 1
0:00:00.013170695  2471 0x199b320 LOG   GST_POLL gstpoll.c:994:gst_poll_fd_ctl_write: 0x19a39c0: pfd->events now 60 (POLLOUT:4)
0:00:00.013177362  2471 0x199b320 DEBUG   GST_POLL gstpoll.c:979:gst_poll_fd_ctl_write: 0x19a39c0: fd (fd:0, idx:1), active : 1
0:00:00.013183191  2471 0x199b320 LOG   GST_POLL gstpoll.c:994:gst_poll_fd_ctl_write: 0x19a39c0: pfd->events now 60 (POLLOUT:4)
0:00:00.013189402  2471 0x199b320 DEBUG   GST_POLL gstpoll.c:979:gst_poll_fd_ctl_write: 0x19a39c0: fd (fd:0, idx:1), active : 1
0:00:00.013195309  2471 0x199b320 LOG   GST_POLL gstpoll.c:994:gst_poll_fd_ctl_write: 0x19a39c0: pfd->events now 60 (POLLOUT:4)
0:00:00.013201556  2471 0x199b320 DEBUG   GST_POLL gstpoll.c:979:gst_poll_fd_ctl_write: 0x19a39c0: fd (fd:0, idx:1), active : 1
0:00:00.013207451  2471 0x199b320 LOG   GST_POLL gstpoll.c:994:gst_poll_fd_ctl_write: 0x19a39c0: pfd->events now 60 (POLLOUT:4)
0:00:00.013213550  2471 0x199b320 DEBUG   GST_POLL gstpoll.c:979:gst_poll_fd_ctl_write: 0x19a39c0: fd (fd:0, idx:1), active : 1
0:00:00.013219389  2471 0x199b320 LOG   GST_POLL gstpoll.c:994:gst_poll_fd_ctl_write: 0x19a39c0: pfd->events now 60 (POLLOUT:4)
0:00:00.013225528  2471 0x199b320 DEBUG   GST_POLL gstpoll.c:979:gst_poll_fd_ctl_write: 0x19a39c0: fd (fd:0, idx:1), active : 1
0:00:00.013231300  2471 0x199b320 LOG   GST_POLL gstpoll.c:994:gst_poll_fd_ctl_write: 0x19a39c0: pfd->events now 60 (POLLOUT:4)
0:00:00.013237470  2471 0x199b320 DEBUG   GST_POLL gstpoll.c:979:gst_poll_fd_ctl_write: 0x19a39c0: fd (fd:0, idx:1), active : 1
0:00:00.013243305  2471 0x199b320 LOG   GST_POLL gstpoll.c:994:gst_poll_fd_ctl_write: 0x19a39c0: pfd->events now 60 (POLLOUT:4)
0:00:00.013249408  2471 0x199b320 DEBUG   GST_POLL gstpoll.c:979:gst_poll_fd_ctl_write: 0x19a39c0: fd (fd:0, idx:1), active : 1
0:00:00.013255223  2471 0x199b320 LOG   GST_POLL gstpoll.c:994:gst_poll_fd_ctl_write: 0x19a39c0: pfd->events now 60 (POLLOUT:4)
0:00:00.013261309  2471 0x199b320 DEBUG   GST_POLL gstpoll.c:979:gst_poll_fd_ctl_write: 0x19a39c0: fd (fd:0, idx:1), active : 1
0:00:00.013267212  2471 0x199b320 LOG   GST_POLL gstpoll.c:994:gst_poll_fd_ctl_write: 0x19a39c0: pfd->events now 60 (POLLOUT:4)
0:00:00.013273375  2471 0x199b320 DEBUG   GST_POLL gstpoll.c:979:gst_poll_fd_ctl_write: 0x19a39c0: fd (fd:0, idx:1), active : 1
0:00:00.013279166  2471 0x199b320 LOG   GST_POLL gstpoll.c:994:gst_poll_fd_ctl_write: 0x19a39c0: pfd->events now 60 (POLLOUT:4)
0:00:00.013290785  2471 0x199b320 DEBUG   GST_POLL gstpoll.c:979:gst_poll_fd_ctl_write: 0x19a39c0: fd (fd:0, idx:1), active : 1
0:00:00.013296888  2471 0x199b320 LOG   GST_POLL gstpoll.c:994:gst_poll_fd_ctl_write: 0x19a39c0: pfd->events now 60 (POLLOUT:4)
0:00:00.013308048  2471 0x199b320 DEBUG   GST_POLL gstpoll.c:979:gst_poll_fd_ctl_write: 0x19a39c0: fd (fd:0, idx:1), active : 1
0:00:00.013313998  2471 0x199b320 LOG   GST_POLL gstpoll.c:994:gst_poll_fd_ctl_write: 0x19a39c0: pfd->events now 60 (POLLOUT:4)
0:00:00.013320218  2471 0x199b320 DEBUG   GST_POLL gstpoll.c:979:gst_poll_fd_ctl_write: 0x19a39c0: fd (fd:0, idx:1), active : 1
0:00:00.013326063  2471 0x199b320 LOG   GST_POLL gstpoll.c:994:gst_poll_fd_ctl_write: 0x19a39c0: pfd->events now 60 (POLLOUT:4)
0:00:00.013332568  2471 0x199b320 DEBUG   GST_POLL gstpoll.c:979:gst_poll_fd_ctl_write: 0x19a39c0: fd (fd:0, idx:1), active : 1
0:00:00.013338448  2471 0x199b320 LOG   GST_POLL gstpoll.c:994:gst_poll_fd_ctl_write: 0x19a39c0: pfd->events now 60 (POLLOUT:4)
0:00:00.013344565  2471 0x199b320 DEBUG   GST_POLL gstpoll.c:979:gst_poll_fd_ctl_write: 0x19a39c0: fd (fd:0, idx:1), active : 1
0:00:00.013350413  2471 0x199b320 LOG   GST_POLL gstpoll.c:994:gst_poll_fd_ctl_write: 0x19a39c0: pfd->events now 60 (POLLOUT:4)
0:00:00.013356732  2471 0x199b320 DEBUG   GST_POLL gstpoll.c:979:gst_poll_fd_ctl_write: 0x19a39c0: fd (fd:0, idx:1), active : 1
0:00:00.013362563  2471 0x199b320 LOG   GST_POLL gstpoll.c:994:gst_poll_fd_ctl_write: 0x19a39c0: pfd->events now 60 (POLLOUT:4)
0:00:00.013368805  2471 0x199b320 DEBUG   GST_POLL gstpoll.c:979:gst_poll_fd_ctl_write: 0x19a39c0: fd (fd:0, idx:1), active : 1
0:00:00.013374616  2471 0x199b320 LOG   GST_POLL gstpoll.c:994:gst_poll_fd_ctl_write: 0x19a39c0: pfd->events now 60 (POLLOUT:4)
0:00:00.013380803  2471 0x199b320 DEBUG   GST_POLL gstpoll.c:979:gst_poll_fd_ctl_write: 0x19a39c0: fd (fd:0, idx:1), active : 1
0:00:00.013386637  2471 0x199b320 LOG   GST_POLL gstpoll.c:994:gst_poll_fd_ctl_write: 0x19a39c0: pfd->events now 60 (POLLOUT:4)
0:00:00.013397848  2471 0x199b320 TRACE   GST_REFCOUNTING gstobject.c:264:gst_object_unref: 0x19b7220 unref 2->1
0:00:00.013405653  2471 0x199b320 DEBUG   GST_POLL gstpoll.c:1241:gst_poll_fd_has_error: 0x19a39c0: fd (fd:0, idx:1) 0
0:00:00.013412244  2471 0x199b320 DEBUG   GST_POLL gstpoll.c:1335:gst_poll_fd_can_write: 0x19a39c0: fd (fd:0, idx:1) 1
0:00:00.013418356  2471 0x199b320 LOG   GST_PLUGIN_LOADING gstpluginloader.c:689:write_one: Writing packet of size 488 bytes to fd 0
0:00:00.013440983  2471 0x199b320 DEBUG   GST_POLL gstpoll.c:1414:gst_poll_wait: 0x19a39c0: timeout :0:00:01.000000000
0:00:00.013467617  2471 0x199b320 LOG   GST_PLUGIN_LOADING gstpluginloader.c:1026:exchange_packets: Poll res = 2. 6872 bytes pending for write
0:00:00.013476145  2471 0x199b320 DEBUG   GST_POLL gstpoll.c:1241:gst_poll_fd_has_error: 0x19a39c0: fd (fd:5, idx:2) 0
0:00:00.013482380  2471 0x199b320 DEBUG   GST_POLL gstpoll.c:1266:gst_poll_fd_can_read_unlocked: 0x19a39c0: fd (fd:5, idx:2) 1
0:00:00.013493722  2471 0x199b320 DEBUG   GST_PLUGIN_LOADING gstpluginloader.c:721:do_plugin_load: Plugin scanner loading file /home/conan/w/prod/BuildSingleReference/.conan/data/gstreamer/1.19.1/_/_/package/79b6a76dab3879a2afba8d14ba028b620dd3f25b/lib/gstreamer-1.0/libgstcoretracers.so. tag 2
0:00:00.013509449  2471 0x199b320 TRACE   GST_REFCOUNTING gstobject.c:237:gst_object_ref: 0x19b4e90 ref 1->2
0:00:00.013519000  2471 0x199b320 TRACE   GST_REFCOUNTING gstobject.c:237:gst_object_ref: 0x19b5e70 ref 1->2
0:00:00.018622875  2470 0x216d370 LOG   GST_PLUGIN_LOADING gstpluginloader.c:1026:exchange_packets: Poll res = 1. 0 bytes pending for write
0:00:00.013525940  2471 0x199b320 TRACE   GST_REFCOUNTING gstobject.c:237:gst_object_ref: 0x19b5c20 ref 1->2
0:00:00.013548287  2471 0x199b320 TRACE   GST_REFCOUNTING gstobject.c:237:gst_object_ref: 0x19b5950 ref 1->2
0:00:00.018664258  2470 0x216d370 DEBUG   GST_POLL gstpoll.c:1241:gst_poll_fd_has_error: 0x2186d00: fd (fd:8, idx:2) 0
0:00:00.013555168  2471 0x199b320 TRACE   GST_REFCOUNTING gstobject.c:237:gst_object_ref: 0x19b5740 ref 1->2
0:00:00.018675018  2470 0x216d370 DEBUG   GST_POLL gstpoll.c:1266:gst_poll_fd_can_read_unlocked: 0x2186d00: fd (fd:8, idx:2) 1
0:00:00.013562617  2471 0x199b320 TRACE   GST_REFCOUNTING gstobject.c:237:gst_object_ref: 0x19b5250 ref 1->2
0:00:00.013574827  2471 0x199b320 TRACE   GST_REFCOUNTING gstobject.c:264:gst_object_unref: 0x19b5250 unref 2->1
0:00:00.018695128  2470 0x216d370 DEBUG   GST_PLUGIN_LOADING gstpluginloader.c:847:handle_rx_packet: Received plugin details from child w/ tag 0. 476 bytes info
0:00:00.013581771  2471 0x199b320 TRACE   GST_REFCOUNTING gstobject.c:264:gst_object_unref: 0x19b5740 unref 2->1
0:00:00.018704314  2470 0x216d370 LOG   GST_REGISTRY gstregistrychunks.c:836:_priv_gst_registry_chunks_load_plugin: Reading/casting for GstRegistryChunkPluginElement at address 0x2187230
0:00:00.013591377  2471 0x199b320 TRACE   GST_REFCOUNTING gstobject.c:264:gst_object_unref: 0x19b5950 unref 2->1
0:00:00.013599745  2471 0x199b320 TRACE   GST_REFCOUNTING gstobject.c:264:gst_object_unref: 0x19b5c20 unref 2->1
0:00:00.013606616  2471 0x199b320 TRACE   GST_REFCOUNTING gstobject.c:264:gst_object_unref: 0x19b5e70 unref 2->1
0:00:00.013614988  2471 0x199b320 DEBUG   GST_REGISTRY gstregistrychunks.c:497:_priv_gst_registry_chunks_save_plugin: Found 5 features in plugin 0x19b4e90 (coretracers)
0:00:00.018731487  2470 0x216d370 TRACE   GST_REFCOUNTING gstobject.c:208:gst_object_init: 0x21878a0 new
0:00:00.013622185  2471 0x199b320 DEBUG   GST_POLL gstpoll.c:979:gst_poll_fd_ctl_write: 0x19a39c0: fd (fd:0, idx:1), active : 1
0:00:00.013629108  2471 0x199b320 LOG   GST_POLL gstpoll.c:994:gst_poll_fd_ctl_write: 0x19a39c0: pfd->events now 60 (POLLOUT:4)
0:00:00.013635428  2471 0x199b320 DEBUG   GST_POLL gstpoll.c:979:gst_poll_fd_ctl_write: 0x19a39c0: fd (fd:0, idx:1), active : 1
0:00:00.013641505  2471 0x199b320 LOG   GST_POLL gstpoll.c:994:gst_poll_fd_ctl_write: 0x19a39c0: pfd->events now 60 (POLLOUT:4)
0:00:00.013653130  2471 0x199b320 DEBUG   GST_POLL gstpoll.c:979:gst_poll_fd_ctl_write: 0x19a39c0: fd (fd:0, idx:1), active : 1
0:00:00.013659274  2471 0x199b320 LOG   GST_POLL gstpoll.c:994:gst_poll_fd_ctl_write: 0x19a39c0: pfd->events now 60 (POLLOUT:4)
0:00:00.013665468  2471 0x199b320 DEBUG   GST_POLL gstpoll.c:979:gst_poll_fd_ctl_write: 0x19a39c0: fd (fd:0, idx:1), active : 1
0:00:00.013671226  2471 0x199b320 LOG   GST_POLL gstpoll.c:994:gst_poll_fd_ctl_write: 0x19a39c0: pfd->events now 60 (POLLOUT:4)
0:00:00.013677382  2471 0x199b320 DEBUG   GST_POLL gstpoll.c:979:gst_poll_fd_ctl_write: 0x19a39c0: fd (fd:0, idx:1), active : 1
0:00:00.013683174  2471 0x199b320 LOG   GST_POLL gstpoll.c:994:gst_poll_fd_ctl_write: 0x19a39c0: pfd->events now 60 (POLLOUT:4)
0:00:00.013689303  2471 0x199b320 DEBUG   GST_POLL gstpoll.c:979:gst_poll_fd_ctl_write: 0x19a39c0: fd (fd:0, idx:1), active : 1
0:00:00.013695209  2471 0x199b320 LOG   GST_POLL gstpoll.c:994:gst_poll_fd_ctl_write: 0x19a39c0: pfd->events now 60 (POLLOUT:4)
0:00:00.018789174  2470 0x216d370 LOG   GST_REGISTRY gstregistrychunks.c:858:_priv_gst_registry_chunks_load_plugin: read strings for name='coretracers'
0:00:00.013701381  2471 0x199b320 DEBUG   GST_POLL gstpoll.c:979:gst_poll_fd_ctl_write: 0x19a39c0: fd (fd:0, idx:1), active : 1
0:00:00.018823199  2470 0x216d370 LOG   GST_REGISTRY gstregistrychunks.c:859:_priv_gst_registry_chunks_load_plugin: desc.description='GStreamer core tracers'
0:00:00.013710427  2471 0x199b320 LOG   GST_POLL gstpoll.c:994:gst_poll_fd_ctl_write: 0x19a39c0: pfd->events now 60 (POLLOUT:4)
0:00:00.018831325  2470 0x216d370 LOG   GST_REGISTRY gstregistrychunks.c:860:_priv_gst_registry_chunks_load_plugin: filename='/home/conan/w/prod/BuildSingleReference/.conan/data/gstreamer/1.19.1/_/_/package/79b6a76dab3879a2afba8d14ba028b620dd3f25b/lib/gstreamer-1.0/libgstcoretracers.so'
0:00:00.013718237  2471 0x199b320 DEBUG   GST_POLL gstpoll.c:979:gst_poll_fd_ctl_write: 0x19a39c0: fd (fd:0, idx:1), active : 1
0:00:00.018838396  2470 0x216d370 LOG   GST_REGISTRY gstregistrychunks.c:861:_priv_gst_registry_chunks_load_plugin: desc.version='1.19.1'
0:00:00.013725839  2471 0x199b320 LOG   GST_POLL gstpoll.c:994:gst_poll_fd_ctl_write: 0x19a39c0: pfd->events now 60 (POLLOUT:4)
0:00:00.018844496  2470 0x216d370 LOG   GST_REGISTRY gstregistrychunks.c:862:_priv_gst_registry_chunks_load_plugin: desc.license='LGPL'
0:00:00.013733062  2471 0x199b320 DEBUG   GST_POLL gstpoll.c:979:gst_poll_fd_ctl_write: 0x19a39c0: fd (fd:0, idx:1), active : 1
0:00:00.018850493  2470 0x216d370 LOG   GST_REGISTRY gstregistrychunks.c:863:_priv_gst_registry_chunks_load_plugin: desc.source='gstreamer'
0:00:00.013739465  2471 0x199b320 LOG   GST_POLL gstpoll.c:994:gst_poll_fd_ctl_write: 0x19a39c0: pfd->events now 60 (POLLOUT:4)
0:00:00.018856549  2470 0x216d370 LOG   GST_REGISTRY gstregistrychunks.c:864:_priv_gst_registry_chunks_load_plugin: desc.package='GStreamer source release'
0:00:00.013746196  2471 0x199b320 DEBUG   GST_POLL gstpoll.c:979:gst_poll_fd_ctl_write: 0x19a39c0: fd (fd:0, idx:1), active : 1
0:00:00.018863035  2470 0x216d370 LOG   GST_REGISTRY gstregistrychunks.c:865:_priv_gst_registry_chunks_load_plugin: desc.origin='Unknown package origin'
0:00:00.013758026  2471 0x199b320 LOG   GST_POLL gstpoll.c:994:gst_poll_fd_ctl_write: 0x19a39c0: pfd->events now 60 (POLLOUT:4)
0:00:00.018875095  2470 0x216d370 LOG   GST_REGISTRY gstregistrychunks.c:866:_priv_gst_registry_chunks_load_plugin: desc.datetime=2021-06-01
0:00:00.013765171  2471 0x199b320 DEBUG   GST_POLL gstpoll.c:979:gst_poll_fd_ctl_write: 0x19a39c0: fd (fd:0, idx:1), active : 1
0:00:00.013771940  2471 0x199b320 LOG   GST_POLL gstpoll.c:994:gst_poll_fd_ctl_write: 0x19a39c0: pfd->events now 60 (POLLOUT:4)
0:00:00.018888461  2470 0x216d370 DEBUG   GST_REGISTRY gstregistry.c:473:gst_registry_add_plugin: adding plugin 0x21878a0 for filename "/home/conan/w/prod/BuildSingleReference/.conan/data/gstreamer/1.19.1/_/_/package/79b6a76dab3879a2afba8d14ba028b620dd3f25b/lib/gstreamer-1.0/libgstcoretracers.so"
0:00:00.013778252  2471 0x199b320 DEBUG   GST_POLL gstpoll.c:979:gst_poll_fd_ctl_write: 0x19a39c0: fd (fd:0, idx:1), active : 1
0:00:00.013784743  2471 0x199b320 LOG   GST_POLL gstpoll.c:994:gst_poll_fd_ctl_write: 0x19a39c0: pfd->events now 60 (POLLOUT:4)
0:00:00.018900095  2470 0x216d370 TRACE   GST_REFCOUNTING gstobject.c:292:gst_object_ref_sink: 0x21878a0 ref_sink 1->2
0:00:00.013791123  2471 0x199b320 DEBUG   GST_POLL gstpoll.c:979:gst_poll_fd_ctl_write: 0x19a39c0: fd (fd:0, idx:1), active : 1
0:00:00.018910223  2470 0x216d370 LOG   GST_REGISTRY gstregistry.c:486:gst_registry_add_plugin: emitting plugin-added for filename "/home/conan/w/prod/BuildSingleReference/.conan/data/gstreamer/1.19.1/_/_/package/79b6a76dab3879a2afba8d14ba028b620dd3f25b/lib/gstreamer-1.0/libgstcoretracers.so"
0:00:00.013797755  2471 0x199b320 LOG   GST_POLL gstpoll.c:994:gst_poll_fd_ctl_write: 0x19a39c0: pfd->events now 60 (POLLOUT:4)
0:00:00.018919029  2470 0x216d370 DEBUG   GST_REGISTRY gstregistrychunks.c:886:_priv_gst_registry_chunks_load_plugin: Added plugin 'coretracers' plugin with 5 features from binary registry
0:00:00.013805072  2471 0x199b320 DEBUG   GST_POLL gstpoll.c:979:gst_poll_fd_ctl_write: 0x19a39c0: fd (fd:0, idx:1), active : 1
0:00:00.018927622  2470 0x216d370 DEBUG   GST_REGISTRY gstregistrychunks.c:582:gst_registry_chunks_load_feature: Plugin 'coretracers' feature 'leaks' typename : 'GstTracerFactory'
0:00:00.013813339  2471 0x199b320 LOG   GST_POLL gstpoll.c:994:gst_poll_fd_ctl_write: 0x19a39c0: pfd->events now 60 (POLLOUT:4)
0:00:00.013822288  2471 0x199b320 DEBUG   GST_POLL gstpoll.c:979:gst_poll_fd_ctl_write: 0x19a39c0: fd (fd:0, idx:1), active : 1
0:00:00.013828261  2471 0x199b320 LOG   GST_POLL gstpoll.c:994:gst_poll_fd_ctl_write: 0x19a39c0: pfd->events now 60 (POLLOUT:4)
0:00:00.018945509  2470 0x216d370 TRACE   GST_REFCOUNTING gstobject.c:208:gst_object_init: 0x2187bb0 new
0:00:00.013834693  2471 0x199b320 LOG   GST_PLUGIN_LOADING gstpluginloader.c:644:put_chunk: Expanding tx buf from 7717 to 10158 for chunk of size 17
0:00:00.018957746  2470 0x216d370 DEBUG   GST_REGISTRY gstregistrychunks.c:716:gst_registry_chunks_load_feature: Reading/casting for GstRegistryChunkPluginFeature at address 0x2187378
0:00:00.018969889  2470 0x216d370 DEBUG   GST_REGISTRY gstregistry.c:589:gst_registry_add_feature: adding feature 0x2187bb0 (leaks)
0:00:00.013857188  2471 0x199b320 DEBUG   GST_POLL gstpoll.c:979:gst_poll_fd_ctl_write: 0x19a39c0: fd (fd:0, idx:1), active : 1
0:00:00.018976732  2470 0x216d370 DEBUG   GST_REFCOUNTING gstobject.c:708:gst_object_set_parent: set parent (ref and sink)
0:00:00.013864074  2471 0x199b320 LOG   GST_POLL gstpoll.c:994:gst_poll_fd_ctl_write: 0x19a39c0: pfd->events now 60 (POLLOUT:4)
0:00:00.018984727  2470 0x216d370 TRACE   GST_REFCOUNTING gstobject.c:292:gst_object_ref_sink: 0x2187bb0 ref_sink 1->2
0:00:00.013871483  2471 0x199b320 DEBUG   GST_POLL gstpoll.c:979:gst_poll_fd_ctl_write: 0x19a39c0: fd (fd:0, idx:1), active : 1
0:00:00.018992084  2470 0x216d370 LOG   GST_REGISTRY gstregistry.c:607:gst_registry_add_feature: emitting feature-added for leaks
0:00:00.013879108  2471 0x199b320 LOG   GST_POLL gstpoll.c:994:gst_poll_fd_ctl_write: 0x19a39c0: pfd->events now 60 (POLLOUT:4)
0:00:00.018999772  2470 0x216d370 DEBUG   GST_REGISTRY gstregistrychunks.c:740:gst_registry_chunks_load_feature: Added feature leaks, plugin 0x21878a0 coretracers
0:00:00.013886512  2471 0x199b320 DEBUG   GST_POLL gstpoll.c:979:gst_poll_fd_ctl_write: 0x19a39c0: fd (fd:0, idx:1), active : 1
0:00:00.019007329  2470 0x216d370 DEBUG   GST_REGISTRY gstregistrychunks.c:582:gst_registry_chunks_load_feature: Plugin 'coretracers' feature 'stats' typename : 'GstTracerFactory'
0:00:00.013893839  2471 0x199b320 LOG   GST_POLL gstpoll.c:994:gst_poll_fd_ctl_write: 0x19a39c0: pfd->events now 60 (POLLOUT:4)
0:00:00.019016035  2470 0x216d370 TRACE   GST_REFCOUNTING gstobject.c:208:gst_object_init: 0x2187db0 new
0:00:00.013901954  2471 0x199b320 DEBUG   GST_POLL gstpoll.c:979:gst_poll_fd_ctl_write: 0x19a39c0: fd (fd:0, idx:1), active : 1
0:00:00.019025050  2470 0x216d370 DEBUG   GST_REGISTRY gstregistrychunks.c:716:gst_registry_chunks_load_feature: Reading/casting for GstRegistryChunkPluginFeature at address 0x2187398
0:00:00.013910636  2471 0x199b320 LOG   GST_POLL gstpoll.c:994:gst_poll_fd_ctl_write: 0x19a39c0: pfd->events now 60 (POLLOUT:4)
0:00:00.019033607  2470 0x216d370 DEBUG   GST_REGISTRY gstregistry.c:589:gst_registry_add_feature: adding feature 0x2187db0 (stats)
0:00:00.013920011  2471 0x199b320 DEBUG   GST_POLL gstpoll.c:979:gst_poll_fd_ctl_write: 0x19a39c0: fd (fd:0, idx:1), active : 1
0:00:00.019040854  2470 0x216d370 DEBUG   GST_REFCOUNTING gstobject.c:708:gst_object_set_parent: set parent (ref and sink)
0:00:00.013928091  2471 0x199b320 LOG   GST_POLL gstpoll.c:994:gst_poll_fd_ctl_write: 0x19a39c0: pfd->events now 60 (POLLOUT:4)
0:00:00.019048669  2470 0x216d370 TRACE   GST_REFCOUNTING gstobject.c:292:gst_object_ref_sink: 0x2187db0 ref_sink 1->2
0:00:00.013935853  2471 0x199b320 DEBUG   GST_POLL gstpoll.c:979:gst_poll_fd_ctl_write: 0x19a39c0: fd (fd:0, idx:1), active : 1
0:00:00.019070380  2470 0x216d370 LOG   GST_REGISTRY gstregistry.c:607:gst_registry_add_feature: emitting feature-added for stats
0:00:00.013957962  2471 0x199b320 LOG   GST_POLL gstpoll.c:994:gst_poll_fd_ctl_write: 0x19a39c0: pfd->events now 60 (POLLOUT:4)
0:00:00.019078207  2470 0x216d370 DEBUG   GST_REGISTRY gstregistrychunks.c:740:gst_registry_chunks_load_feature: Added feature stats, plugin 0x21878a0 coretracers
0:00:00.013965399  2471 0x199b320 DEBUG   GST_POLL gstpoll.c:979:gst_poll_fd_ctl_write: 0x19a39c0: fd (fd:0, idx:1), active : 1
0:00:00.019085590  2470 0x216d370 DEBUG   GST_REGISTRY gstregistrychunks.c:582:gst_registry_chunks_load_feature: Plugin 'coretracers' feature 'rusage' typename : 'GstTracerFactory'
0:00:00.013972403  2471 0x199b320 LOG   GST_POLL gstpoll.c:994:gst_poll_fd_ctl_write: 0x19a39c0: pfd->events now 60 (POLLOUT:4)
0:00:00.019093847  2470 0x216d370 TRACE   GST_REFCOUNTING gstobject.c:208:gst_object_init: 0x2187fb0 new
0:00:00.013979928  2471 0x199b320 DEBUG   GST_POLL gstpoll.c:979:gst_poll_fd_ctl_write: 0x19a39c0: fd (fd:0, idx:1), active : 1
0:00:00.019102455  2470 0x216d370 DEBUG   GST_REGISTRY gstregistrychunks.c:716:gst_registry_chunks_load_feature: Reading/casting for GstRegistryChunkPluginFeature at address 0x21873b8
0:00:00.013988394  2471 0x199b320 LOG   GST_POLL gstpoll.c:994:gst_poll_fd_ctl_write: 0x19a39c0: pfd->events now 60 (POLLOUT:4)
0:00:00.019110930  2470 0x216d370 DEBUG   GST_REGISTRY gstregistry.c:589:gst_registry_add_feature: adding feature 0x2187fb0 (rusage)
0:00:00.013997018  2471 0x199b320 DEBUG   GST_POLL gstpoll.c:979:gst_poll_fd_ctl_write: 0x19a39c0: fd (fd:0, idx:1), active : 1
0:00:00.019117578  2470 0x216d370 DEBUG   GST_REFCOUNTING gstobject.c:708:gst_object_set_parent: set parent (ref and sink)
0:00:00.014005449  2471 0x199b320 LOG   GST_POLL gstpoll.c:994:gst_poll_fd_ctl_write: 0x19a39c0: pfd->events now 60 (POLLOUT:4)
0:00:00.019125252  2470 0x216d370 TRACE   GST_REFCOUNTING gstobject.c:292:gst_object_ref_sink: 0x2187fb0 ref_sink 1->2
0:00:00.014012340  2471 0x199b320 DEBUG   GST_POLL gstpoll.c:979:gst_poll_fd_ctl_write: 0x19a39c0: fd (fd:0, idx:1), active : 1
0:00:00.019132912  2470 0x216d370 LOG   GST_REGISTRY gstregistry.c:607:gst_registry_add_feature: emitting feature-added for rusage
0:00:00.014019871  2471 0x199b320 LOG   GST_POLL gstpoll.c:994:gst_poll_fd_ctl_write: 0x19a39c0: pfd->events now 60 (POLLOUT:4)
0:00:00.019140458  2470 0x216d370 DEBUG   GST_REGISTRY gstregistrychunks.c:740:gst_registry_chunks_load_feature: Added feature rusage, plugin 0x21878a0 coretracers
0:00:00.014027593  2471 0x199b320 DEBUG   GST_POLL gstpoll.c:979:gst_poll_fd_ctl_write: 0x19a39c0: fd (fd:0, idx:1), active : 1
0:00:00.019147944  2470 0x216d370 DEBUG   GST_REGISTRY gstregistrychunks.c:582:gst_registry_chunks_load_feature: Plugin 'coretracers' feature 'log' typename : 'GstTracerFactory'
0:00:00.014034833  2471 0x199b320 LOG   GST_POLL gstpoll.c:994:gst_poll_fd_ctl_write: 0x19a39c0: pfd->events now 60 (POLLOUT:4)
0:00:00.019162966  2470 0x216d370 TRACE   GST_REFCOUNTING gstobject.c:208:gst_object_init: 0x21881b0 new
0:00:00.014049715  2471 0x199b320 DEBUG   GST_POLL gstpoll.c:979:gst_poll_fd_ctl_write: 0x19a39c0: fd (fd:0, idx:1), active : 1
0:00:00.019172601  2470 0x216d370 DEBUG   GST_REGISTRY gstregistrychunks.c:716:gst_registry_chunks_load_feature: Reading/casting for GstRegistryChunkPluginFeature at address 0x21873d8
0:00:00.014058151  2471 0x199b320 LOG   GST_POLL gstpoll.c:994:gst_poll_fd_ctl_write: 0x19a39c0: pfd->events now 60 (POLLOUT:4)
0:00:00.019181132  2470 0x216d370 DEBUG   GST_REGISTRY gstregistry.c:589:gst_registry_add_feature: adding feature 0x21881b0 (log)
0:00:00.014068588  2471 0x199b320 TRACE   GST_REFCOUNTING gstobject.c:264:gst_object_unref: 0x19b4e90 unref 2->1
0:00:00.019187664  2470 0x216d370 DEBUG   GST_REFCOUNTING gstobject.c:708:gst_object_set_parent: set parent (ref and sink)
0:00:00.014076131  2471 0x199b320 DEBUG   GST_POLL gstpoll.c:1241:gst_poll_fd_has_error: 0x19a39c0: fd (fd:0, idx:1) 0
0:00:00.019195195  2470 0x216d370 TRACE   GST_REFCOUNTING gstobject.c:292:gst_object_ref_sink: 0x21881b0 ref_sink 1->2
0:00:00.014082983  2471 0x199b320 DEBUG   GST_POLL gstpoll.c:1335:gst_poll_fd_can_write: 0x19a39c0: fd (fd:0, idx:1) 1
0:00:00.019202907  2470 0x216d370 LOG   GST_REGISTRY gstregistry.c:607:gst_registry_add_feature: emitting feature-added for log
0:00:00.014090127  2471 0x199b320 LOG   GST_PLUGIN_LOADING gstpluginloader.c:689:write_one: Writing packet of size 6872 bytes to fd 0
0:00:00.019210181  2470 0x216d370 DEBUG   GST_REGISTRY gstregistrychunks.c:740:gst_registry_chunks_load_feature: Added feature log, plugin 0x21878a0 coretracers
0:00:00.019217509  2470 0x216d370 DEBUG   GST_REGISTRY gstregistrychunks.c:582:gst_registry_chunks_load_feature: Plugin 'coretracers' feature 'latency' typename : 'GstTracerFactory'
0:00:00.014103471  2471 0x199b320 DEBUG   GST_POLL gstpoll.c:1414:gst_poll_wait: 0x19a39c0: timeout :0:00:01.000000000
0:00:00.019225472  2470 0x216d370 TRACE   GST_REFCOUNTING gstobject.c:208:gst_object_init: 0x21883b0 new
0:00:00.014113503  2471 0x199b320 LOG   GST_PLUGIN_LOADING gstpluginloader.c:1026:exchange_packets: Poll res = 2. 488 bytes pending for write
0:00:00.019234110  2470 0x216d370 DEBUG   GST_REGISTRY gstregistrychunks.c:716:gst_registry_chunks_load_feature: Reading/casting for GstRegistryChunkPluginFeature at address 0x2187400
0:00:00.014121291  2471 0x199b320 DEBUG   GST_POLL gstpoll.c:1241:gst_poll_fd_has_error: 0x19a39c0: fd (fd:5, idx:2) 0
0:00:00.019242410  2470 0x216d370 DEBUG   GST_REGISTRY gstregistry.c:589:gst_registry_add_feature: adding feature 0x21883b0 (latency)
0:00:00.014128684  2471 0x199b320 DEBUG   GST_POLL gstpoll.c:1266:gst_poll_fd_can_read_unlocked: 0x19a39c0: fd (fd:5, idx:2) 1
0:00:00.019249769  2470 0x216d370 DEBUG   GST_REFCOUNTING gstobject.c:708:gst_object_set_parent: set parent (ref and sink)
0:00:00.019260448  2470 0x216d370 TRACE   GST_REFCOUNTING gstobject.c:292:gst_object_ref_sink: 0x21883b0 ref_sink 1->2
0:00:00.014146431  2471 0x199b320 DEBUG   GST_PLUGIN_LOADING gstpluginloader.c:721:do_plugin_load: Plugin scanner loading file /home/conan/w/prod/BuildSingleReference/.conan/data/gstreamer/1.19.1/_/_/package/79b6a76dab3879a2afba8d14ba028b620dd3f25b/lib/gstreamer-1.0/libgstcoreelements.so. tag 3
0:00:00.019267410  2470 0x216d370 LOG   GST_REGISTRY gstregistry.c:607:gst_registry_add_feature: emitting feature-added for latency
0:00:00.014155744  2471 0x199b320 TRACE   GST_REFCOUNTING gstobject.c:237:gst_object_ref: 0x19b7220 ref 1->2
0:00:00.019274704  2470 0x216d370 DEBUG   GST_REGISTRY gstregistrychunks.c:740:gst_registry_chunks_load_feature: Added feature latency, plugin 0x21878a0 coretracers
0:00:00.014163917  2471 0x199b320 TRACE   GST_REFCOUNTING gstobject.c:237:gst_object_ref: 0x19d2720 ref 1->2
0:00:00.019284021  2470 0x216d370 LOG   GST_PLUGIN_LOADING gstpluginloader.c:886:handle_rx_packet: marking plugin 0x21878a0 as registered as /home/conan/w/prod/BuildSingleReference/.conan/data/gstreamer/1.19.1/_/_/package/79b6a76dab3879a2afba8d14ba028b620dd3f25b/lib/gstreamer-1.0/libgstcoretracers.so
0:00:00.014172179  2471 0x199b320 TRACE   GST_REFCOUNTING gstobject.c:237:gst_object_ref: 0x19d1830 ref 1->2
0:00:00.014180183  2471 0x199b320 TRACE   GST_REFCOUNTING gstobject.c:237:gst_object_ref: 0x19d0090 ref 1->2
0:00:00.019299580  2470 0x216d370 DEBUG   GST_POLL gstpoll.c:1414:gst_poll_wait: 0x2186d00: timeout :0:00:01.000000000
0:00:00.014187403  2471 0x199b320 TRACE   GST_REFCOUNTING gstobject.c:237:gst_object_ref: 0x19cf2c0 ref 1->2
0:00:00.014194979  2471 0x199b320 TRACE   GST_REFCOUNTING gstobject.c:237:gst_object_ref: 0x19ce0b0 ref 1->2
0:00:00.019311508  2470 0x216d370 LOG   GST_PLUGIN_LOADING gstpluginloader.c:1026:exchange_packets: Poll res = 1. 0 bytes pending for write
0:00:00.014201934  2471 0x199b320 TRACE   GST_REFCOUNTING gstobject.c:237:gst_object_ref: 0x19ccfb0 ref 1->2
0:00:00.019319706  2470 0x216d370 DEBUG   GST_POLL gstpoll.c:1241:gst_poll_fd_has_error: 0x2186d00: fd (fd:8, idx:2) 0
0:00:00.014209377  2471 0x199b320 TRACE   GST_REFCOUNTING gstobject.c:237:gst_object_ref: 0x19cb600 ref 1->2
0:00:00.019326883  2470 0x216d370 DEBUG   GST_POLL gstpoll.c:1266:gst_poll_fd_can_read_unlocked: 0x2186d00: fd (fd:8, idx:2) 1
0:00:00.014217432  2471 0x199b320 TRACE   GST_REFCOUNTING gstobject.c:237:gst_object_ref: 0x19c9b80 ref 1->2
0:00:00.019336294  2470 0x216d370 LOG   GST_PLUGIN_LOADING gstpluginloader.c:984:read_one: Expanding rx buf from 512 to 7384
0:00:00.014225008  2471 0x199b320 TRACE   GST_REFCOUNTING gstobject.c:237:gst_object_ref: 0x19c8a70 ref 1->2
0:00:00.014238236  2471 0x199b320 TRACE   GST_REFCOUNTING gstobject.c:237:gst_object_ref: 0x19c7850 ref 1->2
0:00:00.019359704  2470 0x216d370 DEBUG   GST_PLUGIN_LOADING gstpluginloader.c:847:handle_rx_packet: Received plugin details from child w/ tag 1. 6860 bytes info
0:00:00.014245388  2471 0x199b320 TRACE   GST_REFCOUNTING gstobject.c:237:gst_object_ref: 0x19c61b0 ref 1->2
0:00:00.019367318  2470 0x216d370 LOG   GST_REGISTRY gstregistrychunks.c:836:_priv_gst_registry_chunks_load_plugin: Reading/casting for GstRegistryChunkPluginElement at address 0x2188b50
0:00:00.014255260  2471 0x199b320 TRACE   GST_REFCOUNTING gstobject.c:237:gst_object_ref: 0x19c5500 ref 1->2
0:00:00.019375414  2470 0x216d370 TRACE   GST_REFCOUNTING gstobject.c:208:gst_object_init: 0x2187230 new
0:00:00.014263057  2471 0x199b320 TRACE   GST_REFCOUNTING gstobject.c:237:gst_object_ref: 0x19c48d0 ref 1->2
0:00:00.014270888  2471 0x199b320 TRACE   GST_REFCOUNTING gstobject.c:237:gst_object_ref: 0x19bbe20 ref 1->2
0:00:00.019390825  2470 0x216d370 LOG   GST_REGISTRY gstregistrychunks.c:858:_priv_gst_registry_chunks_load_plugin: read strings for name='coreelements'
0:00:00.014277716  2471 0x199b320 TRACE   GST_REFCOUNTING gstobject.c:237:gst_object_ref: 0x19c1cd0 ref 1->2
0:00:00.019398002  2470 0x216d370 LOG   GST_REGISTRY gstregistrychunks.c:859:_priv_gst_registry_chunks_load_plugin: desc.description='GStreamer core elements'
0:00:00.014292702  2471 0x199b320 TRACE   GST_REFCOUNTING gstobject.c:237:gst_object_ref: 0x19bf6a0 ref 1->2
0:00:00.019409885  2470 0x216d370 LOG   GST_REGISTRY gstregistrychunks.c:860:_priv_gst_registry_chunks_load_plugin: filename='/home/conan/w/prod/BuildSingleReference/.conan/data/gstreamer/1.19.1/_/_/package/79b6a76dab3879a2afba8d14ba028b620dd3f25b/lib/gstreamer-1.0/libgstcoreelements.so'
0:00:00.014300409  2471 0x199b320 TRACE   GST_REFCOUNTING gstobject.c:237:gst_object_ref: 0x19bdb50 ref 1->2
0:00:00.019417434  2470 0x216d370 LOG   GST_REGISTRY gstregistrychunks.c:861:_priv_gst_registry_chunks_load_plugin: desc.version='1.19.1'
0:00:00.014308520  2471 0x199b320 TRACE   GST_REFCOUNTING gstobject.c:237:gst_object_ref: 0x19bcb10 ref 1->2
0:00:00.019425031  2470 0x216d370 LOG   GST_REGISTRY gstregistrychunks.c:862:_priv_gst_registry_chunks_load_plugin: desc.license='LGPL'
0:00:00.014316223  2471 0x199b320 TRACE   GST_REFCOUNTING gstobject.c:237:gst_object_ref: 0x19bb060 ref 1->2
0:00:00.019432434  2470 0x216d370 LOG   GST_REGISTRY gstregistrychunks.c:863:_priv_gst_registry_chunks_load_plugin: desc.source='gstreamer'
0:00:00.014324022  2471 0x199b320 TRACE   GST_REFCOUNTING gstobject.c:237:gst_object_ref: 0x19ba260 ref 1->2
0:00:00.019440641  2470 0x216d370 LOG   GST_REGISTRY gstregistrychunks.c:864:_priv_gst_registry_chunks_load_plugin: desc.package='GStreamer source release'
0:00:00.014331657  2471 0x199b320 TRACE   GST_REFCOUNTING gstobject.c:237:gst_object_ref: 0x19b9360 ref 1->2
0:00:00.019448479  2470 0x216d370 LOG   GST_REGISTRY gstregistrychunks.c:865:_priv_gst_registry_chunks_load_plugin: desc.origin='Unknown package origin'
0:00:00.014344436  2471 0x199b320 TRACE   GST_REFCOUNTING gstobject.c:237:gst_object_ref: 0x19b7670 ref 1->2
0:00:00.019460851  2470 0x216d370 LOG   GST_REGISTRY gstregistrychunks.c:866:_priv_gst_registry_chunks_load_plugin: desc.datetime=2021-06-01
0:00:00.014352737  2471 0x199b320 DEBUG   GST_REGISTRY gstregistrychunks.c:264:gst_registry_chunks_save_feature: saved 0 interfaces 0 pad templates
0:00:00.019471547  2470 0x216d370 DEBUG   GST_REGISTRY gstregistry.c:473:gst_registry_add_plugin: adding plugin 0x2187230 for filename "/home/conan/w/prod/BuildSingleReference/.conan/data/gstreamer/1.19.1/_/_/package/79b6a76dab3879a2afba8d14ba028b620dd3f25b/lib/gstreamer-1.0/libgstcoreelements.so"
0:00:00.019480389  2470 0x216d370 TRACE   GST_REFCOUNTING gstobject.c:292:gst_object_ref_sink: 0x2187230 ref_sink 1->2
0:00:00.014368262  2471 0x199b320 DEBUG   GST_REGISTRY gstregistrychunks.c:264:gst_registry_chunks_save_feature: saved 0 interfaces 0 pad templates
0:00:00.019488435  2470 0x216d370 LOG   GST_REGISTRY gstregistry.c:486:gst_registry_add_plugin: emitting plugin-added for filename "/home/conan/w/prod/BuildSingleReference/.conan/data/gstreamer/1.19.1/_/_/package/79b6a76dab3879a2afba8d14ba028b620dd3f25b/lib/gstreamer-1.0/libgstcoreelements.so"
0:00:00.014379428  2471 0x199b320 DEBUG   GST_REGISTRY gstregistrychunks.c:264:gst_registry_chunks_save_feature: saved 0 interfaces 0 pad templates
0:00:00.019497101  2470 0x216d370 DEBUG   GST_REGISTRY gstregistrychunks.c:886:_priv_gst_registry_chunks_load_plugin: Added plugin 'coreelements' plugin with 22 features from binary registry
0:00:00.019505010  2470 0x216d370 DEBUG   GST_REGISTRY gstregistrychunks.c:582:gst_registry_chunks_load_feature: Plugin 'coreelements' feature 'streamiddemux' typename : 'GstElementFactory'
0:00:00.014390474  2471 0x199b320 DEBUG   GST_REGISTRY gstregistrychunks.c:264:gst_registry_chunks_save_feature: saved 1 interfaces 0 pad templates
0:00:00.014399475  2471 0x199b320 DEBUG   GST_REGISTRY gstregistrychunks.c:284:gst_registry_chunks_save_feature: Saved 1 UriTypes
0:00:00.019516129  2470 0x216d370 TRACE   GST_REFCOUNTING gstobject.c:208:gst_object_init: 0x2187360 new
0:00:00.019525134  2470 0x216d370 LOG   GST_REGISTRY gstregistrychunks.c:609:gst_registry_chunks_load_feature: Reading/casting for GstRegistryChunkElementFactory at address 0x2188ca8
0:00:00.014410615  2471 0x199b320 DEBUG   GST_REGISTRY gstregistrychunks.c:264:gst_registry_chunks_save_feature: saved 0 interfaces 0 pad templates
0:00:00.019535595  2470 0x216d370 TRACE   structure gststructure.c:292:gst_structure_new_id_empty_with_size: created structure 0x2188720
0:00:00.014423566  2471 0x199b320 DEBUG   GST_REGISTRY gstregistrychunks.c:264:gst_registry_chunks_save_feature: saved 0 interfaces 0 pad templates
0:00:00.019546881  2470 0x216d370 DEBUG   structure gststructure.c:2258:gst_structure_parse_field: trying field name 'long-name'
0:00:00.014434934  2471 0x199b320 DEBUG   GST_REGISTRY gstregistrychunks.c:264:gst_registry_chunks_save_feature: saved 0 interfaces 0 pad templates
0:00:00.014463865  2471 0x199b320 DEBUG   GST_REGISTRY gstregistrychunks.c:264:gst_registry_chunks_save_feature: saved 1 interfaces 0 pad templates
0:00:00.014472615  2471 0x199b320 DEBUG   GST_REGISTRY gstregistrychunks.c:284:gst_registry_chunks_save_feature: Saved 1 UriTypes
0:00:00.019589889  2470 0x216d370 DEBUG   default gstvalue.c:2776:_priv_gst_value_parse_value: trying type name 'string'
0:00:00.014482828  2471 0x199b320 DEBUG   GST_REGISTRY gstregistrychunks.c:264:gst_registry_chunks_save_feature: saved 1 interfaces 0 pad templates
0:00:00.014489945  2471 0x199b320 DEBUG   GST_REGISTRY gstregistrychunks.c:284:gst_registry_chunks_save_feature: Saved 1 UriTypes
0:00:00.019605691  2470 0x216d370 DEBUG   structure gststructure.c:2258:gst_structure_parse_field: trying field name 'klass'
0:00:00.019613512  2470 0x216d370 DEBUG   default gstvalue.c:2776:_priv_gst_value_parse_value: trying type name 'string'
0:00:00.014499990  2471 0x199b320 DEBUG   GST_REGISTRY gstregistrychunks.c:264:gst_registry_chunks_save_feature: saved 1 interfaces 0 pad templates
0:00:00.019620906  2470 0x216d370 DEBUG   structure gststructure.c:2258:gst_structure_parse_field: trying field name 'description'
0:00:00.014508137  2471 0x199b320 DEBUG   GST_REGISTRY gstregistrychunks.c:284:gst_registry_chunks_save_feature: Saved 1 UriTypes
0:00:00.019627693  2470 0x216d370 DEBUG   default gstvalue.c:2776:_priv_gst_value_parse_value: trying type name 'string'
0:00:00.014519043  2471 0x199b320 DEBUG   GST_REGISTRY gstregistrychunks.c:264:gst_registry_chunks_save_feature: saved 0 interfaces 0 pad templates
0:00:00.019635741  2470 0x216d370 DEBUG   structure gststructure.c:2258:gst_structure_parse_field: trying field name 'author'
0:00:00.019643015  2470 0x216d370 DEBUG   default gstvalue.c:2776:_priv_gst_value_parse_value: trying type name 'string'
0:00:00.014529891  2471 0x199b320 DEBUG   GST_REGISTRY gstregistrychunks.c:264:gst_registry_chunks_save_feature: saved 0 interfaces 0 pad templates
0:00:00.019650489  2470 0x216d370 DEBUG   GST_REGISTRY gstregistrychunks.c:626:gst_registry_chunks_load_feature: Element factory : npadtemplates=2
0:00:00.014540548  2471 0x199b320 DEBUG   GST_REGISTRY gstregistrychunks.c:264:gst_registry_chunks_save_feature: saved 0 interfaces 0 pad templates
0:00:00.019657307  2470 0x216d370 DEBUG   GST_REGISTRY gstregistrychunks.c:525:gst_registry_chunks_load_pad_template: Reading/casting for GstRegistryChunkPadTemplate at address 0x2188d80
0:00:00.019665585  2470 0x216d370 DEBUG   GST_REGISTRY gstregistrychunks.c:539:gst_registry_chunks_load_pad_template: Added pad_template src_%u
0:00:00.014551985  2471 0x199b320 DEBUG   GST_REGISTRY gstregistrychunks.c:264:gst_registry_chunks_save_feature: saved 0 interfaces 0 pad templates
0:00:00.019671422  2470 0x216d370 DEBUG   GST_REGISTRY gstregistrychunks.c:525:gst_registry_chunks_load_pad_template: Reading/casting for GstRegistryChunkPadTemplate at address 0x2188d98
0:00:00.014562995  2471 0x199b320 DEBUG   GST_REGISTRY gstregistrychunks.c:264:gst_registry_chunks_save_feature: saved 0 interfaces 0 pad templates
0:00:00.019685936  2470 0x216d370 DEBUG   GST_REGISTRY gstregistrychunks.c:539:gst_registry_chunks_load_pad_template: Added pad_template sink
0:00:00.014576515  2471 0x199b320 DEBUG   GST_REGISTRY gstregistrychunks.c:264:gst_registry_chunks_save_feature: saved 0 interfaces 0 pad templates
0:00:00.019695498  2470 0x216d370 DEBUG   GST_REGISTRY gstregistry.c:589:gst_registry_add_feature: adding feature 0x2187360 (streamiddemux)
0:00:00.014587148  2471 0x199b320 DEBUG   GST_REGISTRY gstregistrychunks.c:264:gst_registry_chunks_save_feature: saved 1 interfaces 0 pad templates
0:00:00.019705367  2470 0x216d370 DEBUG   GST_REFCOUNTING gstobject.c:708:gst_object_set_parent: set parent (ref and sink)
0:00:00.014594266  2471 0x199b320 DEBUG   GST_REGISTRY gstregistrychunks.c:284:gst_registry_chunks_save_feature: Saved 1 UriTypes
0:00:00.019714232  2470 0x216d370 TRACE   GST_REFCOUNTING gstobject.c:292:gst_object_ref_sink: 0x2187360 ref_sink 1->2
0:00:00.014605546  2471 0x199b320 DEBUG   GST_REGISTRY gstregistrychunks.c:264:gst_registry_chunks_save_feature: saved 0 interfaces 0 pad templates
0:00:00.019722253  2470 0x216d370 LOG   GST_REGISTRY gstregistry.c:607:gst_registry_add_feature: emitting feature-added for streamiddemux
0:00:00.019731245  2470 0x216d370 DEBUG   GST_REGISTRY gstregistrychunks.c:740:gst_registry_chunks_load_feature: Added feature streamiddemux, plugin 0x2187230 coreelements
0:00:00.014617532  2471 0x199b320 DEBUG   GST_REGISTRY gstregistrychunks.c:264:gst_registry_chunks_save_feature: saved 0 interfaces 0 pad templates
0:00:00.019739320  2470 0x216d370 DEBUG   GST_REGISTRY gstregistrychunks.c:582:gst_registry_chunks_load_feature: Plugin 'coreelements' feature 'valve' typename : 'GstElementFactory'
0:00:00.014631237  2471 0x199b320 DEBUG   GST_REGISTRY gstregistrychunks.c:264:gst_registry_chunks_save_feature: saved 0 interfaces 0 pad templates
0:00:00.019748488  2470 0x216d370 TRACE   GST_REFCOUNTING gstobject.c:208:gst_object_init: 0x218a820 new
0:00:00.019758264  2470 0x216d370 LOG   GST_REGISTRY gstregistrychunks.c:609:gst_registry_chunks_load_feature: Reading/casting for GstRegistryChunkElementFactory at address 0x2188dc8
0:00:00.014643524  2471 0x199b320 DEBUG   GST_REGISTRY gstregistrychunks.c:264:gst_registry_chunks_save_feature: saved 0 interfaces 0 pad templates
0:00:00.019765895  2470 0x216d370 TRACE   structure gststructure.c:292:gst_structure_new_id_empty_with_size: created structure 0x218a9f0
0:00:00.019773022  2470 0x216d370 DEBUG   structure gststructure.c:2258:gst_structure_parse_field: trying field name 'long-name'
0:00:00.014659290  2471 0x199b320 DEBUG   GST_REGISTRY gstregistrychunks.c:264:gst_registry_chunks_save_feature: saved 0 interfaces 0 pad templates
0:00:00.019779449  2470 0x216d370 DEBUG   default gstvalue.c:2776:_priv_gst_value_parse_value: trying type name 'string'
0:00:00.014678160  2471 0x199b320 TRACE   GST_REFCOUNTING gstobject.c:264:gst_object_unref: 0x19b7670 unref 2->1
0:00:00.019798059  2470 0x216d370 DEBUG   structure gststructure.c:2258:gst_structure_parse_field: trying field name 'klass'
0:00:00.014687151  2471 0x199b320 TRACE   GST_REFCOUNTING gstobject.c:264:gst_object_unref: 0x19b9360 unref 2->1
0:00:00.019805510  2470 0x216d370 DEBUG   default gstvalue.c:2776:_priv_gst_value_parse_value: trying type name 'string'
0:00:00.014695860  2471 0x199b320 TRACE   GST_REFCOUNTING gstobject.c:264:gst_object_unref: 0x19ba260 unref 2->1
0:00:00.019812807  2470 0x216d370 DEBUG   structure gststructure.c:2258:gst_structure_parse_field: trying field name 'description'
0:00:00.014703611  2471 0x199b320 TRACE   GST_REFCOUNTING gstobject.c:264:gst_object_unref: 0x19bb060 unref 2->1
0:00:00.019819948  2470 0x216d370 DEBUG   default gstvalue.c:2776:_priv_gst_value_parse_value: trying type name 'string'
0:00:00.014711598  2471 0x199b320 TRACE   GST_REFCOUNTING gstobject.c:264:gst_object_unref: 0x19bcb10 unref 2->1
0:00:00.019829467  2470 0x216d370 DEBUG   structure gststructure.c:2258:gst_structure_parse_field: trying field name 'author'
0:00:00.014719740  2471 0x199b320 TRACE   GST_REFCOUNTING gstobject.c:264:gst_object_unref: 0x19bdb50 unref 2->1
0:00:00.019836091  2470 0x216d370 DEBUG   default gstvalue.c:2776:_priv_gst_value_parse_value: trying type name 'string'
0:00:00.014728495  2471 0x199b320 TRACE   GST_REFCOUNTING gstobject.c:264:gst_object_unref: 0x19bf6a0 unref 2->1
0:00:00.019845983  2470 0x216d370 DEBUG   GST_REGISTRY gstregistrychunks.c:626:gst_registry_chunks_load_feature: Element factory : npadtemplates=2
0:00:00.014736305  2471 0x199b320 TRACE   GST_REFCOUNTING gstobject.c:264:gst_object_unref: 0x19c1cd0 unref 2->1
0:00:00.019852933  2470 0x216d370 DEBUG   GST_REGISTRY gstregistrychunks.c:525:gst_registry_chunks_load_pad_template: Reading/casting for GstRegistryChunkPadTemplate at address 0x2188eb8
0:00:00.014744309  2471 0x199b320 TRACE   GST_REFCOUNTING gstobject.c:264:gst_object_unref: 0x19bbe20 unref 2->1
0:00:00.019861088  2470 0x216d370 DEBUG   GST_REGISTRY gstregistrychunks.c:539:gst_registry_chunks_load_pad_template: Added pad_template sink
0:00:00.014752225  2471 0x199b320 TRACE   GST_REFCOUNTING gstobject.c:264:gst_object_unref: 0x19c48d0 unref 2->1
0:00:00.019868453  2470 0x216d370 DEBUG   GST_REGISTRY gstregistrychunks.c:525:gst_registry_chunks_load_pad_template: Reading/casting for GstRegistryChunkPadTemplate at address 0x2188ed0
0:00:00.014759873  2471 0x199b320 TRACE   GST_REFCOUNTING gstobject.c:264:gst_object_unref: 0x19c5500 unref 2->1
0:00:00.019876837  2470 0x216d370 DEBUG   GST_REGISTRY gstregistrychunks.c:539:gst_registry_chunks_load_pad_template: Added pad_template src
0:00:00.014767317  2471 0x199b320 TRACE   GST_REFCOUNTING gstobject.c:264:gst_object_unref: 0x19c61b0 unref 2->1
0:00:00.019893153  2470 0x216d370 DEBUG   GST_REGISTRY gstregistry.c:589:gst_registry_add_feature: adding feature 0x218a820 (valve)
0:00:00.014778966  2471 0x199b320 TRACE   GST_REFCOUNTING gstobject.c:264:gst_object_unref: 0x19c7850 unref 2->1
0:00:00.019900731  2470 0x216d370 DEBUG   GST_REFCOUNTING gstobject.c:708:gst_object_set_parent: set parent (ref and sink)
0:00:00.014789044  2471 0x199b320 TRACE   GST_REFCOUNTING gstobject.c:264:gst_object_unref: 0x19c8a70 unref 2->1
0:00:00.019909352  2470 0x216d370 TRACE   GST_REFCOUNTING gstobject.c:292:gst_object_ref_sink: 0x218a820 ref_sink 1->2
0:00:00.014797169  2471 0x199b320 TRACE   GST_REFCOUNTING gstobject.c:264:gst_object_unref: 0x19c9b80 unref 2->1
0:00:00.019917640  2470 0x216d370 LOG   GST_REGISTRY gstregistry.c:607:gst_registry_add_feature: emitting feature-added for valve
0:00:00.014805717  2471 0x199b320 TRACE   GST_REFCOUNTING gstobject.c:264:gst_object_unref: 0x19cb600 unref 2->1
0:00:00.019926091  2470 0x216d370 DEBUG   GST_REGISTRY gstregistrychunks.c:740:gst_registry_chunks_load_feature: Added feature valve, plugin 0x2187230 coreelements
0:00:00.014813463  2471 0x199b320 TRACE   GST_REFCOUNTING gstobject.c:264:gst_object_unref: 0x19ccfb0 unref 2->1
0:00:00.019933796  2470 0x216d370 DEBUG   GST_REGISTRY gstregistrychunks.c:582:gst_registry_chunks_load_feature: Plugin 'coreelements' feature 'multiqueue' typename : 'GstElementFactory'
0:00:00.014821586  2471 0x199b320 TRACE   GST_REFCOUNTING gstobject.c:264:gst_object_unref: 0x19ce0b0 unref 2->1
0:00:00.019943273  2470 0x216d370 TRACE   GST_REFCOUNTING gstobject.c:208:gst_object_init: 0x218ab20 new
0:00:00.014829395  2471 0x199b320 TRACE   GST_REFCOUNTING gstobject.c:264:gst_object_unref: 0x19cf2c0 unref 2->1
0:00:00.019952360  2470 0x216d370 LOG   GST_REGISTRY gstregistrychunks.c:609:gst_registry_chunks_load_feature: Reading/casting for GstRegistryChunkElementFactory at address 0x2188f00
0:00:00.014839034  2471 0x199b320 TRACE   GST_REFCOUNTING gstobject.c:264:gst_object_unref: 0x19d0090 unref 2->1
0:00:00.019960301  2470 0x216d370 TRACE   structure gststructure.c:292:gst_structure_new_id_empty_with_size: created structure 0x218ac10
0:00:00.014847621  2471 0x199b320 TRACE   GST_REFCOUNTING gstobject.c:264:gst_object_unref: 0x19d1830 unref 2->1
0:00:00.019967075  2470 0x216d370 DEBUG   structure gststructure.c:2258:gst_structure_parse_field: trying field name 'long-name'
0:00:00.014855036  2471 0x199b320 TRACE   GST_REFCOUNTING gstobject.c:264:gst_object_unref: 0x19d2720 unref 2->1
0:00:00.019973502  2470 0x216d370 DEBUG   default gstvalue.c:2776:_priv_gst_value_parse_value: trying type name 'string'
0:00:00.019980598  2470 0x216d370 DEBUG   structure gststructure.c:2258:gst_structure_parse_field: trying field name 'klass'
0:00:00.014865121  2471 0x199b320 DEBUG   GST_REGISTRY gstregistrychunks.c:497:_priv_gst_registry_chunks_save_plugin: Found 22 features in plugin 0x19b7220 (coreelements)
0:00:00.019993229  2470 0x216d370 DEBUG   default gstvalue.c:2776:_priv_gst_value_parse_value: trying type name 'string'
0:00:00.014881504  2471 0x199b320 DEBUG   GST_POLL gstpoll.c:979:gst_poll_fd_ctl_write: 0x19a39c0: fd (fd:0, idx:1), active : 1
0:00:00.020000687  2470 0x216d370 DEBUG   structure gststructure.c:2258:gst_structure_parse_field: trying field name 'description'
0:00:00.014888986  2471 0x199b320 LOG   GST_POLL gstpoll.c:994:gst_poll_fd_ctl_write: 0x19a39c0: pfd->events now 60 (POLLOUT:4)
0:00:00.020006748  2470 0x216d370 DEBUG   default gstvalue.c:2776:_priv_gst_value_parse_value: trying type name 'string'
0:00:00.014896361  2471 0x199b320 DEBUG   GST_POLL gstpoll.c:979:gst_poll_fd_ctl_write: 0x19a39c0: fd (fd:0, idx:1), active : 1
0:00:00.020013641  2470 0x216d370 DEBUG   structure gststructure.c:2258:gst_structure_parse_field: trying field name 'author'
0:00:00.014903597  2471 0x199b320 LOG   GST_POLL gstpoll.c:994:gst_poll_fd_ctl_write: 0x19a39c0: pfd->events now 60 (POLLOUT:4)
0:00:00.020020202  2470 0x216d370 DEBUG   default gstvalue.c:2776:_priv_gst_value_parse_value: trying type name 'string'
0:00:00.014911151  2471 0x199b320 DEBUG   GST_POLL gstpoll.c:979:gst_poll_fd_ctl_write: 0x19a39c0: fd (fd:0, idx:1), active : 1
0:00:00.020028673  2470 0x216d370 DEBUG   GST_REGISTRY gstregistrychunks.c:626:gst_registry_chunks_load_feature: Element factory : npadtemplates=2
0:00:00.014917945  2471 0x199b320 LOG   GST_POLL gstpoll.c:994:gst_poll_fd_ctl_write: 0x19a39c0: pfd->events now 60 (POLLOUT:4)
0:00:00.020035019  2470 0x216d370 DEBUG   GST_REGISTRY gstregistrychunks.c:525:gst_registry_chunks_load_pad_template: Reading/casting for GstRegistryChunkPadTemplate at address 0x2188fc0
0:00:00.014925048  2471 0x199b320 DEBUG   GST_POLL gstpoll.c:979:gst_poll_fd_ctl_write: 0x19a39c0: fd (fd:0, idx:1), active : 1
0:00:00.020041705  2470 0x216d370 DEBUG   GST_REGISTRY gstregistrychunks.c:539:gst_registry_chunks_load_pad_template: Added pad_template src_%u
0:00:00.014932016  2471 0x199b320 LOG   GST_POLL gstpoll.c:994:gst_poll_fd_ctl_write: 0x19a39c0: pfd->events now 60 (POLLOUT:4)
