0:00:00.021656117  2470 0x216d370 TRACE   GST_REFCOUNTING gstobject.c:292:gst_object_ref_sink: 0x218ca30 ref_sink 1->2
0:00:00.016541950  2471 0x199b320 LOG   GST_POLL gstpoll.c:994:gst_poll_fd_ctl_write: 0x19a39c0: pfd->events now 60 (POLLOUT:4)
0:00:00.021664614  2470 0x216d370 LOG   GST_REGISTRY gstregistry.c:607:gst_registry_add_feature: emitting feature-added for identity
0:00:00.016551567  2471 0x199b320 DEBUG   GST_POLL gstpoll.c:979:gst_poll_fd_ctl_write: 0x19a39c0: fd (fd:0, idx:1), active : 1
0:00:00.021672780  2470 0x216d370 DEBUG   GST_REGISTRY gstregistrychunks.c:740:gst_registry_chunks_load_feature: Added feature identity, plugin 0x2187230 coreelements
0:00:00.016559256  2471 0x199b320 LOG   GST_POLL gstpoll.c:994:gst_poll_fd_ctl_write: 0x19a39c0: pfd->events now 60 (POLLOUT:4)
0:00:00.021680406  2470 0x216d370 DEBUG   GST_REGISTRY gstregistrychunks.c:582:gst_registry_chunks_load_feature: Plugin 'coreelements' feature 'funnel' typename : 'GstElementFactory'
0:00:00.016567485  2471 0x199b320 DEBUG   GST_POLL gstpoll.c:979:gst_poll_fd_ctl_write: 0x19a39c0: fd (fd:0, idx:1), active : 1
0:00:00.016574832  2471 0x199b320 LOG   GST_POLL gstpoll.c:994:gst_poll_fd_ctl_write: 0x19a39c0: pfd->events now 60 (POLLOUT:4)
0:00:00.021690546  2470 0x216d370 TRACE   GST_REFCOUNTING gstobject.c:208:gst_object_init: 0x218cde0 new
0:00:00.016581588  2471 0x199b320 DEBUG   GST_POLL gstpoll.c:979:gst_poll_fd_ctl_write: 0x19a39c0: fd (fd:0, idx:1), active : 1
0:00:00.021701391  2470 0x216d370 LOG   GST_REGISTRY gstregistrychunks.c:609:gst_registry_chunks_load_feature: Reading/casting for GstRegistryChunkElementFactory at address 0x2189968
0:00:00.016588616  2471 0x199b320 LOG   GST_POLL gstpoll.c:994:gst_poll_fd_ctl_write: 0x19a39c0: pfd->events now 60 (POLLOUT:4)
0:00:00.016603507  2471 0x199b320 DEBUG   GST_POLL gstpoll.c:979:gst_poll_fd_ctl_write: 0x19a39c0: fd (fd:0, idx:1), active : 1
0:00:00.021720714  2470 0x216d370 TRACE   structure gststructure.c:292:gst_structure_new_id_empty_with_size: created structure 0x218d030
0:00:00.016609745  2471 0x199b320 LOG   GST_POLL gstpoll.c:994:gst_poll_fd_ctl_write: 0x19a39c0: pfd->events now 60 (POLLOUT:4)
0:00:00.021727657  2470 0x216d370 DEBUG   structure gststructure.c:2258:gst_structure_parse_field: trying field name 'long-name'
0:00:00.016616682  2471 0x199b320 DEBUG   GST_POLL gstpoll.c:979:gst_poll_fd_ctl_write: 0x19a39c0: fd (fd:0, idx:1), active : 1
0:00:00.021734283  2470 0x216d370 DEBUG   default gstvalue.c:2776:_priv_gst_value_parse_value: trying type name 'string'
0:00:00.016623649  2471 0x199b320 LOG   GST_POLL gstpoll.c:994:gst_poll_fd_ctl_write: 0x19a39c0: pfd->events now 60 (POLLOUT:4)
0:00:00.021742374  2470 0x216d370 DEBUG   structure gststructure.c:2258:gst_structure_parse_field: trying field name 'klass'
0:00:00.016631039  2471 0x199b320 DEBUG   GST_POLL gstpoll.c:979:gst_poll_fd_ctl_write: 0x19a39c0: fd (fd:0, idx:1), active : 1
0:00:00.021748834  2470 0x216d370 DEBUG   default gstvalue.c:2776:_priv_gst_value_parse_value: trying type name 'string'
0:00:00.016637918  2471 0x199b320 LOG   GST_POLL gstpoll.c:994:gst_poll_fd_ctl_write: 0x19a39c0: pfd->events now 60 (POLLOUT:4)
0:00:00.021756263  2470 0x216d370 DEBUG   structure gststructure.c:2258:gst_structure_parse_field: trying field name 'description'
0:00:00.016645619  2471 0x199b320 DEBUG   GST_POLL gstpoll.c:979:gst_poll_fd_ctl_write: 0x19a39c0: fd (fd:0, idx:1), active : 1
0:00:00.021763269  2470 0x216d370 DEBUG   default gstvalue.c:2776:_priv_gst_value_parse_value: trying type name 'string'
0:00:00.016652736  2471 0x199b320 LOG   GST_POLL gstpoll.c:994:gst_poll_fd_ctl_write: 0x19a39c0: pfd->events now 60 (POLLOUT:4)
0:00:00.021770953  2470 0x216d370 DEBUG   structure gststructure.c:2258:gst_structure_parse_field: trying field name 'author'
0:00:00.016659595  2471 0x199b320 DEBUG   GST_POLL gstpoll.c:979:gst_poll_fd_ctl_write: 0x19a39c0: fd (fd:0, idx:1), active : 1
0:00:00.021777278  2470 0x216d370 DEBUG   default gstvalue.c:2776:_priv_gst_value_parse_value: trying type name 'string'
0:00:00.016666160  2471 0x199b320 LOG   GST_POLL gstpoll.c:994:gst_poll_fd_ctl_write: 0x19a39c0: pfd->events now 60 (POLLOUT:4)
0:00:00.021785048  2470 0x216d370 DEBUG   GST_REGISTRY gstregistrychunks.c:626:gst_registry_chunks_load_feature: Element factory : npadtemplates=2
0:00:00.016673253  2471 0x199b320 DEBUG   GST_POLL gstpoll.c:979:gst_poll_fd_ctl_write: 0x19a39c0: fd (fd:0, idx:1), active : 1
0:00:00.021804397  2470 0x216d370 DEBUG   GST_REGISTRY gstregistrychunks.c:525:gst_registry_chunks_load_pad_template: Reading/casting for GstRegistryChunkPadTemplate at address 0x2189a40
0:00:00.016692640  2471 0x199b320 LOG   GST_POLL gstpoll.c:994:gst_poll_fd_ctl_write: 0x19a39c0: pfd->events now 60 (POLLOUT:4)
0:00:00.021823476  2470 0x216d370 DEBUG   GST_REGISTRY gstregistrychunks.c:539:gst_registry_chunks_load_pad_template: Added pad_template src
0:00:00.016711381  2471 0x199b320 DEBUG   GST_POLL gstpoll.c:979:gst_poll_fd_ctl_write: 0x19a39c0: fd (fd:0, idx:1), active : 1
0:00:00.021830650  2470 0x216d370 DEBUG   GST_REGISTRY gstregistrychunks.c:525:gst_registry_chunks_load_pad_template: Reading/casting for GstRegistryChunkPadTemplate at address 0x2189a50
0:00:00.016718257  2471 0x199b320 LOG   GST_POLL gstpoll.c:994:gst_poll_fd_ctl_write: 0x19a39c0: pfd->events now 60 (POLLOUT:4)
0:00:00.021837576  2470 0x216d370 DEBUG   GST_REGISTRY gstregistrychunks.c:539:gst_registry_chunks_load_pad_template: Added pad_template sink_%u
0:00:00.016726189  2471 0x199b320 DEBUG   GST_POLL gstpoll.c:979:gst_poll_fd_ctl_write: 0x19a39c0: fd (fd:0, idx:1), active : 1
0:00:00.021847237  2470 0x216d370 DEBUG   GST_REGISTRY gstregistry.c:589:gst_registry_add_feature: adding feature 0x218cde0 (funnel)
0:00:00.016733592  2471 0x199b320 LOG   GST_POLL gstpoll.c:994:gst_poll_fd_ctl_write: 0x19a39c0: pfd->events now 60 (POLLOUT:4)
0:00:00.021855515  2470 0x216d370 DEBUG   GST_REFCOUNTING gstobject.c:708:gst_object_set_parent: set parent (ref and sink)
0:00:00.016742959  2471 0x199b320 DEBUG   GST_POLL gstpoll.c:979:gst_poll_fd_ctl_write: 0x19a39c0: fd (fd:0, idx:1), active : 1
0:00:00.021864443  2470 0x216d370 TRACE   GST_REFCOUNTING gstobject.c:292:gst_object_ref_sink: 0x218cde0 ref_sink 1->2
0:00:00.016750557  2471 0x199b320 LOG   GST_POLL gstpoll.c:994:gst_poll_fd_ctl_write: 0x19a39c0: pfd->events now 60 (POLLOUT:4)
0:00:00.021873157  2470 0x216d370 LOG   GST_REGISTRY gstregistry.c:607:gst_registry_add_feature: emitting feature-added for funnel
0:00:00.016760748  2471 0x199b320 DEBUG   GST_POLL gstpoll.c:979:gst_poll_fd_ctl_write: 0x19a39c0: fd (fd:0, idx:1), active : 1
0:00:00.021882175  2470 0x216d370 DEBUG   GST_REGISTRY gstregistrychunks.c:740:gst_registry_chunks_load_feature: Added feature funnel, plugin 0x2187230 coreelements
0:00:00.016768391  2471 0x199b320 LOG   GST_POLL gstpoll.c:994:gst_poll_fd_ctl_write: 0x19a39c0: pfd->events now 60 (POLLOUT:4)
0:00:00.021891403  2470 0x216d370 DEBUG   GST_REGISTRY gstregistrychunks.c:582:gst_registry_chunks_load_feature: Plugin 'coreelements' feature 'filesrc' typename : 'GstElementFactory'
0:00:00.016779273  2471 0x199b320 DEBUG   GST_POLL gstpoll.c:979:gst_poll_fd_ctl_write: 0x19a39c0: fd (fd:0, idx:1), active : 1
0:00:00.016786634  2471 0x199b320 LOG   GST_POLL gstpoll.c:994:gst_poll_fd_ctl_write: 0x19a39c0: pfd->events now 60 (POLLOUT:4)
0:00:00.021901780  2470 0x216d370 TRACE   GST_REFCOUNTING gstobject.c:208:gst_object_init: 0x218d2c0 new
0:00:00.016794070  2471 0x199b320 DEBUG   GST_POLL gstpoll.c:979:gst_poll_fd_ctl_write: 0x19a39c0: fd (fd:0, idx:1), active : 1
0:00:00.021913616  2470 0x216d370 LOG   GST_REGISTRY gstregistrychunks.c:609:gst_registry_chunks_load_feature: Reading/casting for GstRegistryChunkElementFactory at address 0x2189a80
0:00:00.016810767  2471 0x199b320 LOG   GST_POLL gstpoll.c:994:gst_poll_fd_ctl_write: 0x19a39c0: pfd->events now 60 (POLLOUT:4)
0:00:00.021928513  2470 0x216d370 TRACE   structure gststructure.c:292:gst_structure_new_id_empty_with_size: created structure 0x218d480
0:00:00.016817818  2471 0x199b320 DEBUG   GST_POLL gstpoll.c:979:gst_poll_fd_ctl_write: 0x19a39c0: fd (fd:0, idx:1), active : 1
0:00:00.021935137  2470 0x216d370 DEBUG   structure gststructure.c:2258:gst_structure_parse_field: trying field name 'long-name'
0:00:00.016825102  2471 0x199b320 LOG   GST_POLL gstpoll.c:994:gst_poll_fd_ctl_write: 0x19a39c0: pfd->events now 60 (POLLOUT:4)
0:00:00.021942387  2470 0x216d370 DEBUG   default gstvalue.c:2776:_priv_gst_value_parse_value: trying type name 'string'
0:00:00.016832427  2471 0x199b320 DEBUG   GST_POLL gstpoll.c:979:gst_poll_fd_ctl_write: 0x19a39c0: fd (fd:0, idx:1), active : 1
0:00:00.021949826  2470 0x216d370 DEBUG   structure gststructure.c:2258:gst_structure_parse_field: trying field name 'klass'
0:00:00.016838905  2471 0x199b320 LOG   GST_POLL gstpoll.c:994:gst_poll_fd_ctl_write: 0x19a39c0: pfd->events now 60 (POLLOUT:4)
0:00:00.021956060  2470 0x216d370 DEBUG   default gstvalue.c:2776:_priv_gst_value_parse_value: trying type name 'string'
0:00:00.016846640  2471 0x199b320 DEBUG   GST_POLL gstpoll.c:979:gst_poll_fd_ctl_write: 0x19a39c0: fd (fd:0, idx:1), active : 1
0:00:00.021963676  2470 0x216d370 DEBUG   structure gststructure.c:2258:gst_structure_parse_field: trying field name 'description'
0:00:00.016853560  2471 0x199b320 LOG   GST_POLL gstpoll.c:994:gst_poll_fd_ctl_write: 0x19a39c0: pfd->events now 60 (POLLOUT:4)
0:00:00.021970522  2470 0x216d370 DEBUG   default gstvalue.c:2776:_priv_gst_value_parse_value: trying type name 'string'
0:00:00.016860793  2471 0x199b320 DEBUG   GST_POLL gstpoll.c:979:gst_poll_fd_ctl_write: 0x19a39c0: fd (fd:0, idx:1), active : 1
0:00:00.021979206  2470 0x216d370 DEBUG   structure gststructure.c:2258:gst_structure_parse_field: trying field name 'author'
0:00:00.016867982  2471 0x199b320 LOG   GST_POLL gstpoll.c:994:gst_poll_fd_ctl_write: 0x19a39c0: pfd->events now 60 (POLLOUT:4)
0:00:00.021985585  2470 0x216d370 DEBUG   default gstvalue.c:2776:_priv_gst_value_parse_value: trying type name 'string'
0:00:00.016875270  2471 0x199b320 DEBUG   GST_POLL gstpoll.c:979:gst_poll_fd_ctl_write: 0x19a39c0: fd (fd:0, idx:1), active : 1
0:00:00.021993080  2470 0x216d370 DEBUG   GST_REGISTRY gstregistrychunks.c:626:gst_registry_chunks_load_feature: Element factory : npadtemplates=1
0:00:00.016882304  2471 0x199b320 LOG   GST_POLL gstpoll.c:994:gst_poll_fd_ctl_write: 0x19a39c0: pfd->events now 60 (POLLOUT:4)
0:00:00.021999912  2470 0x216d370 DEBUG   GST_REGISTRY gstregistrychunks.c:525:gst_registry_chunks_load_pad_template: Reading/casting for GstRegistryChunkPadTemplate at address 0x2189b60
0:00:00.016890010  2471 0x199b320 DEBUG   GST_POLL gstpoll.c:979:gst_poll_fd_ctl_write: 0x19a39c0: fd (fd:0, idx:1), active : 1
0:00:00.022015340  2470 0x216d370 DEBUG   GST_REGISTRY gstregistrychunks.c:539:gst_registry_chunks_load_pad_template: Added pad_template src
0:00:00.016903207  2471 0x199b320 LOG   GST_POLL gstpoll.c:994:gst_poll_fd_ctl_write: 0x19a39c0: pfd->events now 60 (POLLOUT:4)
0:00:00.022022694  2470 0x216d370 DEBUG   GST_REGISTRY gstregistrychunks.c:639:gst_registry_chunks_load_feature: Reading 1 UriTypes at address 0x2189b70
0:00:00.016910756  2471 0x199b320 DEBUG   GST_POLL gstpoll.c:979:gst_poll_fd_ctl_write: 0x19a39c0: fd (fd:0, idx:1), active : 1
0:00:00.022030688  2470 0x216d370 DEBUG   GST_REGISTRY gstregistrychunks.c:654:gst_registry_chunks_load_feature: Reading 1 Interfaces at address 0x2189b79
0:00:00.016917497  2471 0x199b320 LOG   GST_POLL gstpoll.c:994:gst_poll_fd_ctl_write: 0x19a39c0: pfd->events now 60 (POLLOUT:4)
0:00:00.016925390  2471 0x199b320 DEBUG   GST_POLL gstpoll.c:979:gst_poll_fd_ctl_write: 0x19a39c0: fd (fd:0, idx:1), active : 1
0:00:00.022040463  2470 0x216d370 DEBUG   GST_REGISTRY gstregistry.c:589:gst_registry_add_feature: adding feature 0x218d2c0 (filesrc)
0:00:00.016932073  2471 0x199b320 LOG   GST_POLL gstpoll.c:994:gst_poll_fd_ctl_write: 0x19a39c0: pfd->events now 60 (POLLOUT:4)
0:00:00.022049812  2470 0x216d370 DEBUG   GST_REFCOUNTING gstobject.c:708:gst_object_set_parent: set parent (ref and sink)
0:00:00.016938922  2471 0x199b320 DEBUG   GST_POLL gstpoll.c:979:gst_poll_fd_ctl_write: 0x19a39c0: fd (fd:0, idx:1), active : 1
0:00:00.022058079  2470 0x216d370 TRACE   GST_REFCOUNTING gstobject.c:292:gst_object_ref_sink: 0x218d2c0 ref_sink 1->2
0:00:00.016945661  2471 0x199b320 LOG   GST_POLL gstpoll.c:994:gst_poll_fd_ctl_write: 0x19a39c0: pfd->events now 60 (POLLOUT:4)
0:00:00.022066239  2470 0x216d370 LOG   GST_REGISTRY gstregistry.c:607:gst_registry_add_feature: emitting feature-added for filesrc
0:00:00.016953986  2471 0x199b320 DEBUG   GST_POLL gstpoll.c:979:gst_poll_fd_ctl_write: 0x19a39c0: fd (fd:0, idx:1), active : 1
0:00:00.022074755  2470 0x216d370 DEBUG   GST_REGISTRY gstregistrychunks.c:740:gst_registry_chunks_load_feature: Added feature filesrc, plugin 0x2187230 coreelements
0:00:00.016961319  2471 0x199b320 LOG   GST_POLL gstpoll.c:994:gst_poll_fd_ctl_write: 0x19a39c0: pfd->events now 60 (POLLOUT:4)
0:00:00.022082819  2470 0x216d370 DEBUG   GST_REGISTRY gstregistrychunks.c:582:gst_registry_chunks_load_feature: Plugin 'coreelements' feature 'fdsink' typename : 'GstElementFactory'
0:00:00.016970217  2471 0x199b320 DEBUG   GST_POLL gstpoll.c:979:gst_poll_fd_ctl_write: 0x19a39c0: fd (fd:0, idx:1), active : 1
0:00:00.022091038  2470 0x216d370 TRACE   GST_REFCOUNTING gstobject.c:208:gst_object_init: 0x218d6a0 new
0:00:00.016976981  2471 0x199b320 LOG   GST_POLL gstpoll.c:994:gst_poll_fd_ctl_write: 0x19a39c0: pfd->events now 60 (POLLOUT:4)
0:00:00.022099892  2470 0x216d370 LOG   GST_REGISTRY gstregistrychunks.c:609:gst_registry_chunks_load_feature: Reading/casting for GstRegistryChunkElementFactory at address 0x2189ba0
0:00:00.016993216  2471 0x199b320 DEBUG   GST_POLL gstpoll.c:979:gst_poll_fd_ctl_write: 0x19a39c0: fd (fd:0, idx:1), active : 1
0:00:00.022110821  2470 0x216d370 TRACE   structure gststructure.c:292:gst_structure_new_id_empty_with_size: created structure 0x218d790
0:00:00.017000527  2471 0x199b320 LOG   GST_POLL gstpoll.c:994:gst_poll_fd_ctl_write: 0x19a39c0: pfd->events now 60 (POLLOUT:4)
0:00:00.022117943  2470 0x216d370 DEBUG   structure gststructure.c:2258:gst_structure_parse_field: trying field name 'long-name'
0:00:00.017008145  2471 0x199b320 DEBUG   GST_POLL gstpoll.c:979:gst_poll_fd_ctl_write: 0x19a39c0: fd (fd:0, idx:1), active : 1
0:00:00.022125077  2470 0x216d370 DEBUG   default gstvalue.c:2776:_priv_gst_value_parse_value: trying type name 'string'
0:00:00.017014903  2471 0x199b320 LOG   GST_POLL gstpoll.c:994:gst_poll_fd_ctl_write: 0x19a39c0: pfd->events now 60 (POLLOUT:4)
0:00:00.022133154  2470 0x216d370 DEBUG   structure gststructure.c:2258:gst_structure_parse_field: trying field name 'klass'
0:00:00.017021920  2471 0x199b320 DEBUG   GST_POLL gstpoll.c:979:gst_poll_fd_ctl_write: 0x19a39c0: fd (fd:0, idx:1), active : 1
0:00:00.022140124  2470 0x216d370 DEBUG   default gstvalue.c:2776:_priv_gst_value_parse_value: trying type name 'string'
0:00:00.017028933  2471 0x199b320 LOG   GST_POLL gstpoll.c:994:gst_poll_fd_ctl_write: 0x19a39c0: pfd->events now 60 (POLLOUT:4)
0:00:00.022147437  2470 0x216d370 DEBUG   structure gststructure.c:2258:gst_structure_parse_field: trying field name 'description'
0:00:00.017036337  2471 0x199b320 DEBUG   GST_POLL gstpoll.c:979:gst_poll_fd_ctl_write: 0x19a39c0: fd (fd:0, idx:1), active : 1
0:00:00.022153809  2470 0x216d370 DEBUG   default gstvalue.c:2776:_priv_gst_value_parse_value: trying type name 'string'
0:00:00.017043168  2471 0x199b320 LOG   GST_POLL gstpoll.c:994:gst_poll_fd_ctl_write: 0x19a39c0: pfd->events now 60 (POLLOUT:4)
0:00:00.022161507  2470 0x216d370 DEBUG   structure gststructure.c:2258:gst_structure_parse_field: trying field name 'author'
0:00:00.017051129  2471 0x199b320 DEBUG   GST_POLL gstpoll.c:979:gst_poll_fd_ctl_write: 0x19a39c0: fd (fd:0, idx:1), active : 1
0:00:00.022167933  2470 0x216d370 DEBUG   default gstvalue.c:2776:_priv_gst_value_parse_value: trying type name 'string'
0:00:00.017057893  2471 0x199b320 LOG   GST_POLL gstpoll.c:994:gst_poll_fd_ctl_write: 0x19a39c0: pfd->events now 60 (POLLOUT:4)
0:00:00.022176458  2470 0x216d370 DEBUG   GST_REGISTRY gstregistrychunks.c:626:gst_registry_chunks_load_feature: Element factory : npadtemplates=1
0:00:00.017065017  2471 0x199b320 DEBUG   GST_POLL gstpoll.c:979:gst_poll_fd_ctl_write: 0x19a39c0: fd (fd:0, idx:1), active : 1
0:00:00.022182939  2470 0x216d370 DEBUG   GST_REGISTRY gstregistrychunks.c:525:gst_registry_chunks_load_pad_template: Reading/casting for GstRegistryChunkPadTemplate at address 0x2189c80
0:00:00.017071860  2471 0x199b320 LOG   GST_POLL gstpoll.c:994:gst_poll_fd_ctl_write: 0x19a39c0: pfd->events now 60 (POLLOUT:4)
0:00:00.022195369  2470 0x216d370 DEBUG   GST_REGISTRY gstregistrychunks.c:539:gst_registry_chunks_load_pad_template: Added pad_template sink
0:00:00.017083432  2471 0x199b320 DEBUG   GST_POLL gstpoll.c:979:gst_poll_fd_ctl_write: 0x19a39c0: fd (fd:0, idx:1), active : 1
0:00:00.022203347  2470 0x216d370 DEBUG   GST_REGISTRY gstregistrychunks.c:639:gst_registry_chunks_load_feature: Reading 1 UriTypes at address 0x2189c91
0:00:00.017090137  2471 0x199b320 LOG   GST_POLL gstpoll.c:994:gst_poll_fd_ctl_write: 0x19a39c0: pfd->events now 60 (POLLOUT:4)
0:00:00.022210949  2470 0x216d370 DEBUG   GST_REGISTRY gstregistrychunks.c:654:gst_registry_chunks_load_feature: Reading 1 Interfaces at address 0x2189c9f
0:00:00.017098465  2471 0x199b320 DEBUG   GST_POLL gstpoll.c:979:gst_poll_fd_ctl_write: 0x19a39c0: fd (fd:0, idx:1), active : 1
0:00:00.017105199  2471 0x199b320 LOG   GST_POLL gstpoll.c:994:gst_poll_fd_ctl_write: 0x19a39c0: pfd->events now 60 (POLLOUT:4)
0:00:00.022220126  2470 0x216d370 DEBUG   GST_REGISTRY gstregistry.c:589:gst_registry_add_feature: adding feature 0x218d6a0 (fdsink)
0:00:00.017111787  2471 0x199b320 DEBUG   GST_POLL gstpoll.c:979:gst_poll_fd_ctl_write: 0x19a39c0: fd (fd:0, idx:1), active : 1
0:00:00.022229021  2470 0x216d370 DEBUG   GST_REFCOUNTING gstobject.c:708:gst_object_set_parent: set parent (ref and sink)
0:00:00.017118367  2471 0x199b320 LOG   GST_POLL gstpoll.c:994:gst_poll_fd_ctl_write: 0x19a39c0: pfd->events now 60 (POLLOUT:4)
0:00:00.022237497  2470 0x216d370 TRACE   GST_REFCOUNTING gstobject.c:292:gst_object_ref_sink: 0x218d6a0 ref_sink 1->2
0:00:00.017125404  2471 0x199b320 DEBUG   GST_POLL gstpoll.c:979:gst_poll_fd_ctl_write: 0x19a39c0: fd (fd:0, idx:1), active : 1
0:00:00.017131808  2471 0x199b320 LOG   GST_POLL gstpoll.c:994:gst_poll_fd_ctl_write: 0x19a39c0: pfd->events now 60 (POLLOUT:4)
0:00:00.022244850  2470 0x216d370 LOG   GST_REGISTRY gstregistry.c:607:gst_registry_add_feature: emitting feature-added for fdsink
0:00:00.017139173  2471 0x199b320 DEBUG   GST_POLL gstpoll.c:979:gst_poll_fd_ctl_write: 0x19a39c0: fd (fd:0, idx:1), active : 1
0:00:00.022258614  2470 0x216d370 DEBUG   GST_REGISTRY gstregistrychunks.c:740:gst_registry_chunks_load_feature: Added feature fdsink, plugin 0x2187230 coreelements
0:00:00.017146926  2471 0x199b320 LOG   GST_POLL gstpoll.c:994:gst_poll_fd_ctl_write: 0x19a39c0: pfd->events now 60 (POLLOUT:4)
0:00:00.022267971  2470 0x216d370 DEBUG   GST_REGISTRY gstregistrychunks.c:582:gst_registry_chunks_load_feature: Plugin 'coreelements' feature 'fdsrc' typename : 'GstElementFactory'
0:00:00.017154674  2471 0x199b320 DEBUG   GST_POLL gstpoll.c:979:gst_poll_fd_ctl_write: 0x19a39c0: fd (fd:0, idx:1), active : 1
0:00:00.017162519  2471 0x199b320 LOG   GST_POLL gstpoll.c:994:gst_poll_fd_ctl_write: 0x19a39c0: pfd->events now 60 (POLLOUT:4)
0:00:00.022277402  2470 0x216d370 TRACE   GST_REFCOUNTING gstobject.c:208:gst_object_init: 0x218d5b0 new
0:00:00.017175949  2471 0x199b320 DEBUG   GST_POLL gstpoll.c:979:gst_poll_fd_ctl_write: 0x19a39c0: fd (fd:0, idx:1), active : 1
0:00:00.022294592  2470 0x216d370 LOG   GST_REGISTRY gstregistrychunks.c:609:gst_registry_chunks_load_feature: Reading/casting for GstRegistryChunkElementFactory at address 0x2189cc8
0:00:00.017183017  2471 0x199b320 LOG   GST_POLL gstpoll.c:994:gst_poll_fd_ctl_write: 0x19a39c0: pfd->events now 60 (POLLOUT:4)
0:00:00.022302043  2470 0x216d370 TRACE   structure gststructure.c:292:gst_structure_new_id_empty_with_size: created structure 0x218db10
0:00:00.017190005  2471 0x199b320 DEBUG   GST_POLL gstpoll.c:979:gst_poll_fd_ctl_write: 0x19a39c0: fd (fd:0, idx:1), active : 1
0:00:00.022308830  2470 0x216d370 DEBUG   structure gststructure.c:2258:gst_structure_parse_field: trying field name 'long-name'
0:00:00.017196881  2471 0x199b320 LOG   GST_POLL gstpoll.c:994:gst_poll_fd_ctl_write: 0x19a39c0: pfd->events now 60 (POLLOUT:4)
0:00:00.022315213  2470 0x216d370 DEBUG   default gstvalue.c:2776:_priv_gst_value_parse_value: trying type name 'string'
0:00:00.017204079  2471 0x199b320 DEBUG   GST_POLL gstpoll.c:979:gst_poll_fd_ctl_write: 0x19a39c0: fd (fd:0, idx:1), active : 1
0:00:00.022322881  2470 0x216d370 DEBUG   structure gststructure.c:2258:gst_structure_parse_field: trying field name 'klass'
0:00:00.017211247  2471 0x199b320 LOG   GST_POLL gstpoll.c:994:gst_poll_fd_ctl_write: 0x19a39c0: pfd->events now 60 (POLLOUT:4)
0:00:00.022329384  2470 0x216d370 DEBUG   default gstvalue.c:2776:_priv_gst_value_parse_value: trying type name 'string'
0:00:00.017218447  2471 0x199b320 DEBUG   GST_POLL gstpoll.c:979:gst_poll_fd_ctl_write: 0x19a39c0: fd (fd:0, idx:1), active : 1
0:00:00.022336545  2470 0x216d370 DEBUG   structure gststructure.c:2258:gst_structure_parse_field: trying field name 'description'
0:00:00.017225314  2471 0x199b320 LOG   GST_POLL gstpoll.c:994:gst_poll_fd_ctl_write: 0x19a39c0: pfd->events now 60 (POLLOUT:4)
0:00:00.022342902  2470 0x216d370 DEBUG   default gstvalue.c:2776:_priv_gst_value_parse_value: trying type name 'string'
0:00:00.017232515  2471 0x199b320 DEBUG   GST_POLL gstpoll.c:979:gst_poll_fd_ctl_write: 0x19a39c0: fd (fd:0, idx:1), active : 1
0:00:00.022350264  2470 0x216d370 DEBUG   structure gststructure.c:2258:gst_structure_parse_field: trying field name 'author'
0:00:00.017239092  2471 0x199b320 LOG   GST_POLL gstpoll.c:994:gst_poll_fd_ctl_write: 0x19a39c0: pfd->events now 60 (POLLOUT:4)
0:00:00.022356299  2470 0x216d370 DEBUG   default gstvalue.c:2776:_priv_gst_value_parse_value: trying type name 'string'
0:00:00.017245953  2471 0x199b320 DEBUG   GST_POLL gstpoll.c:979:gst_poll_fd_ctl_write: 0x19a39c0: fd (fd:0, idx:1), active : 1
0:00:00.022363783  2470 0x216d370 DEBUG   GST_REGISTRY gstregistrychunks.c:626:gst_registry_chunks_load_feature: Element factory : npadtemplates=1
0:00:00.017252555  2471 0x199b320 LOG   GST_POLL gstpoll.c:994:gst_poll_fd_ctl_write: 0x19a39c0: pfd->events now 60 (POLLOUT:4)
0:00:00.022376341  2470 0x216d370 DEBUG   GST_REGISTRY gstregistrychunks.c:525:gst_registry_chunks_load_pad_template: Reading/casting for GstRegistryChunkPadTemplate at address 0x2189da8
0:00:00.017264402  2471 0x199b320 DEBUG   GST_POLL gstpoll.c:979:gst_poll_fd_ctl_write: 0x19a39c0: fd (fd:0, idx:1), active : 1
0:00:00.022383051  2470 0x216d370 DEBUG   GST_REGISTRY gstregistrychunks.c:539:gst_registry_chunks_load_pad_template: Added pad_template src
0:00:00.017271217  2471 0x199b320 LOG   GST_POLL gstpoll.c:994:gst_poll_fd_ctl_write: 0x19a39c0: pfd->events now 60 (POLLOUT:4)
0:00:00.022390493  2470 0x216d370 DEBUG   GST_REGISTRY gstregistrychunks.c:639:gst_registry_chunks_load_feature: Reading 1 UriTypes at address 0x2189db8
0:00:00.017278794  2471 0x199b320 DEBUG   GST_POLL gstpoll.c:979:gst_poll_fd_ctl_write: 0x19a39c0: fd (fd:0, idx:1), active : 1
0:00:00.022397997  2470 0x216d370 DEBUG   GST_REGISTRY gstregistrychunks.c:654:gst_registry_chunks_load_feature: Reading 1 Interfaces at address 0x2189dbf
0:00:00.017290594  2471 0x199b320 LOG   GST_POLL gstpoll.c:994:gst_poll_fd_ctl_write: 0x19a39c0: pfd->events now 60 (POLLOUT:4)
0:00:00.022410152  2470 0x216d370 DEBUG   GST_REGISTRY gstregistry.c:589:gst_registry_add_feature: adding feature 0x218d5b0 (fdsrc)
0:00:00.017298209  2471 0x199b320 DEBUG   GST_POLL gstpoll.c:979:gst_poll_fd_ctl_write: 0x19a39c0: fd (fd:0, idx:1), active : 1
0:00:00.022417774  2470 0x216d370 DEBUG   GST_REFCOUNTING gstobject.c:708:gst_object_set_parent: set parent (ref and sink)
0:00:00.017305115  2471 0x199b320 LOG   GST_POLL gstpoll.c:994:gst_poll_fd_ctl_write: 0x19a39c0: pfd->events now 60 (POLLOUT:4)
0:00:00.022426326  2470 0x216d370 TRACE   GST_REFCOUNTING gstobject.c:292:gst_object_ref_sink: 0x218d5b0 ref_sink 1->2
0:00:00.017312870  2471 0x199b320 DEBUG   GST_POLL gstpoll.c:979:gst_poll_fd_ctl_write: 0x19a39c0: fd (fd:0, idx:1), active : 1
0:00:00.022434261  2470 0x216d370 LOG   GST_REGISTRY gstregistry.c:607:gst_registry_add_feature: emitting feature-added for fdsrc
0:00:00.017321167  2471 0x199b320 LOG   GST_POLL gstpoll.c:994:gst_poll_fd_ctl_write: 0x19a39c0: pfd->events now 60 (POLLOUT:4)
0:00:00.022442230  2470 0x216d370 DEBUG   GST_REGISTRY gstregistrychunks.c:740:gst_registry_chunks_load_feature: Added feature fdsrc, plugin 0x2187230 coreelements
0:00:00.017328789  2471 0x199b320 DEBUG   GST_POLL gstpoll.c:979:gst_poll_fd_ctl_write: 0x19a39c0: fd (fd:0, idx:1), active : 1
0:00:00.022449631  2470 0x216d370 DEBUG   GST_REGISTRY gstregistrychunks.c:582:gst_registry_chunks_load_feature: Plugin 'coreelements' feature 'fakesink' typename : 'GstElementFactory'
0:00:00.017336367  2471 0x199b320 LOG   GST_POLL gstpoll.c:994:gst_poll_fd_ctl_write: 0x19a39c0: pfd->events now 60 (POLLOUT:4)
0:00:00.017344088  2471 0x199b320 DEBUG   GST_POLL gstpoll.c:979:gst_poll_fd_ctl_write: 0x19a39c0: fd (fd:0, idx:1), active : 1
0:00:00.022458670  2470 0x216d370 TRACE   GST_REFCOUNTING gstobject.c:208:gst_object_init: 0x218d980 new
0:00:00.017355880  2471 0x199b320 LOG   GST_POLL gstpoll.c:994:gst_poll_fd_ctl_write: 0x19a39c0: pfd->events now 60 (POLLOUT:4)
0:00:00.022474779  2470 0x216d370 LOG   GST_REGISTRY gstregistrychunks.c:609:gst_registry_chunks_load_feature: Reading/casting for GstRegistryChunkElementFactory at address 0x2189de8
0:00:00.017362837  2471 0x199b320 DEBUG   GST_POLL gstpoll.c:979:gst_poll_fd_ctl_write: 0x19a39c0: fd (fd:0, idx:1), active : 1
0:00:00.017370177  2471 0x199b320 LOG   GST_POLL gstpoll.c:994:gst_poll_fd_ctl_write: 0x19a39c0: pfd->events now 60 (POLLOUT:4)
0:00:00.022486856  2470 0x216d370 TRACE   structure gststructure.c:292:gst_structure_new_id_empty_with_size: created structure 0x218e020
0:00:00.017376579  2471 0x199b320 DEBUG   GST_POLL gstpoll.c:979:gst_poll_fd_ctl_write: 0x19a39c0: fd (fd:0, idx:1), active : 1
0:00:00.022493201  2470 0x216d370 DEBUG   structure gststructure.c:2258:gst_structure_parse_field: trying field name 'long-name'
0:00:00.017383125  2471 0x199b320 LOG   GST_POLL gstpoll.c:994:gst_poll_fd_ctl_write: 0x19a39c0: pfd->events now 60 (POLLOUT:4)
0:00:00.022500086  2470 0x216d370 DEBUG   default gstvalue.c:2776:_priv_gst_value_parse_value: trying type name 'string'
0:00:00.017390564  2471 0x199b320 DEBUG   GST_POLL gstpoll.c:979:gst_poll_fd_ctl_write: 0x19a39c0: fd (fd:0, idx:1), active : 1
0:00:00.022507742  2470 0x216d370 DEBUG   structure gststructure.c:2258:gst_structure_parse_field: trying field name 'klass'
0:00:00.017397375  2471 0x199b320 LOG   GST_POLL gstpoll.c:994:gst_poll_fd_ctl_write: 0x19a39c0: pfd->events now 60 (POLLOUT:4)
0:00:00.022514436  2470 0x216d370 DEBUG   default gstvalue.c:2776:_priv_gst_value_parse_value: trying type name 'string'
0:00:00.017404657  2471 0x199b320 DEBUG   GST_POLL gstpoll.c:979:gst_poll_fd_ctl_write: 0x19a39c0: fd (fd:0, idx:1), active : 1
0:00:00.022521537  2470 0x216d370 DEBUG   structure gststructure.c:2258:gst_structure_parse_field: trying field name 'description'
0:00:00.017411617  2471 0x199b320 LOG   GST_POLL gstpoll.c:994:gst_poll_fd_ctl_write: 0x19a39c0: pfd->events now 60 (POLLOUT:4)
0:00:00.022528237  2470 0x216d370 DEBUG   default gstvalue.c:2776:_priv_gst_value_parse_value: trying type name 'string'
0:00:00.017418708  2471 0x199b320 DEBUG   GST_POLL gstpoll.c:979:gst_poll_fd_ctl_write: 0x19a39c0: fd (fd:0, idx:1), active : 1
0:00:00.022536104  2470 0x216d370 DEBUG   structure gststructure.c:2258:gst_structure_parse_field: trying field name 'author'
0:00:00.017425574  2471 0x199b320 LOG   GST_POLL gstpoll.c:994:gst_poll_fd_ctl_write: 0x19a39c0: pfd->events now 60 (POLLOUT:4)
0:00:00.022542338  2470 0x216d370 DEBUG   default gstvalue.c:2776:_priv_gst_value_parse_value: trying type name 'string'
0:00:00.017432695  2471 0x199b320 DEBUG   GST_POLL gstpoll.c:979:gst_poll_fd_ctl_write: 0x19a39c0: fd (fd:0, idx:1), active : 1
0:00:00.022552526  2470 0x216d370 DEBUG   GST_REGISTRY gstregistrychunks.c:626:gst_registry_chunks_load_feature: Element factory : npadtemplates=1
0:00:00.017444925  2471 0x199b320 LOG   GST_POLL gstpoll.c:994:gst_poll_fd_ctl_write: 0x19a39c0: pfd->events now 60 (POLLOUT:4)
0:00:00.022562076  2470 0x216d370 DEBUG   GST_REGISTRY gstregistrychunks.c:525:gst_registry_chunks_load_pad_template: Reading/casting for GstRegistryChunkPadTemplate at address 0x2189f10
0:00:00.017466571  2471 0x199b320 DEBUG   GST_POLL gstpoll.c:979:gst_poll_fd_ctl_write: 0x19a39c0: fd (fd:0, idx:1), active : 1
0:00:00.022587460  2470 0x216d370 DEBUG   GST_REGISTRY gstregistrychunks.c:539:gst_registry_chunks_load_pad_template: Added pad_template sink
0:00:00.017476471  2471 0x199b320 LOG   GST_POLL gstpoll.c:994:gst_poll_fd_ctl_write: 0x19a39c0: pfd->events now 60 (POLLOUT:4)
0:00:00.022597079  2470 0x216d370 DEBUG   GST_REGISTRY gstregistry.c:589:gst_registry_add_feature: adding feature 0x218d980 (fakesink)
0:00:00.017483676  2471 0x199b320 DEBUG   GST_POLL gstpoll.c:979:gst_poll_fd_ctl_write: 0x19a39c0: fd (fd:0, idx:1), active : 1
0:00:00.022604360  2470 0x216d370 DEBUG   GST_REFCOUNTING gstobject.c:708:gst_object_set_parent: set parent (ref and sink)
0:00:00.017491612  2471 0x199b320 LOG   GST_POLL gstpoll.c:994:gst_poll_fd_ctl_write: 0x19a39c0: pfd->events now 60 (POLLOUT:4)
0:00:00.022612714  2470 0x216d370 TRACE   GST_REFCOUNTING gstobject.c:292:gst_object_ref_sink: 0x218d980 ref_sink 1->2
0:00:00.017499364  2471 0x199b320 DEBUG   GST_POLL gstpoll.c:979:gst_poll_fd_ctl_write: 0x19a39c0: fd (fd:0, idx:1), active : 1
0:00:00.022620583  2470 0x216d370 LOG   GST_REGISTRY gstregistry.c:607:gst_registry_add_feature: emitting feature-added for fakesink
0:00:00.017507550  2471 0x199b320 LOG   GST_POLL gstpoll.c:994:gst_poll_fd_ctl_write: 0x19a39c0: pfd->events now 60 (POLLOUT:4)
0:00:00.022628712  2470 0x216d370 DEBUG   GST_REGISTRY gstregistrychunks.c:740:gst_registry_chunks_load_feature: Added feature fakesink, plugin 0x2187230 coreelements
0:00:00.017515128  2471 0x199b320 DEBUG   GST_POLL gstpoll.c:979:gst_poll_fd_ctl_write: 0x19a39c0: fd (fd:0, idx:1), active : 1
0:00:00.022636659  2470 0x216d370 DEBUG   GST_REGISTRY gstregistrychunks.c:582:gst_registry_chunks_load_feature: Plugin 'coreelements' feature 'fakesrc' typename : 'GstElementFactory'
0:00:00.017522686  2471 0x199b320 LOG   GST_POLL gstpoll.c:994:gst_poll_fd_ctl_write: 0x19a39c0: pfd->events now 60 (POLLOUT:4)
0:00:00.022645904  2470 0x216d370 TRACE   GST_REFCOUNTING gstobject.c:208:gst_object_init: 0x218dd70 new
0:00:00.017531649  2471 0x199b320 DEBUG   GST_POLL gstpoll.c:979:gst_poll_fd_ctl_write: 0x19a39c0: fd (fd:0, idx:1), active : 1
0:00:00.022655215  2470 0x216d370 LOG   GST_REGISTRY gstregistrychunks.c:609:gst_registry_chunks_load_feature: Reading/casting for GstRegistryChunkElementFactory at address 0x2189f40
0:00:00.017541032  2471 0x199b320 LOG   GST_POLL gstpoll.c:994:gst_poll_fd_ctl_write: 0x19a39c0: pfd->events now 60 (POLLOUT:4)
0:00:00.022673832  2470 0x216d370 TRACE   structure gststructure.c:292:gst_structure_new_id_empty_with_size: created structure 0x218e400
0:00:00.017561226  2471 0x199b320 DEBUG   GST_POLL gstpoll.c:979:gst_poll_fd_ctl_write: 0x19a39c0: fd (fd:0, idx:1), active : 1
0:00:00.022680487  2470 0x216d370 DEBUG   structure gststructure.c:2258:gst_structure_parse_field: trying field name 'long-name'
0:00:00.017568333  2471 0x199b320 LOG   GST_POLL gstpoll.c:994:gst_poll_fd_ctl_write: 0x19a39c0: pfd->events now 60 (POLLOUT:4)
0:00:00.022686643  2470 0x216d370 DEBUG   default gstvalue.c:2776:_priv_gst_value_parse_value: trying type name 'string'
0:00:00.017575447  2471 0x199b320 DEBUG   GST_POLL gstpoll.c:979:gst_poll_fd_ctl_write: 0x19a39c0: fd (fd:0, idx:1), active : 1
0:00:00.022694421  2470 0x216d370 DEBUG   structure gststructure.c:2258:gst_structure_parse_field: trying field name 'klass'
0:00:00.017582193  2471 0x199b320 LOG   GST_POLL gstpoll.c:994:gst_poll_fd_ctl_write: 0x19a39c0: pfd->events now 60 (POLLOUT:4)
0:00:00.022700561  2470 0x216d370 DEBUG   default gstvalue.c:2776:_priv_gst_value_parse_value: trying type name 'string'
0:00:00.017589357  2471 0x199b320 DEBUG   GST_POLL gstpoll.c:979:gst_poll_fd_ctl_write: 0x19a39c0: fd (fd:0, idx:1), active : 1
0:00:00.022707144  2470 0x216d370 DEBUG   structure gststructure.c:2258:gst_structure_parse_field: trying field name 'description'
0:00:00.017596348  2471 0x199b320 LOG   GST_POLL gstpoll.c:994:gst_poll_fd_ctl_write: 0x19a39c0: pfd->events now 60 (POLLOUT:4)
0:00:00.022713370  2470 0x216d370 DEBUG   default gstvalue.c:2776:_priv_gst_value_parse_value: trying type name 'string'
0:00:00.017603807  2471 0x199b320 DEBUG   GST_POLL gstpoll.c:979:gst_poll_fd_ctl_write: 0x19a39c0: fd (fd:0, idx:1), active : 1
0:00:00.022722179  2470 0x216d370 DEBUG   structure gststructure.c:2258:gst_structure_parse_field: trying field name 'author'
0:00:00.017610728  2471 0x199b320 LOG   GST_POLL gstpoll.c:994:gst_poll_fd_ctl_write: 0x19a39c0: pfd->events now 60 (POLLOUT:4)
0:00:00.022728431  2470 0x216d370 DEBUG   default gstvalue.c:2776:_priv_gst_value_parse_value: trying type name 'string'
0:00:00.017618054  2471 0x199b320 DEBUG   GST_POLL gstpoll.c:979:gst_poll_fd_ctl_write: 0x19a39c0: fd (fd:0, idx:1), active : 1
0:00:00.022736885  2470 0x216d370 DEBUG   GST_REGISTRY gstregistrychunks.c:626:gst_registry_chunks_load_feature: Element factory : npadtemplates=1
0:00:00.017624771  2471 0x199b320 LOG   GST_POLL gstpoll.c:994:gst_poll_fd_ctl_write: 0x19a39c0: pfd->events now 60 (POLLOUT:4)
0:00:00.022743544  2470 0x216d370 DEBUG   GST_REGISTRY gstregistrychunks.c:525:gst_registry_chunks_load_pad_template: Reading/casting for GstRegistryChunkPadTemplate at address 0x218a040
0:00:00.017631902  2471 0x199b320 DEBUG   GST_POLL gstpoll.c:979:gst_poll_fd_ctl_write: 0x19a39c0: fd (fd:0, idx:1), active : 1
0:00:00.022750090  2470 0x216d370 DEBUG   GST_REGISTRY gstregistrychunks.c:539:gst_registry_chunks_load_pad_template: Added pad_template src
0:00:00.017644254  2471 0x199b320 LOG   GST_POLL gstpoll.c:994:gst_poll_fd_ctl_write: 0x19a39c0: pfd->events now 60 (POLLOUT:4)
0:00:00.022763930  2470 0x216d370 DEBUG   GST_REGISTRY gstregistry.c:589:gst_registry_add_feature: adding feature 0x218dd70 (fakesrc)
0:00:00.017651196  2471 0x199b320 DEBUG   GST_POLL gstpoll.c:979:gst_poll_fd_ctl_write: 0x19a39c0: fd (fd:0, idx:1), active : 1
0:00:00.022770938  2470 0x216d370 DEBUG   GST_REFCOUNTING gstobject.c:708:gst_object_set_parent: set parent (ref and sink)
0:00:00.017658511  2471 0x199b320 LOG   GST_POLL gstpoll.c:994:gst_poll_fd_ctl_write: 0x19a39c0: pfd->events now 60 (POLLOUT:4)
0:00:00.022779758  2470 0x216d370 TRACE   GST_REFCOUNTING gstobject.c:292:gst_object_ref_sink: 0x218dd70 ref_sink 1->2
0:00:00.017667034  2471 0x199b320 DEBUG   GST_POLL gstpoll.c:979:gst_poll_fd_ctl_write: 0x19a39c0: fd (fd:0, idx:1), active : 1
0:00:00.022787971  2470 0x216d370 LOG   GST_REGISTRY gstregistry.c:607:gst_registry_add_feature: emitting feature-added for fakesrc
0:00:00.017674846  2471 0x199b320 LOG   GST_POLL gstpoll.c:994:gst_poll_fd_ctl_write: 0x19a39c0: pfd->events now 60 (POLLOUT:4)
0:00:00.022802732  2470 0x216d370 DEBUG   GST_REGISTRY gstregistrychunks.c:740:gst_registry_chunks_load_feature: Added feature fakesrc, plugin 0x2187230 coreelements
0:00:00.017689380  2471 0x199b320 DEBUG   GST_POLL gstpoll.c:979:gst_poll_fd_ctl_write: 0x19a39c0: fd (fd:0, idx:1), active : 1
0:00:00.022810575  2470 0x216d370 DEBUG   GST_REGISTRY gstregistrychunks.c:582:gst_registry_chunks_load_feature: Plugin 'coreelements' feature 'downloadbuffer' typename : 'GstElementFactory'
0:00:00.017697411  2471 0x199b320 LOG   GST_POLL gstpoll.c:994:gst_poll_fd_ctl_write: 0x19a39c0: pfd->events now 60 (POLLOUT:4)
0:00:00.017705326  2471 0x199b320 DEBUG   GST_POLL gstpoll.c:979:gst_poll_fd_ctl_write: 0x19a39c0: fd (fd:0, idx:1), active : 1
0:00:00.022819915  2470 0x216d370 TRACE   GST_REFCOUNTING gstobject.c:208:gst_object_init: 0x218e1f0 new
0:00:00.017711725  2471 0x199b320 LOG   GST_POLL gstpoll.c:994:gst_poll_fd_ctl_write: 0x19a39c0: pfd->events now 60 (POLLOUT:4)
0:00:00.022831292  2470 0x216d370 LOG   GST_REGISTRY gstregistrychunks.c:609:gst_registry_chunks_load_feature: Reading/casting for GstRegistryChunkElementFactory at address 0x218a078
0:00:00.017718953  2471 0x199b320 DEBUG   GST_POLL gstpoll.c:979:gst_poll_fd_ctl_write: 0x19a39c0: fd (fd:0, idx:1), active : 1
0:00:00.022839130  2470 0x216d370 TRACE   structure gststructure.c:292:gst_structure_new_id_empty_with_size: created structure 0x218e720
0:00:00.017726263  2471 0x199b320 LOG   GST_POLL gstpoll.c:994:gst_poll_fd_ctl_write: 0x19a39c0: pfd->events now 60 (POLLOUT:4)
0:00:00.022846363  2470 0x216d370 DEBUG   structure gststructure.c:2258:gst_structure_parse_field: trying field name 'long-name'
0:00:00.017734597  2471 0x199b320 LOG   GST_PLUGIN_LOADING gstpluginloader.c:644:put_chunk: Expanding tx buf from 13209 to 17023 for chunk of size 229
0:00:00.022859964  2470 0x216d370 DEBUG   default gstvalue.c:2776:_priv_gst_value_parse_value: trying type name 'string'
0:00:00.022867298  2470 0x216d370 DEBUG   structure gststructure.c:2258:gst_structure_parse_field: trying field name 'klass'
0:00:00.017753836  2471 0x199b320 DEBUG   GST_POLL gstpoll.c:979:gst_poll_fd_ctl_write: 0x19a39c0: fd (fd:0, idx:1), active : 1
0:00:00.022873446  2470 0x216d370 DEBUG   default gstvalue.c:2776:_priv_gst_value_parse_value: trying type name 'string'
0:00:00.017761416  2471 0x199b320 LOG   GST_POLL gstpoll.c:994:gst_poll_fd_ctl_write: 0x19a39c0: pfd->events now 60 (POLLOUT:4)
0:00:00.022880395  2470 0x216d370 DEBUG   structure gststructure.c:2258:gst_structure_parse_field: trying field name 'description'
0:00:00.017768909  2471 0x199b320 DEBUG   GST_POLL gstpoll.c:979:gst_poll_fd_ctl_write: 0x19a39c0: fd (fd:0, idx:1), active : 1
0:00:00.022886993  2470 0x216d370 DEBUG   default gstvalue.c:2776:_priv_gst_value_parse_value: trying type name 'string'
0:00:00.017775738  2471 0x199b320 LOG   GST_POLL gstpoll.c:994:gst_poll_fd_ctl_write: 0x19a39c0: pfd->events now 60 (POLLOUT:4)
0:00:00.022894410  2470 0x216d370 DEBUG   structure gststructure.c:2258:gst_structure_parse_field: trying field name 'author'
0:00:00.017782698  2471 0x199b320 DEBUG   GST_POLL gstpoll.c:979:gst_poll_fd_ctl_write: 0x19a39c0: fd (fd:0, idx:1), active : 1
0:00:00.022900516  2470 0x216d370 DEBUG   default gstvalue.c:2776:_priv_gst_value_parse_value: trying type name 'string'
0:00:00.017789443  2471 0x199b320 LOG   GST_POLL gstpoll.c:994:gst_poll_fd_ctl_write: 0x19a39c0: pfd->events now 60 (POLLOUT:4)
0:00:00.022907887  2470 0x216d370 DEBUG   GST_REGISTRY gstregistrychunks.c:626:gst_registry_chunks_load_feature: Element factory : npadtemplates=2
0:00:00.017796657  2471 0x199b320 DEBUG   GST_POLL gstpoll.c:979:gst_poll_fd_ctl_write: 0x19a39c0: fd (fd:0, idx:1), active : 1
0:00:00.022914140  2470 0x216d370 DEBUG   GST_REGISTRY gstregistrychunks.c:525:gst_registry_chunks_load_pad_template: Reading/casting for GstRegistryChunkPadTemplate at address 0x218a140
0:00:00.017803466  2471 0x199b320 LOG   GST_POLL gstpoll.c:994:gst_poll_fd_ctl_write: 0x19a39c0: pfd->events now 60 (POLLOUT:4)
0:00:00.022920787  2470 0x216d370 DEBUG   GST_REGISTRY gstregistrychunks.c:539:gst_registry_chunks_load_pad_template: Added pad_template sink
0:00:00.017810429  2471 0x199b320 DEBUG   GST_POLL gstpoll.c:979:gst_poll_fd_ctl_write: 0x19a39c0: fd (fd:0, idx:1), active : 1
0:00:00.022926870  2470 0x216d370 DEBUG   GST_REGISTRY gstregistrychunks.c:525:gst_registry_chunks_load_pad_template: Reading/casting for GstRegistryChunkPadTemplate at address 0x218a158
0:00:00.017817462  2471 0x199b320 LOG   GST_POLL gstpoll.c:994:gst_poll_fd_ctl_write: 0x19a39c0: pfd->events now 60 (POLLOUT:4)
0:00:00.022935218  2470 0x216d370 DEBUG   GST_REGISTRY gstregistrychunks.c:539:gst_registry_chunks_load_pad_template: Added pad_template src
0:00:00.017824375  2471 0x199b320 DEBUG   GST_POLL gstpoll.c:979:gst_poll_fd_ctl_write: 0x19a39c0: fd (fd:0, idx:1), active : 1
0:00:00.022949704  2470 0x216d370 DEBUG   GST_REGISTRY gstregistry.c:589:gst_registry_add_feature: adding feature 0x218e1f0 (downloadbuffer)
0:00:00.017835284  2471 0x199b320 LOG   GST_POLL gstpoll.c:994:gst_poll_fd_ctl_write: 0x19a39c0: pfd->events now 60 (POLLOUT:4)
0:00:00.022956807  2470 0x216d370 DEBUG   GST_REFCOUNTING gstobject.c:708:gst_object_set_parent: set parent (ref and sink)
0:00:00.017844872  2471 0x199b320 DEBUG   GST_POLL gstpoll.c:979:gst_poll_fd_ctl_write: 0x19a39c0: fd (fd:0, idx:1), active : 1
0:00:00.022965036  2470 0x216d370 TRACE   GST_REFCOUNTING gstobject.c:292:gst_object_ref_sink: 0x218e1f0 ref_sink 1->2
0:00:00.017851453  2471 0x199b320 LOG   GST_POLL gstpoll.c:994:gst_poll_fd_ctl_write: 0x19a39c0: pfd->events now 60 (POLLOUT:4)
0:00:00.022973895  2470 0x216d370 LOG   GST_REGISTRY gstregistry.c:607:gst_registry_add_feature: emitting feature-added for downloadbuffer
0:00:00.017861048  2471 0x199b320 DEBUG   GST_POLL gstpoll.c:979:gst_poll_fd_ctl_write: 0x19a39c0: fd (fd:0, idx:1), active : 1
0:00:00.022981978  2470 0x216d370 DEBUG   GST_REGISTRY gstregistrychunks.c:740:gst_registry_chunks_load_feature: Added feature downloadbuffer, plugin 0x2187230 coreelements
0:00:00.017868651  2471 0x199b320 LOG   GST_POLL gstpoll.c:994:gst_poll_fd_ctl_write: 0x19a39c0: pfd->events now 60 (POLLOUT:4)
0:00:00.022990191  2470 0x216d370 DEBUG   GST_REGISTRY gstregistrychunks.c:582:gst_registry_chunks_load_feature: Plugin 'coreelements' feature 'dataurisrc' typename : 'GstElementFactory'
0:00:00.017877344  2471 0x199b320 DEBUG   GST_POLL gstpoll.c:979:gst_poll_fd_ctl_write: 0x19a39c0: fd (fd:0, idx:1), active : 1
0:00:00.022998949  2470 0x216d370 TRACE   GST_REFCOUNTING gstobject.c:208:gst_object_init: 0x218ea00 new
0:00:00.017884858  2471 0x199b320 LOG   GST_POLL gstpoll.c:994:gst_poll_fd_ctl_write: 0x19a39c0: pfd->events now 60 (POLLOUT:4)
0:00:00.023008781  2470 0x216d370 LOG   GST_REGISTRY gstregistrychunks.c:609:gst_registry_chunks_load_feature: Reading/casting for GstRegistryChunkElementFactory at address 0x218a188
0:00:00.017895348  2471 0x199b320 DEBUG   GST_POLL gstpoll.c:979:gst_poll_fd_ctl_write: 0x19a39c0: fd (fd:0, idx:1), active : 1
0:00:00.023017394  2470 0x216d370 TRACE   structure gststructure.c:292:gst_structure_new_id_empty_with_size: created structure 0x218ec00
0:00:00.017904047  2471 0x199b320 LOG   GST_POLL gstpoll.c:994:gst_poll_fd_ctl_write: 0x19a39c0: pfd->events now 60 (POLLOUT:4)
0:00:00.023024712  2470 0x216d370 DEBUG   structure gststructure.c:2258:gst_structure_parse_field: trying field name 'long-name'
0:00:00.017912706  2471 0x199b320 DEBUG   GST_POLL gstpoll.c:979:gst_poll_fd_ctl_write: 0x19a39c0: fd (fd:0, idx:1), active : 1
0:00:00.023031981  2470 0x216d370 DEBUG   default gstvalue.c:2776:_priv_gst_value_parse_value: trying type name 'string'
0:00:00.017919519  2471 0x199b320 LOG   GST_POLL gstpoll.c:994:gst_poll_fd_ctl_write: 0x19a39c0: pfd->events now 60 (POLLOUT:4)
0:00:00.023045488  2470 0x216d370 DEBUG   structure gststructure.c:2258:gst_structure_parse_field: trying field name 'klass'
0:00:00.017932719  2471 0x199b320 DEBUG   GST_POLL gstpoll.c:979:gst_poll_fd_ctl_write: 0x19a39c0: fd (fd:0, idx:1), active : 1
0:00:00.023051764  2470 0x216d370 DEBUG   default gstvalue.c:2776:_priv_gst_value_parse_value: trying type name 'string'
0:00:00.017939599  2471 0x199b320 LOG   GST_POLL gstpoll.c:994:gst_poll_fd_ctl_write: 0x19a39c0: pfd->events now 60 (POLLOUT:4)
0:00:00.023059057  2470 0x216d370 DEBUG   structure gststructure.c:2258:gst_structure_parse_field: trying field name 'description'
0:00:00.017946806  2471 0x199b320 DEBUG   GST_POLL gstpoll.c:979:gst_poll_fd_ctl_write: 0x19a39c0: fd (fd:0, idx:1), active : 1
0:00:00.023065308  2470 0x216d370 DEBUG   default gstvalue.c:2776:_priv_gst_value_parse_value: trying type name 'string'
0:00:00.017953799  2471 0x199b320 LOG   GST_POLL gstpoll.c:994:gst_poll_fd_ctl_write: 0x19a39c0: pfd->events now 60 (POLLOUT:4)
0:00:00.023073642  2470 0x216d370 DEBUG   structure gststructure.c:2258:gst_structure_parse_field: trying field name 'author'
0:00:00.017961691  2471 0x199b320 DEBUG   GST_POLL gstpoll.c:979:gst_poll_fd_ctl_write: 0x19a39c0: fd (fd:0, idx:1), active : 1
0:00:00.023080384  2470 0x216d370 DEBUG   default gstvalue.c:2776:_priv_gst_value_parse_value: trying type name 'string'
0:00:00.017968472  2471 0x199b320 LOG   GST_POLL gstpoll.c:994:gst_poll_fd_ctl_write: 0x19a39c0: pfd->events now 60 (POLLOUT:4)
0:00:00.023089236  2470 0x216d370 DEBUG   GST_REGISTRY gstregistrychunks.c:626:gst_registry_chunks_load_feature: Element factory : npadtemplates=1
0:00:00.017975195  2471 0x199b320 DEBUG   GST_POLL gstpoll.c:979:gst_poll_fd_ctl_write: 0x19a39c0: fd (fd:0, idx:1), active : 1
0:00:00.023095744  2470 0x216d370 DEBUG   GST_REGISTRY gstregistrychunks.c:525:gst_registry_chunks_load_pad_template: Reading/casting for GstRegistryChunkPadTemplate at address 0x218a2a0
0:00:00.017983175  2471 0x199b320 LOG   GST_POLL gstpoll.c:994:gst_poll_fd_ctl_write: 0x19a39c0: pfd->events now 60 (POLLOUT:4)
0:00:00.023102512  2470 0x216d370 DEBUG   GST_REGISTRY gstregistrychunks.c:539:gst_registry_chunks_load_pad_template: Added pad_template src
0:00:00.017990423  2471 0x199b320 DEBUG   GST_POLL gstpoll.c:979:gst_poll_fd_ctl_write: 0x19a39c0: fd (fd:0, idx:1), active : 1
0:00:00.023110076  2470 0x216d370 DEBUG   GST_REGISTRY gstregistrychunks.c:639:gst_registry_chunks_load_feature: Reading 1 UriTypes at address 0x218a2b0
0:00:00.017997261  2471 0x199b320 LOG   GST_POLL gstpoll.c:994:gst_poll_fd_ctl_write: 0x19a39c0: pfd->events now 60 (POLLOUT:4)
0:00:00.023117801  2470 0x216d370 DEBUG   GST_REGISTRY gstregistrychunks.c:654:gst_registry_chunks_load_feature: Reading 1 Interfaces at address 0x218a2b9
0:00:00.018004858  2471 0x199b320 DEBUG   GST_POLL gstpoll.c:979:gst_poll_fd_ctl_write: 0x19a39c0: fd (fd:0, idx:1), active : 1
0:00:00.018023533  2471 0x199b320 LOG   GST_POLL gstpoll.c:994:gst_poll_fd_ctl_write: 0x19a39c0: pfd->events now 60 (POLLOUT:4)
0:00:00.023138466  2470 0x216d370 DEBUG   GST_REGISTRY gstregistry.c:589:gst_registry_add_feature: adding feature 0x218ea00 (dataurisrc)
0:00:00.018031797  2471 0x199b320 DEBUG   GST_POLL gstpoll.c:979:gst_poll_fd_ctl_write: 0x19a39c0: fd (fd:0, idx:1), active : 1
0:00:00.023148702  2470 0x216d370 DEBUG   GST_REFCOUNTING gstobject.c:708:gst_object_set_parent: set parent (ref and sink)
0:00:00.018038521  2471 0x199b320 LOG   GST_POLL gstpoll.c:994:gst_poll_fd_ctl_write: 0x19a39c0: pfd->events now 60 (POLLOUT:4)
0:00:00.023157501  2470 0x216d370 TRACE   GST_REFCOUNTING gstobject.c:292:gst_object_ref_sink: 0x218ea00 ref_sink 1->2
0:00:00.018045465  2471 0x199b320 DEBUG   GST_POLL gstpoll.c:979:gst_poll_fd_ctl_write: 0x19a39c0: fd (fd:0, idx:1), active : 1
0:00:00.023165781  2470 0x216d370 LOG   GST_REGISTRY gstregistry.c:607:gst_registry_add_feature: emitting feature-added for dataurisrc
0:00:00.018053000  2471 0x199b320 LOG   GST_POLL gstpoll.c:994:gst_poll_fd_ctl_write: 0x19a39c0: pfd->events now 60 (POLLOUT:4)
0:00:00.023173706  2470 0x216d370 DEBUG   GST_REGISTRY gstregistrychunks.c:740:gst_registry_chunks_load_feature: Added feature dataurisrc, plugin 0x2187230 coreelements
0:00:00.018060699  2471 0x199b320 DEBUG   GST_POLL gstpoll.c:979:gst_poll_fd_ctl_write: 0x19a39c0: fd (fd:0, idx:1), active : 1
0:00:00.023181448  2470 0x216d370 DEBUG   GST_REGISTRY gstregistrychunks.c:582:gst_registry_chunks_load_feature: Plugin 'coreelements' feature 'concat' typename : 'GstElementFactory'
0:00:00.018068316  2471 0x199b320 LOG   GST_POLL gstpoll.c:994:gst_poll_fd_ctl_write: 0x19a39c0: pfd->events now 60 (POLLOUT:4)
0:00:00.018076971  2471 0x199b320 DEBUG   GST_POLL gstpoll.c:979:gst_poll_fd_ctl_write: 0x19a39c0: fd (fd:0, idx:1), active : 1
0:00:00.023194712  2470 0x216d370 TRACE   GST_REFCOUNTING gstobject.c:208:gst_object_init: 0x218edb0 new
0:00:00.018083360  2471 0x199b320 LOG   GST_POLL gstpoll.c:994:gst_poll_fd_ctl_write: 0x19a39c0: pfd->events now 60 (POLLOUT:4)
0:00:00.023204385  2470 0x216d370 LOG   GST_REGISTRY gstregistrychunks.c:609:gst_registry_chunks_load_feature: Reading/casting for GstRegistryChunkElementFactory at address 0x218a2e0
0:00:00.018090840  2471 0x199b320 DEBUG   GST_POLL gstpoll.c:979:gst_poll_fd_ctl_write: 0x19a39c0: fd (fd:0, idx:1), active : 1
0:00:00.023211705  2470 0x216d370 TRACE   structure gststructure.c:292:gst_structure_new_id_empty_with_size: created structure 0x218f040
0:00:00.018098750  2471 0x199b320 LOG   GST_POLL gstpoll.c:994:gst_poll_fd_ctl_write: 0x19a39c0: pfd->events now 60 (POLLOUT:4)
0:00:00.023218515  2470 0x216d370 DEBUG   structure gststructure.c:2258:gst_structure_parse_field: trying field name 'long-name'
0:00:00.018106302  2471 0x199b320 DEBUG   GST_POLL gstpoll.c:979:gst_poll_fd_ctl_write: 0x19a39c0: fd (fd:0, idx:1), active : 1
0:00:00.023230853  2470 0x216d370 DEBUG   default gstvalue.c:2776:_priv_gst_value_parse_value: trying type name 'string'
0:00:00.018118602  2471 0x199b320 LOG   GST_POLL gstpoll.c:994:gst_poll_fd_ctl_write: 0x19a39c0: pfd->events now 60 (POLLOUT:4)
0:00:00.023238038  2470 0x216d370 DEBUG   structure gststructure.c:2258:gst_structure_parse_field: trying field name 'klass'
