0:00:00.008066461  2771 0xbb9390 LOG   GST_REGISTRY gstregistry.c:1300:gst_registry_scan_path_level: file /home/conan/w/prod/BuildSingleReference/.conan/data/gstreamer/1.19.1/_/_/package/bec7fecef66b28e957582014d79b970659fc2b7f/lib/gstreamer-1.0/libgstcoretracers.so looks like a possible module
0:00:00.008081525  2771 0xbb9390 DEBUG   GST_REGISTRY gstregistry.c:1361:gst_registry_scan_path_level: file /home/conan/w/prod/BuildSingleReference/.conan/data/gstreamer/1.19.1/_/_/package/bec7fecef66b28e957582014d79b970659fc2b7f/lib/gstreamer-1.0/libgstcoretracers.so not yet in registry
0:00:00.008088498  2771 0xbb9390 DEBUG   GST_REGISTRY gstregistry.c:1172:gst_registry_scan_plugin_file: Using scan-helper to load plugin /home/conan/w/prod/BuildSingleReference/.conan/data/gstreamer/1.19.1/_/_/package/bec7fecef66b28e957582014d79b970659fc2b7f/lib/gstreamer-1.0/libgstcoretracers.so
0:00:00.002915673  2772 0x247e320 LOG   GST_PLUGIN_LOADING gstplugin.c:890:_priv_gst_plugin_load_file_for_registry: Plugin 0x2497ec0 for file "/home/conan/w/prod/BuildSingleReference/.conan/data/gstreamer/1.19.1/_/_/package/bec7fecef66b28e957582014d79b970659fc2b7f/lib/gstreamer-1.0/libgstcoretracers.so" prepared, calling entry function...
0:00:00.008095846  2771 0xbb9390 LOG   GST_PLUGIN_LOADING gstpluginloader.c:236:plugin_loader_load: Sending file /home/conan/w/prod/BuildSingleReference/.conan/data/gstreamer/1.19.1/_/_/package/bec7fecef66b28e957582014d79b970659fc2b7f/lib/gstreamer-1.0/libgstcoretracers.so to child. tag 2
0:00:00.002929474  2772 0x247e320 LOG   GST_PLUGIN_LOADING gstplugin.c:897:_priv_gst_plugin_load_file_for_registry: Plugin 0x2497ec0 for file "/home/conan/w/prod/BuildSingleReference/.conan/data/gstreamer/1.19.1/_/_/package/bec7fecef66b28e957582014d79b970659fc2b7f/lib/gstreamer-1.0/libgstcoretracers.so" prepared, registering...
0:00:00.008110278  2771 0xbb9390 DEBUG   GST_POLL gstpoll.c:980:gst_poll_fd_ctl_write: 0xbd2d10: fd (fd:7, idx:1), active : 1
0:00:00.002939572  2772 0x247e320 LOG   GST_PLUGIN_LOADING gstplugin.c:514:gst_plugin_register_func: plugin "/home/conan/w/prod/BuildSingleReference/.conan/data/gstreamer/1.19.1/_/_/package/bec7fecef66b28e957582014d79b970659fc2b7f/lib/gstreamer-1.0/libgstcoretracers.so" looks good
0:00:00.008121394  2771 0xbb9390 LOG   GST_POLL gstpoll.c:994:gst_poll_fd_ctl_write: 0xbd2d10: pfd->events now 60 (POLLOUT:4)
0:00:00.008130253  2771 0xbb9390 DEBUG   GST_POLL gstpoll.c:1414:gst_poll_wait: 0xbd2d10: timeout :0:00:01.000000000
0:00:00.008138973  2771 0xbb9390 LOG   GST_PLUGIN_LOADING gstpluginloader.c:1027:exchange_packets: Poll res = 1. 173 bytes pending for write
0:00:00.002966584  2772 0x247e320 TRACE   GST_REFCOUNTING gstobject.c:208:gst_object_init: 0x2498280 new
0:00:00.008145366  2771 0xbb9390 DEBUG   GST_POLL gstpoll.c:1241:gst_poll_fd_has_error: 0xbd2d10: fd (fd:8, idx:2) 0
0:00:00.008153867  2771 0xbb9390 DEBUG   GST_POLL gstpoll.c:1266:gst_poll_fd_can_read_unlocked: 0xbd2d10: fd (fd:8, idx:2) 0
0:00:00.002978531  2772 0x247e320 DEBUG   GST_TRACER gsttracer.c:169:gst_tracer_register: new tracer factory for latency
0:00:00.008159530  2771 0xbb9390 DEBUG   GST_POLL gstpoll.c:1195:gst_poll_fd_has_closed: 0xbd2d10: fd (fd:8, idx:2) 0
0:00:00.008165872  2771 0xbb9390 DEBUG   GST_POLL gstpoll.c:1241:gst_poll_fd_has_error: 0xbd2d10: fd (fd:7, idx:1) 0
0:00:00.002988611  2772 0x247e320 DEBUG   GST_TRACER gsttracer.c:177:gst_tracer_register: tracer factory for 38360992:GstLatencyTracer
0:00:00.008174472  2771 0xbb9390 DEBUG   GST_POLL gstpoll.c:1335:gst_poll_fd_can_write: 0xbd2d10: fd (fd:7, idx:1) 1
0:00:00.002999559  2772 0x247e320 DEBUG   GST_REGISTRY gstregistry.c:590:gst_registry_add_feature: adding feature 0x2498280 (latency)
0:00:00.008182002  2771 0xbb9390 LOG   GST_PLUGIN_LOADING gstpluginloader.c:689:write_one: Writing packet of size 173 bytes to fd 7
0:00:00.003009378  2772 0x247e320 DEBUG   GST_REFCOUNTING gstobject.c:709:gst_object_set_parent: set parent (ref and sink)
0:00:00.008191190  2771 0xbb9390 DEBUG   GST_POLL gstpoll.c:980:gst_poll_fd_ctl_write: 0xbd2d10: fd (fd:7, idx:1), active : 0
0:00:00.003019078  2772 0x247e320 TRACE   GST_REFCOUNTING gstobject.c:294:gst_object_ref_sink: 0x2498280 ref_sink 1->2
0:00:00.008198114  2771 0xbb9390 LOG   GST_POLL gstpoll.c:994:gst_poll_fd_ctl_write: 0xbd2d10: pfd->events now 56 (POLLOUT:4)
0:00:00.003026491  2772 0x247e320 LOG   GST_REGISTRY gstregistry.c:608:gst_registry_add_feature: emitting feature-added for latency
0:00:00.008215684  2771 0xbb9390 LOG   GST_REGISTRY gstregistry.c:1300:gst_registry_scan_path_level: file /home/conan/w/prod/BuildSingleReference/.conan/data/gstreamer/1.19.1/_/_/package/bec7fecef66b28e957582014d79b970659fc2b7f/lib/gstreamer-1.0/libgstcoreelements.so looks like a possible module
0:00:00.008223817  2771 0xbb9390 DEBUG   GST_REGISTRY gstregistry.c:1361:gst_registry_scan_path_level: file /home/conan/w/prod/BuildSingleReference/.conan/data/gstreamer/1.19.1/_/_/package/bec7fecef66b28e957582014d79b970659fc2b7f/lib/gstreamer-1.0/libgstcoreelements.so not yet in registry
0:00:00.003050213  2772 0x247e320 TRACE   GST_REFCOUNTING gstobject.c:208:gst_object_init: 0x2498770 new
0:00:00.008232553  2771 0xbb9390 DEBUG   GST_REGISTRY gstregistry.c:1172:gst_registry_scan_plugin_file: Using scan-helper to load plugin /home/conan/w/prod/BuildSingleReference/.conan/data/gstreamer/1.19.1/_/_/package/bec7fecef66b28e957582014d79b970659fc2b7f/lib/gstreamer-1.0/libgstcoreelements.so
0:00:00.003060695  2772 0x247e320 DEBUG   GST_TRACER gsttracer.c:169:gst_tracer_register: new tracer factory for log
0:00:00.008241649  2771 0xbb9390 LOG   GST_PLUGIN_LOADING gstpluginloader.c:236:plugin_loader_load: Sending file /home/conan/w/prod/BuildSingleReference/.conan/data/gstreamer/1.19.1/_/_/package/bec7fecef66b28e957582014d79b970659fc2b7f/lib/gstreamer-1.0/libgstcoreelements.so to child. tag 3
0:00:00.003069834  2772 0x247e320 DEBUG   GST_TRACER gsttracer.c:177:gst_tracer_register: tracer factory for 38372816:GstLogTracer
0:00:00.008249588  2771 0xbb9390 DEBUG   GST_POLL gstpoll.c:980:gst_poll_fd_ctl_write: 0xbd2d10: fd (fd:7, idx:1), active : 1
0:00:00.003078451  2772 0x247e320 DEBUG   GST_REGISTRY gstregistry.c:590:gst_registry_add_feature: adding feature 0x2498770 (log)
0:00:00.008256979  2771 0xbb9390 LOG   GST_POLL gstpoll.c:994:gst_poll_fd_ctl_write: 0xbd2d10: pfd->events now 60 (POLLOUT:4)
0:00:00.003087519  2772 0x247e320 DEBUG   GST_REFCOUNTING gstobject.c:709:gst_object_set_parent: set parent (ref and sink)
0:00:00.008266847  2771 0xbb9390 DEBUG   GST_POLL gstpoll.c:1414:gst_poll_wait: 0xbd2d10: timeout :0:00:01.000000000
0:00:00.003097494  2772 0x247e320 TRACE   GST_REFCOUNTING gstobject.c:294:gst_object_ref_sink: 0x2498770 ref_sink 1->2
0:00:00.008278068  2771 0xbb9390 LOG   GST_PLUGIN_LOADING gstpluginloader.c:1027:exchange_packets: Poll res = 1. 174 bytes pending for write
0:00:00.003105619  2772 0x247e320 LOG   GST_REGISTRY gstregistry.c:608:gst_registry_add_feature: emitting feature-added for log
0:00:00.008285197  2771 0xbb9390 DEBUG   GST_POLL gstpoll.c:1241:gst_poll_fd_has_error: 0xbd2d10: fd (fd:8, idx:2) 0
0:00:00.008294819  2771 0xbb9390 DEBUG   GST_POLL gstpoll.c:1266:gst_poll_fd_can_read_unlocked: 0xbd2d10: fd (fd:8, idx:2) 0
0:00:00.003119783  2772 0x247e320 TRACE   GST_REFCOUNTING gstobject.c:208:gst_object_init: 0x2498980 new
0:00:00.008301687  2771 0xbb9390 DEBUG   GST_POLL gstpoll.c:1195:gst_poll_fd_has_closed: 0xbd2d10: fd (fd:8, idx:2) 0
0:00:00.003129869  2772 0x247e320 DEBUG   GST_TRACER gsttracer.c:169:gst_tracer_register: new tracer factory for rusage
0:00:00.008313781  2771 0xbb9390 DEBUG   GST_POLL gstpoll.c:1241:gst_poll_fd_has_error: 0xbd2d10: fd (fd:7, idx:1) 0
0:00:00.003140443  2772 0x247e320 DEBUG   GST_TRACER gsttracer.c:177:gst_tracer_register: tracer factory for 38373424:GstRUsageTracer
0:00:00.008320462  2771 0xbb9390 DEBUG   GST_POLL gstpoll.c:1335:gst_poll_fd_can_write: 0xbd2d10: fd (fd:7, idx:1) 1
0:00:00.003149036  2772 0x247e320 DEBUG   GST_REGISTRY gstregistry.c:590:gst_registry_add_feature: adding feature 0x2498980 (rusage)
0:00:00.008327458  2771 0xbb9390 LOG   GST_PLUGIN_LOADING gstpluginloader.c:689:write_one: Writing packet of size 174 bytes to fd 7
0:00:00.003158139  2772 0x247e320 DEBUG   GST_REFCOUNTING gstobject.c:709:gst_object_set_parent: set parent (ref and sink)
0:00:00.008338257  2771 0xbb9390 DEBUG   GST_POLL gstpoll.c:980:gst_poll_fd_ctl_write: 0xbd2d10: fd (fd:7, idx:1), active : 0
0:00:00.003167939  2772 0x247e320 TRACE   GST_REFCOUNTING gstobject.c:294:gst_object_ref_sink: 0x2498980 ref_sink 1->2
0:00:00.008346375  2771 0xbb9390 LOG   GST_POLL gstpoll.c:994:gst_poll_fd_ctl_write: 0xbd2d10: pfd->events now 56 (POLLOUT:4)
0:00:00.003175628  2772 0x247e320 LOG   GST_REGISTRY gstregistry.c:608:gst_registry_add_feature: emitting feature-added for rusage
0:00:00.008364335  2771 0xbb9390 DEBUG   GST_REGISTRY gstregistry.c:1384:gst_registry_scan_path_internal: registry changed in path /home/conan/w/prod/BuildSingleReference/.conan/data/gstreamer/1.19.1/_/_/package/bec7fecef66b28e957582014d79b970659fc2b7f/lib/gstreamer-1.0: 0
0:00:00.003189863  2772 0x247e320 TRACE   GST_REFCOUNTING gstobject.c:208:gst_object_init: 0x2498c50 new
0:00:00.008377179  2771 0xbb9390 DEBUG   GST_POLL gstpoll.c:980:gst_poll_fd_ctl_write: 0xbd2d10: fd (fd:7, idx:1), active : 1
0:00:00.003200159  2772 0x247e320 DEBUG   GST_TRACER gsttracer.c:169:gst_tracer_register: new tracer factory for stats
0:00:00.008384434  2771 0xbb9390 LOG   GST_POLL gstpoll.c:994:gst_poll_fd_ctl_write: 0xbd2d10: pfd->events now 60 (POLLOUT:4)
0:00:00.003210293  2772 0x247e320 DEBUG   GST_TRACER gsttracer.c:177:gst_tracer_register: tracer factory for 38374032:GstStatsTracer
0:00:00.008392521  2771 0xbb9390 DEBUG   GST_POLL gstpoll.c:1414:gst_poll_wait: 0xbd2d10: timeout :0:00:01.000000000
0:00:00.003218687  2772 0x247e320 DEBUG   GST_REGISTRY gstregistry.c:590:gst_registry_add_feature: adding feature 0x2498c50 (stats)
0:00:00.008402794  2771 0xbb9390 LOG   GST_PLUGIN_LOADING gstpluginloader.c:1027:exchange_packets: Poll res = 1. 12 bytes pending for write
0:00:00.003227559  2772 0x247e320 DEBUG   GST_REFCOUNTING gstobject.c:709:gst_object_set_parent: set parent (ref and sink)
0:00:00.008411767  2771 0xbb9390 DEBUG   GST_POLL gstpoll.c:1241:gst_poll_fd_has_error: 0xbd2d10: fd (fd:8, idx:2) 0
0:00:00.003237509  2772 0x247e320 TRACE   GST_REFCOUNTING gstobject.c:294:gst_object_ref_sink: 0x2498c50 ref_sink 1->2
0:00:00.008418874  2771 0xbb9390 DEBUG   GST_POLL gstpoll.c:1266:gst_poll_fd_can_read_unlocked: 0xbd2d10: fd (fd:8, idx:2) 0
0:00:00.003250345  2772 0x247e320 LOG   GST_REGISTRY gstregistry.c:608:gst_registry_add_feature: emitting feature-added for stats
0:00:00.008429798  2771 0xbb9390 DEBUG   GST_POLL gstpoll.c:1195:gst_poll_fd_has_closed: 0xbd2d10: fd (fd:8, idx:2) 0
0:00:00.008437475  2771 0xbb9390 DEBUG   GST_POLL gstpoll.c:1241:gst_poll_fd_has_error: 0xbd2d10: fd (fd:7, idx:1) 0
0:00:00.008443168  2771 0xbb9390 DEBUG   GST_POLL gstpoll.c:1335:gst_poll_fd_can_write: 0xbd2d10: fd (fd:7, idx:1) 1
0:00:00.003268908  2772 0x247e320 TRACE   GST_REFCOUNTING gstobject.c:208:gst_object_init: 0x2498ea0 new
0:00:00.008448493  2771 0xbb9390 LOG   GST_PLUGIN_LOADING gstpluginloader.c:689:write_one: Writing packet of size 12 bytes to fd 7
0:00:00.003279271  2772 0x247e320 DEBUG   GST_TRACER gsttracer.c:169:gst_tracer_register: new tracer factory for leaks
0:00:00.008459676  2771 0xbb9390 DEBUG   GST_POLL gstpoll.c:980:gst_poll_fd_ctl_write: 0xbd2d10: fd (fd:7, idx:1), active : 0
0:00:00.003288043  2772 0x247e320 DEBUG   GST_TRACER gsttracer.c:177:gst_tracer_register: tracer factory for 38374704:GstLeaksTracer
0:00:00.008467904  2771 0xbb9390 LOG   GST_POLL gstpoll.c:994:gst_poll_fd_ctl_write: 0xbd2d10: pfd->events now 56 (POLLOUT:4)
0:00:00.003298990  2772 0x247e320 DEBUG   GST_REGISTRY gstregistry.c:590:gst_registry_add_feature: adding feature 0x2498ea0 (leaks)
0:00:00.008477329  2771 0xbb9390 DEBUG   GST_POLL gstpoll.c:1414:gst_poll_wait: 0xbd2d10: timeout :0:00:01.000000000
0:00:00.003306909  2772 0x247e320 DEBUG   GST_REFCOUNTING gstobject.c:709:gst_object_set_parent: set parent (ref and sink)
0:00:00.003353926  2772 0x247e320 TRACE   GST_REFCOUNTING gstobject.c:294:gst_object_ref_sink: 0x2498ea0 ref_sink 1->2
0:00:00.003362489  2772 0x247e320 LOG   GST_REGISTRY gstregistry.c:608:gst_registry_add_feature: emitting feature-added for leaks
0:00:00.003369009  2772 0x247e320 LOG   GST_PLUGIN_LOADING gstplugin.c:541:gst_plugin_register_func: plugin "/home/conan/w/prod/BuildSingleReference/.conan/data/gstreamer/1.19.1/_/_/package/bec7fecef66b28e957582014d79b970659fc2b7f/lib/gstreamer-1.0/libgstcoretracers.so" initialised
0:00:00.003377144  2772 0x247e320 INFO   GST_PLUGIN_LOADING gstplugin.c:915:_priv_gst_plugin_load_file_for_registry: plugin "/home/conan/w/prod/BuildSingleReference/.conan/data/gstreamer/1.19.1/_/_/package/bec7fecef66b28e957582014d79b970659fc2b7f/lib/gstreamer-1.0/libgstcoretracers.so" loaded
0:00:00.003387490  2772 0x247e320 TRACE   GST_REFCOUNTING gstobject.c:238:gst_object_ref: 0x2497ec0 ref 1->2
0:00:00.003397679  2772 0x247e320 DEBUG   GST_REGISTRY gstregistry.c:474:gst_registry_add_plugin: adding plugin 0x2497ec0 for filename "/home/conan/w/prod/BuildSingleReference/.conan/data/gstreamer/1.19.1/_/_/package/bec7fecef66b28e957582014d79b970659fc2b7f/lib/gstreamer-1.0/libgstcoretracers.so"
0:00:00.003411191  2772 0x247e320 TRACE   GST_REFCOUNTING gstobject.c:294:gst_object_ref_sink: 0x2497ec0 ref_sink 2->3
0:00:00.003418702  2772 0x247e320 LOG   GST_REGISTRY gstregistry.c:487:gst_registry_add_plugin: emitting plugin-added for filename "/home/conan/w/prod/BuildSingleReference/.conan/data/gstreamer/1.19.1/_/_/package/bec7fecef66b28e957582014d79b970659fc2b7f/lib/gstreamer-1.0/libgstcoretracers.so"
0:00:00.003426906  2772 0x247e320 TRACE   GST_REFCOUNTING gstobject.c:238:gst_object_ref: 0x2498ea0 ref 1->2
0:00:00.003434203  2772 0x247e320 TRACE   GST_REFCOUNTING gstobject.c:238:gst_object_ref: 0x2498c50 ref 1->2
0:00:00.003441345  2772 0x247e320 TRACE   GST_REFCOUNTING gstobject.c:238:gst_object_ref: 0x2498980 ref 1->2
0:00:00.003448302  2772 0x247e320 TRACE   GST_REFCOUNTING gstobject.c:238:gst_object_ref: 0x2498770 ref 1->2
0:00:00.003458653  2772 0x247e320 TRACE   GST_REFCOUNTING gstobject.c:238:gst_object_ref: 0x2498280 ref 1->2
0:00:00.003477340  2772 0x247e320 TRACE   GST_REFCOUNTING gstobject.c:265:gst_object_unref: 0x2498280 unref 2->1
0:00:00.003485939  2772 0x247e320 TRACE   GST_REFCOUNTING gstobject.c:265:gst_object_unref: 0x2498770 unref 2->1
0:00:00.003492409  2772 0x247e320 TRACE   GST_REFCOUNTING gstobject.c:265:gst_object_unref: 0x2498980 unref 2->1
0:00:00.003523601  2772 0x247e320 TRACE   GST_REFCOUNTING gstobject.c:265:gst_object_unref: 0x2498c50 unref 2->1
0:00:00.003540732  2772 0x247e320 TRACE   GST_REFCOUNTING gstobject.c:265:gst_object_unref: 0x2498ea0 unref 2->1
0:00:00.003552560  2772 0x247e320 DEBUG   GST_REGISTRY gstregistrychunks.c:498:_priv_gst_registry_chunks_save_plugin: Found 5 features in plugin 0x2497ec0 (coretracers)
0:00:00.003560407  2772 0x247e320 DEBUG   GST_POLL gstpoll.c:980:gst_poll_fd_ctl_write: 0x24869e0: fd (fd:0, idx:1), active : 1
0:00:00.003567041  2772 0x247e320 LOG   GST_POLL gstpoll.c:994:gst_poll_fd_ctl_write: 0x24869e0: pfd->events now 60 (POLLOUT:4)
0:00:00.003573722  2772 0x247e320 DEBUG   GST_POLL gstpoll.c:980:gst_poll_fd_ctl_write: 0x24869e0: fd (fd:0, idx:1), active : 1
0:00:00.003579723  2772 0x247e320 LOG   GST_POLL gstpoll.c:994:gst_poll_fd_ctl_write: 0x24869e0: pfd->events now 60 (POLLOUT:4)
0:00:00.003587017  2772 0x247e320 DEBUG   GST_POLL gstpoll.c:980:gst_poll_fd_ctl_write: 0x24869e0: fd (fd:0, idx:1), active : 1
0:00:00.003592655  2772 0x247e320 LOG   GST_POLL gstpoll.c:994:gst_poll_fd_ctl_write: 0x24869e0: pfd->events now 60 (POLLOUT:4)
0:00:00.003601938  2772 0x247e320 DEBUG   GST_POLL gstpoll.c:980:gst_poll_fd_ctl_write: 0x24869e0: fd (fd:0, idx:1), active : 1
0:00:00.003608952  2772 0x247e320 LOG   GST_POLL gstpoll.c:994:gst_poll_fd_ctl_write: 0x24869e0: pfd->events now 60 (POLLOUT:4)
0:00:00.003615233  2772 0x247e320 DEBUG   GST_POLL gstpoll.c:980:gst_poll_fd_ctl_write: 0x24869e0: fd (fd:0, idx:1), active : 1
0:00:00.003626796  2772 0x247e320 LOG   GST_POLL gstpoll.c:994:gst_poll_fd_ctl_write: 0x24869e0: pfd->events now 60 (POLLOUT:4)
0:00:00.003632738  2772 0x247e320 DEBUG   GST_POLL gstpoll.c:980:gst_poll_fd_ctl_write: 0x24869e0: fd (fd:0, idx:1), active : 1
0:00:00.003638345  2772 0x247e320 LOG   GST_POLL gstpoll.c:994:gst_poll_fd_ctl_write: 0x24869e0: pfd->events now 60 (POLLOUT:4)
0:00:00.003644159  2772 0x247e320 DEBUG   GST_POLL gstpoll.c:980:gst_poll_fd_ctl_write: 0x24869e0: fd (fd:0, idx:1), active : 1
0:00:00.003649978  2772 0x247e320 LOG   GST_POLL gstpoll.c:994:gst_poll_fd_ctl_write: 0x24869e0: pfd->events now 60 (POLLOUT:4)
0:00:00.003658965  2772 0x247e320 DEBUG   GST_POLL gstpoll.c:980:gst_poll_fd_ctl_write: 0x24869e0: fd (fd:0, idx:1), active : 1
0:00:00.003666033  2772 0x247e320 LOG   GST_POLL gstpoll.c:994:gst_poll_fd_ctl_write: 0x24869e0: pfd->events now 60 (POLLOUT:4)
0:00:00.003672739  2772 0x247e320 DEBUG   GST_POLL gstpoll.c:980:gst_poll_fd_ctl_write: 0x24869e0: fd (fd:0, idx:1), active : 1
0:00:00.003678680  2772 0x247e320 LOG   GST_POLL gstpoll.c:994:gst_poll_fd_ctl_write: 0x24869e0: pfd->events now 60 (POLLOUT:4)
0:00:00.003684718  2772 0x247e320 DEBUG   GST_POLL gstpoll.c:980:gst_poll_fd_ctl_write: 0x24869e0: fd (fd:0, idx:1), active : 1
0:00:00.003690118  2772 0x247e320 LOG   GST_POLL gstpoll.c:994:gst_poll_fd_ctl_write: 0x24869e0: pfd->events now 60 (POLLOUT:4)
0:00:00.003696032  2772 0x247e320 DEBUG   GST_POLL gstpoll.c:980:gst_poll_fd_ctl_write: 0x24869e0: fd (fd:0, idx:1), active : 1
0:00:00.003701412  2772 0x247e320 LOG   GST_POLL gstpoll.c:994:gst_poll_fd_ctl_write: 0x24869e0: pfd->events now 60 (POLLOUT:4)
0:00:00.003710377  2772 0x247e320 DEBUG   GST_POLL gstpoll.c:980:gst_poll_fd_ctl_write: 0x24869e0: fd (fd:0, idx:1), active : 1
0:00:00.003717379  2772 0x247e320 LOG   GST_POLL gstpoll.c:994:gst_poll_fd_ctl_write: 0x24869e0: pfd->events now 60 (POLLOUT:4)
0:00:00.003724055  2772 0x247e320 DEBUG   GST_POLL gstpoll.c:980:gst_poll_fd_ctl_write: 0x24869e0: fd (fd:0, idx:1), active : 1
0:00:00.003730019  2772 0x247e320 LOG   GST_POLL gstpoll.c:994:gst_poll_fd_ctl_write: 0x24869e0: pfd->events now 60 (POLLOUT:4)
0:00:00.003736223  2772 0x247e320 DEBUG   GST_POLL gstpoll.c:980:gst_poll_fd_ctl_write: 0x24869e0: fd (fd:0, idx:1), active : 1
0:00:00.003741923  2772 0x247e320 LOG   GST_POLL gstpoll.c:994:gst_poll_fd_ctl_write: 0x24869e0: pfd->events now 60 (POLLOUT:4)
0:00:00.003747794  2772 0x247e320 DEBUG   GST_POLL gstpoll.c:980:gst_poll_fd_ctl_write: 0x24869e0: fd (fd:0, idx:1), active : 1
0:00:00.003753495  2772 0x247e320 LOG   GST_POLL gstpoll.c:994:gst_poll_fd_ctl_write: 0x24869e0: pfd->events now 60 (POLLOUT:4)
0:00:00.003762400  2772 0x247e320 DEBUG   GST_POLL gstpoll.c:980:gst_poll_fd_ctl_write: 0x24869e0: fd (fd:0, idx:1), active : 1
0:00:00.003769731  2772 0x247e320 LOG   GST_POLL gstpoll.c:994:gst_poll_fd_ctl_write: 0x24869e0: pfd->events now 60 (POLLOUT:4)
0:00:00.003776275  2772 0x247e320 DEBUG   GST_POLL gstpoll.c:980:gst_poll_fd_ctl_write: 0x24869e0: fd (fd:0, idx:1), active : 1
0:00:00.003787015  2772 0x247e320 LOG   GST_POLL gstpoll.c:994:gst_poll_fd_ctl_write: 0x24869e0: pfd->events now 60 (POLLOUT:4)
0:00:00.003793238  2772 0x247e320 DEBUG   GST_POLL gstpoll.c:980:gst_poll_fd_ctl_write: 0x24869e0: fd (fd:0, idx:1), active : 1
0:00:00.003798751  2772 0x247e320 LOG   GST_POLL gstpoll.c:994:gst_poll_fd_ctl_write: 0x24869e0: pfd->events now 60 (POLLOUT:4)
0:00:00.003804575  2772 0x247e320 DEBUG   GST_POLL gstpoll.c:980:gst_poll_fd_ctl_write: 0x24869e0: fd (fd:0, idx:1), active : 1
0:00:00.003810221  2772 0x247e320 LOG   GST_POLL gstpoll.c:994:gst_poll_fd_ctl_write: 0x24869e0: pfd->events now 60 (POLLOUT:4)
0:00:00.003819344  2772 0x247e320 DEBUG   GST_POLL gstpoll.c:980:gst_poll_fd_ctl_write: 0x24869e0: fd (fd:0, idx:1), active : 1
0:00:00.003826033  2772 0x247e320 LOG   GST_POLL gstpoll.c:994:gst_poll_fd_ctl_write: 0x24869e0: pfd->events now 60 (POLLOUT:4)
0:00:00.003832235  2772 0x247e320 DEBUG   GST_POLL gstpoll.c:980:gst_poll_fd_ctl_write: 0x24869e0: fd (fd:0, idx:1), active : 1
0:00:00.003837850  2772 0x247e320 LOG   GST_POLL gstpoll.c:994:gst_poll_fd_ctl_write: 0x24869e0: pfd->events now 60 (POLLOUT:4)
0:00:00.003843848  2772 0x247e320 DEBUG   GST_POLL gstpoll.c:980:gst_poll_fd_ctl_write: 0x24869e0: fd (fd:0, idx:1), active : 1
0:00:00.003849242  2772 0x247e320 LOG   GST_POLL gstpoll.c:994:gst_poll_fd_ctl_write: 0x24869e0: pfd->events now 60 (POLLOUT:4)
0:00:00.003855010  2772 0x247e320 DEBUG   GST_POLL gstpoll.c:980:gst_poll_fd_ctl_write: 0x24869e0: fd (fd:0, idx:1), active : 1
0:00:00.003860320  2772 0x247e320 LOG   GST_POLL gstpoll.c:994:gst_poll_fd_ctl_write: 0x24869e0: pfd->events now 60 (POLLOUT:4)
0:00:00.003869307  2772 0x247e320 DEBUG   GST_POLL gstpoll.c:980:gst_poll_fd_ctl_write: 0x24869e0: fd (fd:0, idx:1), active : 1
0:00:00.003876288  2772 0x247e320 LOG   GST_POLL gstpoll.c:994:gst_poll_fd_ctl_write: 0x24869e0: pfd->events now 60 (POLLOUT:4)
0:00:00.003882906  2772 0x247e320 DEBUG   GST_POLL gstpoll.c:980:gst_poll_fd_ctl_write: 0x24869e0: fd (fd:0, idx:1), active : 1
0:00:00.003888509  2772 0x247e320 LOG   GST_POLL gstpoll.c:994:gst_poll_fd_ctl_write: 0x24869e0: pfd->events now 60 (POLLOUT:4)
0:00:00.003894394  2772 0x247e320 DEBUG   GST_POLL gstpoll.c:980:gst_poll_fd_ctl_write: 0x24869e0: fd (fd:0, idx:1), active : 1
0:00:00.003899575  2772 0x247e320 LOG   GST_POLL gstpoll.c:994:gst_poll_fd_ctl_write: 0x24869e0: pfd->events now 60 (POLLOUT:4)
0:00:00.003905523  2772 0x247e320 DEBUG   GST_POLL gstpoll.c:980:gst_poll_fd_ctl_write: 0x24869e0: fd (fd:0, idx:1), active : 1
0:00:00.003910951  2772 0x247e320 LOG   GST_POLL gstpoll.c:994:gst_poll_fd_ctl_write: 0x24869e0: pfd->events now 60 (POLLOUT:4)
0:00:00.003921219  2772 0x247e320 TRACE   GST_REFCOUNTING gstobject.c:265:gst_object_unref: 0x2497ec0 unref 2->1
0:00:00.003930004  2772 0x247e320 DEBUG   GST_POLL gstpoll.c:1241:gst_poll_fd_has_error: 0x24869e0: fd (fd:0, idx:1) 0
0:00:00.003961107  2772 0x247e320 DEBUG   GST_POLL gstpoll.c:1335:gst_poll_fd_can_write: 0x24869e0: fd (fd:0, idx:1) 0
0:00:00.003968334  2772 0x247e320 DEBUG   GST_POLL gstpoll.c:1195:gst_poll_fd_has_closed: 0x24869e0: fd (fd:0, idx:1) 0
0:00:00.003975949  2772 0x247e320 DEBUG   GST_POLL gstpoll.c:1414:gst_poll_wait: 0x24869e0: timeout :0:00:01.000000000
0:00:00.003987586  2772 0x247e320 LOG   GST_PLUGIN_LOADING gstpluginloader.c:1027:exchange_packets: Poll res = 2. 488 bytes pending for write
0:00:00.003994398  2772 0x247e320 DEBUG   GST_POLL gstpoll.c:1241:gst_poll_fd_has_error: 0x24869e0: fd (fd:5, idx:2) 0
0:00:00.004003194  2772 0x247e320 DEBUG   GST_POLL gstpoll.c:1266:gst_poll_fd_can_read_unlocked: 0x24869e0: fd (fd:5, idx:2) 1
0:00:00.004015206  2772 0x247e320 DEBUG   GST_PLUGIN_LOADING gstpluginloader.c:721:do_plugin_load: Plugin scanner loading file /home/conan/w/prod/BuildSingleReference/.conan/data/gstreamer/1.19.1/_/_/package/bec7fecef66b28e957582014d79b970659fc2b7f/lib/gstreamer-1.0/libgstcoreelements.so. tag 1
0:00:00.004023935  2772 0x247e320 DEBUG   GST_PLUGIN_LOADING gstplugin.c:768:_priv_gst_plugin_load_file_for_registry: attempt to load plugin "/home/conan/w/prod/BuildSingleReference/.conan/data/gstreamer/1.19.1/_/_/package/bec7fecef66b28e957582014d79b970659fc2b7f/lib/gstreamer-1.0/libgstcoreelements.so"
0:00:00.004480843  2772 0x247e320 TRACE   GST_REFCOUNTING gstobject.c:208:gst_object_init: 0x249a270 new
0:00:00.004533119  2772 0x247e320 LOG   GST_PLUGIN_LOADING gstplugin.c:890:_priv_gst_plugin_load_file_for_registry: Plugin 0x249a270 for file "/home/conan/w/prod/BuildSingleReference/.conan/data/gstreamer/1.19.1/_/_/package/bec7fecef66b28e957582014d79b970659fc2b7f/lib/gstreamer-1.0/libgstcoreelements.so" prepared, calling entry function...
0:00:00.004551479  2772 0x247e320 LOG   GST_PLUGIN_LOADING gstplugin.c:897:_priv_gst_plugin_load_file_for_registry: Plugin 0x249a270 for file "/home/conan/w/prod/BuildSingleReference/.conan/data/gstreamer/1.19.1/_/_/package/bec7fecef66b28e957582014d79b970659fc2b7f/lib/gstreamer-1.0/libgstcoreelements.so" prepared, registering...
0:00:00.004559834  2772 0x247e320 LOG   GST_PLUGIN_LOADING gstplugin.c:514:gst_plugin_register_func: plugin "/home/conan/w/prod/BuildSingleReference/.conan/data/gstreamer/1.19.1/_/_/package/bec7fecef66b28e957582014d79b970659fc2b7f/lib/gstreamer-1.0/libgstcoreelements.so" looks good
0:00:00.004602263  2772 0x247e320 TRACE   GST_REFCOUNTING gstobject.c:208:gst_object_init: 0x249a720 new
0:00:00.004618168  2772 0x247e320 LOG   GST_ELEMENT_FACTORY gstelementfactory.c:238:gst_element_register: Created new elementfactory for type GstCapsFilter
0:00:00.004628001  2772 0x247e320 TRACE   structure gststructure.c:292:gst_structure_new_id_empty_with_size: created structure 0x249ada0
0:00:00.004637803  2772 0x247e320 TRACE   GST_PERFORMANCE gststructure.c:512:gst_structure_copy: doing copy 0x2484b60 -> 0x249ada0
0:00:00.004645598  2772 0x247e320 DEBUG   GST_ELEMENT_PADS gstelement.c:312:gst_element_base_class_init: type GstBaseTransform : factory (nil)
0:00:00.004652966  2772 0x247e320 DEBUG   basetransform gstbasetransform.c:333:gst_base_transform_class_init: gst_base_transform_class_init
0:00:00.004678623  2772 0x247e320 TRACE   structure gststructure.c:292:gst_structure_new_id_empty_with_size: created structure 0x249b210
0:00:00.004686229  2772 0x247e320 TRACE   GST_PERFORMANCE gststructure.c:512:gst_structure_copy: doing copy 0x249ada0 -> 0x249b210
0:00:00.004693473  2772 0x247e320 DEBUG   GST_ELEMENT_PADS gstelement.c:312:gst_element_base_class_init: type GstCapsFilter : factory 0x249a720
0:00:00.004716787  2772 0x247e320 TRACE   GST_CAPS gstcaps.c:263:gst_caps_new_empty: created caps 0x248dac0
0:00:00.004723891  2772 0x247e320 TRACE   GST_CAPS gstcaps.c:440:gst_static_caps_get: created 0x7fe7cd1d8f70 from string ANY
0:00:00.004731123  2772 0x247e320 TRACE   GST_REFCOUNTING gstminiobject.c:479:gst_mini_object_ref: 0x248dac0 ref 1->2
0:00:00.004761915  2772 0x247e320 TRACE   GST_REFCOUNTING gstobject.c:208:gst_object_init: 0x249bba0 new
0:00:00.004774855  2772 0x247e320 TRACE   GST_REFCOUNTING gstminiobject.c:479:gst_mini_object_ref: 0x248dac0 ref 2->3
0:00:00.004795919  2772 0x247e320 TRACE   GST_REFCOUNTING gstminiobject.c:661:gst_mini_object_unref: 0x248dac0 unref 3->2
0:00:00.004805463  2772 0x247e320 TRACE   GST_REFCOUNTING gstobject.c:294:gst_object_ref_sink: 0x249bba0 ref_sink 1->2
0:00:00.004812779  2772 0x247e320 TRACE   GST_CAPS gstcaps.c:263:gst_caps_new_empty: created caps 0x249b5e0
0:00:00.004819252  2772 0x247e320 TRACE   GST_CAPS gstcaps.c:440:gst_static_caps_get: created 0x7fe7cd1d8f30 from string ANY
0:00:00.004825765  2772 0x247e320 TRACE   GST_REFCOUNTING gstminiobject.c:479:gst_mini_object_ref: 0x249b5e0 ref 1->2
0:00:00.004835226  2772 0x247e320 TRACE   GST_REFCOUNTING gstobject.c:208:gst_object_init: 0x249bde0 new
0:00:00.004847525  2772 0x247e320 TRACE   GST_REFCOUNTING gstminiobject.c:479:gst_mini_object_ref: 0x249b5e0 ref 2->3
0:00:00.004857799  2772 0x247e320 TRACE   GST_REFCOUNTING gstminiobject.c:661:gst_mini_object_unref: 0x249b5e0 unref 3->2
0:00:00.004865540  2772 0x247e320 TRACE   GST_REFCOUNTING gstobject.c:294:gst_object_ref_sink: 0x249bde0 ref_sink 1->2
0:00:00.004876549  2772 0x247e320 TRACE   structure gststructure.c:292:gst_structure_new_id_empty_with_size: created structure 0x249c040
0:00:00.004884055  2772 0x247e320 TRACE   GST_PERFORMANCE gststructure.c:512:gst_structure_copy: doing copy 0x249b210 -> 0x249c040
0:00:00.004895387  2772 0x247e320 DEBUG   GST_REGISTRY gstregistry.c:590:gst_registry_add_feature: adding feature 0x249a720 (capsfilter)
0:00:00.004903932  2772 0x247e320 DEBUG   GST_REFCOUNTING gstobject.c:709:gst_object_set_parent: set parent (ref and sink)
0:00:00.004911176  2772 0x247e320 TRACE   GST_REFCOUNTING gstobject.c:294:gst_object_ref_sink: 0x249a720 ref_sink 1->2
0:00:00.004920868  2772 0x247e320 LOG   GST_REGISTRY gstregistry.c:608:gst_registry_add_feature: emitting feature-added for capsfilter
0:00:00.004941701  2772 0x247e320 TRACE   GST_REFCOUNTING gstobject.c:208:gst_object_init: 0x249c3e0 new
0:00:00.004953660  2772 0x247e320 LOG   GST_ELEMENT_FACTORY gstelementfactory.c:238:gst_element_register: Created new elementfactory for type GstClockSync
0:00:00.004961615  2772 0x247e320 TRACE   structure gststructure.c:292:gst_structure_new_id_empty_with_size: created structure 0x249c810
0:00:00.004967573  2772 0x247e320 TRACE   GST_PERFORMANCE gststructure.c:512:gst_structure_copy: doing copy 0x2484b60 -> 0x249c810
0:00:00.004974159  2772 0x247e320 DEBUG   GST_ELEMENT_PADS gstelement.c:312:gst_element_base_class_init: type GstClockSync : factory 0x249c3e0
0:00:00.004991721  2772 0x247e320 TRACE   GST_CAPS gstcaps.c:263:gst_caps_new_empty: created caps 0x249ca50
0:00:00.005000956  2772 0x247e320 TRACE   GST_CAPS gstcaps.c:440:gst_static_caps_get: created 0x7fe7cd1d8ff0 from string ANY
0:00:00.005008279  2772 0x247e320 TRACE   GST_REFCOUNTING gstminiobject.c:479:gst_mini_object_ref: 0x249ca50 ref 1->2
0:00:00.005018428  2772 0x247e320 TRACE   GST_REFCOUNTING gstobject.c:208:gst_object_init: 0x249cc60 new
0:00:00.005027450  2772 0x247e320 TRACE   GST_REFCOUNTING gstminiobject.c:479:gst_mini_object_ref: 0x249ca50 ref 2->3
0:00:00.005036444  2772 0x247e320 TRACE   GST_REFCOUNTING gstminiobject.c:661:gst_mini_object_unref: 0x249ca50 unref 3->2
0:00:00.005044059  2772 0x247e320 TRACE   GST_REFCOUNTING gstobject.c:294:gst_object_ref_sink: 0x249cc60 ref_sink 1->2
0:00:00.005050545  2772 0x247e320 TRACE   GST_CAPS gstcaps.c:263:gst_caps_new_empty: created caps 0x249c2d0
0:00:00.005056666  2772 0x247e320 TRACE   GST_CAPS gstcaps.c:440:gst_static_caps_get: created 0x7fe7cd1d8fb0 from string ANY
0:00:00.005065326  2772 0x247e320 TRACE   GST_REFCOUNTING gstminiobject.c:479:gst_mini_object_ref: 0x249c2d0 ref 1->2
0:00:00.005076316  2772 0x247e320 TRACE   GST_REFCOUNTING gstobject.c:208:gst_object_init: 0x249cd70 new
0:00:00.005089351  2772 0x247e320 TRACE   GST_REFCOUNTING gstminiobject.c:479:gst_mini_object_ref: 0x249c2d0 ref 2->3
0:00:00.005098881  2772 0x247e320 TRACE   GST_REFCOUNTING gstminiobject.c:661:gst_mini_object_unref: 0x249c2d0 unref 3->2
0:00:00.005106317  2772 0x247e320 TRACE   GST_REFCOUNTING gstobject.c:294:gst_object_ref_sink: 0x249cd70 ref_sink 1->2
0:00:00.005114416  2772 0x247e320 TRACE   structure gststructure.c:292:gst_structure_new_id_empty_with_size: created structure 0x249ce10
0:00:00.005121312  2772 0x247e320 TRACE   GST_PERFORMANCE gststructure.c:512:gst_structure_copy: doing copy 0x249c810 -> 0x249ce10
0:00:00.005134266  2772 0x247e320 DEBUG   GST_REGISTRY gstregistry.c:590:gst_registry_add_feature: adding feature 0x249c3e0 (clocksync)
0:00:00.005141680  2772 0x247e320 DEBUG   GST_REFCOUNTING gstobject.c:709:gst_object_set_parent: set parent (ref and sink)
0:00:00.005154026  2772 0x247e320 TRACE   GST_REFCOUNTING gstobject.c:294:gst_object_ref_sink: 0x249c3e0 ref_sink 1->2
0:00:00.005161172  2772 0x247e320 LOG   GST_REGISTRY gstregistry.c:608:gst_registry_add_feature: emitting feature-added for clocksync
0:00:00.005174154  2772 0x247e320 TRACE   GST_REFCOUNTING gstobject.c:208:gst_object_init: 0x249d2e0 new
0:00:00.005184510  2772 0x247e320 LOG   GST_ELEMENT_FACTORY gstelementfactory.c:238:gst_element_register: Created new elementfactory for type GstConcat
0:00:00.005192455  2772 0x247e320 TRACE   structure gststructure.c:292:gst_structure_new_id_empty_with_size: created structure 0x249d6c0
0:00:00.005201543  2772 0x247e320 TRACE   GST_PERFORMANCE gststructure.c:512:gst_structure_copy: doing copy 0x2484b60 -> 0x249d6c0
0:00:00.005209845  2772 0x247e320 DEBUG   GST_ELEMENT_PADS gstelement.c:312:gst_element_base_class_init: type GstConcat : factory 0x249d2e0
0:00:00.005226326  2772 0x247e320 TRACE   GST_CAPS gstcaps.c:263:gst_caps_new_empty: created caps 0x249d7f0
0:00:00.005233166  2772 0x247e320 TRACE   GST_CAPS gstcaps.c:440:gst_static_caps_get: created 0x7fe7cd1d9030 from string ANY
0:00:00.005239187  2772 0x247e320 TRACE   GST_REFCOUNTING gstminiobject.c:479:gst_mini_object_ref: 0x249d7f0 ref 1->2
0:00:00.005248116  2772 0x247e320 TRACE   GST_REFCOUNTING gstobject.c:208:gst_object_init: 0x249d940 new
0:00:00.005257079  2772 0x247e320 TRACE   GST_REFCOUNTING gstminiobject.c:479:gst_mini_object_ref: 0x249d7f0 ref 2->3
0:00:00.005265695  2772 0x247e320 TRACE   GST_REFCOUNTING gstminiobject.c:661:gst_mini_object_unref: 0x249d7f0 unref 3->2
0:00:00.005275704  2772 0x247e320 TRACE   GST_REFCOUNTING gstobject.c:294:gst_object_ref_sink: 0x249d940 ref_sink 1->2
0:00:00.005283579  2772 0x247e320 TRACE   GST_CAPS gstcaps.c:263:gst_caps_new_empty: created caps 0x249d8f0
0:00:00.005290226  2772 0x247e320 TRACE   GST_CAPS gstcaps.c:440:gst_static_caps_get: created 0x7fe7cd1d9070 from string ANY
0:00:00.005296710  2772 0x247e320 TRACE   GST_REFCOUNTING gstminiobject.c:479:gst_mini_object_ref: 0x249d8f0 ref 1->2
0:00:00.005305910  2772 0x247e320 TRACE   GST_REFCOUNTING gstobject.c:208:gst_object_init: 0x249d9e0 new
0:00:00.005322116  2772 0x247e320 TRACE   GST_REFCOUNTING gstminiobject.c:479:gst_mini_object_ref: 0x249d8f0 ref 2->3
0:00:00.005331045  2772 0x247e320 TRACE   GST_REFCOUNTING gstminiobject.c:661:gst_mini_object_unref: 0x249d8f0 unref 3->2
0:00:00.005340922  2772 0x247e320 TRACE   GST_REFCOUNTING gstobject.c:294:gst_object_ref_sink: 0x249d9e0 ref_sink 1->2
0:00:00.005351054  2772 0x247e320 TRACE   structure gststructure.c:292:gst_structure_new_id_empty_with_size: created structure 0x249db20
0:00:00.005358390  2772 0x247e320 TRACE   GST_PERFORMANCE gststructure.c:512:gst_structure_copy: doing copy 0x249d6c0 -> 0x249db20
0:00:00.005374103  2772 0x247e320 DEBUG   GST_REGISTRY gstregistry.c:590:gst_registry_add_feature: adding feature 0x249d2e0 (concat)
0:00:00.005380585  2772 0x247e320 DEBUG   GST_REFCOUNTING gstobject.c:709:gst_object_set_parent: set parent (ref and sink)
0:00:00.005399247  2772 0x247e320 TRACE   GST_REFCOUNTING gstobject.c:294:gst_object_ref_sink: 0x249d2e0 ref_sink 1->2
0:00:00.005409031  2772 0x247e320 LOG   GST_REGISTRY gstregistry.c:608:gst_registry_add_feature: emitting feature-added for concat
0:00:00.005431727  2772 0x247e320 TRACE   GST_REFCOUNTING gstobject.c:208:gst_object_init: 0x249e0e0 new
0:00:00.005443106  2772 0x247e320 LOG   GST_ELEMENT_FACTORY gstelementfactory.c:238:gst_element_register: Created new elementfactory for type GstDataURISrc
0:00:00.005451352  2772 0x247e320 TRACE   structure gststructure.c:292:gst_structure_new_id_empty_with_size: created structure 0x249e680
0:00:00.005457131  2772 0x247e320 TRACE   GST_PERFORMANCE gststructure.c:512:gst_structure_copy: doing copy 0x2484b60 -> 0x249e680
0:00:00.005466590  2772 0x247e320 DEBUG   GST_ELEMENT_PADS gstelement.c:312:gst_element_base_class_init: type GstBaseSrc : factory (nil)
0:00:00.005519712  2772 0x247e320 TRACE   structure gststructure.c:292:gst_structure_new_id_empty_with_size: created structure 0x24972c0
0:00:00.005532363  2772 0x247e320 TRACE   GST_PERFORMANCE gststructure.c:512:gst_structure_copy: doing copy 0x249e680 -> 0x24972c0
0:00:00.005542602  2772 0x247e320 DEBUG   GST_ELEMENT_PADS gstelement.c:312:gst_element_base_class_init: type GstDataURISrc : factory 0x249e0e0
0:00:00.005556353  2772 0x247e320 TRACE   GST_CAPS gstcaps.c:263:gst_caps_new_empty: created caps 0x249f510
0:00:00.005565971  2772 0x247e320 TRACE   GST_CAPS gstcaps.c:440:gst_static_caps_get: created 0x7fe7cd1d90b0 from string ANY
0:00:00.005573707  2772 0x247e320 TRACE   GST_REFCOUNTING gstminiobject.c:479:gst_mini_object_ref: 0x249f510 ref 1->2
0:00:00.005584081  2772 0x247e320 TRACE   GST_REFCOUNTING gstobject.c:208:gst_object_init: 0x249f560 new
0:00:00.005593446  2772 0x247e320 TRACE   GST_REFCOUNTING gstminiobject.c:479:gst_mini_object_ref: 0x249f510 ref 2->3
0:00:00.005602787  2772 0x247e320 TRACE   GST_REFCOUNTING gstminiobject.c:661:gst_mini_object_unref: 0x249f510 unref 3->2
0:00:00.005609886  2772 0x247e320 TRACE   GST_REFCOUNTING gstobject.c:294:gst_object_ref_sink: 0x249f560 ref_sink 1->2
0:00:00.005626434  2772 0x247e320 TRACE   structure gststructure.c:292:gst_structure_new_id_empty_with_size: created structure 0x249f710
0:00:00.005633266  2772 0x247e320 TRACE   GST_PERFORMANCE gststructure.c:512:gst_structure_copy: doing copy 0x24972c0 -> 0x249f710
0:00:00.005650411  2772 0x247e320 DEBUG   GST_REGISTRY gstregistry.c:590:gst_registry_add_feature: adding feature 0x249e0e0 (dataurisrc)
0:00:00.005658077  2772 0x247e320 DEBUG   GST_REFCOUNTING gstobject.c:709:gst_object_set_parent: set parent (ref and sink)
0:00:00.005670639  2772 0x247e320 TRACE   GST_REFCOUNTING gstobject.c:294:gst_object_ref_sink: 0x249e0e0 ref_sink 1->2
0:00:00.005677465  2772 0x247e320 LOG   GST_REGISTRY gstregistry.c:608:gst_registry_add_feature: emitting feature-added for dataurisrc
0:00:00.005692125  2772 0x247e320 TRACE   GST_REFCOUNTING gstobject.c:208:gst_object_init: 0x249fb90 new
0:00:00.005703181  2772 0x247e320 LOG   GST_ELEMENT_FACTORY gstelementfactory.c:238:gst_element_register: Created new elementfactory for type GstDownloadBuffer
0:00:00.005717721  2772 0x247e320 TRACE   structure gststructure.c:292:gst_structure_new_id_empty_with_size: created structure 0x24a00c0
0:00:00.005726173  2772 0x247e320 TRACE   GST_PERFORMANCE gststructure.c:512:gst_structure_copy: doing copy 0x2484b60 -> 0x24a00c0
0:00:00.005733782  2772 0x247e320 DEBUG   GST_ELEMENT_PADS gstelement.c:312:gst_element_base_class_init: type GstDownloadBuffer : factory 0x249fb90
0:00:00.005757720  2772 0x247e320 TRACE   GST_CAPS gstcaps.c:263:gst_caps_new_empty: created caps 0x249fe80
0:00:00.005764374  2772 0x247e320 TRACE   GST_CAPS gstcaps.c:440:gst_static_caps_get: created 0x7fe7cd1d9150 from string ANY
0:00:00.005770982  2772 0x247e320 TRACE   GST_REFCOUNTING gstminiobject.c:479:gst_mini_object_ref: 0x249fe80 ref 1->2
0:00:00.005780135  2772 0x247e320 TRACE   GST_REFCOUNTING gstobject.c:208:gst_object_init: 0x249fd00 new
0:00:00.005788767  2772 0x247e320 TRACE   GST_REFCOUNTING gstminiobject.c:479:gst_mini_object_ref: 0x249fe80 ref 2->3
0:00:00.005800910  2772 0x247e320 TRACE   GST_REFCOUNTING gstminiobject.c:661:gst_mini_object_unref: 0x249fe80 unref 3->2
0:00:00.005809528  2772 0x247e320 TRACE   GST_REFCOUNTING gstobject.c:294:gst_object_ref_sink: 0x249fd00 ref_sink 1->2
0:00:00.005816443  2772 0x247e320 TRACE   GST_CAPS gstcaps.c:263:gst_caps_new_empty: created caps 0x24a0620
0:00:00.005822492  2772 0x247e320 TRACE   GST_CAPS gstcaps.c:440:gst_static_caps_get: created 0x7fe7cd1d9110 from string ANY
0:00:00.005828358  2772 0x247e320 TRACE   GST_REFCOUNTING gstminiobject.c:479:gst_mini_object_ref: 0x24a0620 ref 1->2
0:00:00.005837101  2772 0x247e320 TRACE   GST_REFCOUNTING gstobject.c:208:gst_object_init: 0x24a0550 new
0:00:00.005844856  2772 0x247e320 TRACE   GST_REFCOUNTING gstminiobject.c:479:gst_mini_object_ref: 0x24a0620 ref 2->3
0:00:00.005852729  2772 0x247e320 TRACE   GST_REFCOUNTING gstminiobject.c:661:gst_mini_object_unref: 0x24a0620 unref 3->2
0:00:00.005862805  2772 0x247e320 TRACE   GST_REFCOUNTING gstobject.c:294:gst_object_ref_sink: 0x24a0550 ref_sink 1->2
0:00:00.005874530  2772 0x247e320 TRACE   structure gststructure.c:292:gst_structure_new_id_empty_with_size: created structure 0x24a07e0
0:00:00.005881972  2772 0x247e320 TRACE   GST_PERFORMANCE gststructure.c:512:gst_structure_copy: doing copy 0x24a00c0 -> 0x24a07e0
0:00:00.005896613  2772 0x247e320 DEBUG   GST_REGISTRY gstregistry.c:590:gst_registry_add_feature: adding feature 0x249fb90 (downloadbuffer)
0:00:00.005903106  2772 0x247e320 DEBUG   GST_REFCOUNTING gstobject.c:709:gst_object_set_parent: set parent (ref and sink)
0:00:00.005910072  2772 0x247e320 TRACE   GST_REFCOUNTING gstobject.c:294:gst_object_ref_sink: 0x249fb90 ref_sink 1->2
0:00:00.005916765  2772 0x247e320 LOG   GST_REGISTRY gstregistry.c:608:gst_registry_add_feature: emitting feature-added for downloadbuffer
0:00:00.005931688  2772 0x247e320 TRACE   GST_REFCOUNTING gstobject.c:208:gst_object_init: 0x24a0bd0 new
0:00:00.005944695  2772 0x247e320 LOG   GST_ELEMENT_FACTORY gstelementfactory.c:238:gst_element_register: Created new elementfactory for type GstFakeSrc
0:00:00.005956832  2772 0x247e320 TRACE   structure gststructure.c:292:gst_structure_new_id_empty_with_size: created structure 0x24a1270
0:00:00.005962743  2772 0x247e320 TRACE   GST_PERFORMANCE gststructure.c:512:gst_structure_copy: doing copy 0x249e680 -> 0x24a1270
0:00:00.005969556  2772 0x247e320 DEBUG   GST_ELEMENT_PADS gstelement.c:312:gst_element_base_class_init: type GstFakeSrc : factory 0x24a0bd0
0:00:00.006033088  2772 0x247e320 TRACE   GST_CAPS gstcaps.c:263:gst_caps_new_empty: created caps 0x24a1fe0
0:00:00.006043009  2772 0x247e320 TRACE   GST_CAPS gstcaps.c:440:gst_static_caps_get: created 0x7fe7cd1d91d0 from string ANY
0:00:00.006050588  2772 0x247e320 TRACE   GST_REFCOUNTING gstminiobject.c:479:gst_mini_object_ref: 0x24a1fe0 ref 1->2
0:00:00.006060864  2772 0x247e320 TRACE   GST_REFCOUNTING gstobject.c:208:gst_object_init: 0x24a2160 new
0:00:00.006069991  2772 0x247e320 TRACE   GST_REFCOUNTING gstminiobject.c:479:gst_mini_object_ref: 0x24a1fe0 ref 2->3
0:00:00.006078652  2772 0x247e320 TRACE   GST_REFCOUNTING gstminiobject.c:661:gst_mini_object_unref: 0x24a1fe0 unref 3->2
0:00:00.006085742  2772 0x247e320 TRACE   GST_REFCOUNTING gstobject.c:294:gst_object_ref_sink: 0x24a2160 ref_sink 1->2
0:00:00.006096362  2772 0x247e320 TRACE   structure gststructure.c:292:gst_structure_new_id_empty_with_size: created structure 0x24a23c0
0:00:00.006103286  2772 0x247e320 TRACE   GST_PERFORMANCE gststructure.c:512:gst_structure_copy: doing copy 0x24a1270 -> 0x24a23c0
0:00:00.006115703  2772 0x247e320 DEBUG   GST_REGISTRY gstregistry.c:590:gst_registry_add_feature: adding feature 0x24a0bd0 (fakesrc)
0:00:00.006123126  2772 0x247e320 DEBUG   GST_REFCOUNTING gstobject.c:709:gst_object_set_parent: set parent (ref and sink)
0:00:00.006130367  2772 0x247e320 TRACE   GST_REFCOUNTING gstobject.c:294:gst_object_ref_sink: 0x24a0bd0 ref_sink 1->2
0:00:00.006137166  2772 0x247e320 LOG   GST_REGISTRY gstregistry.c:608:gst_registry_add_feature: emitting feature-added for fakesrc
0:00:00.006174769  2772 0x247e320 TRACE   GST_REFCOUNTING gstobject.c:208:gst_object_init: 0x24a2720 new
0:00:00.006187890  2772 0x247e320 LOG   GST_ELEMENT_FACTORY gstelementfactory.c:238:gst_element_register: Created new elementfactory for type GstFakeSink
0:00:00.006196084  2772 0x247e320 TRACE   structure gststructure.c:292:gst_structure_new_id_empty_with_size: created structure 0x24a2db0
0:00:00.006205518  2772 0x247e320 TRACE   GST_PERFORMANCE gststructure.c:512:gst_structure_copy: doing copy 0x2484b60 -> 0x24a2db0
0:00:00.006212459  2772 0x247e320 DEBUG   GST_ELEMENT_PADS gstelement.c:312:gst_element_base_class_init: type GstBaseSink : factory (nil)
0:00:00.006255105  2772 0x247e320 TRACE   structure gststructure.c:292:gst_structure_new_id_empty_with_size: created structure 0x24a3a60
0:00:00.006264223  2772 0x247e320 TRACE   GST_PERFORMANCE gststructure.c:512:gst_structure_copy: doing copy 0x24a2db0 -> 0x24a3a60
0:00:00.006272345  2772 0x247e320 DEBUG   GST_ELEMENT_PADS gstelement.c:312:gst_element_base_class_init: type GstFakeSink : factory 0x24a2720
0:00:00.006320373  2772 0x247e320 TRACE   GST_CAPS gstcaps.c:263:gst_caps_new_empty: created caps 0x24a4330
0:00:00.006328490  2772 0x247e320 TRACE   GST_CAPS gstcaps.c:440:gst_static_caps_get: created 0x7fe7cd1d9190 from string ANY
0:00:00.006334770  2772 0x247e320 TRACE   GST_REFCOUNTING gstminiobject.c:479:gst_mini_object_ref: 0x24a4330 ref 1->2
0:00:00.006344598  2772 0x247e320 TRACE   GST_REFCOUNTING gstobject.c:208:gst_object_init: 0x24a4620 new
0:00:00.006356286  2772 0x247e320 TRACE   GST_REFCOUNTING gstminiobject.c:479:gst_mini_object_ref: 0x24a4330 ref 2->3
0:00:00.006366285  2772 0x247e320 TRACE   GST_REFCOUNTING gstminiobject.c:661:gst_mini_object_unref: 0x24a4330 unref 3->2
0:00:00.006373897  2772 0x247e320 TRACE   GST_REFCOUNTING gstobject.c:294:gst_object_ref_sink: 0x24a4620 ref_sink 1->2
0:00:00.006383667  2772 0x247e320 TRACE   structure gststructure.c:292:gst_structure_new_id_empty_with_size: created structure 0x24a47b0
0:00:00.006390229  2772 0x247e320 TRACE   GST_PERFORMANCE gststructure.c:512:gst_structure_copy: doing copy 0x24a3a60 -> 0x24a47b0
0:00:00.006399284  2772 0x247e320 DEBUG   GST_REGISTRY gstregistry.c:590:gst_registry_add_feature: adding feature 0x24a2720 (fakesink)
0:00:00.006405139  2772 0x247e320 DEBUG   GST_REFCOUNTING gstobject.c:709:gst_object_set_parent: set parent (ref and sink)
0:00:00.006411251  2772 0x247e320 TRACE   GST_REFCOUNTING gstobject.c:294:gst_object_ref_sink: 0x24a2720 ref_sink 1->2
0:00:00.006420355  2772 0x247e320 LOG   GST_REGISTRY gstregistry.c:608:gst_registry_add_feature: emitting feature-added for fakesink
0:00:00.006440638  2772 0x247e320 TRACE   GST_REFCOUNTING gstobject.c:208:gst_object_init: 0x24a4d50 new
0:00:00.006454738  2772 0x247e320 LOG   GST_ELEMENT_FACTORY gstelementfactory.c:238:gst_element_register: Created new elementfactory for type GstFdSrc
0:00:00.006467614  2772 0x247e320 TRACE   structure gststructure.c:292:gst_structure_new_id_empty_with_size: created structure 0x24a5310
0:00:00.006473073  2772 0x247e320 TRACE   GST_PERFORMANCE gststructure.c:512:gst_structure_copy: doing copy 0x249e680 -> 0x24a5310
0:00:00.006481848  2772 0x247e320 DEBUG   GST_ELEMENT_PADS gstelement.c:312:gst_element_base_class_init: type GstPushSrc : factory (nil)
0:00:00.006491639  2772 0x247e320 TRACE   structure gststructure.c:292:gst_structure_new_id_empty_with_size: created structure 0x24a57b0
0:00:00.006497235  2772 0x247e320 TRACE   GST_PERFORMANCE gststructure.c:512:gst_structure_copy: doing copy 0x24a5310 -> 0x24a57b0
0:00:00.006589248  2772 0x247e320 DEBUG   GST_ELEMENT_PADS gstelement.c:312:gst_element_base_class_init: type GstFdSrc : factory 0x24a4d50
0:00:00.006606245  2772 0x247e320 TRACE   GST_CAPS gstcaps.c:263:gst_caps_new_empty: created caps 0x24a4ee0
0:00:00.006612643  2772 0x247e320 TRACE   GST_CAPS gstcaps.c:440:gst_static_caps_get: created 0x7fe7cd1d9270 from string ANY
0:00:00.006621874  2772 0x247e320 TRACE   GST_REFCOUNTING gstminiobject.c:479:gst_mini_object_ref: 0x24a4ee0 ref 1->2
0:00:00.006633745  2772 0x247e320 TRACE   GST_REFCOUNTING gstobject.c:208:gst_object_init: 0x24a5ad0 new
0:00:00.006643680  2772 0x247e320 TRACE   GST_REFCOUNTING gstminiobject.c:479:gst_mini_object_ref: 0x24a4ee0 ref 2->3
0:00:00.006652396  2772 0x247e320 TRACE   GST_REFCOUNTING gstminiobject.c:661:gst_mini_object_unref: 0x24a4ee0 unref 3->2
0:00:00.006659563  2772 0x247e320 TRACE   GST_REFCOUNTING gstobject.c:294:gst_object_ref_sink: 0x24a5ad0 ref_sink 1->2
0:00:00.006688690  2772 0x247e320 TRACE   structure gststructure.c:292:gst_structure_new_id_empty_with_size: created structure 0x249eac0
0:00:00.006696004  2772 0x247e320 TRACE   GST_PERFORMANCE gststructure.c:512:gst_structure_copy: doing copy 0x24a57b0 -> 0x249eac0
0:00:00.006710682  2772 0x247e320 DEBUG   GST_REGISTRY gstregistry.c:590:gst_registry_add_feature: adding feature 0x24a4d50 (fdsrc)
0:00:00.006718085  2772 0x247e320 DEBUG   GST_REFCOUNTING gstobject.c:709:gst_object_set_parent: set parent (ref and sink)
0:00:00.006725370  2772 0x247e320 TRACE   GST_REFCOUNTING gstobject.c:294:gst_object_ref_sink: 0x24a4d50 ref_sink 1->2
0:00:00.006731869  2772 0x247e320 LOG   GST_REGISTRY gstregistry.c:608:gst_registry_add_feature: emitting feature-added for fdsrc
0:00:00.006748060  2772 0x247e320 TRACE   GST_REFCOUNTING gstobject.c:208:gst_object_init: 0x249eea0 new
0:00:00.006758856  2772 0x247e320 LOG   GST_ELEMENT_FACTORY gstelementfactory.c:238:gst_element_register: Created new elementfactory for type GstFdSink
0:00:00.006770804  2772 0x247e320 TRACE   structure gststructure.c:292:gst_structure_new_id_empty_with_size: created structure 0x249f230
0:00:00.006778946  2772 0x247e320 TRACE   GST_PERFORMANCE gststructure.c:512:gst_structure_copy: doing copy 0x24a2db0 -> 0x249f230
0:00:00.006792302  2772 0x247e320 DEBUG   GST_ELEMENT_PADS gstelement.c:312:gst_element_base_class_init: type GstFdSink : factory 0x249eea0
0:00:00.006802148  2772 0x247e320 TRACE   GST_CAPS gstcaps.c:263:gst_caps_new_empty: created caps 0x249f1e0
0:00:00.006808237  2772 0x247e320 TRACE   GST_CAPS gstcaps.c:440:gst_static_caps_get: created 0x7fe7cd1d9210 from string ANY
0:00:00.006813990  2772 0x247e320 TRACE   GST_REFCOUNTING gstminiobject.c:479:gst_mini_object_ref: 0x249f1e0 ref 1->2
0:00:00.006823192  2772 0x247e320 TRACE   GST_REFCOUNTING gstobject.c:208:gst_object_init: 0x24a72c0 new
0:00:00.006831781  2772 0x247e320 TRACE   GST_REFCOUNTING gstminiobject.c:479:gst_mini_object_ref: 0x249f1e0 ref 2->3
0:00:00.006843342  2772 0x247e320 TRACE   GST_REFCOUNTING gstminiobject.c:661:gst_mini_object_unref: 0x249f1e0 unref 3->2
0:00:00.006851591  2772 0x247e320 TRACE   GST_REFCOUNTING gstobject.c:294:gst_object_ref_sink: 0x24a72c0 ref_sink 1->2
0:00:00.006867006  2772 0x247e320 TRACE   structure gststructure.c:292:gst_structure_new_id_empty_with_size: created structure 0x24a73e0
0:00:00.006873765  2772 0x247e320 TRACE   GST_PERFORMANCE gststructure.c:512:gst_structure_copy: doing copy 0x249f230 -> 0x24a73e0
0:00:00.006883294  2772 0x247e320 DEBUG   GST_REGISTRY gstregistry.c:590:gst_registry_add_feature: adding feature 0x249eea0 (fdsink)
0:00:00.006891278  2772 0x247e320 DEBUG   GST_REFCOUNTING gstobject.c:709:gst_object_set_parent: set parent (ref and sink)
0:00:00.006897942  2772 0x247e320 TRACE   GST_REFCOUNTING gstobject.c:294:gst_object_ref_sink: 0x249eea0 ref_sink 1->2
