0:00:00.022198642  2771 0xbb9390 DEBUG   GST_REGISTRY gstregistrychunks.c:526:gst_registry_chunks_load_pad_template: Reading/casting for GstRegistryChunkPadTemplate at address 0xbd5948
0:00:00.017026538  2772 0x247e320 DEBUG   GST_POLL gstpoll.c:980:gst_poll_fd_ctl_write: 0x24869e0: fd (fd:0, idx:1), active : 1
0:00:00.022205839  2771 0xbb9390 DEBUG   GST_REGISTRY gstregistrychunks.c:539:gst_registry_chunks_load_pad_template: Added pad_template src
0:00:00.017033563  2772 0x247e320 LOG   GST_POLL gstpoll.c:994:gst_poll_fd_ctl_write: 0x24869e0: pfd->events now 60 (POLLOUT:4)
0:00:00.017041019  2772 0x247e320 DEBUG   GST_POLL gstpoll.c:980:gst_poll_fd_ctl_write: 0x24869e0: fd (fd:0, idx:1), active : 1
0:00:00.022218631  2771 0xbb9390 DEBUG   GST_REGISTRY gstregistry.c:590:gst_registry_add_feature: adding feature 0xbd84f0 (identity)
0:00:00.017046843  2772 0x247e320 LOG   GST_POLL gstpoll.c:994:gst_poll_fd_ctl_write: 0x24869e0: pfd->events now 60 (POLLOUT:4)
0:00:00.022227439  2771 0xbb9390 DEBUG   GST_REFCOUNTING gstobject.c:709:gst_object_set_parent: set parent (ref and sink)
0:00:00.017053470  2772 0x247e320 DEBUG   GST_POLL gstpoll.c:980:gst_poll_fd_ctl_write: 0x24869e0: fd (fd:0, idx:1), active : 1
0:00:00.017060148  2772 0x247e320 LOG   GST_POLL gstpoll.c:994:gst_poll_fd_ctl_write: 0x24869e0: pfd->events now 60 (POLLOUT:4)
0:00:00.022236866  2771 0xbb9390 TRACE   GST_REFCOUNTING gstobject.c:294:gst_object_ref_sink: 0xbd84f0 ref_sink 1->2
0:00:00.017075512  2772 0x247e320 DEBUG   GST_POLL gstpoll.c:980:gst_poll_fd_ctl_write: 0x24869e0: fd (fd:0, idx:1), active : 1
0:00:00.022255653  2771 0xbb9390 LOG   GST_REGISTRY gstregistry.c:608:gst_registry_add_feature: emitting feature-added for identity
0:00:00.017084462  2772 0x247e320 LOG   GST_POLL gstpoll.c:994:gst_poll_fd_ctl_write: 0x24869e0: pfd->events now 60 (POLLOUT:4)
0:00:00.022263894  2771 0xbb9390 DEBUG   GST_REGISTRY gstregistrychunks.c:741:gst_registry_chunks_load_feature: Added feature identity, plugin 0xbd3240 coreelements
0:00:00.017092316  2772 0x247e320 DEBUG   GST_POLL gstpoll.c:980:gst_poll_fd_ctl_write: 0x24869e0: fd (fd:0, idx:1), active : 1
0:00:00.022272758  2771 0xbb9390 DEBUG   GST_REGISTRY gstregistrychunks.c:583:gst_registry_chunks_load_feature: Plugin 'coreelements' feature 'funnel' typename : 'GstElementFactory'
0:00:00.017099481  2772 0x247e320 LOG   GST_POLL gstpoll.c:994:gst_poll_fd_ctl_write: 0x24869e0: pfd->events now 60 (POLLOUT:4)
0:00:00.022283087  2771 0xbb9390 TRACE   GST_REFCOUNTING gstobject.c:208:gst_object_init: 0xbd8df0 new
0:00:00.017106406  2772 0x247e320 DEBUG   GST_POLL gstpoll.c:980:gst_poll_fd_ctl_write: 0x24869e0: fd (fd:0, idx:1), active : 1
0:00:00.017114816  2772 0x247e320 LOG   GST_POLL gstpoll.c:994:gst_poll_fd_ctl_write: 0x24869e0: pfd->events now 60 (POLLOUT:4)
0:00:00.022292622  2771 0xbb9390 LOG   GST_REGISTRY gstregistrychunks.c:610:gst_registry_chunks_load_feature: Reading/casting for GstRegistryChunkElementFactory at address 0xbd5978
0:00:00.017121185  2772 0x247e320 DEBUG   GST_POLL gstpoll.c:980:gst_poll_fd_ctl_write: 0x24869e0: fd (fd:0, idx:1), active : 1
0:00:00.017127389  2772 0x247e320 LOG   GST_POLL gstpoll.c:994:gst_poll_fd_ctl_write: 0x24869e0: pfd->events now 60 (POLLOUT:4)
0:00:00.022308088  2771 0xbb9390 TRACE   structure gststructure.c:292:gst_structure_new_id_empty_with_size: created structure 0xbd8fb0
0:00:00.017133299  2772 0x247e320 DEBUG   GST_POLL gstpoll.c:980:gst_poll_fd_ctl_write: 0x24869e0: fd (fd:0, idx:1), active : 1
0:00:00.022316456  2771 0xbb9390 DEBUG   structure gststructure.c:2258:gst_structure_parse_field: trying field name 'long-name'
0:00:00.017142703  2772 0x247e320 LOG   GST_POLL gstpoll.c:994:gst_poll_fd_ctl_write: 0x24869e0: pfd->events now 60 (POLLOUT:4)
0:00:00.022323241  2771 0xbb9390 DEBUG   default gstvalue.c:2776:_priv_gst_value_parse_value: trying type name 'string'
0:00:00.017150759  2772 0x247e320 DEBUG   GST_POLL gstpoll.c:980:gst_poll_fd_ctl_write: 0x24869e0: fd (fd:0, idx:1), active : 1
0:00:00.022331309  2771 0xbb9390 DEBUG   structure gststructure.c:2258:gst_structure_parse_field: trying field name 'klass'
0:00:00.017157089  2772 0x247e320 LOG   GST_POLL gstpoll.c:994:gst_poll_fd_ctl_write: 0x24869e0: pfd->events now 60 (POLLOUT:4)
0:00:00.022337017  2771 0xbb9390 DEBUG   default gstvalue.c:2776:_priv_gst_value_parse_value: trying type name 'string'
0:00:00.017168838  2772 0x247e320 DEBUG   GST_POLL gstpoll.c:980:gst_poll_fd_ctl_write: 0x24869e0: fd (fd:0, idx:1), active : 1
0:00:00.022348818  2771 0xbb9390 DEBUG   structure gststructure.c:2258:gst_structure_parse_field: trying field name 'description'
0:00:00.017175330  2772 0x247e320 LOG   GST_POLL gstpoll.c:994:gst_poll_fd_ctl_write: 0x24869e0: pfd->events now 60 (POLLOUT:4)
0:00:00.022355118  2771 0xbb9390 DEBUG   default gstvalue.c:2776:_priv_gst_value_parse_value: trying type name 'string'
0:00:00.017181699  2772 0x247e320 DEBUG   GST_POLL gstpoll.c:980:gst_poll_fd_ctl_write: 0x24869e0: fd (fd:0, idx:1), active : 1
0:00:00.017187631  2772 0x247e320 LOG   GST_POLL gstpoll.c:994:gst_poll_fd_ctl_write: 0x24869e0: pfd->events now 60 (POLLOUT:4)
0:00:00.022364890  2771 0xbb9390 DEBUG   structure gststructure.c:2258:gst_structure_parse_field: trying field name 'author'
0:00:00.017193463  2772 0x247e320 DEBUG   GST_POLL gstpoll.c:980:gst_poll_fd_ctl_write: 0x24869e0: fd (fd:0, idx:1), active : 1
0:00:00.022373330  2771 0xbb9390 DEBUG   default gstvalue.c:2776:_priv_gst_value_parse_value: trying type name 'string'
0:00:00.017202048  2772 0x247e320 LOG   GST_POLL gstpoll.c:994:gst_poll_fd_ctl_write: 0x24869e0: pfd->events now 60 (POLLOUT:4)
0:00:00.022381878  2771 0xbb9390 DEBUG   GST_REGISTRY gstregistrychunks.c:626:gst_registry_chunks_load_feature: Element factory : npadtemplates=2
0:00:00.017209646  2772 0x247e320 DEBUG   GST_POLL gstpoll.c:980:gst_poll_fd_ctl_write: 0x24869e0: fd (fd:0, idx:1), active : 1
0:00:00.022388644  2771 0xbb9390 DEBUG   GST_REGISTRY gstregistrychunks.c:526:gst_registry_chunks_load_pad_template: Reading/casting for GstRegistryChunkPadTemplate at address 0xbd5a50
0:00:00.017216612  2772 0x247e320 LOG   GST_POLL gstpoll.c:994:gst_poll_fd_ctl_write: 0x24869e0: pfd->events now 60 (POLLOUT:4)
0:00:00.022396465  2771 0xbb9390 DEBUG   GST_REGISTRY gstregistrychunks.c:539:gst_registry_chunks_load_pad_template: Added pad_template src
0:00:00.017223740  2772 0x247e320 DEBUG   GST_POLL gstpoll.c:980:gst_poll_fd_ctl_write: 0x24869e0: fd (fd:0, idx:1), active : 1
0:00:00.022403006  2771 0xbb9390 DEBUG   GST_REGISTRY gstregistrychunks.c:526:gst_registry_chunks_load_pad_template: Reading/casting for GstRegistryChunkPadTemplate at address 0xbd5a60
0:00:00.017230507  2772 0x247e320 LOG   GST_POLL gstpoll.c:994:gst_poll_fd_ctl_write: 0x24869e0: pfd->events now 60 (POLLOUT:4)
0:00:00.022410576  2771 0xbb9390 DEBUG   GST_REGISTRY gstregistrychunks.c:539:gst_registry_chunks_load_pad_template: Added pad_template sink_%u
0:00:00.017236890  2772 0x247e320 DEBUG   GST_POLL gstpoll.c:980:gst_poll_fd_ctl_write: 0x24869e0: fd (fd:0, idx:1), active : 1
0:00:00.022420007  2771 0xbb9390 DEBUG   GST_REGISTRY gstregistry.c:590:gst_registry_add_feature: adding feature 0xbd8df0 (funnel)
0:00:00.017242993  2772 0x247e320 LOG   GST_POLL gstpoll.c:994:gst_poll_fd_ctl_write: 0x24869e0: pfd->events now 60 (POLLOUT:4)
0:00:00.022438480  2771 0xbb9390 DEBUG   GST_REFCOUNTING gstobject.c:709:gst_object_set_parent: set parent (ref and sink)
0:00:00.017262524  2772 0x247e320 DEBUG   GST_POLL gstpoll.c:980:gst_poll_fd_ctl_write: 0x24869e0: fd (fd:0, idx:1), active : 1
0:00:00.022449247  2771 0xbb9390 TRACE   GST_REFCOUNTING gstobject.c:294:gst_object_ref_sink: 0xbd8df0 ref_sink 1->2
0:00:00.017273684  2772 0x247e320 LOG   GST_POLL gstpoll.c:994:gst_poll_fd_ctl_write: 0x24869e0: pfd->events now 60 (POLLOUT:4)
0:00:00.022457367  2771 0xbb9390 LOG   GST_REGISTRY gstregistry.c:608:gst_registry_add_feature: emitting feature-added for funnel
0:00:00.017282066  2772 0x247e320 DEBUG   GST_POLL gstpoll.c:980:gst_poll_fd_ctl_write: 0x24869e0: fd (fd:0, idx:1), active : 1
0:00:00.022465042  2771 0xbb9390 DEBUG   GST_REGISTRY gstregistrychunks.c:741:gst_registry_chunks_load_feature: Added feature funnel, plugin 0xbd3240 coreelements
0:00:00.017288508  2772 0x247e320 LOG   GST_POLL gstpoll.c:994:gst_poll_fd_ctl_write: 0x24869e0: pfd->events now 60 (POLLOUT:4)
0:00:00.022472929  2771 0xbb9390 DEBUG   GST_REGISTRY gstregistrychunks.c:583:gst_registry_chunks_load_feature: Plugin 'coreelements' feature 'filesrc' typename : 'GstElementFactory'
0:00:00.017296562  2772 0x247e320 DEBUG   GST_POLL gstpoll.c:980:gst_poll_fd_ctl_write: 0x24869e0: fd (fd:0, idx:1), active : 1
0:00:00.017303981  2772 0x247e320 LOG   GST_POLL gstpoll.c:994:gst_poll_fd_ctl_write: 0x24869e0: pfd->events now 60 (POLLOUT:4)
0:00:00.022482391  2771 0xbb9390 TRACE   GST_REFCOUNTING gstobject.c:208:gst_object_init: 0xbd9290 new
0:00:00.017310658  2772 0x247e320 DEBUG   GST_POLL gstpoll.c:980:gst_poll_fd_ctl_write: 0x24869e0: fd (fd:0, idx:1), active : 1
0:00:00.022492388  2771 0xbb9390 LOG   GST_REGISTRY gstregistrychunks.c:610:gst_registry_chunks_load_feature: Reading/casting for GstRegistryChunkElementFactory at address 0xbd5a90
0:00:00.017321951  2772 0x247e320 LOG   GST_POLL gstpoll.c:994:gst_poll_fd_ctl_write: 0x24869e0: pfd->events now 60 (POLLOUT:4)
0:00:00.022502512  2771 0xbb9390 TRACE   structure gststructure.c:292:gst_structure_new_id_empty_with_size: created structure 0xbd9450
0:00:00.017328751  2772 0x247e320 DEBUG   GST_POLL gstpoll.c:980:gst_poll_fd_ctl_write: 0x24869e0: fd (fd:0, idx:1), active : 1
0:00:00.022511133  2771 0xbb9390 DEBUG   structure gststructure.c:2258:gst_structure_parse_field: trying field name 'long-name'
0:00:00.017336896  2772 0x247e320 LOG   GST_POLL gstpoll.c:994:gst_poll_fd_ctl_write: 0x24869e0: pfd->events now 60 (POLLOUT:4)
0:00:00.022518504  2771 0xbb9390 DEBUG   default gstvalue.c:2776:_priv_gst_value_parse_value: trying type name 'string'
0:00:00.017344483  2772 0x247e320 DEBUG   GST_POLL gstpoll.c:980:gst_poll_fd_ctl_write: 0x24869e0: fd (fd:0, idx:1), active : 1
0:00:00.022526346  2771 0xbb9390 DEBUG   structure gststructure.c:2258:gst_structure_parse_field: trying field name 'klass'
0:00:00.017350927  2772 0x247e320 LOG   GST_POLL gstpoll.c:994:gst_poll_fd_ctl_write: 0x24869e0: pfd->events now 60 (POLLOUT:4)
0:00:00.022538518  2771 0xbb9390 DEBUG   default gstvalue.c:2776:_priv_gst_value_parse_value: trying type name 'string'
0:00:00.017363882  2772 0x247e320 DEBUG   GST_POLL gstpoll.c:980:gst_poll_fd_ctl_write: 0x24869e0: fd (fd:0, idx:1), active : 1
0:00:00.022545986  2771 0xbb9390 DEBUG   structure gststructure.c:2258:gst_structure_parse_field: trying field name 'description'
0:00:00.017370479  2772 0x247e320 LOG   GST_POLL gstpoll.c:994:gst_poll_fd_ctl_write: 0x24869e0: pfd->events now 60 (POLLOUT:4)
0:00:00.022552294  2771 0xbb9390 DEBUG   default gstvalue.c:2776:_priv_gst_value_parse_value: trying type name 'string'
0:00:00.017377278  2772 0x247e320 DEBUG   GST_POLL gstpoll.c:980:gst_poll_fd_ctl_write: 0x24869e0: fd (fd:0, idx:1), active : 1
0:00:00.022560209  2771 0xbb9390 DEBUG   structure gststructure.c:2258:gst_structure_parse_field: trying field name 'author'
0:00:00.017383658  2772 0x247e320 LOG   GST_POLL gstpoll.c:994:gst_poll_fd_ctl_write: 0x24869e0: pfd->events now 60 (POLLOUT:4)
0:00:00.022567033  2771 0xbb9390 DEBUG   default gstvalue.c:2776:_priv_gst_value_parse_value: trying type name 'string'
0:00:00.017392488  2772 0x247e320 DEBUG   GST_POLL gstpoll.c:980:gst_poll_fd_ctl_write: 0x24869e0: fd (fd:0, idx:1), active : 1
0:00:00.022577370  2771 0xbb9390 DEBUG   GST_REGISTRY gstregistrychunks.c:626:gst_registry_chunks_load_feature: Element factory : npadtemplates=1
0:00:00.017401525  2772 0x247e320 LOG   GST_POLL gstpoll.c:994:gst_poll_fd_ctl_write: 0x24869e0: pfd->events now 60 (POLLOUT:4)
0:00:00.022584979  2771 0xbb9390 DEBUG   GST_REGISTRY gstregistrychunks.c:526:gst_registry_chunks_load_pad_template: Reading/casting for GstRegistryChunkPadTemplate at address 0xbd5b70
0:00:00.017410345  2772 0x247e320 DEBUG   GST_POLL gstpoll.c:980:gst_poll_fd_ctl_write: 0x24869e0: fd (fd:0, idx:1), active : 1
0:00:00.022592189  2771 0xbb9390 DEBUG   GST_REGISTRY gstregistrychunks.c:539:gst_registry_chunks_load_pad_template: Added pad_template src
0:00:00.017416616  2772 0x247e320 LOG   GST_POLL gstpoll.c:994:gst_poll_fd_ctl_write: 0x24869e0: pfd->events now 60 (POLLOUT:4)
0:00:00.022599564  2771 0xbb9390 DEBUG   GST_REGISTRY gstregistrychunks.c:639:gst_registry_chunks_load_feature: Reading 1 UriTypes at address 0xbd5b80
0:00:00.017423606  2772 0x247e320 DEBUG   GST_POLL gstpoll.c:980:gst_poll_fd_ctl_write: 0x24869e0: fd (fd:0, idx:1), active : 1
0:00:00.022607067  2771 0xbb9390 DEBUG   GST_REGISTRY gstregistrychunks.c:654:gst_registry_chunks_load_feature: Reading 1 Interfaces at address 0xbd5b89
0:00:00.017430596  2772 0x247e320 LOG   GST_POLL gstpoll.c:994:gst_poll_fd_ctl_write: 0x24869e0: pfd->events now 60 (POLLOUT:4)
0:00:00.017438680  2772 0x247e320 DEBUG   GST_POLL gstpoll.c:980:gst_poll_fd_ctl_write: 0x24869e0: fd (fd:0, idx:1), active : 1
0:00:00.022616690  2771 0xbb9390 DEBUG   GST_REGISTRY gstregistry.c:590:gst_registry_add_feature: adding feature 0xbd9290 (filesrc)
0:00:00.017450427  2772 0x247e320 LOG   GST_POLL gstpoll.c:994:gst_poll_fd_ctl_write: 0x24869e0: pfd->events now 60 (POLLOUT:4)
0:00:00.022630954  2771 0xbb9390 DEBUG   GST_REFCOUNTING gstobject.c:709:gst_object_set_parent: set parent (ref and sink)
0:00:00.017457224  2772 0x247e320 DEBUG   GST_POLL gstpoll.c:980:gst_poll_fd_ctl_write: 0x24869e0: fd (fd:0, idx:1), active : 1
0:00:00.022639518  2771 0xbb9390 TRACE   GST_REFCOUNTING gstobject.c:294:gst_object_ref_sink: 0xbd9290 ref_sink 1->2
0:00:00.017465702  2772 0x247e320 LOG   GST_POLL gstpoll.c:994:gst_poll_fd_ctl_write: 0x24869e0: pfd->events now 60 (POLLOUT:4)
0:00:00.022650094  2771 0xbb9390 LOG   GST_REGISTRY gstregistry.c:608:gst_registry_add_feature: emitting feature-added for filesrc
0:00:00.017473661  2772 0x247e320 DEBUG   GST_POLL gstpoll.c:980:gst_poll_fd_ctl_write: 0x24869e0: fd (fd:0, idx:1), active : 1
0:00:00.022658958  2771 0xbb9390 DEBUG   GST_REGISTRY gstregistrychunks.c:741:gst_registry_chunks_load_feature: Added feature filesrc, plugin 0xbd3240 coreelements
0:00:00.017482130  2772 0x247e320 LOG   GST_POLL gstpoll.c:994:gst_poll_fd_ctl_write: 0x24869e0: pfd->events now 60 (POLLOUT:4)
0:00:00.022667025  2771 0xbb9390 DEBUG   GST_REGISTRY gstregistrychunks.c:583:gst_registry_chunks_load_feature: Plugin 'coreelements' feature 'fdsink' typename : 'GstElementFactory'
0:00:00.017490996  2772 0x247e320 DEBUG   GST_POLL gstpoll.c:980:gst_poll_fd_ctl_write: 0x24869e0: fd (fd:0, idx:1), active : 1
0:00:00.017516689  2772 0x247e320 LOG   GST_POLL gstpoll.c:994:gst_poll_fd_ctl_write: 0x24869e0: pfd->events now 60 (POLLOUT:4)
0:00:00.022695289  2771 0xbb9390 TRACE   GST_REFCOUNTING gstobject.c:208:gst_object_init: 0xbd9670 new
0:00:00.017529593  2772 0x247e320 DEBUG   GST_POLL gstpoll.c:980:gst_poll_fd_ctl_write: 0x24869e0: fd (fd:0, idx:1), active : 1
0:00:00.022712442  2771 0xbb9390 LOG   GST_REGISTRY gstregistrychunks.c:610:gst_registry_chunks_load_feature: Reading/casting for GstRegistryChunkElementFactory at address 0xbd5bb0
0:00:00.017541937  2772 0x247e320 LOG   GST_POLL gstpoll.c:994:gst_poll_fd_ctl_write: 0x24869e0: pfd->events now 60 (POLLOUT:4)
0:00:00.022723321  2771 0xbb9390 TRACE   structure gststructure.c:292:gst_structure_new_id_empty_with_size: created structure 0xbd9760
0:00:00.017552734  2772 0x247e320 DEBUG   GST_POLL gstpoll.c:980:gst_poll_fd_ctl_write: 0x24869e0: fd (fd:0, idx:1), active : 1
0:00:00.022735184  2771 0xbb9390 DEBUG   structure gststructure.c:2258:gst_structure_parse_field: trying field name 'long-name'
0:00:00.017559236  2772 0x247e320 LOG   GST_POLL gstpoll.c:994:gst_poll_fd_ctl_write: 0x24869e0: pfd->events now 60 (POLLOUT:4)
0:00:00.022742928  2771 0xbb9390 DEBUG   default gstvalue.c:2776:_priv_gst_value_parse_value: trying type name 'string'
0:00:00.017567909  2772 0x247e320 DEBUG   GST_POLL gstpoll.c:980:gst_poll_fd_ctl_write: 0x24869e0: fd (fd:0, idx:1), active : 1
0:00:00.022750928  2771 0xbb9390 DEBUG   structure gststructure.c:2258:gst_structure_parse_field: trying field name 'klass'
0:00:00.017580236  2772 0x247e320 LOG   GST_POLL gstpoll.c:994:gst_poll_fd_ctl_write: 0x24869e0: pfd->events now 60 (POLLOUT:4)
0:00:00.022759826  2771 0xbb9390 DEBUG   default gstvalue.c:2776:_priv_gst_value_parse_value: trying type name 'string'
0:00:00.017586904  2772 0x247e320 DEBUG   GST_POLL gstpoll.c:980:gst_poll_fd_ctl_write: 0x24869e0: fd (fd:0, idx:1), active : 1
0:00:00.022766888  2771 0xbb9390 DEBUG   structure gststructure.c:2258:gst_structure_parse_field: trying field name 'description'
0:00:00.017593015  2772 0x247e320 LOG   GST_POLL gstpoll.c:994:gst_poll_fd_ctl_write: 0x24869e0: pfd->events now 60 (POLLOUT:4)
0:00:00.022772678  2771 0xbb9390 DEBUG   default gstvalue.c:2776:_priv_gst_value_parse_value: trying type name 'string'
0:00:00.017599565  2772 0x247e320 DEBUG   GST_POLL gstpoll.c:980:gst_poll_fd_ctl_write: 0x24869e0: fd (fd:0, idx:1), active : 1
0:00:00.022780055  2771 0xbb9390 DEBUG   structure gststructure.c:2258:gst_structure_parse_field: trying field name 'author'
0:00:00.022786092  2771 0xbb9390 DEBUG   default gstvalue.c:2776:_priv_gst_value_parse_value: trying type name 'string'
0:00:00.017608006  2772 0x247e320 LOG   GST_POLL gstpoll.c:994:gst_poll_fd_ctl_write: 0x24869e0: pfd->events now 60 (POLLOUT:4)
0:00:00.017618443  2772 0x247e320 DEBUG   GST_POLL gstpoll.c:980:gst_poll_fd_ctl_write: 0x24869e0: fd (fd:0, idx:1), active : 1
0:00:00.022796082  2771 0xbb9390 DEBUG   GST_REGISTRY gstregistrychunks.c:626:gst_registry_chunks_load_feature: Element factory : npadtemplates=1
0:00:00.017625134  2772 0x247e320 LOG   GST_POLL gstpoll.c:994:gst_poll_fd_ctl_write: 0x24869e0: pfd->events now 60 (POLLOUT:4)
0:00:00.022805898  2771 0xbb9390 DEBUG   GST_REGISTRY gstregistrychunks.c:526:gst_registry_chunks_load_pad_template: Reading/casting for GstRegistryChunkPadTemplate at address 0xbd5c90
0:00:00.017631955  2772 0x247e320 DEBUG   GST_POLL gstpoll.c:980:gst_poll_fd_ctl_write: 0x24869e0: fd (fd:0, idx:1), active : 1
0:00:00.022813137  2771 0xbb9390 DEBUG   GST_REGISTRY gstregistrychunks.c:539:gst_registry_chunks_load_pad_template: Added pad_template sink
0:00:00.017638044  2772 0x247e320 LOG   GST_POLL gstpoll.c:994:gst_poll_fd_ctl_write: 0x24869e0: pfd->events now 60 (POLLOUT:4)
0:00:00.022820302  2771 0xbb9390 DEBUG   GST_REGISTRY gstregistrychunks.c:639:gst_registry_chunks_load_feature: Reading 1 UriTypes at address 0xbd5ca1
0:00:00.017644512  2772 0x247e320 DEBUG   GST_POLL gstpoll.c:980:gst_poll_fd_ctl_write: 0x24869e0: fd (fd:0, idx:1), active : 1
0:00:00.022827632  2771 0xbb9390 DEBUG   GST_REGISTRY gstregistrychunks.c:654:gst_registry_chunks_load_feature: Reading 1 Interfaces at address 0xbd5caf
0:00:00.017650980  2772 0x247e320 LOG   GST_POLL gstpoll.c:994:gst_poll_fd_ctl_write: 0x24869e0: pfd->events now 60 (POLLOUT:4)
0:00:00.022837106  2771 0xbb9390 DEBUG   GST_REGISTRY gstregistry.c:590:gst_registry_add_feature: adding feature 0xbd9670 (fdsink)
0:00:00.017663602  2772 0x247e320 DEBUG   GST_POLL gstpoll.c:980:gst_poll_fd_ctl_write: 0x24869e0: fd (fd:0, idx:1), active : 1
0:00:00.022844279  2771 0xbb9390 DEBUG   GST_REFCOUNTING gstobject.c:709:gst_object_set_parent: set parent (ref and sink)
0:00:00.017672056  2772 0x247e320 LOG   GST_POLL gstpoll.c:994:gst_poll_fd_ctl_write: 0x24869e0: pfd->events now 60 (POLLOUT:4)
0:00:00.022852607  2771 0xbb9390 TRACE   GST_REFCOUNTING gstobject.c:294:gst_object_ref_sink: 0xbd9670 ref_sink 1->2
0:00:00.017679905  2772 0x247e320 DEBUG   GST_POLL gstpoll.c:980:gst_poll_fd_ctl_write: 0x24869e0: fd (fd:0, idx:1), active : 1
0:00:00.022862722  2771 0xbb9390 LOG   GST_REGISTRY gstregistry.c:608:gst_registry_add_feature: emitting feature-added for fdsink
0:00:00.017686181  2772 0x247e320 LOG   GST_POLL gstpoll.c:994:gst_poll_fd_ctl_write: 0x24869e0: pfd->events now 60 (POLLOUT:4)
0:00:00.022871573  2771 0xbb9390 DEBUG   GST_REGISTRY gstregistrychunks.c:741:gst_registry_chunks_load_feature: Added feature fdsink, plugin 0xbd3240 coreelements
0:00:00.017695302  2772 0x247e320 DEBUG   GST_POLL gstpoll.c:980:gst_poll_fd_ctl_write: 0x24869e0: fd (fd:0, idx:1), active : 1
0:00:00.022879693  2771 0xbb9390 DEBUG   GST_REGISTRY gstregistrychunks.c:583:gst_registry_chunks_load_feature: Plugin 'coreelements' feature 'fdsrc' typename : 'GstElementFactory'
0:00:00.017702973  2772 0x247e320 LOG   GST_POLL gstpoll.c:994:gst_poll_fd_ctl_write: 0x24869e0: pfd->events now 60 (POLLOUT:4)
0:00:00.017711568  2772 0x247e320 DEBUG   GST_POLL gstpoll.c:980:gst_poll_fd_ctl_write: 0x24869e0: fd (fd:0, idx:1), active : 1
0:00:00.022889589  2771 0xbb9390 TRACE   GST_REFCOUNTING gstobject.c:208:gst_object_init: 0xbd9580 new
0:00:00.017717195  2772 0x247e320 LOG   GST_POLL gstpoll.c:994:gst_poll_fd_ctl_write: 0x24869e0: pfd->events now 60 (POLLOUT:4)
0:00:00.022899371  2771 0xbb9390 LOG   GST_REGISTRY gstregistrychunks.c:610:gst_registry_chunks_load_feature: Reading/casting for GstRegistryChunkElementFactory at address 0xbd5cd8
0:00:00.017723811  2772 0x247e320 DEBUG   GST_POLL gstpoll.c:980:gst_poll_fd_ctl_write: 0x24869e0: fd (fd:0, idx:1), active : 1
0:00:00.022906423  2771 0xbb9390 TRACE   structure gststructure.c:292:gst_structure_new_id_empty_with_size: created structure 0xbd9c40
0:00:00.017732681  2772 0x247e320 LOG   GST_POLL gstpoll.c:994:gst_poll_fd_ctl_write: 0x24869e0: pfd->events now 60 (POLLOUT:4)
0:00:00.022913130  2771 0xbb9390 DEBUG   structure gststructure.c:2258:gst_structure_parse_field: trying field name 'long-name'
0:00:00.017740475  2772 0x247e320 DEBUG   GST_POLL gstpoll.c:980:gst_poll_fd_ctl_write: 0x24869e0: fd (fd:0, idx:1), active : 1
0:00:00.022919459  2771 0xbb9390 DEBUG   default gstvalue.c:2776:_priv_gst_value_parse_value: trying type name 'string'
0:00:00.017747026  2772 0x247e320 LOG   GST_POLL gstpoll.c:994:gst_poll_fd_ctl_write: 0x24869e0: pfd->events now 60 (POLLOUT:4)
0:00:00.022930432  2771 0xbb9390 DEBUG   structure gststructure.c:2258:gst_structure_parse_field: trying field name 'klass'
0:00:00.017759158  2772 0x247e320 DEBUG   GST_POLL gstpoll.c:980:gst_poll_fd_ctl_write: 0x24869e0: fd (fd:0, idx:1), active : 1
0:00:00.022938586  2771 0xbb9390 DEBUG   default gstvalue.c:2776:_priv_gst_value_parse_value: trying type name 'string'
0:00:00.017765338  2772 0x247e320 LOG   GST_POLL gstpoll.c:994:gst_poll_fd_ctl_write: 0x24869e0: pfd->events now 60 (POLLOUT:4)
0:00:00.022946159  2771 0xbb9390 DEBUG   structure gststructure.c:2258:gst_structure_parse_field: trying field name 'description'
0:00:00.017771863  2772 0x247e320 DEBUG   GST_POLL gstpoll.c:980:gst_poll_fd_ctl_write: 0x24869e0: fd (fd:0, idx:1), active : 1
0:00:00.022952511  2771 0xbb9390 DEBUG   default gstvalue.c:2776:_priv_gst_value_parse_value: trying type name 'string'
0:00:00.017777907  2772 0x247e320 LOG   GST_POLL gstpoll.c:994:gst_poll_fd_ctl_write: 0x24869e0: pfd->events now 60 (POLLOUT:4)
0:00:00.022959867  2771 0xbb9390 DEBUG   structure gststructure.c:2258:gst_structure_parse_field: trying field name 'author'
0:00:00.017784309  2772 0x247e320 DEBUG   GST_POLL gstpoll.c:980:gst_poll_fd_ctl_write: 0x24869e0: fd (fd:0, idx:1), active : 1
0:00:00.022966338  2771 0xbb9390 DEBUG   default gstvalue.c:2776:_priv_gst_value_parse_value: trying type name 'string'
0:00:00.017793407  2772 0x247e320 LOG   GST_POLL gstpoll.c:994:gst_poll_fd_ctl_write: 0x24869e0: pfd->events now 60 (POLLOUT:4)
0:00:00.022974036  2771 0xbb9390 DEBUG   GST_REGISTRY gstregistrychunks.c:626:gst_registry_chunks_load_feature: Element factory : npadtemplates=1
0:00:00.017801255  2772 0x247e320 DEBUG   GST_POLL gstpoll.c:980:gst_poll_fd_ctl_write: 0x24869e0: fd (fd:0, idx:1), active : 1
0:00:00.022980314  2771 0xbb9390 DEBUG   GST_REGISTRY gstregistrychunks.c:526:gst_registry_chunks_load_pad_template: Reading/casting for GstRegistryChunkPadTemplate at address 0xbd5db8
0:00:00.017807834  2772 0x247e320 LOG   GST_POLL gstpoll.c:994:gst_poll_fd_ctl_write: 0x24869e0: pfd->events now 60 (POLLOUT:4)
0:00:00.022989705  2771 0xbb9390 DEBUG   GST_REGISTRY gstregistrychunks.c:539:gst_registry_chunks_load_pad_template: Added pad_template src
0:00:00.017814734  2772 0x247e320 DEBUG   GST_POLL gstpoll.c:980:gst_poll_fd_ctl_write: 0x24869e0: fd (fd:0, idx:1), active : 1
0:00:00.022998298  2771 0xbb9390 DEBUG   GST_REGISTRY gstregistrychunks.c:639:gst_registry_chunks_load_feature: Reading 1 UriTypes at address 0xbd5dc8
0:00:00.017821935  2772 0x247e320 LOG   GST_POLL gstpoll.c:994:gst_poll_fd_ctl_write: 0x24869e0: pfd->events now 60 (POLLOUT:4)
0:00:00.023006353  2771 0xbb9390 DEBUG   GST_REGISTRY gstregistrychunks.c:654:gst_registry_chunks_load_feature: Reading 1 Interfaces at address 0xbd5dcf
0:00:00.017830155  2772 0x247e320 DEBUG   GST_POLL gstpoll.c:980:gst_poll_fd_ctl_write: 0x24869e0: fd (fd:0, idx:1), active : 1
0:00:00.023015569  2771 0xbb9390 DEBUG   GST_REGISTRY gstregistry.c:590:gst_registry_add_feature: adding feature 0xbd9580 (fdsrc)
0:00:00.017842733  2772 0x247e320 LOG   GST_POLL gstpoll.c:994:gst_poll_fd_ctl_write: 0x24869e0: pfd->events now 60 (POLLOUT:4)
0:00:00.023023197  2771 0xbb9390 DEBUG   GST_REFCOUNTING gstobject.c:709:gst_object_set_parent: set parent (ref and sink)
0:00:00.017849254  2772 0x247e320 DEBUG   GST_POLL gstpoll.c:980:gst_poll_fd_ctl_write: 0x24869e0: fd (fd:0, idx:1), active : 1
0:00:00.023031324  2771 0xbb9390 TRACE   GST_REFCOUNTING gstobject.c:294:gst_object_ref_sink: 0xbd9580 ref_sink 1->2
0:00:00.017857643  2772 0x247e320 LOG   GST_POLL gstpoll.c:994:gst_poll_fd_ctl_write: 0x24869e0: pfd->events now 60 (POLLOUT:4)
0:00:00.023039034  2771 0xbb9390 LOG   GST_REGISTRY gstregistry.c:608:gst_registry_add_feature: emitting feature-added for fdsrc
0:00:00.017865536  2772 0x247e320 DEBUG   GST_POLL gstpoll.c:980:gst_poll_fd_ctl_write: 0x24869e0: fd (fd:0, idx:1), active : 1
0:00:00.023047166  2771 0xbb9390 DEBUG   GST_REGISTRY gstregistrychunks.c:741:gst_registry_chunks_load_feature: Added feature fdsrc, plugin 0xbd3240 coreelements
0:00:00.017872358  2772 0x247e320 LOG   GST_POLL gstpoll.c:994:gst_poll_fd_ctl_write: 0x24869e0: pfd->events now 60 (POLLOUT:4)
0:00:00.017880198  2772 0x247e320 DEBUG   GST_POLL gstpoll.c:980:gst_poll_fd_ctl_write: 0x24869e0: fd (fd:0, idx:1), active : 1
0:00:00.023057493  2771 0xbb9390 DEBUG   GST_REGISTRY gstregistrychunks.c:583:gst_registry_chunks_load_feature: Plugin 'coreelements' feature 'fakesink' typename : 'GstElementFactory'
0:00:00.017886103  2772 0x247e320 LOG   GST_POLL gstpoll.c:994:gst_poll_fd_ctl_write: 0x24869e0: pfd->events now 60 (POLLOUT:4)
0:00:00.017892739  2772 0x247e320 DEBUG   GST_POLL gstpoll.c:980:gst_poll_fd_ctl_write: 0x24869e0: fd (fd:0, idx:1), active : 1
0:00:00.017898357  2772 0x247e320 LOG   GST_POLL gstpoll.c:994:gst_poll_fd_ctl_write: 0x24869e0: pfd->events now 60 (POLLOUT:4)
0:00:00.023069995  2771 0xbb9390 TRACE   GST_REFCOUNTING gstobject.c:208:gst_object_init: 0xbd9d70 new
0:00:00.017904398  2772 0x247e320 DEBUG   GST_POLL gstpoll.c:980:gst_poll_fd_ctl_write: 0x24869e0: fd (fd:0, idx:1), active : 1
0:00:00.023086816  2771 0xbb9390 LOG   GST_REGISTRY gstregistrychunks.c:610:gst_registry_chunks_load_feature: Reading/casting for GstRegistryChunkElementFactory at address 0xbd5df8
0:00:00.017913172  2772 0x247e320 LOG   GST_POLL gstpoll.c:994:gst_poll_fd_ctl_write: 0x24869e0: pfd->events now 60 (POLLOUT:4)
0:00:00.023098740  2771 0xbb9390 TRACE   structure gststructure.c:292:gst_structure_new_id_empty_with_size: created structure 0xbd9f80
0:00:00.017921399  2772 0x247e320 DEBUG   GST_POLL gstpoll.c:980:gst_poll_fd_ctl_write: 0x24869e0: fd (fd:0, idx:1), active : 1
0:00:00.023105690  2771 0xbb9390 DEBUG   structure gststructure.c:2258:gst_structure_parse_field: trying field name 'long-name'
0:00:00.017930204  2772 0x247e320 LOG   GST_POLL gstpoll.c:994:gst_poll_fd_ctl_write: 0x24869e0: pfd->events now 60 (POLLOUT:4)
0:00:00.023117790  2771 0xbb9390 DEBUG   default gstvalue.c:2776:_priv_gst_value_parse_value: trying type name 'string'
0:00:00.017942721  2772 0x247e320 DEBUG   GST_POLL gstpoll.c:980:gst_poll_fd_ctl_write: 0x24869e0: fd (fd:0, idx:1), active : 1
0:00:00.017949640  2772 0x247e320 LOG   GST_POLL gstpoll.c:994:gst_poll_fd_ctl_write: 0x24869e0: pfd->events now 60 (POLLOUT:4)
0:00:00.023127722  2771 0xbb9390 DEBUG   structure gststructure.c:2258:gst_structure_parse_field: trying field name 'klass'
0:00:00.017955975  2772 0x247e320 DEBUG   GST_POLL gstpoll.c:980:gst_poll_fd_ctl_write: 0x24869e0: fd (fd:0, idx:1), active : 1
0:00:00.023135653  2771 0xbb9390 DEBUG   default gstvalue.c:2776:_priv_gst_value_parse_value: trying type name 'string'
0:00:00.017962925  2772 0x247e320 LOG   GST_POLL gstpoll.c:994:gst_poll_fd_ctl_write: 0x24869e0: pfd->events now 60 (POLLOUT:4)
0:00:00.023143476  2771 0xbb9390 DEBUG   structure gststructure.c:2258:gst_structure_parse_field: trying field name 'description'
0:00:00.017969883  2772 0x247e320 DEBUG   GST_POLL gstpoll.c:980:gst_poll_fd_ctl_write: 0x24869e0: fd (fd:0, idx:1), active : 1
0:00:00.023149674  2771 0xbb9390 DEBUG   default gstvalue.c:2776:_priv_gst_value_parse_value: trying type name 'string'
0:00:00.017978463  2772 0x247e320 LOG   GST_POLL gstpoll.c:994:gst_poll_fd_ctl_write: 0x24869e0: pfd->events now 60 (POLLOUT:4)
0:00:00.023157659  2771 0xbb9390 DEBUG   structure gststructure.c:2258:gst_structure_parse_field: trying field name 'author'
0:00:00.017986483  2772 0x247e320 DEBUG   GST_POLL gstpoll.c:980:gst_poll_fd_ctl_write: 0x24869e0: fd (fd:0, idx:1), active : 1
0:00:00.023165086  2771 0xbb9390 DEBUG   default gstvalue.c:2776:_priv_gst_value_parse_value: trying type name 'string'
0:00:00.017992838  2772 0x247e320 LOG   GST_POLL gstpoll.c:994:gst_poll_fd_ctl_write: 0x24869e0: pfd->events now 60 (POLLOUT:4)
0:00:00.023176374  2771 0xbb9390 DEBUG   GST_REGISTRY gstregistrychunks.c:626:gst_registry_chunks_load_feature: Element factory : npadtemplates=1
0:00:00.017999743  2772 0x247e320 DEBUG   GST_POLL gstpoll.c:980:gst_poll_fd_ctl_write: 0x24869e0: fd (fd:0, idx:1), active : 1
0:00:00.023182964  2771 0xbb9390 DEBUG   GST_REGISTRY gstregistrychunks.c:526:gst_registry_chunks_load_pad_template: Reading/casting for GstRegistryChunkPadTemplate at address 0xbd5f20
0:00:00.018007698  2772 0x247e320 LOG   GST_POLL gstpoll.c:994:gst_poll_fd_ctl_write: 0x24869e0: pfd->events now 60 (POLLOUT:4)
0:00:00.023192347  2771 0xbb9390 DEBUG   GST_REGISTRY gstregistrychunks.c:539:gst_registry_chunks_load_pad_template: Added pad_template sink
0:00:00.018015577  2772 0x247e320 DEBUG   GST_POLL gstpoll.c:980:gst_poll_fd_ctl_write: 0x24869e0: fd (fd:0, idx:1), active : 1
0:00:00.018024160  2772 0x247e320 LOG   GST_POLL gstpoll.c:994:gst_poll_fd_ctl_write: 0x24869e0: pfd->events now 60 (POLLOUT:4)
0:00:00.023203174  2771 0xbb9390 DEBUG   GST_REGISTRY gstregistry.c:590:gst_registry_add_feature: adding feature 0xbd9d70 (fakesink)
0:00:00.018035493  2772 0x247e320 DEBUG   GST_POLL gstpoll.c:980:gst_poll_fd_ctl_write: 0x24869e0: fd (fd:0, idx:1), active : 1
0:00:00.023215497  2771 0xbb9390 DEBUG   GST_REFCOUNTING gstobject.c:709:gst_object_set_parent: set parent (ref and sink)
0:00:00.018044013  2772 0x247e320 LOG   GST_POLL gstpoll.c:994:gst_poll_fd_ctl_write: 0x24869e0: pfd->events now 60 (POLLOUT:4)
0:00:00.023224058  2771 0xbb9390 TRACE   GST_REFCOUNTING gstobject.c:294:gst_object_ref_sink: 0xbd9d70 ref_sink 1->2
0:00:00.018052334  2772 0x247e320 DEBUG   GST_POLL gstpoll.c:980:gst_poll_fd_ctl_write: 0x24869e0: fd (fd:0, idx:1), active : 1
0:00:00.023232126  2771 0xbb9390 LOG   GST_REGISTRY gstregistry.c:608:gst_registry_add_feature: emitting feature-added for fakesink
0:00:00.018059301  2772 0x247e320 LOG   GST_POLL gstpoll.c:994:gst_poll_fd_ctl_write: 0x24869e0: pfd->events now 60 (POLLOUT:4)
0:00:00.023240624  2771 0xbb9390 DEBUG   GST_REGISTRY gstregistrychunks.c:741:gst_registry_chunks_load_feature: Added feature fakesink, plugin 0xbd3240 coreelements
0:00:00.018066075  2772 0x247e320 DEBUG   GST_POLL gstpoll.c:980:gst_poll_fd_ctl_write: 0x24869e0: fd (fd:0, idx:1), active : 1
0:00:00.023248602  2771 0xbb9390 DEBUG   GST_REGISTRY gstregistrychunks.c:583:gst_registry_chunks_load_feature: Plugin 'coreelements' feature 'fakesrc' typename : 'GstElementFactory'
0:00:00.018072365  2772 0x247e320 LOG   GST_POLL gstpoll.c:994:gst_poll_fd_ctl_write: 0x24869e0: pfd->events now 60 (POLLOUT:4)
0:00:00.018080145  2772 0x247e320 DEBUG   GST_POLL gstpoll.c:980:gst_poll_fd_ctl_write: 0x24869e0: fd (fd:0, idx:1), active : 1
0:00:00.023258752  2771 0xbb9390 TRACE   GST_REFCOUNTING gstobject.c:208:gst_object_init: 0xbd99a0 new
0:00:00.018085737  2772 0x247e320 LOG   GST_POLL gstpoll.c:994:gst_poll_fd_ctl_write: 0x24869e0: pfd->events now 60 (POLLOUT:4)
0:00:00.018092654  2772 0x247e320 DEBUG   GST_POLL gstpoll.c:980:gst_poll_fd_ctl_write: 0x24869e0: fd (fd:0, idx:1), active : 1
0:00:00.023270918  2771 0xbb9390 LOG   GST_REGISTRY gstregistrychunks.c:610:gst_registry_chunks_load_feature: Reading/casting for GstRegistryChunkElementFactory at address 0xbd5f50
0:00:00.018101127  2772 0x247e320 LOG   GST_POLL gstpoll.c:994:gst_poll_fd_ctl_write: 0x24869e0: pfd->events now 60 (POLLOUT:4)
0:00:00.023280972  2771 0xbb9390 TRACE   structure gststructure.c:292:gst_structure_new_id_empty_with_size: created structure 0xbda3d0
0:00:00.018109085  2772 0x247e320 DEBUG   GST_POLL gstpoll.c:980:gst_poll_fd_ctl_write: 0x24869e0: fd (fd:0, idx:1), active : 1
0:00:00.023288420  2771 0xbb9390 DEBUG   structure gststructure.c:2258:gst_structure_parse_field: trying field name 'long-name'
0:00:00.018115516  2772 0x247e320 LOG   GST_POLL gstpoll.c:994:gst_poll_fd_ctl_write: 0x24869e0: pfd->events now 60 (POLLOUT:4)
0:00:00.023295050  2771 0xbb9390 DEBUG   default gstvalue.c:2776:_priv_gst_value_parse_value: trying type name 'string'
0:00:00.018127425  2772 0x247e320 LOG   GST_PLUGIN_LOADING gstpluginloader.c:645:put_chunk: Expanding tx buf from 13209 to 17023 for chunk of size 229
0:00:00.023307867  2771 0xbb9390 DEBUG   structure gststructure.c:2258:gst_structure_parse_field: trying field name 'klass'
0:00:00.023314367  2771 0xbb9390 DEBUG   default gstvalue.c:2776:_priv_gst_value_parse_value: trying type name 'string'
0:00:00.018140345  2772 0x247e320 DEBUG   GST_POLL gstpoll.c:980:gst_poll_fd_ctl_write: 0x24869e0: fd (fd:0, idx:1), active : 1
0:00:00.023320521  2771 0xbb9390 DEBUG   structure gststructure.c:2258:gst_structure_parse_field: trying field name 'description'
0:00:00.018146391  2772 0x247e320 LOG   GST_POLL gstpoll.c:994:gst_poll_fd_ctl_write: 0x24869e0: pfd->events now 60 (POLLOUT:4)
0:00:00.023326562  2771 0xbb9390 DEBUG   default gstvalue.c:2776:_priv_gst_value_parse_value: trying type name 'string'
0:00:00.018153386  2772 0x247e320 DEBUG   GST_POLL gstpoll.c:980:gst_poll_fd_ctl_write: 0x24869e0: fd (fd:0, idx:1), active : 1
0:00:00.023337369  2771 0xbb9390 DEBUG   structure gststructure.c:2258:gst_structure_parse_field: trying field name 'author'
0:00:00.018162159  2772 0x247e320 LOG   GST_POLL gstpoll.c:994:gst_poll_fd_ctl_write: 0x24869e0: pfd->events now 60 (POLLOUT:4)
0:00:00.023344801  2771 0xbb9390 DEBUG   default gstvalue.c:2776:_priv_gst_value_parse_value: trying type name 'string'
0:00:00.018170458  2772 0x247e320 DEBUG   GST_POLL gstpoll.c:980:gst_poll_fd_ctl_write: 0x24869e0: fd (fd:0, idx:1), active : 1
0:00:00.023354256  2771 0xbb9390 DEBUG   GST_REGISTRY gstregistrychunks.c:626:gst_registry_chunks_load_feature: Element factory : npadtemplates=1
0:00:00.018177275  2772 0x247e320 LOG   GST_POLL gstpoll.c:994:gst_poll_fd_ctl_write: 0x24869e0: pfd->events now 60 (POLLOUT:4)
0:00:00.023361696  2771 0xbb9390 DEBUG   GST_REGISTRY gstregistrychunks.c:526:gst_registry_chunks_load_pad_template: Reading/casting for GstRegistryChunkPadTemplate at address 0xbd6050
0:00:00.018186806  2772 0x247e320 DEBUG   GST_POLL gstpoll.c:980:gst_poll_fd_ctl_write: 0x24869e0: fd (fd:0, idx:1), active : 1
0:00:00.023368732  2771 0xbb9390 DEBUG   GST_REGISTRY gstregistrychunks.c:539:gst_registry_chunks_load_pad_template: Added pad_template src
0:00:00.018193142  2772 0x247e320 LOG   GST_POLL gstpoll.c:994:gst_poll_fd_ctl_write: 0x24869e0: pfd->events now 60 (POLLOUT:4)
0:00:00.018200261  2772 0x247e320 DEBUG   GST_POLL gstpoll.c:980:gst_poll_fd_ctl_write: 0x24869e0: fd (fd:0, idx:1), active : 1
0:00:00.023378284  2771 0xbb9390 DEBUG   GST_REGISTRY gstregistry.c:590:gst_registry_add_feature: adding feature 0xbd99a0 (fakesrc)
0:00:00.018206222  2772 0x247e320 LOG   GST_POLL gstpoll.c:994:gst_poll_fd_ctl_write: 0x24869e0: pfd->events now 60 (POLLOUT:4)
0:00:00.023386984  2771 0xbb9390 DEBUG   GST_REFCOUNTING gstobject.c:709:gst_object_set_parent: set parent (ref and sink)
0:00:00.018212812  2772 0x247e320 DEBUG   GST_POLL gstpoll.c:980:gst_poll_fd_ctl_write: 0x24869e0: fd (fd:0, idx:1), active : 1
0:00:00.023403129  2771 0xbb9390 TRACE   GST_REFCOUNTING gstobject.c:294:gst_object_ref_sink: 0xbd99a0 ref_sink 1->2
0:00:00.018229446  2772 0x247e320 LOG   GST_POLL gstpoll.c:994:gst_poll_fd_ctl_write: 0x24869e0: pfd->events now 60 (POLLOUT:4)
0:00:00.023414059  2771 0xbb9390 LOG   GST_REGISTRY gstregistry.c:608:gst_registry_add_feature: emitting feature-added for fakesrc
0:00:00.018237639  2772 0x247e320 DEBUG   GST_POLL gstpoll.c:980:gst_poll_fd_ctl_write: 0x24869e0: fd (fd:0, idx:1), active : 1
0:00:00.023423714  2771 0xbb9390 DEBUG   GST_REGISTRY gstregistrychunks.c:741:gst_registry_chunks_load_feature: Added feature fakesrc, plugin 0xbd3240 coreelements
0:00:00.018246460  2772 0x247e320 LOG   GST_POLL gstpoll.c:994:gst_poll_fd_ctl_write: 0x24869e0: pfd->events now 60 (POLLOUT:4)
0:00:00.023431987  2771 0xbb9390 DEBUG   GST_REGISTRY gstregistrychunks.c:583:gst_registry_chunks_load_feature: Plugin 'coreelements' feature 'downloadbuffer' typename : 'GstElementFactory'
0:00:00.018256046  2772 0x247e320 DEBUG   GST_POLL gstpoll.c:980:gst_poll_fd_ctl_write: 0x24869e0: fd (fd:0, idx:1), active : 1
0:00:00.018263456  2772 0x247e320 LOG   GST_POLL gstpoll.c:994:gst_poll_fd_ctl_write: 0x24869e0: pfd->events now 60 (POLLOUT:4)
0:00:00.023441894  2771 0xbb9390 TRACE   GST_REFCOUNTING gstobject.c:208:gst_object_init: 0xbda630 new
0:00:00.018269354  2772 0x247e320 DEBUG   GST_POLL gstpoll.c:980:gst_poll_fd_ctl_write: 0x24869e0: fd (fd:0, idx:1), active : 1
0:00:00.023451654  2771 0xbb9390 LOG   GST_REGISTRY gstregistrychunks.c:610:gst_registry_chunks_load_feature: Reading/casting for GstRegistryChunkElementFactory at address 0xbd6088
0:00:00.018275799  2772 0x247e320 LOG   GST_POLL gstpoll.c:994:gst_poll_fd_ctl_write: 0x24869e0: pfd->events now 60 (POLLOUT:4)
0:00:00.023459463  2771 0xbb9390 TRACE   structure gststructure.c:292:gst_structure_new_id_empty_with_size: created structure 0xbda7e0
0:00:00.018283744  2772 0x247e320 DEBUG   GST_POLL gstpoll.c:980:gst_poll_fd_ctl_write: 0x24869e0: fd (fd:0, idx:1), active : 1
0:00:00.023465877  2771 0xbb9390 DEBUG   structure gststructure.c:2258:gst_structure_parse_field: trying field name 'long-name'
0:00:00.018292556  2772 0x247e320 LOG   GST_POLL gstpoll.c:994:gst_poll_fd_ctl_write: 0x24869e0: pfd->events now 60 (POLLOUT:4)
0:00:00.023472195  2771 0xbb9390 DEBUG   default gstvalue.c:2776:_priv_gst_value_parse_value: trying type name 'string'
0:00:00.018300979  2772 0x247e320 DEBUG   GST_POLL gstpoll.c:980:gst_poll_fd_ctl_write: 0x24869e0: fd (fd:0, idx:1), active : 1
0:00:00.023483218  2771 0xbb9390 DEBUG   structure gststructure.c:2258:gst_structure_parse_field: trying field name 'klass'
0:00:00.018307791  2772 0x247e320 LOG   GST_POLL gstpoll.c:994:gst_poll_fd_ctl_write: 0x24869e0: pfd->events now 60 (POLLOUT:4)
0:00:00.023490685  2771 0xbb9390 DEBUG   default gstvalue.c:2776:_priv_gst_value_parse_value: trying type name 'string'
0:00:00.018328273  2772 0x247e320 DEBUG   GST_POLL gstpoll.c:980:gst_poll_fd_ctl_write: 0x24869e0: fd (fd:0, idx:1), active : 1
0:00:00.023509092  2771 0xbb9390 DEBUG   structure gststructure.c:2258:gst_structure_parse_field: trying field name 'description'
0:00:00.018335018  2772 0x247e320 LOG   GST_POLL gstpoll.c:994:gst_poll_fd_ctl_write: 0x24869e0: pfd->events now 60 (POLLOUT:4)
0:00:00.023515649  2771 0xbb9390 DEBUG   default gstvalue.c:2776:_priv_gst_value_parse_value: trying type name 'string'
0:00:00.018341915  2772 0x247e320 DEBUG   GST_POLL gstpoll.c:980:gst_poll_fd_ctl_write: 0x24869e0: fd (fd:0, idx:1), active : 1
0:00:00.023523137  2771 0xbb9390 DEBUG   structure gststructure.c:2258:gst_structure_parse_field: trying field name 'author'
0:00:00.018348337  2772 0x247e320 LOG   GST_POLL gstpoll.c:994:gst_poll_fd_ctl_write: 0x24869e0: pfd->events now 60 (POLLOUT:4)
0:00:00.023528918  2771 0xbb9390 DEBUG   default gstvalue.c:2776:_priv_gst_value_parse_value: trying type name 'string'
0:00:00.018355202  2772 0x247e320 DEBUG   GST_POLL gstpoll.c:980:gst_poll_fd_ctl_write: 0x24869e0: fd (fd:0, idx:1), active : 1
0:00:00.023536615  2771 0xbb9390 DEBUG   GST_REGISTRY gstregistrychunks.c:626:gst_registry_chunks_load_feature: Element factory : npadtemplates=2
0:00:00.018363653  2772 0x247e320 LOG   GST_POLL gstpoll.c:994:gst_poll_fd_ctl_write: 0x24869e0: pfd->events now 60 (POLLOUT:4)
0:00:00.023543124  2771 0xbb9390 DEBUG   GST_REGISTRY gstregistrychunks.c:526:gst_registry_chunks_load_pad_template: Reading/casting for GstRegistryChunkPadTemplate at address 0xbd6150
0:00:00.018371397  2772 0x247e320 DEBUG   GST_POLL gstpoll.c:980:gst_poll_fd_ctl_write: 0x24869e0: fd (fd:0, idx:1), active : 1
0:00:00.023552921  2771 0xbb9390 DEBUG   GST_REGISTRY gstregistrychunks.c:539:gst_registry_chunks_load_pad_template: Added pad_template sink
0:00:00.018377884  2772 0x247e320 LOG   GST_POLL gstpoll.c:994:gst_poll_fd_ctl_write: 0x24869e0: pfd->events now 60 (POLLOUT:4)
0:00:00.023560837  2771 0xbb9390 DEBUG   GST_REGISTRY gstregistrychunks.c:526:gst_registry_chunks_load_pad_template: Reading/casting for GstRegistryChunkPadTemplate at address 0xbd6168
0:00:00.018386025  2772 0x247e320 DEBUG   GST_POLL gstpoll.c:980:gst_poll_fd_ctl_write: 0x24869e0: fd (fd:0, idx:1), active : 1
0:00:00.023567385  2771 0xbb9390 DEBUG   GST_REGISTRY gstregistrychunks.c:539:gst_registry_chunks_load_pad_template: Added pad_template src
0:00:00.018392356  2772 0x247e320 LOG   GST_POLL gstpoll.c:994:gst_poll_fd_ctl_write: 0x24869e0: pfd->events now 60 (POLLOUT:4)
0:00:00.023575786  2771 0xbb9390 DEBUG   GST_REGISTRY gstregistry.c:590:gst_registry_add_feature: adding feature 0xbda630 (downloadbuffer)
0:00:00.018398999  2772 0x247e320 DEBUG   GST_POLL gstpoll.c:980:gst_poll_fd_ctl_write: 0x24869e0: fd (fd:0, idx:1), active : 1
0:00:00.023582718  2771 0xbb9390 DEBUG   GST_REFCOUNTING gstobject.c:709:gst_object_set_parent: set parent (ref and sink)
0:00:00.018406547  2772 0x247e320 LOG   GST_POLL gstpoll.c:994:gst_poll_fd_ctl_write: 0x24869e0: pfd->events now 60 (POLLOUT:4)
0:00:00.023598234  2771 0xbb9390 TRACE   GST_REFCOUNTING gstobject.c:294:gst_object_ref_sink: 0xbda630 ref_sink 1->2
0:00:00.018421697  2772 0x247e320 DEBUG   GST_POLL gstpoll.c:980:gst_poll_fd_ctl_write: 0x24869e0: fd (fd:0, idx:1), active : 1
0:00:00.023605673  2771 0xbb9390 LOG   GST_REGISTRY gstregistry.c:608:gst_registry_add_feature: emitting feature-added for downloadbuffer
0:00:00.018431603  2772 0x247e320 LOG   GST_POLL gstpoll.c:994:gst_poll_fd_ctl_write: 0x24869e0: pfd->events now 60 (POLLOUT:4)
0:00:00.023613319  2771 0xbb9390 DEBUG   GST_REGISTRY gstregistrychunks.c:741:gst_registry_chunks_load_feature: Added feature downloadbuffer, plugin 0xbd3240 coreelements
0:00:00.018439319  2772 0x247e320 DEBUG   GST_POLL gstpoll.c:980:gst_poll_fd_ctl_write: 0x24869e0: fd (fd:0, idx:1), active : 1
0:00:00.018445767  2772 0x247e320 LOG   GST_POLL gstpoll.c:994:gst_poll_fd_ctl_write: 0x24869e0: pfd->events now 60 (POLLOUT:4)
0:00:00.023623274  2771 0xbb9390 DEBUG   GST_REGISTRY gstregistrychunks.c:583:gst_registry_chunks_load_feature: Plugin 'coreelements' feature 'dataurisrc' typename : 'GstElementFactory'
0:00:00.018451957  2772 0x247e320 DEBUG   GST_POLL gstpoll.c:980:gst_poll_fd_ctl_write: 0x24869e0: fd (fd:0, idx:1), active : 1
0:00:00.023634645  2771 0xbb9390 TRACE   GST_REFCOUNTING gstobject.c:208:gst_object_init: 0xbdab50 new
0:00:00.018458283  2772 0x247e320 LOG   GST_POLL gstpoll.c:994:gst_poll_fd_ctl_write: 0x24869e0: pfd->events now 60 (POLLOUT:4)
0:00:00.018467135  2772 0x247e320 DEBUG   GST_POLL gstpoll.c:980:gst_poll_fd_ctl_write: 0x24869e0: fd (fd:0, idx:1), active : 1
0:00:00.023644680  2771 0xbb9390 LOG   GST_REGISTRY gstregistrychunks.c:610:gst_registry_chunks_load_feature: Reading/casting for GstRegistryChunkElementFactory at address 0xbd6198
0:00:00.018473019  2772 0x247e320 LOG   GST_POLL gstpoll.c:994:gst_poll_fd_ctl_write: 0x24869e0: pfd->events now 60 (POLLOUT:4)
0:00:00.023653864  2771 0xbb9390 TRACE   structure gststructure.c:292:gst_structure_new_id_empty_with_size: created structure 0xbdad50
0:00:00.018479766  2772 0x247e320 DEBUG   GST_POLL gstpoll.c:980:gst_poll_fd_ctl_write: 0x24869e0: fd (fd:0, idx:1), active : 1
0:00:00.023660251  2771 0xbb9390 DEBUG   structure gststructure.c:2258:gst_structure_parse_field: trying field name 'long-name'
0:00:00.018487900  2772 0x247e320 LOG   GST_POLL gstpoll.c:994:gst_poll_fd_ctl_write: 0x24869e0: pfd->events now 60 (POLLOUT:4)
0:00:00.023666354  2771 0xbb9390 DEBUG   default gstvalue.c:2776:_priv_gst_value_parse_value: trying type name 'string'
0:00:00.018495723  2772 0x247e320 DEBUG   GST_POLL gstpoll.c:980:gst_poll_fd_ctl_write: 0x24869e0: fd (fd:0, idx:1), active : 1
0:00:00.023675881  2771 0xbb9390 DEBUG   structure gststructure.c:2258:gst_structure_parse_field: trying field name 'klass'
0:00:00.018514625  2772 0x247e320 LOG   GST_POLL gstpoll.c:994:gst_poll_fd_ctl_write: 0x24869e0: pfd->events now 60 (POLLOUT:4)
0:00:00.023709005  2771 0xbb9390 DEBUG   default gstvalue.c:2776:_priv_gst_value_parse_value: trying type name 'string'
0:00:00.018533302  2772 0x247e320 DEBUG   GST_POLL gstpoll.c:980:gst_poll_fd_ctl_write: 0x24869e0: fd (fd:0, idx:1), active : 1
0:00:00.023717442  2771 0xbb9390 DEBUG   structure gststructure.c:2258:gst_structure_parse_field: trying field name 'description'
0:00:00.018540646  2772 0x247e320 LOG   GST_POLL gstpoll.c:994:gst_poll_fd_ctl_write: 0x24869e0: pfd->events now 60 (POLLOUT:4)
0:00:00.023724057  2771 0xbb9390 DEBUG   default gstvalue.c:2776:_priv_gst_value_parse_value: trying type name 'string'
0:00:00.018549136  2772 0x247e320 DEBUG   GST_POLL gstpoll.c:980:gst_poll_fd_ctl_write: 0x24869e0: fd (fd:0, idx:1), active : 1
0:00:00.023731222  2771 0xbb9390 DEBUG   structure gststructure.c:2258:gst_structure_parse_field: trying field name 'author'
0:00:00.018555390  2772 0x247e320 LOG   GST_POLL gstpoll.c:994:gst_poll_fd_ctl_write: 0x24869e0: pfd->events now 60 (POLLOUT:4)
0:00:00.023737178  2771 0xbb9390 DEBUG   default gstvalue.c:2776:_priv_gst_value_parse_value: trying type name 'string'
0:00:00.018564205  2772 0x247e320 DEBUG   GST_POLL gstpoll.c:980:gst_poll_fd_ctl_write: 0x24869e0: fd (fd:0, idx:1), active : 1
0:00:00.023746248  2771 0xbb9390 DEBUG   GST_REGISTRY gstregistrychunks.c:626:gst_registry_chunks_load_feature: Element factory : npadtemplates=1
0:00:00.018571643  2772 0x247e320 LOG   GST_POLL gstpoll.c:994:gst_poll_fd_ctl_write: 0x24869e0: pfd->events now 60 (POLLOUT:4)
0:00:00.023752825  2771 0xbb9390 DEBUG   GST_REGISTRY gstregistrychunks.c:526:gst_registry_chunks_load_pad_template: Reading/casting for GstRegistryChunkPadTemplate at address 0xbd62b0
0:00:00.018578789  2772 0x247e320 DEBUG   GST_POLL gstpoll.c:980:gst_poll_fd_ctl_write: 0x24869e0: fd (fd:0, idx:1), active : 1
0:00:00.023761628  2771 0xbb9390 DEBUG   GST_REGISTRY gstregistrychunks.c:539:gst_registry_chunks_load_pad_template: Added pad_template src
0:00:00.018585156  2772 0x247e320 LOG   GST_POLL gstpoll.c:994:gst_poll_fd_ctl_write: 0x24869e0: pfd->events now 60 (POLLOUT:4)
0:00:00.018593727  2772 0x247e320 DEBUG   GST_POLL gstpoll.c:980:gst_poll_fd_ctl_write: 0x24869e0: fd (fd:0, idx:1), active : 1
0:00:00.023773926  2771 0xbb9390 DEBUG   GST_REGISTRY gstregistrychunks.c:639:gst_registry_chunks_load_feature: Reading 1 UriTypes at address 0xbd62c0
0:00:00.018599331  2772 0x247e320 LOG   GST_POLL gstpoll.c:994:gst_poll_fd_ctl_write: 0x24869e0: pfd->events now 60 (POLLOUT:4)
0:00:00.023781729  2771 0xbb9390 DEBUG   GST_REGISTRY gstregistrychunks.c:654:gst_registry_chunks_load_feature: Reading 1 Interfaces at address 0xbd62c9
0:00:00.018606107  2772 0x247e320 DEBUG   GST_POLL gstpoll.c:980:gst_poll_fd_ctl_write: 0x24869e0: fd (fd:0, idx:1), active : 1
0:00:00.018612473  2772 0x247e320 LOG   GST_POLL gstpoll.c:994:gst_poll_fd_ctl_write: 0x24869e0: pfd->events now 60 (POLLOUT:4)
0:00:00.023791498  2771 0xbb9390 DEBUG   GST_REGISTRY gstregistry.c:590:gst_registry_add_feature: adding feature 0xbdab50 (dataurisrc)
0:00:00.018627556  2772 0x247e320 DEBUG   GST_POLL gstpoll.c:980:gst_poll_fd_ctl_write: 0x24869e0: fd (fd:0, idx:1), active : 1
0:00:00.023806123  2771 0xbb9390 DEBUG   GST_REFCOUNTING gstobject.c:709:gst_object_set_parent: set parent (ref and sink)
0:00:00.018635058  2772 0x247e320 LOG   GST_POLL gstpoll.c:994:gst_poll_fd_ctl_write: 0x24869e0: pfd->events now 60 (POLLOUT:4)
0:00:00.023815716  2771 0xbb9390 TRACE   GST_REFCOUNTING gstobject.c:294:gst_object_ref_sink: 0xbdab50 ref_sink 1->2
0:00:00.018642226  2772 0x247e320 DEBUG   GST_POLL gstpoll.c:980:gst_poll_fd_ctl_write: 0x24869e0: fd (fd:0, idx:1), active : 1
0:00:00.023823166  2771 0xbb9390 LOG   GST_REGISTRY gstregistry.c:608:gst_registry_add_feature: emitting feature-added for dataurisrc
