0:00:00.018648561  2772 0x247e320 LOG   GST_POLL gstpoll.c:994:gst_poll_fd_ctl_write: 0x24869e0: pfd->events now 60 (POLLOUT:4)
0:00:00.018655337  2772 0x247e320 DEBUG   GST_POLL gstpoll.c:980:gst_poll_fd_ctl_write: 0x24869e0: fd (fd:0, idx:1), active : 1
0:00:00.023832635  2771 0xbb9390 DEBUG   GST_REGISTRY gstregistrychunks.c:741:gst_registry_chunks_load_feature: Added feature dataurisrc, plugin 0xbd3240 coreelements
0:00:00.018660664  2772 0x247e320 LOG   GST_POLL gstpoll.c:994:gst_poll_fd_ctl_write: 0x24869e0: pfd->events now 60 (POLLOUT:4)
0:00:00.023841597  2771 0xbb9390 DEBUG   GST_REGISTRY gstregistrychunks.c:583:gst_registry_chunks_load_feature: Plugin 'coreelements' feature 'concat' typename : 'GstElementFactory'
0:00:00.018667450  2772 0x247e320 DEBUG   GST_POLL gstpoll.c:980:gst_poll_fd_ctl_write: 0x24869e0: fd (fd:0, idx:1), active : 1
0:00:00.018673614  2772 0x247e320 LOG   GST_POLL gstpoll.c:994:gst_poll_fd_ctl_write: 0x24869e0: pfd->events now 60 (POLLOUT:4)
0:00:00.023851643  2771 0xbb9390 TRACE   GST_REFCOUNTING gstobject.c:208:gst_object_init: 0xbda9e0 new
0:00:00.018682406  2772 0x247e320 DEBUG   GST_POLL gstpoll.c:980:gst_poll_fd_ctl_write: 0x24869e0: fd (fd:0, idx:1), active : 1
0:00:00.023863287  2771 0xbb9390 LOG   GST_REGISTRY gstregistrychunks.c:610:gst_registry_chunks_load_feature: Reading/casting for GstRegistryChunkElementFactory at address 0xbd62f0
0:00:00.018689746  2772 0x247e320 LOG   GST_POLL gstpoll.c:994:gst_poll_fd_ctl_write: 0x24869e0: pfd->events now 60 (POLLOUT:4)
0:00:00.023870455  2771 0xbb9390 TRACE   structure gststructure.c:292:gst_structure_new_id_empty_with_size: created structure 0xbdb180
0:00:00.018696747  2772 0x247e320 DEBUG   GST_POLL gstpoll.c:980:gst_poll_fd_ctl_write: 0x24869e0: fd (fd:0, idx:1), active : 1
0:00:00.023876719  2771 0xbb9390 DEBUG   structure gststructure.c:2258:gst_structure_parse_field: trying field name 'long-name'
0:00:00.018703124  2772 0x247e320 LOG   GST_POLL gstpoll.c:994:gst_poll_fd_ctl_write: 0x24869e0: pfd->events now 60 (POLLOUT:4)
0:00:00.023882905  2771 0xbb9390 DEBUG   default gstvalue.c:2776:_priv_gst_value_parse_value: trying type name 'string'
0:00:00.018717956  2772 0x247e320 DEBUG   GST_POLL gstpoll.c:980:gst_poll_fd_ctl_write: 0x24869e0: fd (fd:0, idx:1), active : 1
0:00:00.023898230  2771 0xbb9390 DEBUG   structure gststructure.c:2258:gst_structure_parse_field: trying field name 'klass'
0:00:00.018724477  2772 0x247e320 LOG   GST_POLL gstpoll.c:994:gst_poll_fd_ctl_write: 0x24869e0: pfd->events now 60 (POLLOUT:4)
0:00:00.023906299  2771 0xbb9390 DEBUG   default gstvalue.c:2776:_priv_gst_value_parse_value: trying type name 'string'
0:00:00.018730982  2772 0x247e320 DEBUG   GST_POLL gstpoll.c:980:gst_poll_fd_ctl_write: 0x24869e0: fd (fd:0, idx:1), active : 1
0:00:00.023914686  2771 0xbb9390 DEBUG   structure gststructure.c:2258:gst_structure_parse_field: trying field name 'description'
0:00:00.018738262  2772 0x247e320 LOG   GST_POLL gstpoll.c:994:gst_poll_fd_ctl_write: 0x24869e0: pfd->events now 60 (POLLOUT:4)
0:00:00.023921215  2771 0xbb9390 DEBUG   default gstvalue.c:2776:_priv_gst_value_parse_value: trying type name 'string'
0:00:00.018748867  2772 0x247e320 DEBUG   GST_POLL gstpoll.c:980:gst_poll_fd_ctl_write: 0x24869e0: fd (fd:0, idx:1), active : 1
0:00:00.023929114  2771 0xbb9390 DEBUG   structure gststructure.c:2258:gst_structure_parse_field: trying field name 'author'
0:00:00.018756322  2772 0x247e320 LOG   GST_POLL gstpoll.c:994:gst_poll_fd_ctl_write: 0x24869e0: pfd->events now 60 (POLLOUT:4)
0:00:00.023935398  2771 0xbb9390 DEBUG   default gstvalue.c:2776:_priv_gst_value_parse_value: trying type name 'string'
0:00:00.018763376  2772 0x247e320 DEBUG   GST_POLL gstpoll.c:980:gst_poll_fd_ctl_write: 0x24869e0: fd (fd:0, idx:1), active : 1
0:00:00.023943943  2771 0xbb9390 DEBUG   GST_REGISTRY gstregistrychunks.c:626:gst_registry_chunks_load_feature: Element factory : npadtemplates=2
0:00:00.018769779  2772 0x247e320 LOG   GST_POLL gstpoll.c:994:gst_poll_fd_ctl_write: 0x24869e0: pfd->events now 60 (POLLOUT:4)
0:00:00.023950034  2771 0xbb9390 DEBUG   GST_REGISTRY gstregistrychunks.c:526:gst_registry_chunks_load_pad_template: Reading/casting for GstRegistryChunkPadTemplate at address 0xbd63c8
0:00:00.018776747  2772 0x247e320 DEBUG   GST_POLL gstpoll.c:980:gst_poll_fd_ctl_write: 0x24869e0: fd (fd:0, idx:1), active : 1
0:00:00.023956394  2771 0xbb9390 DEBUG   GST_REGISTRY gstregistrychunks.c:539:gst_registry_chunks_load_pad_template: Added pad_template src
0:00:00.018783027  2772 0x247e320 LOG   GST_POLL gstpoll.c:994:gst_poll_fd_ctl_write: 0x24869e0: pfd->events now 60 (POLLOUT:4)
0:00:00.023964680  2771 0xbb9390 DEBUG   GST_REGISTRY gstregistrychunks.c:526:gst_registry_chunks_load_pad_template: Reading/casting for GstRegistryChunkPadTemplate at address 0xbd63d8
0:00:00.018789598  2772 0x247e320 DEBUG   GST_POLL gstpoll.c:980:gst_poll_fd_ctl_write: 0x24869e0: fd (fd:0, idx:1), active : 1
0:00:00.023972448  2771 0xbb9390 DEBUG   GST_REGISTRY gstregistrychunks.c:539:gst_registry_chunks_load_pad_template: Added pad_template sink_%u
0:00:00.018802260  2772 0x247e320 LOG   GST_POLL gstpoll.c:994:gst_poll_fd_ctl_write: 0x24869e0: pfd->events now 60 (POLLOUT:4)
0:00:00.023983903  2771 0xbb9390 DEBUG   GST_REGISTRY gstregistry.c:590:gst_registry_add_feature: adding feature 0xbda9e0 (concat)
0:00:00.018811078  2772 0x247e320 DEBUG   GST_POLL gstpoll.c:980:gst_poll_fd_ctl_write: 0x24869e0: fd (fd:0, idx:1), active : 1
0:00:00.023990665  2771 0xbb9390 DEBUG   GST_REFCOUNTING gstobject.c:709:gst_object_set_parent: set parent (ref and sink)
0:00:00.018818840  2772 0x247e320 LOG   GST_POLL gstpoll.c:994:gst_poll_fd_ctl_write: 0x24869e0: pfd->events now 60 (POLLOUT:4)
0:00:00.023999986  2771 0xbb9390 TRACE   GST_REFCOUNTING gstobject.c:294:gst_object_ref_sink: 0xbda9e0 ref_sink 1->2
0:00:00.018825882  2772 0x247e320 DEBUG   GST_POLL gstpoll.c:980:gst_poll_fd_ctl_write: 0x24869e0: fd (fd:0, idx:1), active : 1
0:00:00.024007500  2771 0xbb9390 LOG   GST_REGISTRY gstregistry.c:608:gst_registry_add_feature: emitting feature-added for concat
0:00:00.018832007  2772 0x247e320 LOG   GST_POLL gstpoll.c:994:gst_poll_fd_ctl_write: 0x24869e0: pfd->events now 60 (POLLOUT:4)
0:00:00.024014911  2771 0xbb9390 DEBUG   GST_REGISTRY gstregistrychunks.c:741:gst_registry_chunks_load_feature: Added feature concat, plugin 0xbd3240 coreelements
0:00:00.018838738  2772 0x247e320 DEBUG   GST_POLL gstpoll.c:980:gst_poll_fd_ctl_write: 0x24869e0: fd (fd:0, idx:1), active : 1
0:00:00.024022210  2771 0xbb9390 DEBUG   GST_REGISTRY gstregistrychunks.c:583:gst_registry_chunks_load_feature: Plugin 'coreelements' feature 'clocksync' typename : 'GstElementFactory'
0:00:00.018845984  2772 0x247e320 LOG   GST_POLL gstpoll.c:994:gst_poll_fd_ctl_write: 0x24869e0: pfd->events now 60 (POLLOUT:4)
0:00:00.018854512  2772 0x247e320 DEBUG   GST_POLL gstpoll.c:980:gst_poll_fd_ctl_write: 0x24869e0: fd (fd:0, idx:1), active : 1
0:00:00.024034253  2771 0xbb9390 TRACE   GST_REFCOUNTING gstobject.c:208:gst_object_init: 0xbdaed0 new
0:00:00.018860265  2772 0x247e320 LOG   GST_POLL gstpoll.c:994:gst_poll_fd_ctl_write: 0x24869e0: pfd->events now 60 (POLLOUT:4)
0:00:00.024044963  2771 0xbb9390 LOG   GST_REGISTRY gstregistrychunks.c:610:gst_registry_chunks_load_feature: Reading/casting for GstRegistryChunkElementFactory at address 0xbd6408
0:00:00.018869313  2772 0x247e320 DEBUG   GST_POLL gstpoll.c:980:gst_poll_fd_ctl_write: 0x24869e0: fd (fd:0, idx:1), active : 1
0:00:00.024053034  2771 0xbb9390 TRACE   structure gststructure.c:292:gst_structure_new_id_empty_with_size: created structure 0xbdb520
0:00:00.018876638  2772 0x247e320 LOG   GST_POLL gstpoll.c:994:gst_poll_fd_ctl_write: 0x24869e0: pfd->events now 60 (POLLOUT:4)
0:00:00.024060445  2771 0xbb9390 DEBUG   structure gststructure.c:2258:gst_structure_parse_field: trying field name 'long-name'
0:00:00.018885161  2772 0x247e320 DEBUG   GST_POLL gstpoll.c:980:gst_poll_fd_ctl_write: 0x24869e0: fd (fd:0, idx:1), active : 1
0:00:00.024079573  2771 0xbb9390 DEBUG   default gstvalue.c:2776:_priv_gst_value_parse_value: trying type name 'string'
0:00:00.018904746  2772 0x247e320 LOG   GST_POLL gstpoll.c:994:gst_poll_fd_ctl_write: 0x24869e0: pfd->events now 60 (POLLOUT:4)
0:00:00.024088057  2771 0xbb9390 DEBUG   structure gststructure.c:2258:gst_structure_parse_field: trying field name 'klass'
0:00:00.018912100  2772 0x247e320 DEBUG   GST_POLL gstpoll.c:980:gst_poll_fd_ctl_write: 0x24869e0: fd (fd:0, idx:1), active : 1
0:00:00.024094707  2771 0xbb9390 DEBUG   default gstvalue.c:2776:_priv_gst_value_parse_value: trying type name 'string'
0:00:00.018919374  2772 0x247e320 LOG   GST_POLL gstpoll.c:994:gst_poll_fd_ctl_write: 0x24869e0: pfd->events now 60 (POLLOUT:4)
0:00:00.024101831  2771 0xbb9390 DEBUG   structure gststructure.c:2258:gst_structure_parse_field: trying field name 'description'
0:00:00.018926245  2772 0x247e320 DEBUG   GST_POLL gstpoll.c:980:gst_poll_fd_ctl_write: 0x24869e0: fd (fd:0, idx:1), active : 1
0:00:00.024111275  2771 0xbb9390 DEBUG   default gstvalue.c:2776:_priv_gst_value_parse_value: trying type name 'string'
0:00:00.018934455  2772 0x247e320 LOG   GST_POLL gstpoll.c:994:gst_poll_fd_ctl_write: 0x24869e0: pfd->events now 60 (POLLOUT:4)
0:00:00.024120662  2771 0xbb9390 DEBUG   structure gststructure.c:2258:gst_structure_parse_field: trying field name 'author'
0:00:00.018946157  2772 0x247e320 DEBUG   GST_POLL gstpoll.c:980:gst_poll_fd_ctl_write: 0x24869e0: fd (fd:0, idx:1), active : 1
0:00:00.024127144  2771 0xbb9390 DEBUG   default gstvalue.c:2776:_priv_gst_value_parse_value: trying type name 'string'
0:00:00.018953297  2772 0x247e320 LOG   GST_POLL gstpoll.c:994:gst_poll_fd_ctl_write: 0x24869e0: pfd->events now 60 (POLLOUT:4)
0:00:00.024135018  2771 0xbb9390 DEBUG   GST_REGISTRY gstregistrychunks.c:626:gst_registry_chunks_load_feature: Element factory : npadtemplates=2
0:00:00.018960408  2772 0x247e320 DEBUG   GST_POLL gstpoll.c:980:gst_poll_fd_ctl_write: 0x24869e0: fd (fd:0, idx:1), active : 1
0:00:00.024141760  2771 0xbb9390 DEBUG   GST_REGISTRY gstregistrychunks.c:526:gst_registry_chunks_load_pad_template: Reading/casting for GstRegistryChunkPadTemplate at address 0xbd64d8
0:00:00.018967100  2772 0x247e320 LOG   GST_POLL gstpoll.c:994:gst_poll_fd_ctl_write: 0x24869e0: pfd->events now 60 (POLLOUT:4)
0:00:00.024148126  2771 0xbb9390 DEBUG   GST_REGISTRY gstregistrychunks.c:539:gst_registry_chunks_load_pad_template: Added pad_template sink
0:00:00.018973508  2772 0x247e320 DEBUG   GST_POLL gstpoll.c:980:gst_poll_fd_ctl_write: 0x24869e0: fd (fd:0, idx:1), active : 1
0:00:00.024154440  2771 0xbb9390 DEBUG   GST_REGISTRY gstregistrychunks.c:526:gst_registry_chunks_load_pad_template: Reading/casting for GstRegistryChunkPadTemplate at address 0xbd64f0
0:00:00.018979518  2772 0x247e320 LOG   GST_POLL gstpoll.c:994:gst_poll_fd_ctl_write: 0x24869e0: pfd->events now 60 (POLLOUT:4)
0:00:00.024161310  2771 0xbb9390 DEBUG   GST_REGISTRY gstregistrychunks.c:539:gst_registry_chunks_load_pad_template: Added pad_template src
0:00:00.018992025  2772 0x247e320 DEBUG   GST_POLL gstpoll.c:980:gst_poll_fd_ctl_write: 0x24869e0: fd (fd:0, idx:1), active : 1
0:00:00.018998375  2772 0x247e320 LOG   GST_POLL gstpoll.c:994:gst_poll_fd_ctl_write: 0x24869e0: pfd->events now 60 (POLLOUT:4)
0:00:00.024175843  2771 0xbb9390 DEBUG   GST_REGISTRY gstregistry.c:590:gst_registry_add_feature: adding feature 0xbdaed0 (clocksync)
0:00:00.019007509  2772 0x247e320 DEBUG   GST_POLL gstpoll.c:980:gst_poll_fd_ctl_write: 0x24869e0: fd (fd:0, idx:1), active : 1
0:00:00.024185963  2771 0xbb9390 DEBUG   GST_REFCOUNTING gstobject.c:709:gst_object_set_parent: set parent (ref and sink)
0:00:00.019014575  2772 0x247e320 LOG   GST_POLL gstpoll.c:994:gst_poll_fd_ctl_write: 0x24869e0: pfd->events now 60 (POLLOUT:4)
0:00:00.024195374  2771 0xbb9390 TRACE   GST_REFCOUNTING gstobject.c:294:gst_object_ref_sink: 0xbdaed0 ref_sink 1->2
0:00:00.024202807  2771 0xbb9390 LOG   GST_REGISTRY gstregistry.c:608:gst_registry_add_feature: emitting feature-added for clocksync
0:00:00.019028182  2772 0x247e320 TRACE   GST_REFCOUNTING gstobject.c:265:gst_object_unref: 0x249a270 unref 2->1
0:00:00.024209569  2771 0xbb9390 DEBUG   GST_REGISTRY gstregistrychunks.c:741:gst_registry_chunks_load_feature: Added feature clocksync, plugin 0xbd3240 coreelements
0:00:00.019037946  2772 0x247e320 DEBUG   GST_POLL gstpoll.c:1241:gst_poll_fd_has_error: 0x24869e0: fd (fd:0, idx:1) 0
0:00:00.024217490  2771 0xbb9390 DEBUG   GST_REGISTRY gstregistrychunks.c:583:gst_registry_chunks_load_feature: Plugin 'coreelements' feature 'capsfilter' typename : 'GstElementFactory'
0:00:00.019045142  2772 0x247e320 DEBUG   GST_POLL gstpoll.c:1335:gst_poll_fd_can_write: 0x24869e0: fd (fd:0, idx:1) 1
0:00:00.024227340  2771 0xbb9390 TRACE   GST_REFCOUNTING gstobject.c:208:gst_object_init: 0xbdb300 new
0:00:00.019051555  2772 0x247e320 LOG   GST_PLUGIN_LOADING gstpluginloader.c:689:write_one: Writing packet of size 488 bytes to fd 0
0:00:00.024236929  2771 0xbb9390 LOG   GST_REGISTRY gstregistrychunks.c:610:gst_registry_chunks_load_feature: Reading/casting for GstRegistryChunkElementFactory at address 0xbd6520
0:00:00.019065623  2772 0x247e320 DEBUG   GST_POLL gstpoll.c:1414:gst_poll_wait: 0x24869e0: timeout :0:00:01.000000000
0:00:00.024246550  2771 0xbb9390 TRACE   structure gststructure.c:292:gst_structure_new_id_empty_with_size: created structure 0xbdb9e0
0:00:00.024253878  2771 0xbb9390 DEBUG   structure gststructure.c:2258:gst_structure_parse_field: trying field name 'long-name'
0:00:00.019079536  2772 0x247e320 LOG   GST_PLUGIN_LOADING gstpluginloader.c:1027:exchange_packets: Poll res = 2. 6872 bytes pending for write
0:00:00.024259763  2771 0xbb9390 DEBUG   default gstvalue.c:2776:_priv_gst_value_parse_value: trying type name 'string'
0:00:00.019088359  2772 0x247e320 DEBUG   GST_POLL gstpoll.c:1241:gst_poll_fd_has_error: 0x24869e0: fd (fd:5, idx:2) 0
0:00:00.024274830  2771 0xbb9390 DEBUG   structure gststructure.c:2258:gst_structure_parse_field: trying field name 'klass'
0:00:00.019099329  2772 0x247e320 DEBUG   GST_POLL gstpoll.c:1266:gst_poll_fd_can_read_unlocked: 0x24869e0: fd (fd:5, idx:2) 1
0:00:00.024281154  2771 0xbb9390 DEBUG   default gstvalue.c:2776:_priv_gst_value_parse_value: trying type name 'string'
0:00:00.019109263  2772 0x247e320 LOG   GST_PLUGIN_LOADING gstpluginloader.c:1005:read_one: No payload to read for 0 length packet type 1 tag 0
0:00:00.024288333  2771 0xbb9390 DEBUG   structure gststructure.c:2258:gst_structure_parse_field: trying field name 'description'
0:00:00.019116696  2772 0x247e320 DEBUG   GST_POLL gstpoll.c:1015:gst_poll_fd_ctl_read_unlocked: 0x24869e0: fd (fd:5, idx:2), active : 0
0:00:00.024295538  2771 0xbb9390 DEBUG   default gstvalue.c:2776:_priv_gst_value_parse_value: trying type name 'string'
0:00:00.019123331  2772 0x247e320 DEBUG   GST_POLL gstpoll.c:980:gst_poll_fd_ctl_write: 0x24869e0: fd (fd:0, idx:1), active : 1
0:00:00.024303723  2771 0xbb9390 DEBUG   structure gststructure.c:2258:gst_structure_parse_field: trying field name 'author'
0:00:00.019131676  2772 0x247e320 LOG   GST_POLL gstpoll.c:994:gst_poll_fd_ctl_write: 0x24869e0: pfd->events now 60 (POLLOUT:4)
0:00:00.024312006  2771 0xbb9390 DEBUG   default gstvalue.c:2776:_priv_gst_value_parse_value: trying type name 'string'
0:00:00.019139116  2772 0x247e320 DEBUG   GST_POLL gstpoll.c:1241:gst_poll_fd_has_error: 0x24869e0: fd (fd:0, idx:1) 0
0:00:00.024321102  2771 0xbb9390 DEBUG   GST_REGISTRY gstregistrychunks.c:626:gst_registry_chunks_load_feature: Element factory : npadtemplates=2
0:00:00.019146315  2772 0x247e320 DEBUG   GST_POLL gstpoll.c:1335:gst_poll_fd_can_write: 0x24869e0: fd (fd:0, idx:1) 1
0:00:00.024327600  2771 0xbb9390 DEBUG   GST_REGISTRY gstregistrychunks.c:526:gst_registry_chunks_load_pad_template: Reading/casting for GstRegistryChunkPadTemplate at address 0xbd6600
0:00:00.019152675  2772 0x247e320 LOG   GST_PLUGIN_LOADING gstpluginloader.c:689:write_one: Writing packet of size 6872 bytes to fd 0
0:00:00.024334553  2771 0xbb9390 DEBUG   GST_REGISTRY gstregistrychunks.c:539:gst_registry_chunks_load_pad_template: Added pad_template sink
0:00:00.024341520  2771 0xbb9390 DEBUG   GST_REGISTRY gstregistrychunks.c:526:gst_registry_chunks_load_pad_template: Reading/casting for GstRegistryChunkPadTemplate at address 0xbd6618
0:00:00.019165932  2772 0x247e320 DEBUG   GST_POLL gstpoll.c:1414:gst_poll_wait: 0x24869e0: timeout :0:00:01.000000000
0:00:00.024347841  2771 0xbb9390 DEBUG   GST_REGISTRY gstregistrychunks.c:539:gst_registry_chunks_load_pad_template: Added pad_template src
0:00:00.019174667  2772 0x247e320 LOG   GST_PLUGIN_LOADING gstpluginloader.c:1027:exchange_packets: Poll res = 1. 12 bytes pending for write
0:00:00.024357379  2771 0xbb9390 DEBUG   GST_REGISTRY gstregistry.c:590:gst_registry_add_feature: adding feature 0xbdb300 (capsfilter)
0:00:00.019184783  2772 0x247e320 DEBUG   GST_POLL gstpoll.c:1241:gst_poll_fd_has_error: 0x24869e0: fd (fd:0, idx:1) 0
0:00:00.024370716  2771 0xbb9390 DEBUG   GST_REFCOUNTING gstobject.c:709:gst_object_set_parent: set parent (ref and sink)
0:00:00.019196044  2772 0x247e320 DEBUG   GST_POLL gstpoll.c:1335:gst_poll_fd_can_write: 0x24869e0: fd (fd:0, idx:1) 1
0:00:00.019203791  2772 0x247e320 LOG   GST_PLUGIN_LOADING gstpluginloader.c:689:write_one: Writing packet of size 12 bytes to fd 0
0:00:00.024382356  2771 0xbb9390 TRACE   GST_REFCOUNTING gstobject.c:294:gst_object_ref_sink: 0xbdb300 ref_sink 1->2
0:00:00.019213130  2772 0x247e320 DEBUG   GST_POLL gstpoll.c:980:gst_poll_fd_ctl_write: 0x24869e0: fd (fd:0, idx:1), active : 0
0:00:00.024391535  2771 0xbb9390 LOG   GST_REGISTRY gstregistry.c:608:gst_registry_add_feature: emitting feature-added for capsfilter
0:00:00.019219656  2772 0x247e320 LOG   GST_POLL gstpoll.c:994:gst_poll_fd_ctl_write: 0x24869e0: pfd->events now 56 (POLLOUT:4)
0:00:00.024400893  2771 0xbb9390 DEBUG   GST_REGISTRY gstregistrychunks.c:741:gst_registry_chunks_load_feature: Added feature capsfilter, plugin 0xbd3240 coreelements
0:00:00.024410708  2771 0xbb9390 LOG   GST_PLUGIN_LOADING gstpluginloader.c:888:handle_rx_packet: marking plugin 0xbd3240 as registered as /home/conan/w/prod/BuildSingleReference/.conan/data/gstreamer/1.19.1/_/_/package/bec7fecef66b28e957582014d79b970659fc2b7f/lib/gstreamer-1.0/libgstcoreelements.so
0:00:00.019241941  2772 0x247e320 DEBUG   GST_POLL gstpoll.c:772:gst_poll_free: 0x24869e0: freeing
0:00:00.024422226  2771 0xbb9390 DEBUG   GST_POLL gstpoll.c:1414:gst_poll_wait: 0xbd2d10: timeout :0:00:01.000000000
0:00:00.024436025  2771 0xbb9390 LOG   GST_PLUGIN_LOADING gstpluginloader.c:1027:exchange_packets: Poll res = 2. 0 bytes pending for write
0:00:00.024445168  2771 0xbb9390 DEBUG   GST_POLL gstpoll.c:1241:gst_poll_fd_has_error: 0xbd2d10: fd (fd:8, idx:2) 0
0:00:00.024454917  2771 0xbb9390 DEBUG   GST_POLL gstpoll.c:1266:gst_poll_fd_can_read_unlocked: 0xbd2d10: fd (fd:8, idx:2) 1
0:00:00.024469635  2771 0xbb9390 DEBUG   GST_PLUGIN_LOADING gstpluginloader.c:849:handle_rx_packet: Received plugin details from child w/ tag 2. 476 bytes info
0:00:00.024540356  2771 0xbb9390 LOG   GST_REGISTRY gstregistrychunks.c:837:_priv_gst_registry_chunks_load_plugin: Reading/casting for GstRegistryChunkPluginElement at address 0xbd4b60
0:00:00.024587618  2771 0xbb9390 TRACE   GST_REFCOUNTING gstobject.c:208:gst_object_init: 0xbdbb20 new
0:00:00.024610207  2771 0xbb9390 LOG   GST_REGISTRY gstregistrychunks.c:858:_priv_gst_registry_chunks_load_plugin: read strings for name='coretracers'
0:00:00.024616751  2771 0xbb9390 LOG   GST_REGISTRY gstregistrychunks.c:859:_priv_gst_registry_chunks_load_plugin: desc.description='GStreamer core tracers'
0:00:00.024622969  2771 0xbb9390 LOG   GST_REGISTRY gstregistrychunks.c:860:_priv_gst_registry_chunks_load_plugin: filename='/home/conan/w/prod/BuildSingleReference/.conan/data/gstreamer/1.19.1/_/_/package/bec7fecef66b28e957582014d79b970659fc2b7f/lib/gstreamer-1.0/libgstcoretracers.so'
0:00:00.024640905  2771 0xbb9390 LOG   GST_REGISTRY gstregistrychunks.c:861:_priv_gst_registry_chunks_load_plugin: desc.version='1.19.1'
0:00:00.024646002  2771 0xbb9390 LOG   GST_REGISTRY gstregistrychunks.c:862:_priv_gst_registry_chunks_load_plugin: desc.license='LGPL'
0:00:00.024653949  2771 0xbb9390 LOG   GST_REGISTRY gstregistrychunks.c:863:_priv_gst_registry_chunks_load_plugin: desc.source='gstreamer'
0:00:00.024660443  2771 0xbb9390 LOG   GST_REGISTRY gstregistrychunks.c:864:_priv_gst_registry_chunks_load_plugin: desc.package='GStreamer source release'
0:00:00.024665682  2771 0xbb9390 LOG   GST_REGISTRY gstregistrychunks.c:865:_priv_gst_registry_chunks_load_plugin: desc.origin='Unknown package origin'
0:00:00.024670798  2771 0xbb9390 LOG   GST_REGISTRY gstregistrychunks.c:866:_priv_gst_registry_chunks_load_plugin: desc.datetime=2021-06-01
0:00:00.024699865  2771 0xbb9390 DEBUG   GST_REGISTRY gstregistry.c:449:gst_registry_add_plugin: Replacing existing plugin "/home/conan/w/prod/BuildSingleReference/.conan/data/gstreamer/1.19.1/_/_/package/bec7fecef66b28e957582014d79b970659fc2b7f/lib/gstreamer-1.0/libgstcoretracers.so" 0xbd38b0 with new plugin 0xbdbb20 for filename "/home/conan/w/prod/BuildSingleReference/.conan/data/gstreamer/1.19.1/_/_/package/bec7fecef66b28e957582014d79b970659fc2b7f/lib/gstreamer-1.0/libgstcoretracers.so"
0:00:00.024720541  2771 0xbb9390 TRACE   GST_REFCOUNTING gstobject.c:265:gst_object_unref: 0xbd38b0 unref 1->0
0:00:00.024737301  2771 0xbb9390 TRACE   GST_REFCOUNTING gstobject.c:381:gst_object_dispose: 0xbd38b0 dispose
0:00:00.024761074  2771 0xbb9390 DEBUG   GST_PLUGIN_LOADING gstplugin.c:136:gst_plugin_finalize: finalizing plugin
0:00:00.024773172  2771 0xbb9390 TRACE   GST_REFCOUNTING gstobject.c:423:gst_object_finalize: 0xbd38b0 finalize
0:00:00.024790283  2771 0xbb9390 DEBUG   GST_REGISTRY gstregistry.c:474:gst_registry_add_plugin: adding plugin 0xbdbb20 for filename "/home/conan/w/prod/BuildSingleReference/.conan/data/gstreamer/1.19.1/_/_/package/bec7fecef66b28e957582014d79b970659fc2b7f/lib/gstreamer-1.0/libgstcoretracers.so"
0:00:00.024798707  2771 0xbb9390 TRACE   GST_REFCOUNTING gstobject.c:294:gst_object_ref_sink: 0xbdbb20 ref_sink 1->2
0:00:00.024806233  2771 0xbb9390 LOG   GST_REGISTRY gstregistry.c:487:gst_registry_add_plugin: emitting plugin-added for filename "/home/conan/w/prod/BuildSingleReference/.conan/data/gstreamer/1.19.1/_/_/package/bec7fecef66b28e957582014d79b970659fc2b7f/lib/gstreamer-1.0/libgstcoretracers.so"
0:00:00.024813931  2771 0xbb9390 DEBUG   GST_REGISTRY gstregistrychunks.c:887:_priv_gst_registry_chunks_load_plugin: Added plugin 'coretracers' plugin with 5 features from binary registry
0:00:00.024823758  2771 0xbb9390 DEBUG   GST_REGISTRY gstregistrychunks.c:583:gst_registry_chunks_load_feature: Plugin 'coretracers' feature 'leaks' typename : 'GstTracerFactory'
0:00:00.024836846  2771 0xbb9390 TRACE   GST_REFCOUNTING gstobject.c:208:gst_object_init: 0xbdb820 new
0:00:00.024855066  2771 0xbb9390 DEBUG   GST_REGISTRY gstregistrychunks.c:718:gst_registry_chunks_load_feature: Reading/casting for GstRegistryChunkPluginFeature at address 0xbd4ca8
0:00:00.024863693  2771 0xbb9390 DEBUG   GST_REGISTRY gstregistry.c:581:gst_registry_add_feature: replacing existing feature 0xbd3bc0 (leaks)
0:00:00.024871392  2771 0xbb9390 DEBUG   GST_REGISTRY gstregistry.c:590:gst_registry_add_feature: adding feature 0xbdb820 (leaks)
0:00:00.024877184  2771 0xbb9390 TRACE   GST_REFCOUNTING gstobject.c:788:gst_object_unparent: unparent
0:00:00.024884375  2771 0xbb9390 TRACE   GST_REFCOUNTING gstobject.c:265:gst_object_unref: 0xbd3bc0 unref 1->0
0:00:00.024890698  2771 0xbb9390 TRACE   GST_REFCOUNTING gstobject.c:381:gst_object_dispose: 0xbd3bc0 dispose
0:00:00.024901136  2771 0xbb9390 DEBUG   GST_PLUGIN_LOADING gstpluginfeature.c:67:gst_plugin_feature_finalize: finalizing feature 0xbd3bc0: 'leaks'
0:00:00.024909123  2771 0xbb9390 TRACE   GST_REFCOUNTING gstobject.c:423:gst_object_finalize: 0xbd3bc0 finalize
0:00:00.024916416  2771 0xbb9390 DEBUG   GST_REFCOUNTING gstobject.c:709:gst_object_set_parent: set parent (ref and sink)
0:00:00.024923786  2771 0xbb9390 TRACE   GST_REFCOUNTING gstobject.c:294:gst_object_ref_sink: 0xbdb820 ref_sink 1->2
0:00:00.024930208  2771 0xbb9390 LOG   GST_REGISTRY gstregistry.c:608:gst_registry_add_feature: emitting feature-added for leaks
0:00:00.024936722  2771 0xbb9390 DEBUG   GST_REGISTRY gstregistrychunks.c:741:gst_registry_chunks_load_feature: Added feature leaks, plugin 0xbdbb20 coretracers
0:00:00.024943229  2771 0xbb9390 DEBUG   GST_REGISTRY gstregistrychunks.c:583:gst_registry_chunks_load_feature: Plugin 'coretracers' feature 'stats' typename : 'GstTracerFactory'
0:00:00.024951358  2771 0xbb9390 TRACE   GST_REFCOUNTING gstobject.c:208:gst_object_init: 0xbd3bc0 new
0:00:00.024962804  2771 0xbb9390 DEBUG   GST_REGISTRY gstregistrychunks.c:718:gst_registry_chunks_load_feature: Reading/casting for GstRegistryChunkPluginFeature at address 0xbd4cc8
0:00:00.024971888  2771 0xbb9390 DEBUG   GST_REGISTRY gstregistry.c:581:gst_registry_add_feature: replacing existing feature 0xbd3dc0 (stats)
0:00:00.024978883  2771 0xbb9390 DEBUG   GST_REGISTRY gstregistry.c:590:gst_registry_add_feature: adding feature 0xbd3bc0 (stats)
0:00:00.024984854  2771 0xbb9390 TRACE   GST_REFCOUNTING gstobject.c:788:gst_object_unparent: unparent
0:00:00.024991842  2771 0xbb9390 TRACE   GST_REFCOUNTING gstobject.c:265:gst_object_unref: 0xbd3dc0 unref 1->0
0:00:00.024998276  2771 0xbb9390 TRACE   GST_REFCOUNTING gstobject.c:381:gst_object_dispose: 0xbd3dc0 dispose
0:00:00.025004904  2771 0xbb9390 DEBUG   GST_PLUGIN_LOADING gstpluginfeature.c:67:gst_plugin_feature_finalize: finalizing feature 0xbd3dc0: 'stats'
0:00:00.025010780  2771 0xbb9390 TRACE   GST_REFCOUNTING gstobject.c:423:gst_object_finalize: 0xbd3dc0 finalize
0:00:00.025024686  2771 0xbb9390 DEBUG   GST_REFCOUNTING gstobject.c:709:gst_object_set_parent: set parent (ref and sink)
0:00:00.025033413  2771 0xbb9390 TRACE   GST_REFCOUNTING gstobject.c:294:gst_object_ref_sink: 0xbd3bc0 ref_sink 1->2
0:00:00.025040403  2771 0xbb9390 LOG   GST_REGISTRY gstregistry.c:608:gst_registry_add_feature: emitting feature-added for stats
0:00:00.025046793  2771 0xbb9390 DEBUG   GST_REGISTRY gstregistrychunks.c:741:gst_registry_chunks_load_feature: Added feature stats, plugin 0xbdbb20 coretracers
0:00:00.025052901  2771 0xbb9390 DEBUG   GST_REGISTRY gstregistrychunks.c:583:gst_registry_chunks_load_feature: Plugin 'coretracers' feature 'rusage' typename : 'GstTracerFactory'
0:00:00.025060998  2771 0xbb9390 TRACE   GST_REFCOUNTING gstobject.c:208:gst_object_init: 0xbd3dc0 new
0:00:00.025069106  2771 0xbb9390 DEBUG   GST_REGISTRY gstregistrychunks.c:718:gst_registry_chunks_load_feature: Reading/casting for GstRegistryChunkPluginFeature at address 0xbd4ce8
0:00:00.025076451  2771 0xbb9390 DEBUG   GST_REGISTRY gstregistry.c:581:gst_registry_add_feature: replacing existing feature 0xbd3fc0 (rusage)
0:00:00.025086793  2771 0xbb9390 DEBUG   GST_REGISTRY gstregistry.c:590:gst_registry_add_feature: adding feature 0xbd3dc0 (rusage)
0:00:00.025093723  2771 0xbb9390 TRACE   GST_REFCOUNTING gstobject.c:788:gst_object_unparent: unparent
0:00:00.025109183  2771 0xbb9390 TRACE   GST_REFCOUNTING gstobject.c:265:gst_object_unref: 0xbd3fc0 unref 1->0
0:00:00.025116185  2771 0xbb9390 TRACE   GST_REFCOUNTING gstobject.c:381:gst_object_dispose: 0xbd3fc0 dispose
0:00:00.025123039  2771 0xbb9390 DEBUG   GST_PLUGIN_LOADING gstpluginfeature.c:67:gst_plugin_feature_finalize: finalizing feature 0xbd3fc0: 'rusage'
0:00:00.025129222  2771 0xbb9390 TRACE   GST_REFCOUNTING gstobject.c:423:gst_object_finalize: 0xbd3fc0 finalize
0:00:00.025135641  2771 0xbb9390 DEBUG   GST_REFCOUNTING gstobject.c:709:gst_object_set_parent: set parent (ref and sink)
0:00:00.025142534  2771 0xbb9390 TRACE   GST_REFCOUNTING gstobject.c:294:gst_object_ref_sink: 0xbd3dc0 ref_sink 1->2
0:00:00.025151841  2771 0xbb9390 LOG   GST_REGISTRY gstregistry.c:608:gst_registry_add_feature: emitting feature-added for rusage
0:00:00.025159747  2771 0xbb9390 DEBUG   GST_REGISTRY gstregistrychunks.c:741:gst_registry_chunks_load_feature: Added feature rusage, plugin 0xbdbb20 coretracers
0:00:00.025166306  2771 0xbb9390 DEBUG   GST_REGISTRY gstregistrychunks.c:583:gst_registry_chunks_load_feature: Plugin 'coretracers' feature 'log' typename : 'GstTracerFactory'
0:00:00.025174522  2771 0xbb9390 TRACE   GST_REFCOUNTING gstobject.c:208:gst_object_init: 0xbd3fc0 new
0:00:00.025183133  2771 0xbb9390 DEBUG   GST_REGISTRY gstregistrychunks.c:718:gst_registry_chunks_load_feature: Reading/casting for GstRegistryChunkPluginFeature at address 0xbd4d08
0:00:00.025190449  2771 0xbb9390 DEBUG   GST_REGISTRY gstregistry.c:581:gst_registry_add_feature: replacing existing feature 0xbd41c0 (log)
0:00:00.025201660  2771 0xbb9390 DEBUG   GST_REGISTRY gstregistry.c:590:gst_registry_add_feature: adding feature 0xbd3fc0 (log)
0:00:00.025207216  2771 0xbb9390 TRACE   GST_REFCOUNTING gstobject.c:788:gst_object_unparent: unparent
0:00:00.025217121  2771 0xbb9390 TRACE   GST_REFCOUNTING gstobject.c:265:gst_object_unref: 0xbd41c0 unref 1->0
0:00:00.025225002  2771 0xbb9390 TRACE   GST_REFCOUNTING gstobject.c:381:gst_object_dispose: 0xbd41c0 dispose
0:00:00.025232114  2771 0xbb9390 DEBUG   GST_PLUGIN_LOADING gstpluginfeature.c:67:gst_plugin_feature_finalize: finalizing feature 0xbd41c0: 'log'
0:00:00.025238362  2771 0xbb9390 TRACE   GST_REFCOUNTING gstobject.c:423:gst_object_finalize: 0xbd41c0 finalize
0:00:00.025244774  2771 0xbb9390 DEBUG   GST_REFCOUNTING gstobject.c:709:gst_object_set_parent: set parent (ref and sink)
0:00:00.025251606  2771 0xbb9390 TRACE   GST_REFCOUNTING gstobject.c:294:gst_object_ref_sink: 0xbd3fc0 ref_sink 1->2
0:00:00.025257866  2771 0xbb9390 LOG   GST_REGISTRY gstregistry.c:608:gst_registry_add_feature: emitting feature-added for log
0:00:00.025264069  2771 0xbb9390 DEBUG   GST_REGISTRY gstregistrychunks.c:741:gst_registry_chunks_load_feature: Added feature log, plugin 0xbdbb20 coretracers
0:00:00.025273102  2771 0xbb9390 DEBUG   GST_REGISTRY gstregistrychunks.c:583:gst_registry_chunks_load_feature: Plugin 'coretracers' feature 'latency' typename : 'GstTracerFactory'
0:00:00.025283050  2771 0xbb9390 TRACE   GST_REFCOUNTING gstobject.c:208:gst_object_init: 0xbd41c0 new
0:00:00.025292262  2771 0xbb9390 DEBUG   GST_REGISTRY gstregistrychunks.c:718:gst_registry_chunks_load_feature: Reading/casting for GstRegistryChunkPluginFeature at address 0xbd4d30
0:00:00.025299949  2771 0xbb9390 DEBUG   GST_REGISTRY gstregistry.c:581:gst_registry_add_feature: replacing existing feature 0xbd43c0 (latency)
0:00:00.025306578  2771 0xbb9390 DEBUG   GST_REGISTRY gstregistry.c:590:gst_registry_add_feature: adding feature 0xbd41c0 (latency)
0:00:00.025312073  2771 0xbb9390 TRACE   GST_REFCOUNTING gstobject.c:788:gst_object_unparent: unparent
0:00:00.025318754  2771 0xbb9390 TRACE   GST_REFCOUNTING gstobject.c:265:gst_object_unref: 0xbd43c0 unref 1->0
0:00:00.025324918  2771 0xbb9390 TRACE   GST_REFCOUNTING gstobject.c:381:gst_object_dispose: 0xbd43c0 dispose
0:00:00.025334693  2771 0xbb9390 DEBUG   GST_PLUGIN_LOADING gstpluginfeature.c:67:gst_plugin_feature_finalize: finalizing feature 0xbd43c0: 'latency'
0:00:00.025342403  2771 0xbb9390 TRACE   GST_REFCOUNTING gstobject.c:423:gst_object_finalize: 0xbd43c0 finalize
0:00:00.025349220  2771 0xbb9390 DEBUG   GST_REFCOUNTING gstobject.c:709:gst_object_set_parent: set parent (ref and sink)
0:00:00.025356094  2771 0xbb9390 TRACE   GST_REFCOUNTING gstobject.c:294:gst_object_ref_sink: 0xbd41c0 ref_sink 1->2
0:00:00.025366856  2771 0xbb9390 LOG   GST_REGISTRY gstregistry.c:608:gst_registry_add_feature: emitting feature-added for latency
0:00:00.025373069  2771 0xbb9390 DEBUG   GST_REGISTRY gstregistrychunks.c:741:gst_registry_chunks_load_feature: Added feature latency, plugin 0xbdbb20 coretracers
0:00:00.025380556  2771 0xbb9390 LOG   GST_PLUGIN_LOADING gstpluginloader.c:888:handle_rx_packet: marking plugin 0xbdbb20 as registered as /home/conan/w/prod/BuildSingleReference/.conan/data/gstreamer/1.19.1/_/_/package/bec7fecef66b28e957582014d79b970659fc2b7f/lib/gstreamer-1.0/libgstcoretracers.so
0:00:00.025390271  2771 0xbb9390 DEBUG   GST_POLL gstpoll.c:1414:gst_poll_wait: 0xbd2d10: timeout :0:00:01.000000000
0:00:00.025404803  2771 0xbb9390 LOG   GST_PLUGIN_LOADING gstpluginloader.c:1027:exchange_packets: Poll res = 2. 0 bytes pending for write
0:00:00.025412964  2771 0xbb9390 DEBUG   GST_POLL gstpoll.c:1241:gst_poll_fd_has_error: 0xbd2d10: fd (fd:8, idx:2) 0
0:00:00.025419359  2771 0xbb9390 DEBUG   GST_POLL gstpoll.c:1266:gst_poll_fd_can_read_unlocked: 0xbd2d10: fd (fd:8, idx:2) 1
0:00:00.025435033  2771 0xbb9390 DEBUG   GST_PLUGIN_LOADING gstpluginloader.c:849:handle_rx_packet: Received plugin details from child w/ tag 3. 6860 bytes info
0:00:00.025441459  2771 0xbb9390 LOG   GST_REGISTRY gstregistrychunks.c:837:_priv_gst_registry_chunks_load_plugin: Reading/casting for GstRegistryChunkPluginElement at address 0xbd4b60
0:00:00.025452292  2771 0xbb9390 TRACE   GST_REFCOUNTING gstobject.c:208:gst_object_init: 0xbdbd10 new
0:00:00.025466691  2771 0xbb9390 LOG   GST_REGISTRY gstregistrychunks.c:858:_priv_gst_registry_chunks_load_plugin: read strings for name='coreelements'
0:00:00.025472758  2771 0xbb9390 LOG   GST_REGISTRY gstregistrychunks.c:859:_priv_gst_registry_chunks_load_plugin: desc.description='GStreamer core elements'
0:00:00.025478357  2771 0xbb9390 LOG   GST_REGISTRY gstregistrychunks.c:860:_priv_gst_registry_chunks_load_plugin: filename='/home/conan/w/prod/BuildSingleReference/.conan/data/gstreamer/1.19.1/_/_/package/bec7fecef66b28e957582014d79b970659fc2b7f/lib/gstreamer-1.0/libgstcoreelements.so'
0:00:00.025483755  2771 0xbb9390 LOG   GST_REGISTRY gstregistrychunks.c:861:_priv_gst_registry_chunks_load_plugin: desc.version='1.19.1'
0:00:00.025488678  2771 0xbb9390 LOG   GST_REGISTRY gstregistrychunks.c:862:_priv_gst_registry_chunks_load_plugin: desc.license='LGPL'
0:00:00.025493709  2771 0xbb9390 LOG   GST_REGISTRY gstregistrychunks.c:863:_priv_gst_registry_chunks_load_plugin: desc.source='gstreamer'
0:00:00.025498570  2771 0xbb9390 LOG   GST_REGISTRY gstregistrychunks.c:864:_priv_gst_registry_chunks_load_plugin: desc.package='GStreamer source release'
0:00:00.025506086  2771 0xbb9390 LOG   GST_REGISTRY gstregistrychunks.c:865:_priv_gst_registry_chunks_load_plugin: desc.origin='Unknown package origin'
0:00:00.025512724  2771 0xbb9390 LOG   GST_REGISTRY gstregistrychunks.c:866:_priv_gst_registry_chunks_load_plugin: desc.datetime=2021-06-01
0:00:00.025522553  2771 0xbb9390 DEBUG   GST_REGISTRY gstregistry.c:449:gst_registry_add_plugin: Replacing existing plugin "/home/conan/w/prod/BuildSingleReference/.conan/data/gstreamer/1.19.1/_/_/package/bec7fecef66b28e957582014d79b970659fc2b7f/lib/gstreamer-1.0/libgstcoreelements.so" 0xbd3240 with new plugin 0xbdbd10 for filename "/home/conan/w/prod/BuildSingleReference/.conan/data/gstreamer/1.19.1/_/_/package/bec7fecef66b28e957582014d79b970659fc2b7f/lib/gstreamer-1.0/libgstcoreelements.so"
0:00:00.025535701  2771 0xbb9390 TRACE   GST_REFCOUNTING gstobject.c:265:gst_object_unref: 0xbd3240 unref 1->0
0:00:00.025542514  2771 0xbb9390 TRACE   GST_REFCOUNTING gstobject.c:381:gst_object_dispose: 0xbd3240 dispose
0:00:00.025549943  2771 0xbb9390 DEBUG   GST_PLUGIN_LOADING gstplugin.c:136:gst_plugin_finalize: finalizing plugin
0:00:00.025555933  2771 0xbb9390 TRACE   GST_REFCOUNTING gstobject.c:423:gst_object_finalize: 0xbd3240 finalize
0:00:00.025564622  2771 0xbb9390 DEBUG   GST_REGISTRY gstregistry.c:474:gst_registry_add_plugin: adding plugin 0xbdbd10 for filename "/home/conan/w/prod/BuildSingleReference/.conan/data/gstreamer/1.19.1/_/_/package/bec7fecef66b28e957582014d79b970659fc2b7f/lib/gstreamer-1.0/libgstcoreelements.so"
0:00:00.025575269  2771 0xbb9390 TRACE   GST_REFCOUNTING gstobject.c:294:gst_object_ref_sink: 0xbdbd10 ref_sink 1->2
0:00:00.025583784  2771 0xbb9390 LOG   GST_REGISTRY gstregistry.c:487:gst_registry_add_plugin: emitting plugin-added for filename "/home/conan/w/prod/BuildSingleReference/.conan/data/gstreamer/1.19.1/_/_/package/bec7fecef66b28e957582014d79b970659fc2b7f/lib/gstreamer-1.0/libgstcoreelements.so"
0:00:00.025591320  2771 0xbb9390 DEBUG   GST_REGISTRY gstregistrychunks.c:887:_priv_gst_registry_chunks_load_plugin: Added plugin 'coreelements' plugin with 22 features from binary registry
0:00:00.025598194  2771 0xbb9390 DEBUG   GST_REGISTRY gstregistrychunks.c:583:gst_registry_chunks_load_feature: Plugin 'coreelements' feature 'streamiddemux' typename : 'GstElementFactory'
0:00:00.025607408  2771 0xbb9390 TRACE   GST_REFCOUNTING gstobject.c:208:gst_object_init: 0xbd4280 new
0:00:00.025616041  2771 0xbb9390 LOG   GST_REGISTRY gstregistrychunks.c:610:gst_registry_chunks_load_feature: Reading/casting for GstRegistryChunkElementFactory at address 0xbd4cb8
0:00:00.025624053  2771 0xbb9390 TRACE   structure gststructure.c:292:gst_structure_new_id_empty_with_size: created structure 0xbdb6a0
0:00:00.025630312  2771 0xbb9390 DEBUG   structure gststructure.c:2258:gst_structure_parse_field: trying field name 'long-name'
0:00:00.025638678  2771 0xbb9390 DEBUG   default gstvalue.c:2776:_priv_gst_value_parse_value: trying type name 'string'
0:00:00.025649592  2771 0xbb9390 DEBUG   structure gststructure.c:2258:gst_structure_parse_field: trying field name 'klass'
0:00:00.025654968  2771 0xbb9390 DEBUG   default gstvalue.c:2776:_priv_gst_value_parse_value: trying type name 'string'
0:00:00.025661814  2771 0xbb9390 DEBUG   structure gststructure.c:2258:gst_structure_parse_field: trying field name 'description'
0:00:00.025667038  2771 0xbb9390 DEBUG   default gstvalue.c:2776:_priv_gst_value_parse_value: trying type name 'string'
0:00:00.025692580  2771 0xbb9390 DEBUG   structure gststructure.c:2258:gst_structure_parse_field: trying field name 'author'
0:00:00.025700967  2771 0xbb9390 DEBUG   default gstvalue.c:2776:_priv_gst_value_parse_value: trying type name 'string'
0:00:00.025710660  2771 0xbb9390 DEBUG   GST_REGISTRY gstregistrychunks.c:626:gst_registry_chunks_load_feature: Element factory : npadtemplates=2
0:00:00.025716713  2771 0xbb9390 DEBUG   GST_REGISTRY gstregistrychunks.c:526:gst_registry_chunks_load_pad_template: Reading/casting for GstRegistryChunkPadTemplate at address 0xbd4d90
0:00:00.025722873  2771 0xbb9390 DEBUG   GST_REGISTRY gstregistrychunks.c:539:gst_registry_chunks_load_pad_template: Added pad_template src_%u
0:00:00.025728171  2771 0xbb9390 DEBUG   GST_REGISTRY gstregistrychunks.c:526:gst_registry_chunks_load_pad_template: Reading/casting for GstRegistryChunkPadTemplate at address 0xbd4da8
0:00:00.025734208  2771 0xbb9390 DEBUG   GST_REGISTRY gstregistrychunks.c:539:gst_registry_chunks_load_pad_template: Added pad_template sink
0:00:00.025742879  2771 0xbb9390 DEBUG   GST_REGISTRY gstregistry.c:581:gst_registry_add_feature: replacing existing feature 0xbd4480 (streamiddemux)
0:00:00.025749601  2771 0xbb9390 DEBUG   GST_REGISTRY gstregistry.c:590:gst_registry_add_feature: adding feature 0xbd4280 (streamiddemux)
0:00:00.025758604  2771 0xbb9390 TRACE   GST_REFCOUNTING gstobject.c:788:gst_object_unparent: unparent
0:00:00.025767819  2771 0xbb9390 TRACE   GST_REFCOUNTING gstobject.c:265:gst_object_unref: 0xbd4480 unref 1->0
0:00:00.025775024  2771 0xbb9390 TRACE   GST_REFCOUNTING gstobject.c:381:gst_object_dispose: 0xbd4480 dispose
0:00:00.025782556  2771 0xbb9390 TRACE   structure gststructure.c:547:gst_structure_free: free structure 0xbd4680
0:00:00.025790778  2771 0xbb9390 TRACE   GST_REFCOUNTING gstminiobject.c:736:gst_mini_object_replace: replace (nil) (0) with (nil) (0)
0:00:00.025797902  2771 0xbb9390 TRACE   GST_REFCOUNTING gstminiobject.c:736:gst_mini_object_replace: replace (nil) (0) with (nil) (0)
0:00:00.025804695  2771 0xbb9390 DEBUG   GST_PLUGIN_LOADING gstpluginfeature.c:67:gst_plugin_feature_finalize: finalizing feature 0xbd4480: 'streamiddemux'
0:00:00.025810682  2771 0xbb9390 TRACE   GST_REFCOUNTING gstobject.c:423:gst_object_finalize: 0xbd4480 finalize
0:00:00.025820226  2771 0xbb9390 DEBUG   GST_REFCOUNTING gstobject.c:709:gst_object_set_parent: set parent (ref and sink)
0:00:00.025829378  2771 0xbb9390 TRACE   GST_REFCOUNTING gstobject.c:294:gst_object_ref_sink: 0xbd4280 ref_sink 1->2
0:00:00.025836302  2771 0xbb9390 LOG   GST_REGISTRY gstregistry.c:608:gst_registry_add_feature: emitting feature-added for streamiddemux
0:00:00.025843239  2771 0xbb9390 DEBUG   GST_REGISTRY gstregistrychunks.c:741:gst_registry_chunks_load_feature: Added feature streamiddemux, plugin 0xbdbd10 coreelements
0:00:00.025849961  2771 0xbb9390 DEBUG   GST_REGISTRY gstregistrychunks.c:583:gst_registry_chunks_load_feature: Plugin 'coreelements' feature 'valve' typename : 'GstElementFactory'
0:00:00.025863798  2771 0xbb9390 TRACE   GST_REFCOUNTING gstobject.c:208:gst_object_init: 0xbd4480 new
0:00:00.025872774  2771 0xbb9390 LOG   GST_REGISTRY gstregistrychunks.c:610:gst_registry_chunks_load_feature: Reading/casting for GstRegistryChunkElementFactory at address 0xbd4dd8
0:00:00.025879244  2771 0xbb9390 TRACE   structure gststructure.c:292:gst_structure_new_id_empty_with_size: created structure 0xbdbe40
0:00:00.025887569  2771 0xbb9390 DEBUG   structure gststructure.c:2258:gst_structure_parse_field: trying field name 'long-name'
0:00:00.025894250  2771 0xbb9390 DEBUG   default gstvalue.c:2776:_priv_gst_value_parse_value: trying type name 'string'
0:00:00.025901289  2771 0xbb9390 DEBUG   structure gststructure.c:2258:gst_structure_parse_field: trying field name 'klass'
0:00:00.025906297  2771 0xbb9390 DEBUG   default gstvalue.c:2776:_priv_gst_value_parse_value: trying type name 'string'
0:00:00.025912268  2771 0xbb9390 DEBUG   structure gststructure.c:2258:gst_structure_parse_field: trying field name 'description'
0:00:00.025917301  2771 0xbb9390 DEBUG   default gstvalue.c:2776:_priv_gst_value_parse_value: trying type name 'string'
0:00:00.025923786  2771 0xbb9390 DEBUG   structure gststructure.c:2258:gst_structure_parse_field: trying field name 'author'
0:00:00.025928925  2771 0xbb9390 DEBUG   default gstvalue.c:2776:_priv_gst_value_parse_value: trying type name 'string'
0:00:00.025938836  2771 0xbb9390 DEBUG   GST_REGISTRY gstregistrychunks.c:626:gst_registry_chunks_load_feature: Element factory : npadtemplates=2
0:00:00.025945491  2771 0xbb9390 DEBUG   GST_REGISTRY gstregistrychunks.c:526:gst_registry_chunks_load_pad_template: Reading/casting for GstRegistryChunkPadTemplate at address 0xbd4ec8
0:00:00.025951702  2771 0xbb9390 DEBUG   GST_REGISTRY gstregistrychunks.c:539:gst_registry_chunks_load_pad_template: Added pad_template sink
0:00:00.025956978  2771 0xbb9390 DEBUG   GST_REGISTRY gstregistrychunks.c:526:gst_registry_chunks_load_pad_template: Reading/casting for GstRegistryChunkPadTemplate at address 0xbd4ee0
0:00:00.025962449  2771 0xbb9390 DEBUG   GST_REGISTRY gstregistrychunks.c:539:gst_registry_chunks_load_pad_template: Added pad_template src
0:00:00.025970496  2771 0xbb9390 DEBUG   GST_REGISTRY gstregistry.c:581:gst_registry_add_feature: replacing existing feature 0xbd49e0 (valve)
0:00:00.025977547  2771 0xbb9390 DEBUG   GST_REGISTRY gstregistry.c:590:gst_registry_add_feature: adding feature 0xbd4480 (valve)
0:00:00.025983318  2771 0xbb9390 TRACE   GST_REFCOUNTING gstobject.c:788:gst_object_unparent: unparent
0:00:00.025993785  2771 0xbb9390 TRACE   GST_REFCOUNTING gstobject.c:265:gst_object_unref: 0xbd49e0 unref 1->0
0:00:00.026001970  2771 0xbb9390 TRACE   GST_REFCOUNTING gstobject.c:381:gst_object_dispose: 0xbd49e0 dispose
0:00:00.026009761  2771 0xbb9390 TRACE   structure gststructure.c:547:gst_structure_free: free structure 0xbd6830
0:00:00.026025009  2771 0xbb9390 TRACE   GST_REFCOUNTING gstminiobject.c:736:gst_mini_object_replace: replace (nil) (0) with (nil) (0)
0:00:00.026031962  2771 0xbb9390 TRACE   GST_REFCOUNTING gstminiobject.c:736:gst_mini_object_replace: replace (nil) (0) with (nil) (0)
0:00:00.026038750  2771 0xbb9390 DEBUG   GST_PLUGIN_LOADING gstpluginfeature.c:67:gst_plugin_feature_finalize: finalizing feature 0xbd49e0: 'valve'
0:00:00.026044850  2771 0xbb9390 TRACE   GST_REFCOUNTING gstobject.c:423:gst_object_finalize: 0xbd49e0 finalize
0:00:00.026052686  2771 0xbb9390 DEBUG   GST_REFCOUNTING gstobject.c:709:gst_object_set_parent: set parent (ref and sink)
0:00:00.026062646  2771 0xbb9390 TRACE   GST_REFCOUNTING gstobject.c:294:gst_object_ref_sink: 0xbd4480 ref_sink 1->2
0:00:00.026070630  2771 0xbb9390 LOG   GST_REGISTRY gstregistry.c:608:gst_registry_add_feature: emitting feature-added for valve
0:00:00.026077797  2771 0xbb9390 DEBUG   GST_REGISTRY gstregistrychunks.c:741:gst_registry_chunks_load_feature: Added feature valve, plugin 0xbdbd10 coreelements
0:00:00.026084201  2771 0xbb9390 DEBUG   GST_REGISTRY gstregistrychunks.c:583:gst_registry_chunks_load_feature: Plugin 'coreelements' feature 'multiqueue' typename : 'GstElementFactory'
0:00:00.026092392  2771 0xbb9390 TRACE   GST_REFCOUNTING gstobject.c:208:gst_object_init: 0xbd49e0 new
0:00:00.026106989  2771 0xbb9390 LOG   GST_REGISTRY gstregistrychunks.c:610:gst_registry_chunks_load_feature: Reading/casting for GstRegistryChunkElementFactory at address 0xbd4f10
0:00:00.026114301  2771 0xbb9390 TRACE   structure gststructure.c:292:gst_structure_new_id_empty_with_size: created structure 0xbd6830
0:00:00.026122609  2771 0xbb9390 DEBUG   structure gststructure.c:2258:gst_structure_parse_field: trying field name 'long-name'
0:00:00.026129281  2771 0xbb9390 DEBUG   default gstvalue.c:2776:_priv_gst_value_parse_value: trying type name 'string'
0:00:00.026135869  2771 0xbb9390 DEBUG   structure gststructure.c:2258:gst_structure_parse_field: trying field name 'klass'
0:00:00.026141216  2771 0xbb9390 DEBUG   default gstvalue.c:2776:_priv_gst_value_parse_value: trying type name 'string'
0:00:00.026147178  2771 0xbb9390 DEBUG   structure gststructure.c:2258:gst_structure_parse_field: trying field name 'description'
0:00:00.026152048  2771 0xbb9390 DEBUG   default gstvalue.c:2776:_priv_gst_value_parse_value: trying type name 'string'
0:00:00.026158026  2771 0xbb9390 DEBUG   structure gststructure.c:2258:gst_structure_parse_field: trying field name 'author'
0:00:00.026162887  2771 0xbb9390 DEBUG   default gstvalue.c:2776:_priv_gst_value_parse_value: trying type name 'string'
0:00:00.026172522  2771 0xbb9390 DEBUG   GST_REGISTRY gstregistrychunks.c:626:gst_registry_chunks_load_feature: Element factory : npadtemplates=2
0:00:00.026179087  2771 0xbb9390 DEBUG   GST_REGISTRY gstregistrychunks.c:526:gst_registry_chunks_load_pad_template: Reading/casting for GstRegistryChunkPadTemplate at address 0xbd4fd0
0:00:00.026189708  2771 0xbb9390 DEBUG   GST_REGISTRY gstregistrychunks.c:539:gst_registry_chunks_load_pad_template: Added pad_template src_%u
0:00:00.026195314  2771 0xbb9390 DEBUG   GST_REGISTRY gstregistrychunks.c:526:gst_registry_chunks_load_pad_template: Reading/casting for GstRegistryChunkPadTemplate at address 0xbd4fe8
0:00:00.026201086  2771 0xbb9390 DEBUG   GST_REGISTRY gstregistrychunks.c:539:gst_registry_chunks_load_pad_template: Added pad_template sink_%u
0:00:00.026209589  2771 0xbb9390 DEBUG   GST_REGISTRY gstregistry.c:581:gst_registry_add_feature: replacing existing feature 0xbd69b0 (multiqueue)
0:00:00.026216389  2771 0xbb9390 DEBUG   GST_REGISTRY gstregistry.c:590:gst_registry_add_feature: adding feature 0xbd49e0 (multiqueue)
0:00:00.026222097  2771 0xbb9390 TRACE   GST_REFCOUNTING gstobject.c:788:gst_object_unparent: unparent
0:00:00.026232433  2771 0xbb9390 TRACE   GST_REFCOUNTING gstobject.c:265:gst_object_unref: 0xbd69b0 unref 1->0
0:00:00.026240573  2771 0xbb9390 TRACE   GST_REFCOUNTING gstobject.c:381:gst_object_dispose: 0xbd69b0 dispose
0:00:00.026248226  2771 0xbb9390 TRACE   structure gststructure.c:547:gst_structure_free: free structure 0xbd6aa0
0:00:00.026254958  2771 0xbb9390 TRACE   GST_REFCOUNTING gstminiobject.c:736:gst_mini_object_replace: replace (nil) (0) with (nil) (0)
0:00:00.026261766  2771 0xbb9390 TRACE   GST_REFCOUNTING gstminiobject.c:736:gst_mini_object_replace: replace (nil) (0) with (nil) (0)
0:00:00.026268161  2771 0xbb9390 DEBUG   GST_PLUGIN_LOADING gstpluginfeature.c:67:gst_plugin_feature_finalize: finalizing feature 0xbd69b0: 'multiqueue'
0:00:00.026274006  2771 0xbb9390 TRACE   GST_REFCOUNTING gstobject.c:423:gst_object_finalize: 0xbd69b0 finalize
0:00:00.026280907  2771 0xbb9390 DEBUG   GST_REFCOUNTING gstobject.c:709:gst_object_set_parent: set parent (ref and sink)
0:00:00.026290806  2771 0xbb9390 TRACE   GST_REFCOUNTING gstobject.c:294:gst_object_ref_sink: 0xbd49e0 ref_sink 1->2
0:00:00.026298364  2771 0xbb9390 LOG   GST_REGISTRY gstregistry.c:608:gst_registry_add_feature: emitting feature-added for multiqueue
0:00:00.026304730  2771 0xbb9390 DEBUG   GST_REGISTRY gstregistrychunks.c:741:gst_registry_chunks_load_feature: Added feature multiqueue, plugin 0xbdbd10 coreelements
0:00:00.026311258  2771 0xbb9390 DEBUG   GST_REGISTRY gstregistrychunks.c:583:gst_registry_chunks_load_feature: Plugin 'coreelements' feature 'typefind' typename : 'GstElementFactory'
0:00:00.026319599  2771 0xbb9390 TRACE   GST_REFCOUNTING gstobject.c:208:gst_object_init: 0xbd6960 new
0:00:00.026328126  2771 0xbb9390 LOG   GST_REGISTRY gstregistrychunks.c:610:gst_registry_chunks_load_feature: Reading/casting for GstRegistryChunkElementFactory at address 0xbd5018
0:00:00.026334310  2771 0xbb9390 TRACE   structure gststructure.c:292:gst_structure_new_id_empty_with_size: created structure 0xbd6a50
0:00:00.026339769  2771 0xbb9390 DEBUG   structure gststructure.c:2258:gst_structure_parse_field: trying field name 'long-name'
0:00:00.026354517  2771 0xbb9390 DEBUG   default gstvalue.c:2776:_priv_gst_value_parse_value: trying type name 'string'
