0:00:00.013394029  2772 0x247e320 LOG   GST_POLL gstpoll.c:994:gst_poll_fd_ctl_write: 0x24869e0: pfd->events now 60 (POLLOUT:4)
0:00:00.013403697  2772 0x247e320 DEBUG   GST_POLL gstpoll.c:980:gst_poll_fd_ctl_write: 0x24869e0: fd (fd:0, idx:1), active : 1
0:00:00.013409073  2772 0x247e320 LOG   GST_POLL gstpoll.c:994:gst_poll_fd_ctl_write: 0x24869e0: pfd->events now 60 (POLLOUT:4)
0:00:00.013414743  2772 0x247e320 DEBUG   GST_POLL gstpoll.c:980:gst_poll_fd_ctl_write: 0x24869e0: fd (fd:0, idx:1), active : 1
0:00:00.013419967  2772 0x247e320 LOG   GST_POLL gstpoll.c:994:gst_poll_fd_ctl_write: 0x24869e0: pfd->events now 60 (POLLOUT:4)
0:00:00.013425548  2772 0x247e320 DEBUG   GST_POLL gstpoll.c:980:gst_poll_fd_ctl_write: 0x24869e0: fd (fd:0, idx:1), active : 1
0:00:00.013433667  2772 0x247e320 LOG   GST_POLL gstpoll.c:994:gst_poll_fd_ctl_write: 0x24869e0: pfd->events now 60 (POLLOUT:4)
0:00:00.013440570  2772 0x247e320 DEBUG   GST_POLL gstpoll.c:980:gst_poll_fd_ctl_write: 0x24869e0: fd (fd:0, idx:1), active : 1
0:00:00.013454912  2772 0x247e320 LOG   GST_POLL gstpoll.c:994:gst_poll_fd_ctl_write: 0x24869e0: pfd->events now 60 (POLLOUT:4)
0:00:00.013461187  2772 0x247e320 DEBUG   GST_POLL gstpoll.c:980:gst_poll_fd_ctl_write: 0x24869e0: fd (fd:0, idx:1), active : 1
0:00:00.013466339  2772 0x247e320 LOG   GST_POLL gstpoll.c:994:gst_poll_fd_ctl_write: 0x24869e0: pfd->events now 60 (POLLOUT:4)
0:00:00.013472040  2772 0x247e320 DEBUG   GST_POLL gstpoll.c:980:gst_poll_fd_ctl_write: 0x24869e0: fd (fd:0, idx:1), active : 1
0:00:00.013477130  2772 0x247e320 LOG   GST_POLL gstpoll.c:994:gst_poll_fd_ctl_write: 0x24869e0: pfd->events now 60 (POLLOUT:4)
0:00:00.013482717  2772 0x247e320 DEBUG   GST_POLL gstpoll.c:980:gst_poll_fd_ctl_write: 0x24869e0: fd (fd:0, idx:1), active : 1
0:00:00.013490853  2772 0x247e320 LOG   GST_POLL gstpoll.c:994:gst_poll_fd_ctl_write: 0x24869e0: pfd->events now 60 (POLLOUT:4)
0:00:00.013497716  2772 0x247e320 DEBUG   GST_POLL gstpoll.c:980:gst_poll_fd_ctl_write: 0x24869e0: fd (fd:0, idx:1), active : 1
0:00:00.013524563  2772 0x247e320 LOG   GST_POLL gstpoll.c:994:gst_poll_fd_ctl_write: 0x24869e0: pfd->events now 60 (POLLOUT:4)
0:00:00.013533600  2772 0x247e320 DEBUG   GST_POLL gstpoll.c:980:gst_poll_fd_ctl_write: 0x24869e0: fd (fd:0, idx:1), active : 1
0:00:00.013542600  2772 0x247e320 LOG   GST_POLL gstpoll.c:994:gst_poll_fd_ctl_write: 0x24869e0: pfd->events now 60 (POLLOUT:4)
0:00:00.013549573  2772 0x247e320 DEBUG   GST_POLL gstpoll.c:980:gst_poll_fd_ctl_write: 0x24869e0: fd (fd:0, idx:1), active : 1
0:00:00.013557683  2772 0x247e320 LOG   GST_POLL gstpoll.c:994:gst_poll_fd_ctl_write: 0x24869e0: pfd->events now 60 (POLLOUT:4)
0:00:00.013564472  2772 0x247e320 DEBUG   GST_POLL gstpoll.c:980:gst_poll_fd_ctl_write: 0x24869e0: fd (fd:0, idx:1), active : 1
0:00:00.013569910  2772 0x247e320 LOG   GST_POLL gstpoll.c:994:gst_poll_fd_ctl_write: 0x24869e0: pfd->events now 60 (POLLOUT:4)
0:00:00.013575553  2772 0x247e320 DEBUG   GST_POLL gstpoll.c:980:gst_poll_fd_ctl_write: 0x24869e0: fd (fd:0, idx:1), active : 1
0:00:00.013588322  2772 0x247e320 LOG   GST_POLL gstpoll.c:994:gst_poll_fd_ctl_write: 0x24869e0: pfd->events now 60 (POLLOUT:4)
0:00:00.013594130  2772 0x247e320 DEBUG   GST_POLL gstpoll.c:980:gst_poll_fd_ctl_write: 0x24869e0: fd (fd:0, idx:1), active : 1
0:00:00.013599379  2772 0x247e320 LOG   GST_POLL gstpoll.c:994:gst_poll_fd_ctl_write: 0x24869e0: pfd->events now 60 (POLLOUT:4)
0:00:00.013605120  2772 0x247e320 DEBUG   GST_POLL gstpoll.c:980:gst_poll_fd_ctl_write: 0x24869e0: fd (fd:0, idx:1), active : 1
0:00:00.013613320  2772 0x247e320 LOG   GST_POLL gstpoll.c:994:gst_poll_fd_ctl_write: 0x24869e0: pfd->events now 60 (POLLOUT:4)
0:00:00.013620164  2772 0x247e320 DEBUG   GST_POLL gstpoll.c:980:gst_poll_fd_ctl_write: 0x24869e0: fd (fd:0, idx:1), active : 1
0:00:00.013625704  2772 0x247e320 LOG   GST_POLL gstpoll.c:994:gst_poll_fd_ctl_write: 0x24869e0: pfd->events now 60 (POLLOUT:4)
0:00:00.013631310  2772 0x247e320 DEBUG   GST_POLL gstpoll.c:980:gst_poll_fd_ctl_write: 0x24869e0: fd (fd:0, idx:1), active : 1
0:00:00.013636533  2772 0x247e320 LOG   GST_POLL gstpoll.c:994:gst_poll_fd_ctl_write: 0x24869e0: pfd->events now 60 (POLLOUT:4)
0:00:00.013642127  2772 0x247e320 DEBUG   GST_POLL gstpoll.c:980:gst_poll_fd_ctl_write: 0x24869e0: fd (fd:0, idx:1), active : 1
0:00:00.013647239  2772 0x247e320 LOG   GST_POLL gstpoll.c:994:gst_poll_fd_ctl_write: 0x24869e0: pfd->events now 60 (POLLOUT:4)
0:00:00.013652733  2772 0x247e320 DEBUG   GST_POLL gstpoll.c:980:gst_poll_fd_ctl_write: 0x24869e0: fd (fd:0, idx:1), active : 1
0:00:00.013660836  2772 0x247e320 LOG   GST_POLL gstpoll.c:994:gst_poll_fd_ctl_write: 0x24869e0: pfd->events now 60 (POLLOUT:4)
0:00:00.013667727  2772 0x247e320 DEBUG   GST_POLL gstpoll.c:980:gst_poll_fd_ctl_write: 0x24869e0: fd (fd:0, idx:1), active : 1
0:00:00.013673509  2772 0x247e320 LOG   GST_POLL gstpoll.c:994:gst_poll_fd_ctl_write: 0x24869e0: pfd->events now 60 (POLLOUT:4)
0:00:00.013679342  2772 0x247e320 DEBUG   GST_POLL gstpoll.c:980:gst_poll_fd_ctl_write: 0x24869e0: fd (fd:0, idx:1), active : 1
0:00:00.013684488  2772 0x247e320 LOG   GST_POLL gstpoll.c:994:gst_poll_fd_ctl_write: 0x24869e0: pfd->events now 60 (POLLOUT:4)
0:00:00.013690028  2772 0x247e320 DEBUG   GST_POLL gstpoll.c:980:gst_poll_fd_ctl_write: 0x24869e0: fd (fd:0, idx:1), active : 1
0:00:00.013695175  2772 0x247e320 LOG   GST_POLL gstpoll.c:994:gst_poll_fd_ctl_write: 0x24869e0: pfd->events now 60 (POLLOUT:4)
0:00:00.013700800  2772 0x247e320 DEBUG   GST_POLL gstpoll.c:980:gst_poll_fd_ctl_write: 0x24869e0: fd (fd:0, idx:1), active : 1
0:00:00.013708965  2772 0x247e320 LOG   GST_POLL gstpoll.c:994:gst_poll_fd_ctl_write: 0x24869e0: pfd->events now 60 (POLLOUT:4)
0:00:00.013715990  2772 0x247e320 DEBUG   GST_POLL gstpoll.c:980:gst_poll_fd_ctl_write: 0x24869e0: fd (fd:0, idx:1), active : 1
0:00:00.013721480  2772 0x247e320 LOG   GST_POLL gstpoll.c:994:gst_poll_fd_ctl_write: 0x24869e0: pfd->events now 60 (POLLOUT:4)
0:00:00.013732236  2772 0x247e320 DEBUG   GST_POLL gstpoll.c:980:gst_poll_fd_ctl_write: 0x24869e0: fd (fd:0, idx:1), active : 1
0:00:00.013737579  2772 0x247e320 LOG   GST_POLL gstpoll.c:994:gst_poll_fd_ctl_write: 0x24869e0: pfd->events now 60 (POLLOUT:4)
0:00:00.013743336  2772 0x247e320 DEBUG   GST_POLL gstpoll.c:980:gst_poll_fd_ctl_write: 0x24869e0: fd (fd:0, idx:1), active : 1
0:00:00.013748591  2772 0x247e320 LOG   GST_POLL gstpoll.c:994:gst_poll_fd_ctl_write: 0x24869e0: pfd->events now 60 (POLLOUT:4)
0:00:00.013754350  2772 0x247e320 DEBUG   GST_POLL gstpoll.c:980:gst_poll_fd_ctl_write: 0x24869e0: fd (fd:0, idx:1), active : 1
0:00:00.013762441  2772 0x247e320 LOG   GST_POLL gstpoll.c:994:gst_poll_fd_ctl_write: 0x24869e0: pfd->events now 60 (POLLOUT:4)
0:00:00.013769227  2772 0x247e320 DEBUG   GST_POLL gstpoll.c:980:gst_poll_fd_ctl_write: 0x24869e0: fd (fd:0, idx:1), active : 1
0:00:00.013774826  2772 0x247e320 LOG   GST_POLL gstpoll.c:994:gst_poll_fd_ctl_write: 0x24869e0: pfd->events now 60 (POLLOUT:4)
0:00:00.013780656  2772 0x247e320 DEBUG   GST_POLL gstpoll.c:980:gst_poll_fd_ctl_write: 0x24869e0: fd (fd:0, idx:1), active : 1
0:00:00.013785913  2772 0x247e320 LOG   GST_POLL gstpoll.c:994:gst_poll_fd_ctl_write: 0x24869e0: pfd->events now 60 (POLLOUT:4)
0:00:00.013791511  2772 0x247e320 DEBUG   GST_POLL gstpoll.c:980:gst_poll_fd_ctl_write: 0x24869e0: fd (fd:0, idx:1), active : 1
0:00:00.013796878  2772 0x247e320 LOG   GST_POLL gstpoll.c:994:gst_poll_fd_ctl_write: 0x24869e0: pfd->events now 60 (POLLOUT:4)
0:00:00.013802373  2772 0x247e320 DEBUG   GST_POLL gstpoll.c:980:gst_poll_fd_ctl_write: 0x24869e0: fd (fd:0, idx:1), active : 1
0:00:00.013810490  2772 0x247e320 LOG   GST_POLL gstpoll.c:994:gst_poll_fd_ctl_write: 0x24869e0: pfd->events now 60 (POLLOUT:4)
0:00:00.013823833  2772 0x247e320 TRACE   GST_REFCOUNTING gstobject.c:265:gst_object_unref: 0x249a270 unref 2->1
0:00:00.013831950  2772 0x247e320 DEBUG   GST_POLL gstpoll.c:1241:gst_poll_fd_has_error: 0x24869e0: fd (fd:0, idx:1) 0
0:00:00.013837947  2772 0x247e320 DEBUG   GST_POLL gstpoll.c:1335:gst_poll_fd_can_write: 0x24869e0: fd (fd:0, idx:1) 1
0:00:00.013843847  2772 0x247e320 LOG   GST_PLUGIN_LOADING gstpluginloader.c:689:write_one: Writing packet of size 488 bytes to fd 0
0:00:00.013867259  2772 0x247e320 DEBUG   GST_POLL gstpoll.c:1414:gst_poll_wait: 0x24869e0: timeout :0:00:01.000000000
0:00:00.013881357  2772 0x247e320 LOG   GST_PLUGIN_LOADING gstpluginloader.c:1027:exchange_packets: Poll res = 2. 6872 bytes pending for write
0:00:00.013889805  2772 0x247e320 DEBUG   GST_POLL gstpoll.c:1241:gst_poll_fd_has_error: 0x24869e0: fd (fd:5, idx:2) 0
0:00:00.013895896  2772 0x247e320 DEBUG   GST_POLL gstpoll.c:1266:gst_poll_fd_can_read_unlocked: 0x24869e0: fd (fd:5, idx:2) 1
0:00:00.013906840  2772 0x247e320 DEBUG   GST_PLUGIN_LOADING gstpluginloader.c:721:do_plugin_load: Plugin scanner loading file /home/conan/w/prod/BuildSingleReference/.conan/data/gstreamer/1.19.1/_/_/package/bec7fecef66b28e957582014d79b970659fc2b7f/lib/gstreamer-1.0/libgstcoretracers.so. tag 2
0:00:00.013921256  2772 0x247e320 TRACE   GST_REFCOUNTING gstobject.c:238:gst_object_ref: 0x2497ec0 ref 1->2
0:00:00.013930185  2772 0x247e320 TRACE   GST_REFCOUNTING gstobject.c:238:gst_object_ref: 0x2498ea0 ref 1->2
0:00:00.019101373  2771 0xbb9390 LOG   GST_PLUGIN_LOADING gstpluginloader.c:1027:exchange_packets: Poll res = 1. 0 bytes pending for write
0:00:00.013939930  2772 0x247e320 TRACE   GST_REFCOUNTING gstobject.c:238:gst_object_ref: 0x2498c50 ref 1->2
0:00:00.013963041  2772 0x247e320 TRACE   GST_REFCOUNTING gstobject.c:238:gst_object_ref: 0x2498980 ref 1->2
0:00:00.019140932  2771 0xbb9390 DEBUG   GST_POLL gstpoll.c:1241:gst_poll_fd_has_error: 0xbd2d10: fd (fd:8, idx:2) 0
0:00:00.013969583  2772 0x247e320 TRACE   GST_REFCOUNTING gstobject.c:238:gst_object_ref: 0x2498770 ref 1->2
0:00:00.019150858  2771 0xbb9390 DEBUG   GST_POLL gstpoll.c:1266:gst_poll_fd_can_read_unlocked: 0xbd2d10: fd (fd:8, idx:2) 1
0:00:00.013976650  2772 0x247e320 TRACE   GST_REFCOUNTING gstobject.c:238:gst_object_ref: 0x2498280 ref 1->2
0:00:00.013988159  2772 0x247e320 TRACE   GST_REFCOUNTING gstobject.c:265:gst_object_unref: 0x2498280 unref 2->1
0:00:00.019170959  2771 0xbb9390 DEBUG   GST_PLUGIN_LOADING gstpluginloader.c:849:handle_rx_packet: Received plugin details from child w/ tag 0. 476 bytes info
0:00:00.013994374  2772 0x247e320 TRACE   GST_REFCOUNTING gstobject.c:265:gst_object_unref: 0x2498770 unref 2->1
0:00:00.019179930  2771 0xbb9390 LOG   GST_REGISTRY gstregistrychunks.c:837:_priv_gst_registry_chunks_load_plugin: Reading/casting for GstRegistryChunkPluginElement at address 0xbd3240
0:00:00.014003232  2772 0x247e320 TRACE   GST_REFCOUNTING gstobject.c:265:gst_object_unref: 0x2498980 unref 2->1
0:00:00.014012574  2772 0x247e320 TRACE   GST_REFCOUNTING gstobject.c:265:gst_object_unref: 0x2498c50 unref 2->1
0:00:00.014021930  2772 0x247e320 TRACE   GST_REFCOUNTING gstobject.c:265:gst_object_unref: 0x2498ea0 unref 2->1
0:00:00.014031147  2772 0x247e320 DEBUG   GST_REGISTRY gstregistrychunks.c:498:_priv_gst_registry_chunks_save_plugin: Found 5 features in plugin 0x2497ec0 (coretracers)
0:00:00.019207163  2771 0xbb9390 TRACE   GST_REFCOUNTING gstobject.c:208:gst_object_init: 0xbd38b0 new
0:00:00.014037874  2772 0x247e320 DEBUG   GST_POLL gstpoll.c:980:gst_poll_fd_ctl_write: 0x24869e0: fd (fd:0, idx:1), active : 1
0:00:00.014044298  2772 0x247e320 LOG   GST_POLL gstpoll.c:994:gst_poll_fd_ctl_write: 0x24869e0: pfd->events now 60 (POLLOUT:4)
0:00:00.014050002  2772 0x247e320 DEBUG   GST_POLL gstpoll.c:980:gst_poll_fd_ctl_write: 0x24869e0: fd (fd:0, idx:1), active : 1
0:00:00.014055453  2772 0x247e320 LOG   GST_POLL gstpoll.c:994:gst_poll_fd_ctl_write: 0x24869e0: pfd->events now 60 (POLLOUT:4)
0:00:00.014061188  2772 0x247e320 DEBUG   GST_POLL gstpoll.c:980:gst_poll_fd_ctl_write: 0x24869e0: fd (fd:0, idx:1), active : 1
0:00:00.014070698  2772 0x247e320 LOG   GST_POLL gstpoll.c:994:gst_poll_fd_ctl_write: 0x24869e0: pfd->events now 60 (POLLOUT:4)
0:00:00.014079383  2772 0x247e320 DEBUG   GST_POLL gstpoll.c:980:gst_poll_fd_ctl_write: 0x24869e0: fd (fd:0, idx:1), active : 1
0:00:00.019257554  2771 0xbb9390 LOG   GST_REGISTRY gstregistrychunks.c:858:_priv_gst_registry_chunks_load_plugin: read strings for name='coretracers'
0:00:00.014086355  2772 0x247e320 LOG   GST_POLL gstpoll.c:994:gst_poll_fd_ctl_write: 0x24869e0: pfd->events now 60 (POLLOUT:4)
0:00:00.019267880  2771 0xbb9390 LOG   GST_REGISTRY gstregistrychunks.c:859:_priv_gst_registry_chunks_load_plugin: desc.description='GStreamer core tracers'
0:00:00.014093110  2772 0x247e320 DEBUG   GST_POLL gstpoll.c:980:gst_poll_fd_ctl_write: 0x24869e0: fd (fd:0, idx:1), active : 1
0:00:00.019275226  2771 0xbb9390 LOG   GST_REGISTRY gstregistrychunks.c:860:_priv_gst_registry_chunks_load_plugin: filename='/home/conan/w/prod/BuildSingleReference/.conan/data/gstreamer/1.19.1/_/_/package/bec7fecef66b28e957582014d79b970659fc2b7f/lib/gstreamer-1.0/libgstcoretracers.so'
0:00:00.014099398  2772 0x247e320 LOG   GST_POLL gstpoll.c:994:gst_poll_fd_ctl_write: 0x24869e0: pfd->events now 60 (POLLOUT:4)
0:00:00.019284074  2771 0xbb9390 LOG   GST_REGISTRY gstregistrychunks.c:861:_priv_gst_registry_chunks_load_plugin: desc.version='1.19.1'
0:00:00.014107727  2772 0x247e320 DEBUG   GST_POLL gstpoll.c:980:gst_poll_fd_ctl_write: 0x24869e0: fd (fd:0, idx:1), active : 1
0:00:00.019291356  2771 0xbb9390 LOG   GST_REGISTRY gstregistrychunks.c:862:_priv_gst_registry_chunks_load_plugin: desc.license='LGPL'
0:00:00.014115905  2772 0x247e320 LOG   GST_POLL gstpoll.c:994:gst_poll_fd_ctl_write: 0x24869e0: pfd->events now 60 (POLLOUT:4)
0:00:00.019297764  2771 0xbb9390 LOG   GST_REGISTRY gstregistrychunks.c:863:_priv_gst_registry_chunks_load_plugin: desc.source='gstreamer'
0:00:00.014123045  2772 0x247e320 DEBUG   GST_POLL gstpoll.c:980:gst_poll_fd_ctl_write: 0x24869e0: fd (fd:0, idx:1), active : 1
0:00:00.019303989  2771 0xbb9390 LOG   GST_REGISTRY gstregistrychunks.c:864:_priv_gst_registry_chunks_load_plugin: desc.package='GStreamer source release'
0:00:00.014129190  2772 0x247e320 LOG   GST_POLL gstpoll.c:994:gst_poll_fd_ctl_write: 0x24869e0: pfd->events now 60 (POLLOUT:4)
0:00:00.019310328  2771 0xbb9390 LOG   GST_REGISTRY gstregistrychunks.c:865:_priv_gst_registry_chunks_load_plugin: desc.origin='Unknown package origin'
0:00:00.014138137  2772 0x247e320 DEBUG   GST_POLL gstpoll.c:980:gst_poll_fd_ctl_write: 0x24869e0: fd (fd:0, idx:1), active : 1
0:00:00.019316539  2771 0xbb9390 LOG   GST_REGISTRY gstregistrychunks.c:866:_priv_gst_registry_chunks_load_plugin: desc.datetime=2021-06-01
0:00:00.014145419  2772 0x247e320 LOG   GST_POLL gstpoll.c:994:gst_poll_fd_ctl_write: 0x24869e0: pfd->events now 60 (POLLOUT:4)
0:00:00.014151969  2772 0x247e320 DEBUG   GST_POLL gstpoll.c:980:gst_poll_fd_ctl_write: 0x24869e0: fd (fd:0, idx:1), active : 1
0:00:00.019330947  2771 0xbb9390 DEBUG   GST_REGISTRY gstregistry.c:474:gst_registry_add_plugin: adding plugin 0xbd38b0 for filename "/home/conan/w/prod/BuildSingleReference/.conan/data/gstreamer/1.19.1/_/_/package/bec7fecef66b28e957582014d79b970659fc2b7f/lib/gstreamer-1.0/libgstcoretracers.so"
0:00:00.014161760  2772 0x247e320 LOG   GST_POLL gstpoll.c:994:gst_poll_fd_ctl_write: 0x24869e0: pfd->events now 60 (POLLOUT:4)
0:00:00.014168389  2772 0x247e320 DEBUG   GST_POLL gstpoll.c:980:gst_poll_fd_ctl_write: 0x24869e0: fd (fd:0, idx:1), active : 1
0:00:00.019348215  2771 0xbb9390 TRACE   GST_REFCOUNTING gstobject.c:294:gst_object_ref_sink: 0xbd38b0 ref_sink 1->2
0:00:00.014173692  2772 0x247e320 LOG   GST_POLL gstpoll.c:994:gst_poll_fd_ctl_write: 0x24869e0: pfd->events now 60 (POLLOUT:4)
0:00:00.014181740  2772 0x247e320 DEBUG   GST_POLL gstpoll.c:980:gst_poll_fd_ctl_write: 0x24869e0: fd (fd:0, idx:1), active : 1
0:00:00.019359077  2771 0xbb9390 LOG   GST_REGISTRY gstregistry.c:487:gst_registry_add_plugin: emitting plugin-added for filename "/home/conan/w/prod/BuildSingleReference/.conan/data/gstreamer/1.19.1/_/_/package/bec7fecef66b28e957582014d79b970659fc2b7f/lib/gstreamer-1.0/libgstcoretracers.so"
0:00:00.014187161  2772 0x247e320 LOG   GST_POLL gstpoll.c:994:gst_poll_fd_ctl_write: 0x24869e0: pfd->events now 60 (POLLOUT:4)
0:00:00.019369067  2771 0xbb9390 DEBUG   GST_REGISTRY gstregistrychunks.c:887:_priv_gst_registry_chunks_load_plugin: Added plugin 'coretracers' plugin with 5 features from binary registry
0:00:00.014195845  2772 0x247e320 DEBUG   GST_POLL gstpoll.c:980:gst_poll_fd_ctl_write: 0x24869e0: fd (fd:0, idx:1), active : 1
0:00:00.019377369  2771 0xbb9390 DEBUG   GST_REGISTRY gstregistrychunks.c:583:gst_registry_chunks_load_feature: Plugin 'coretracers' feature 'leaks' typename : 'GstTracerFactory'
0:00:00.014202842  2772 0x247e320 LOG   GST_POLL gstpoll.c:994:gst_poll_fd_ctl_write: 0x24869e0: pfd->events now 60 (POLLOUT:4)
0:00:00.014209554  2772 0x247e320 DEBUG   GST_POLL gstpoll.c:980:gst_poll_fd_ctl_write: 0x24869e0: fd (fd:0, idx:1), active : 1
0:00:00.014215025  2772 0x247e320 LOG   GST_POLL gstpoll.c:994:gst_poll_fd_ctl_write: 0x24869e0: pfd->events now 60 (POLLOUT:4)
0:00:00.019395111  2771 0xbb9390 TRACE   GST_REFCOUNTING gstobject.c:208:gst_object_init: 0xbd3bc0 new
0:00:00.014220780  2772 0x247e320 DEBUG   GST_POLL gstpoll.c:980:gst_poll_fd_ctl_write: 0x24869e0: fd (fd:0, idx:1), active : 1
0:00:00.014226943  2772 0x247e320 LOG   GST_POLL gstpoll.c:994:gst_poll_fd_ctl_write: 0x24869e0: pfd->events now 60 (POLLOUT:4)
0:00:00.019407667  2771 0xbb9390 DEBUG   GST_REGISTRY gstregistrychunks.c:718:gst_registry_chunks_load_feature: Reading/casting for GstRegistryChunkPluginFeature at address 0xbd3388
0:00:00.014232773  2772 0x247e320 DEBUG   GST_POLL gstpoll.c:980:gst_poll_fd_ctl_write: 0x24869e0: fd (fd:0, idx:1), active : 1
0:00:00.014239393  2772 0x247e320 LOG   GST_POLL gstpoll.c:994:gst_poll_fd_ctl_write: 0x24869e0: pfd->events now 60 (POLLOUT:4)
0:00:00.019419171  2771 0xbb9390 DEBUG   GST_REGISTRY gstregistry.c:590:gst_registry_add_feature: adding feature 0xbd3bc0 (leaks)
0:00:00.014248437  2772 0x247e320 LOG   GST_PLUGIN_LOADING gstpluginloader.c:645:put_chunk: Expanding tx buf from 7717 to 10158 for chunk of size 17
0:00:00.019441127  2771 0xbb9390 DEBUG   GST_REFCOUNTING gstobject.c:709:gst_object_set_parent: set parent (ref and sink)
0:00:00.014268691  2772 0x247e320 DEBUG   GST_POLL gstpoll.c:980:gst_poll_fd_ctl_write: 0x24869e0: fd (fd:0, idx:1), active : 1
0:00:00.019449894  2771 0xbb9390 TRACE   GST_REFCOUNTING gstobject.c:294:gst_object_ref_sink: 0xbd3bc0 ref_sink 1->2
0:00:00.014275448  2772 0x247e320 LOG   GST_POLL gstpoll.c:994:gst_poll_fd_ctl_write: 0x24869e0: pfd->events now 60 (POLLOUT:4)
0:00:00.019457386  2771 0xbb9390 LOG   GST_REGISTRY gstregistry.c:608:gst_registry_add_feature: emitting feature-added for leaks
0:00:00.014282162  2772 0x247e320 DEBUG   GST_POLL gstpoll.c:980:gst_poll_fd_ctl_write: 0x24869e0: fd (fd:0, idx:1), active : 1
0:00:00.019464866  2771 0xbb9390 DEBUG   GST_REGISTRY gstregistrychunks.c:741:gst_registry_chunks_load_feature: Added feature leaks, plugin 0xbd38b0 coretracers
0:00:00.014288355  2772 0x247e320 LOG   GST_POLL gstpoll.c:994:gst_poll_fd_ctl_write: 0x24869e0: pfd->events now 60 (POLLOUT:4)
0:00:00.019472812  2771 0xbb9390 DEBUG   GST_REGISTRY gstregistrychunks.c:583:gst_registry_chunks_load_feature: Plugin 'coretracers' feature 'stats' typename : 'GstTracerFactory'
0:00:00.014296710  2772 0x247e320 DEBUG   GST_POLL gstpoll.c:980:gst_poll_fd_ctl_write: 0x24869e0: fd (fd:0, idx:1), active : 1
0:00:00.014303755  2772 0x247e320 LOG   GST_POLL gstpoll.c:994:gst_poll_fd_ctl_write: 0x24869e0: pfd->events now 60 (POLLOUT:4)
0:00:00.019482418  2771 0xbb9390 TRACE   GST_REFCOUNTING gstobject.c:208:gst_object_init: 0xbd3dc0 new
0:00:00.019493018  2771 0xbb9390 DEBUG   GST_REGISTRY gstregistrychunks.c:718:gst_registry_chunks_load_feature: Reading/casting for GstRegistryChunkPluginFeature at address 0xbd33a8
0:00:00.014312739  2772 0x247e320 DEBUG   GST_POLL gstpoll.c:980:gst_poll_fd_ctl_write: 0x24869e0: fd (fd:0, idx:1), active : 1
0:00:00.014325472  2772 0x247e320 LOG   GST_POLL gstpoll.c:994:gst_poll_fd_ctl_write: 0x24869e0: pfd->events now 60 (POLLOUT:4)
0:00:00.019503646  2771 0xbb9390 DEBUG   GST_REGISTRY gstregistry.c:590:gst_registry_add_feature: adding feature 0xbd3dc0 (stats)
0:00:00.014331733  2772 0x247e320 DEBUG   GST_POLL gstpoll.c:980:gst_poll_fd_ctl_write: 0x24869e0: fd (fd:0, idx:1), active : 1
0:00:00.019511599  2771 0xbb9390 DEBUG   GST_REFCOUNTING gstobject.c:709:gst_object_set_parent: set parent (ref and sink)
0:00:00.014338025  2772 0x247e320 LOG   GST_POLL gstpoll.c:994:gst_poll_fd_ctl_write: 0x24869e0: pfd->events now 60 (POLLOUT:4)
0:00:00.019519685  2771 0xbb9390 TRACE   GST_REFCOUNTING gstobject.c:294:gst_object_ref_sink: 0xbd3dc0 ref_sink 1->2
0:00:00.014344420  2772 0x247e320 DEBUG   GST_POLL gstpoll.c:980:gst_poll_fd_ctl_write: 0x24869e0: fd (fd:0, idx:1), active : 1
0:00:00.019527401  2771 0xbb9390 LOG   GST_REGISTRY gstregistry.c:608:gst_registry_add_feature: emitting feature-added for stats
0:00:00.014357646  2772 0x247e320 LOG   GST_POLL gstpoll.c:994:gst_poll_fd_ctl_write: 0x24869e0: pfd->events now 60 (POLLOUT:4)
0:00:00.019537798  2771 0xbb9390 DEBUG   GST_REGISTRY gstregistrychunks.c:741:gst_registry_chunks_load_feature: Added feature stats, plugin 0xbd38b0 coretracers
0:00:00.014364964  2772 0x247e320 DEBUG   GST_POLL gstpoll.c:980:gst_poll_fd_ctl_write: 0x24869e0: fd (fd:0, idx:1), active : 1
0:00:00.019544815  2771 0xbb9390 DEBUG   GST_REGISTRY gstregistrychunks.c:583:gst_registry_chunks_load_feature: Plugin 'coretracers' feature 'rusage' typename : 'GstTracerFactory'
0:00:00.014373432  2772 0x247e320 LOG   GST_POLL gstpoll.c:994:gst_poll_fd_ctl_write: 0x24869e0: pfd->events now 60 (POLLOUT:4)
0:00:00.019554414  2771 0xbb9390 TRACE   GST_REFCOUNTING gstobject.c:208:gst_object_init: 0xbd3fc0 new
0:00:00.014380919  2772 0x247e320 DEBUG   GST_POLL gstpoll.c:980:gst_poll_fd_ctl_write: 0x24869e0: fd (fd:0, idx:1), active : 1
0:00:00.019563401  2771 0xbb9390 DEBUG   GST_REGISTRY gstregistrychunks.c:718:gst_registry_chunks_load_feature: Reading/casting for GstRegistryChunkPluginFeature at address 0xbd33c8
0:00:00.014387353  2772 0x247e320 LOG   GST_POLL gstpoll.c:994:gst_poll_fd_ctl_write: 0x24869e0: pfd->events now 60 (POLLOUT:4)
0:00:00.014395729  2772 0x247e320 DEBUG   GST_POLL gstpoll.c:980:gst_poll_fd_ctl_write: 0x24869e0: fd (fd:0, idx:1), active : 1
0:00:00.019574355  2771 0xbb9390 DEBUG   GST_REGISTRY gstregistry.c:590:gst_registry_add_feature: adding feature 0xbd3fc0 (rusage)
0:00:00.014401024  2772 0x247e320 LOG   GST_POLL gstpoll.c:994:gst_poll_fd_ctl_write: 0x24869e0: pfd->events now 60 (POLLOUT:4)
0:00:00.019581905  2771 0xbb9390 DEBUG   GST_REFCOUNTING gstobject.c:709:gst_object_set_parent: set parent (ref and sink)
0:00:00.014407612  2772 0x247e320 DEBUG   GST_POLL gstpoll.c:980:gst_poll_fd_ctl_write: 0x24869e0: fd (fd:0, idx:1), active : 1
0:00:00.019590022  2771 0xbb9390 TRACE   GST_REFCOUNTING gstobject.c:294:gst_object_ref_sink: 0xbd3fc0 ref_sink 1->2
0:00:00.014413940  2772 0x247e320 LOG   GST_POLL gstpoll.c:994:gst_poll_fd_ctl_write: 0x24869e0: pfd->events now 60 (POLLOUT:4)
0:00:00.019597627  2771 0xbb9390 LOG   GST_REGISTRY gstregistry.c:608:gst_registry_add_feature: emitting feature-added for rusage
0:00:00.014422115  2772 0x247e320 DEBUG   GST_POLL gstpoll.c:980:gst_poll_fd_ctl_write: 0x24869e0: fd (fd:0, idx:1), active : 1
0:00:00.019604644  2771 0xbb9390 DEBUG   GST_REGISTRY gstregistrychunks.c:741:gst_registry_chunks_load_feature: Added feature rusage, plugin 0xbd38b0 coretracers
0:00:00.014430607  2772 0x247e320 LOG   GST_POLL gstpoll.c:994:gst_poll_fd_ctl_write: 0x24869e0: pfd->events now 60 (POLLOUT:4)
0:00:00.019611541  2771 0xbb9390 DEBUG   GST_REGISTRY gstregistrychunks.c:583:gst_registry_chunks_load_feature: Plugin 'coretracers' feature 'log' typename : 'GstTracerFactory'
0:00:00.014438091  2772 0x247e320 DEBUG   GST_POLL gstpoll.c:980:gst_poll_fd_ctl_write: 0x24869e0: fd (fd:0, idx:1), active : 1
0:00:00.014448274  2772 0x247e320 LOG   GST_POLL gstpoll.c:994:gst_poll_fd_ctl_write: 0x24869e0: pfd->events now 60 (POLLOUT:4)
0:00:00.019627087  2771 0xbb9390 TRACE   GST_REFCOUNTING gstobject.c:208:gst_object_init: 0xbd41c0 new
0:00:00.014456469  2772 0x247e320 TRACE   GST_REFCOUNTING gstobject.c:265:gst_object_unref: 0x2497ec0 unref 2->1
0:00:00.019636864  2771 0xbb9390 DEBUG   GST_REGISTRY gstregistrychunks.c:718:gst_registry_chunks_load_feature: Reading/casting for GstRegistryChunkPluginFeature at address 0xbd33e8
0:00:00.014464518  2772 0x247e320 DEBUG   GST_POLL gstpoll.c:1241:gst_poll_fd_has_error: 0x24869e0: fd (fd:0, idx:1) 0
0:00:00.014471320  2772 0x247e320 DEBUG   GST_POLL gstpoll.c:1335:gst_poll_fd_can_write: 0x24869e0: fd (fd:0, idx:1) 1
0:00:00.019649154  2771 0xbb9390 DEBUG   GST_REGISTRY gstregistry.c:590:gst_registry_add_feature: adding feature 0xbd41c0 (log)
0:00:00.014476824  2772 0x247e320 LOG   GST_PLUGIN_LOADING gstpluginloader.c:689:write_one: Writing packet of size 6872 bytes to fd 0
0:00:00.019657443  2771 0xbb9390 DEBUG   GST_REFCOUNTING gstobject.c:709:gst_object_set_parent: set parent (ref and sink)
0:00:00.019665831  2771 0xbb9390 TRACE   GST_REFCOUNTING gstobject.c:294:gst_object_ref_sink: 0xbd41c0 ref_sink 1->2
0:00:00.014491045  2772 0x247e320 DEBUG   GST_POLL gstpoll.c:1414:gst_poll_wait: 0x24869e0: timeout :0:00:01.000000000
0:00:00.019672690  2771 0xbb9390 LOG   GST_REGISTRY gstregistry.c:608:gst_registry_add_feature: emitting feature-added for log
0:00:00.014512762  2772 0x247e320 LOG   GST_PLUGIN_LOADING gstpluginloader.c:1027:exchange_packets: Poll res = 2. 488 bytes pending for write
0:00:00.019694482  2771 0xbb9390 DEBUG   GST_REGISTRY gstregistrychunks.c:741:gst_registry_chunks_load_feature: Added feature log, plugin 0xbd38b0 coretracers
0:00:00.014524290  2772 0x247e320 DEBUG   GST_POLL gstpoll.c:1241:gst_poll_fd_has_error: 0x24869e0: fd (fd:5, idx:2) 0
0:00:00.019704667  2771 0xbb9390 DEBUG   GST_REGISTRY gstregistrychunks.c:583:gst_registry_chunks_load_feature: Plugin 'coretracers' feature 'latency' typename : 'GstTracerFactory'
0:00:00.014531337  2772 0x247e320 DEBUG   GST_POLL gstpoll.c:1266:gst_poll_fd_can_read_unlocked: 0x24869e0: fd (fd:5, idx:2) 1
0:00:00.019714436  2771 0xbb9390 TRACE   GST_REFCOUNTING gstobject.c:208:gst_object_init: 0xbd43c0 new
0:00:00.014543882  2772 0x247e320 DEBUG   GST_PLUGIN_LOADING gstpluginloader.c:721:do_plugin_load: Plugin scanner loading file /home/conan/w/prod/BuildSingleReference/.conan/data/gstreamer/1.19.1/_/_/package/bec7fecef66b28e957582014d79b970659fc2b7f/lib/gstreamer-1.0/libgstcoreelements.so. tag 3
0:00:00.019726571  2771 0xbb9390 DEBUG   GST_REGISTRY gstregistrychunks.c:718:gst_registry_chunks_load_feature: Reading/casting for GstRegistryChunkPluginFeature at address 0xbd3410
0:00:00.014554719  2772 0x247e320 TRACE   GST_REFCOUNTING gstobject.c:238:gst_object_ref: 0x249a270 ref 1->2
0:00:00.019741173  2771 0xbb9390 DEBUG   GST_REGISTRY gstregistry.c:590:gst_registry_add_feature: adding feature 0xbd43c0 (latency)
0:00:00.014564666  2772 0x247e320 TRACE   GST_REFCOUNTING gstobject.c:238:gst_object_ref: 0x24b57b0 ref 1->2
0:00:00.019750247  2771 0xbb9390 DEBUG   GST_REFCOUNTING gstobject.c:709:gst_object_set_parent: set parent (ref and sink)
0:00:00.014574748  2772 0x247e320 TRACE   GST_REFCOUNTING gstobject.c:238:gst_object_ref: 0x24b48c0 ref 1->2
0:00:00.019758634  2771 0xbb9390 TRACE   GST_REFCOUNTING gstobject.c:294:gst_object_ref_sink: 0xbd43c0 ref_sink 1->2
0:00:00.014582857  2772 0x247e320 TRACE   GST_REFCOUNTING gstobject.c:238:gst_object_ref: 0x24b3110 ref 1->2
0:00:00.019768176  2771 0xbb9390 LOG   GST_REGISTRY gstregistry.c:608:gst_registry_add_feature: emitting feature-added for latency
0:00:00.014592358  2772 0x247e320 TRACE   GST_REFCOUNTING gstobject.c:238:gst_object_ref: 0x24b2340 ref 1->2
0:00:00.019775624  2771 0xbb9390 DEBUG   GST_REGISTRY gstregistrychunks.c:741:gst_registry_chunks_load_feature: Added feature latency, plugin 0xbd38b0 coretracers
0:00:00.014599900  2772 0x247e320 TRACE   GST_REFCOUNTING gstobject.c:238:gst_object_ref: 0x24b1130 ref 1->2
0:00:00.019784300  2771 0xbb9390 LOG   GST_PLUGIN_LOADING gstpluginloader.c:888:handle_rx_packet: marking plugin 0xbd38b0 as registered as /home/conan/w/prod/BuildSingleReference/.conan/data/gstreamer/1.19.1/_/_/package/bec7fecef66b28e957582014d79b970659fc2b7f/lib/gstreamer-1.0/libgstcoretracers.so
0:00:00.014607653  2772 0x247e320 TRACE   GST_REFCOUNTING gstobject.c:238:gst_object_ref: 0x24b0030 ref 1->2
0:00:00.019797627  2771 0xbb9390 DEBUG   GST_POLL gstpoll.c:1414:gst_poll_wait: 0xbd2d10: timeout :0:00:01.000000000
0:00:00.014619560  2772 0x247e320 TRACE   GST_REFCOUNTING gstobject.c:238:gst_object_ref: 0x24ae680 ref 1->2
0:00:00.014631968  2772 0x247e320 TRACE   GST_REFCOUNTING gstobject.c:238:gst_object_ref: 0x24acc00 ref 1->2
0:00:00.019813052  2771 0xbb9390 LOG   GST_PLUGIN_LOADING gstpluginloader.c:1027:exchange_packets: Poll res = 1. 0 bytes pending for write
0:00:00.014639133  2772 0x247e320 TRACE   GST_REFCOUNTING gstobject.c:238:gst_object_ref: 0x24abaf0 ref 1->2
0:00:00.019822643  2771 0xbb9390 DEBUG   GST_POLL gstpoll.c:1241:gst_poll_fd_has_error: 0xbd2d10: fd (fd:8, idx:2) 0
0:00:00.014646510  2772 0x247e320 TRACE   GST_REFCOUNTING gstobject.c:238:gst_object_ref: 0x24aa8d0 ref 1->2
0:00:00.019830429  2771 0xbb9390 DEBUG   GST_POLL gstpoll.c:1266:gst_poll_fd_can_read_unlocked: 0xbd2d10: fd (fd:8, idx:2) 1
0:00:00.014654312  2772 0x247e320 TRACE   GST_REFCOUNTING gstobject.c:238:gst_object_ref: 0x24a9230 ref 1->2
0:00:00.019840365  2771 0xbb9390 LOG   GST_PLUGIN_LOADING gstpluginloader.c:985:read_one: Expanding rx buf from 512 to 7384
0:00:00.014666993  2772 0x247e320 TRACE   GST_REFCOUNTING gstobject.c:238:gst_object_ref: 0x24a8580 ref 1->2
0:00:00.014674220  2772 0x247e320 TRACE   GST_REFCOUNTING gstobject.c:238:gst_object_ref: 0x24a7950 ref 1->2
0:00:00.014680719  2772 0x247e320 TRACE   GST_REFCOUNTING gstobject.c:238:gst_object_ref: 0x249eea0 ref 1->2
0:00:00.019867400  2771 0xbb9390 DEBUG   GST_PLUGIN_LOADING gstpluginloader.c:849:handle_rx_packet: Received plugin details from child w/ tag 1. 6860 bytes info
0:00:00.014690468  2772 0x247e320 TRACE   GST_REFCOUNTING gstobject.c:238:gst_object_ref: 0x24a4d50 ref 1->2
0:00:00.019877951  2771 0xbb9390 LOG   GST_REGISTRY gstregistrychunks.c:837:_priv_gst_registry_chunks_load_plugin: Reading/casting for GstRegistryChunkPluginElement at address 0xbd4b60
0:00:00.014702216  2772 0x247e320 TRACE   GST_REFCOUNTING gstobject.c:238:gst_object_ref: 0x24a2720 ref 1->2
0:00:00.019887387  2771 0xbb9390 TRACE   GST_REFCOUNTING gstobject.c:208:gst_object_init: 0xbd3240 new
0:00:00.014710217  2772 0x247e320 TRACE   GST_REFCOUNTING gstobject.c:238:gst_object_ref: 0x24a0bd0 ref 1->2
0:00:00.014719721  2772 0x247e320 TRACE   GST_REFCOUNTING gstobject.c:238:gst_object_ref: 0x249fb90 ref 1->2
0:00:00.019903286  2771 0xbb9390 LOG   GST_REGISTRY gstregistrychunks.c:858:_priv_gst_registry_chunks_load_plugin: read strings for name='coreelements'
0:00:00.014726370  2772 0x247e320 TRACE   GST_REFCOUNTING gstobject.c:238:gst_object_ref: 0x249e0e0 ref 1->2
0:00:00.019910244  2771 0xbb9390 LOG   GST_REGISTRY gstregistrychunks.c:859:_priv_gst_registry_chunks_load_plugin: desc.description='GStreamer core elements'
0:00:00.014735376  2772 0x247e320 TRACE   GST_REFCOUNTING gstobject.c:238:gst_object_ref: 0x249d2e0 ref 1->2
0:00:00.019917196  2771 0xbb9390 LOG   GST_REGISTRY gstregistrychunks.c:860:_priv_gst_registry_chunks_load_plugin: filename='/home/conan/w/prod/BuildSingleReference/.conan/data/gstreamer/1.19.1/_/_/package/bec7fecef66b28e957582014d79b970659fc2b7f/lib/gstreamer-1.0/libgstcoreelements.so'
0:00:00.014742804  2772 0x247e320 TRACE   GST_REFCOUNTING gstobject.c:238:gst_object_ref: 0x249c3e0 ref 1->2
0:00:00.019926294  2771 0xbb9390 LOG   GST_REGISTRY gstregistrychunks.c:861:_priv_gst_registry_chunks_load_plugin: desc.version='1.19.1'
0:00:00.014750018  2772 0x247e320 TRACE   GST_REFCOUNTING gstobject.c:238:gst_object_ref: 0x249a720 ref 1->2
0:00:00.019933619  2771 0xbb9390 LOG   GST_REGISTRY gstregistrychunks.c:862:_priv_gst_registry_chunks_load_plugin: desc.license='LGPL'
0:00:00.019939575  2771 0xbb9390 LOG   GST_REGISTRY gstregistrychunks.c:863:_priv_gst_registry_chunks_load_plugin: desc.source='gstreamer'
0:00:00.014762013  2772 0x247e320 DEBUG   GST_REGISTRY gstregistrychunks.c:265:gst_registry_chunks_save_feature: saved 0 interfaces 0 pad templates
0:00:00.019945165  2771 0xbb9390 LOG   GST_REGISTRY gstregistrychunks.c:864:_priv_gst_registry_chunks_load_plugin: desc.package='GStreamer source release'
0:00:00.019956313  2771 0xbb9390 LOG   GST_REGISTRY gstregistrychunks.c:865:_priv_gst_registry_chunks_load_plugin: desc.origin='Unknown package origin'
0:00:00.019961625  2771 0xbb9390 LOG   GST_REGISTRY gstregistrychunks.c:866:_priv_gst_registry_chunks_load_plugin: desc.datetime=2021-06-01
0:00:00.014783763  2772 0x247e320 DEBUG   GST_REGISTRY gstregistrychunks.c:265:gst_registry_chunks_save_feature: saved 0 interfaces 0 pad templates
0:00:00.019970673  2771 0xbb9390 DEBUG   GST_REGISTRY gstregistry.c:474:gst_registry_add_plugin: adding plugin 0xbd3240 for filename "/home/conan/w/prod/BuildSingleReference/.conan/data/gstreamer/1.19.1/_/_/package/bec7fecef66b28e957582014d79b970659fc2b7f/lib/gstreamer-1.0/libgstcoreelements.so"
0:00:00.014796901  2772 0x247e320 DEBUG   GST_REGISTRY gstregistrychunks.c:265:gst_registry_chunks_save_feature: saved 0 interfaces 0 pad templates
0:00:00.019982163  2771 0xbb9390 TRACE   GST_REFCOUNTING gstobject.c:294:gst_object_ref_sink: 0xbd3240 ref_sink 1->2
0:00:00.014808850  2772 0x247e320 DEBUG   GST_REGISTRY gstregistrychunks.c:265:gst_registry_chunks_save_feature: saved 1 interfaces 0 pad templates
0:00:00.014815627  2772 0x247e320 DEBUG   GST_REGISTRY gstregistrychunks.c:284:gst_registry_chunks_save_feature: Saved 1 UriTypes
0:00:00.019993500  2771 0xbb9390 LOG   GST_REGISTRY gstregistry.c:487:gst_registry_add_plugin: emitting plugin-added for filename "/home/conan/w/prod/BuildSingleReference/.conan/data/gstreamer/1.19.1/_/_/package/bec7fecef66b28e957582014d79b970659fc2b7f/lib/gstreamer-1.0/libgstcoreelements.so"
0:00:00.020003847  2771 0xbb9390 DEBUG   GST_REGISTRY gstregistrychunks.c:887:_priv_gst_registry_chunks_load_plugin: Added plugin 'coreelements' plugin with 22 features from binary registry
0:00:00.014826603  2772 0x247e320 DEBUG   GST_REGISTRY gstregistrychunks.c:265:gst_registry_chunks_save_feature: saved 0 interfaces 0 pad templates
0:00:00.020011199  2771 0xbb9390 DEBUG   GST_REGISTRY gstregistrychunks.c:583:gst_registry_chunks_load_feature: Plugin 'coreelements' feature 'streamiddemux' typename : 'GstElementFactory'
0:00:00.014838412  2772 0x247e320 DEBUG   GST_REGISTRY gstregistrychunks.c:265:gst_registry_chunks_save_feature: saved 0 interfaces 0 pad templates
0:00:00.020024495  2771 0xbb9390 TRACE   GST_REFCOUNTING gstobject.c:208:gst_object_init: 0xbd4480 new
0:00:00.014850516  2772 0x247e320 DEBUG   GST_REGISTRY gstregistrychunks.c:265:gst_registry_chunks_save_feature: saved 0 interfaces 0 pad templates
0:00:00.020034841  2771 0xbb9390 LOG   GST_REGISTRY gstregistrychunks.c:610:gst_registry_chunks_load_feature: Reading/casting for GstRegistryChunkElementFactory at address 0xbd4cb8
0:00:00.020044466  2771 0xbb9390 TRACE   structure gststructure.c:292:gst_structure_new_id_empty_with_size: created structure 0xbd4680
0:00:00.014867056  2772 0x247e320 DEBUG   GST_REGISTRY gstregistrychunks.c:265:gst_registry_chunks_save_feature: saved 1 interfaces 0 pad templates
0:00:00.020052636  2771 0xbb9390 DEBUG   structure gststructure.c:2258:gst_structure_parse_field: trying field name 'long-name'
0:00:00.014880929  2772 0x247e320 DEBUG   GST_REGISTRY gstregistrychunks.c:284:gst_registry_chunks_save_feature: Saved 1 UriTypes
0:00:00.014891552  2772 0x247e320 DEBUG   GST_REGISTRY gstregistrychunks.c:265:gst_registry_chunks_save_feature: saved 1 interfaces 0 pad templates
0:00:00.014897426  2772 0x247e320 DEBUG   GST_REGISTRY gstregistrychunks.c:284:gst_registry_chunks_save_feature: Saved 1 UriTypes
0:00:00.020069859  2771 0xbb9390 DEBUG   default gstvalue.c:2776:_priv_gst_value_parse_value: trying type name 'string'
0:00:00.014906253  2772 0x247e320 DEBUG   GST_REGISTRY gstregistrychunks.c:265:gst_registry_chunks_save_feature: saved 1 interfaces 0 pad templates
0:00:00.014912833  2772 0x247e320 DEBUG   GST_REGISTRY gstregistrychunks.c:284:gst_registry_chunks_save_feature: Saved 1 UriTypes
0:00:00.020090904  2771 0xbb9390 DEBUG   structure gststructure.c:2258:gst_structure_parse_field: trying field name 'klass'
0:00:00.020098265  2771 0xbb9390 DEBUG   default gstvalue.c:2776:_priv_gst_value_parse_value: trying type name 'string'
0:00:00.014921914  2772 0x247e320 DEBUG   GST_REGISTRY gstregistrychunks.c:265:gst_registry_chunks_save_feature: saved 0 interfaces 0 pad templates
0:00:00.020105692  2771 0xbb9390 DEBUG   structure gststructure.c:2258:gst_structure_parse_field: trying field name 'description'
0:00:00.014932986  2772 0x247e320 DEBUG   GST_REGISTRY gstregistrychunks.c:265:gst_registry_chunks_save_feature: saved 0 interfaces 0 pad templates
0:00:00.020112040  2771 0xbb9390 DEBUG   default gstvalue.c:2776:_priv_gst_value_parse_value: trying type name 'string'
0:00:00.014946840  2772 0x247e320 DEBUG   GST_REGISTRY gstregistrychunks.c:265:gst_registry_chunks_save_feature: saved 0 interfaces 0 pad templates
0:00:00.020125055  2771 0xbb9390 DEBUG   structure gststructure.c:2258:gst_structure_parse_field: trying field name 'author'
0:00:00.020134614  2771 0xbb9390 DEBUG   default gstvalue.c:2776:_priv_gst_value_parse_value: trying type name 'string'
0:00:00.014960090  2772 0x247e320 DEBUG   GST_REGISTRY gstregistrychunks.c:265:gst_registry_chunks_save_feature: saved 0 interfaces 0 pad templates
0:00:00.020142815  2771 0xbb9390 DEBUG   GST_REGISTRY gstregistrychunks.c:626:gst_registry_chunks_load_feature: Element factory : npadtemplates=2
0:00:00.014970866  2772 0x247e320 DEBUG   GST_REGISTRY gstregistrychunks.c:265:gst_registry_chunks_save_feature: saved 0 interfaces 0 pad templates
0:00:00.020149267  2771 0xbb9390 DEBUG   GST_REGISTRY gstregistrychunks.c:526:gst_registry_chunks_load_pad_template: Reading/casting for GstRegistryChunkPadTemplate at address 0xbd4d90
0:00:00.020158392  2771 0xbb9390 DEBUG   GST_REGISTRY gstregistrychunks.c:539:gst_registry_chunks_load_pad_template: Added pad_template src_%u
0:00:00.014981160  2772 0x247e320 DEBUG   GST_REGISTRY gstregistrychunks.c:265:gst_registry_chunks_save_feature: saved 0 interfaces 0 pad templates
0:00:00.020164072  2771 0xbb9390 DEBUG   GST_REGISTRY gstregistrychunks.c:526:gst_registry_chunks_load_pad_template: Reading/casting for GstRegistryChunkPadTemplate at address 0xbd4da8
0:00:00.020174899  2771 0xbb9390 DEBUG   GST_REGISTRY gstregistrychunks.c:539:gst_registry_chunks_load_pad_template: Added pad_template sink
0:00:00.014998813  2772 0x247e320 DEBUG   GST_REGISTRY gstregistrychunks.c:265:gst_registry_chunks_save_feature: saved 1 interfaces 0 pad templates
0:00:00.015005672  2772 0x247e320 DEBUG   GST_REGISTRY gstregistrychunks.c:284:gst_registry_chunks_save_feature: Saved 1 UriTypes
0:00:00.020184009  2771 0xbb9390 DEBUG   GST_REGISTRY gstregistry.c:590:gst_registry_add_feature: adding feature 0xbd4480 (streamiddemux)
0:00:00.015016068  2772 0x247e320 DEBUG   GST_REGISTRY gstregistrychunks.c:265:gst_registry_chunks_save_feature: saved 0 interfaces 0 pad templates
0:00:00.020195778  2771 0xbb9390 DEBUG   GST_REFCOUNTING gstobject.c:709:gst_object_set_parent: set parent (ref and sink)
0:00:00.015027515  2772 0x247e320 DEBUG   GST_REGISTRY gstregistrychunks.c:265:gst_registry_chunks_save_feature: saved 0 interfaces 0 pad templates
0:00:00.020206028  2771 0xbb9390 TRACE   GST_REFCOUNTING gstobject.c:294:gst_object_ref_sink: 0xbd4480 ref_sink 1->2
0:00:00.020216129  2771 0xbb9390 LOG   GST_REGISTRY gstregistry.c:608:gst_registry_add_feature: emitting feature-added for streamiddemux
0:00:00.015043070  2772 0x247e320 DEBUG   GST_REGISTRY gstregistrychunks.c:265:gst_registry_chunks_save_feature: saved 0 interfaces 0 pad templates
0:00:00.020223385  2771 0xbb9390 DEBUG   GST_REGISTRY gstregistrychunks.c:741:gst_registry_chunks_load_feature: Added feature streamiddemux, plugin 0xbd3240 coreelements
0:00:00.020231344  2771 0xbb9390 DEBUG   GST_REGISTRY gstregistrychunks.c:583:gst_registry_chunks_load_feature: Plugin 'coreelements' feature 'valve' typename : 'GstElementFactory'
0:00:00.015055667  2772 0x247e320 DEBUG   GST_REGISTRY gstregistrychunks.c:265:gst_registry_chunks_save_feature: saved 0 interfaces 0 pad templates
0:00:00.020239801  2771 0xbb9390 TRACE   GST_REFCOUNTING gstobject.c:208:gst_object_init: 0xbd49e0 new
0:00:00.015067888  2772 0x247e320 DEBUG   GST_REGISTRY gstregistrychunks.c:265:gst_registry_chunks_save_feature: saved 0 interfaces 0 pad templates
0:00:00.020248998  2771 0xbb9390 LOG   GST_REGISTRY gstregistrychunks.c:610:gst_registry_chunks_load_feature: Reading/casting for GstRegistryChunkElementFactory at address 0xbd4dd8
0:00:00.020256443  2771 0xbb9390 TRACE   structure gststructure.c:292:gst_structure_new_id_empty_with_size: created structure 0xbd6830
0:00:00.015080226  2772 0x247e320 TRACE   GST_REFCOUNTING gstobject.c:265:gst_object_unref: 0x249a720 unref 2->1
0:00:00.020264953  2771 0xbb9390 DEBUG   structure gststructure.c:2258:gst_structure_parse_field: trying field name 'long-name'
0:00:00.015089190  2772 0x247e320 TRACE   GST_REFCOUNTING gstobject.c:265:gst_object_unref: 0x249c3e0 unref 2->1
0:00:00.020272359  2771 0xbb9390 DEBUG   default gstvalue.c:2776:_priv_gst_value_parse_value: trying type name 'string'
0:00:00.015101185  2772 0x247e320 TRACE   GST_REFCOUNTING gstobject.c:265:gst_object_unref: 0x249d2e0 unref 2->1
0:00:00.020281934  2771 0xbb9390 DEBUG   structure gststructure.c:2258:gst_structure_parse_field: trying field name 'klass'
0:00:00.015108356  2772 0x247e320 TRACE   GST_REFCOUNTING gstobject.c:265:gst_object_unref: 0x249e0e0 unref 2->1
0:00:00.020287735  2771 0xbb9390 DEBUG   default gstvalue.c:2776:_priv_gst_value_parse_value: trying type name 'string'
0:00:00.015116179  2772 0x247e320 TRACE   GST_REFCOUNTING gstobject.c:265:gst_object_unref: 0x249fb90 unref 2->1
0:00:00.020296494  2771 0xbb9390 DEBUG   structure gststructure.c:2258:gst_structure_parse_field: trying field name 'description'
0:00:00.020303290  2771 0xbb9390 DEBUG   default gstvalue.c:2776:_priv_gst_value_parse_value: trying type name 'string'
0:00:00.015125979  2772 0x247e320 TRACE   GST_REFCOUNTING gstobject.c:265:gst_object_unref: 0x24a0bd0 unref 2->1
0:00:00.020309931  2771 0xbb9390 DEBUG   structure gststructure.c:2258:gst_structure_parse_field: trying field name 'author'
0:00:00.015134468  2772 0x247e320 TRACE   GST_REFCOUNTING gstobject.c:265:gst_object_unref: 0x24a2720 unref 2->1
0:00:00.020316024  2771 0xbb9390 DEBUG   default gstvalue.c:2776:_priv_gst_value_parse_value: trying type name 'string'
0:00:00.015142196  2772 0x247e320 TRACE   GST_REFCOUNTING gstobject.c:265:gst_object_unref: 0x24a4d50 unref 2->1
0:00:00.020326608  2771 0xbb9390 DEBUG   GST_REGISTRY gstregistrychunks.c:626:gst_registry_chunks_load_feature: Element factory : npadtemplates=2
0:00:00.015149867  2772 0x247e320 TRACE   GST_REFCOUNTING gstobject.c:265:gst_object_unref: 0x249eea0 unref 2->1
0:00:00.020334533  2771 0xbb9390 DEBUG   GST_REGISTRY gstregistrychunks.c:526:gst_registry_chunks_load_pad_template: Reading/casting for GstRegistryChunkPadTemplate at address 0xbd4ec8
0:00:00.015159744  2772 0x247e320 TRACE   GST_REFCOUNTING gstobject.c:265:gst_object_unref: 0x24a7950 unref 2->1
0:00:00.020341941  2771 0xbb9390 DEBUG   GST_REGISTRY gstregistrychunks.c:539:gst_registry_chunks_load_pad_template: Added pad_template sink
0:00:00.015167295  2772 0x247e320 TRACE   GST_REFCOUNTING gstobject.c:265:gst_object_unref: 0x24a8580 unref 2->1
0:00:00.020348384  2771 0xbb9390 DEBUG   GST_REGISTRY gstregistrychunks.c:526:gst_registry_chunks_load_pad_template: Reading/casting for GstRegistryChunkPadTemplate at address 0xbd4ee0
0:00:00.015174616  2772 0x247e320 TRACE   GST_REFCOUNTING gstobject.c:265:gst_object_unref: 0x24a9230 unref 2->1
0:00:00.020355659  2771 0xbb9390 DEBUG   GST_REGISTRY gstregistrychunks.c:539:gst_registry_chunks_load_pad_template: Added pad_template src
0:00:00.015181735  2772 0x247e320 TRACE   GST_REFCOUNTING gstobject.c:265:gst_object_unref: 0x24aa8d0 unref 2->1
0:00:00.020373821  2771 0xbb9390 DEBUG   GST_REGISTRY gstregistry.c:590:gst_registry_add_feature: adding feature 0xbd49e0 (valve)
0:00:00.015198437  2772 0x247e320 TRACE   GST_REFCOUNTING gstobject.c:265:gst_object_unref: 0x24abaf0 unref 2->1
0:00:00.020381293  2771 0xbb9390 DEBUG   GST_REFCOUNTING gstobject.c:709:gst_object_set_parent: set parent (ref and sink)
0:00:00.015207448  2772 0x247e320 TRACE   GST_REFCOUNTING gstobject.c:265:gst_object_unref: 0x24acc00 unref 2->1
0:00:00.020390362  2771 0xbb9390 TRACE   GST_REFCOUNTING gstobject.c:294:gst_object_ref_sink: 0xbd49e0 ref_sink 1->2
0:00:00.015215264  2772 0x247e320 TRACE   GST_REFCOUNTING gstobject.c:265:gst_object_unref: 0x24ae680 unref 2->1
0:00:00.020400464  2771 0xbb9390 LOG   GST_REGISTRY gstregistry.c:608:gst_registry_add_feature: emitting feature-added for valve
0:00:00.015223279  2772 0x247e320 TRACE   GST_REFCOUNTING gstobject.c:265:gst_object_unref: 0x24b0030 unref 2->1
0:00:00.020410021  2771 0xbb9390 DEBUG   GST_REGISTRY gstregistrychunks.c:741:gst_registry_chunks_load_feature: Added feature valve, plugin 0xbd3240 coreelements
0:00:00.015233208  2772 0x247e320 TRACE   GST_REFCOUNTING gstobject.c:265:gst_object_unref: 0x24b1130 unref 2->1
0:00:00.020418611  2771 0xbb9390 DEBUG   GST_REGISTRY gstregistrychunks.c:583:gst_registry_chunks_load_feature: Plugin 'coreelements' feature 'multiqueue' typename : 'GstElementFactory'
0:00:00.015242184  2772 0x247e320 TRACE   GST_REFCOUNTING gstobject.c:265:gst_object_unref: 0x24b2340 unref 2->1
0:00:00.015250943  2772 0x247e320 TRACE   GST_REFCOUNTING gstobject.c:265:gst_object_unref: 0x24b3110 unref 2->1
0:00:00.020428807  2771 0xbb9390 TRACE   GST_REFCOUNTING gstobject.c:208:gst_object_init: 0xbd69b0 new
0:00:00.015257660  2772 0x247e320 TRACE   GST_REFCOUNTING gstobject.c:265:gst_object_unref: 0x24b48c0 unref 2->1
0:00:00.020439781  2771 0xbb9390 LOG   GST_REGISTRY gstregistrychunks.c:610:gst_registry_chunks_load_feature: Reading/casting for GstRegistryChunkElementFactory at address 0xbd4f10
0:00:00.015267893  2772 0x247e320 TRACE   GST_REFCOUNTING gstobject.c:265:gst_object_unref: 0x24b57b0 unref 2->1
0:00:00.020447818  2771 0xbb9390 TRACE   structure gststructure.c:292:gst_structure_new_id_empty_with_size: created structure 0xbd6aa0
0:00:00.020455567  2771 0xbb9390 DEBUG   structure gststructure.c:2258:gst_structure_parse_field: trying field name 'long-name'
0:00:00.015278417  2772 0x247e320 DEBUG   GST_REGISTRY gstregistrychunks.c:498:_priv_gst_registry_chunks_save_plugin: Found 22 features in plugin 0x249a270 (coreelements)
0:00:00.020461021  2771 0xbb9390 DEBUG   default gstvalue.c:2776:_priv_gst_value_parse_value: trying type name 'string'
0:00:00.015286436  2772 0x247e320 DEBUG   GST_POLL gstpoll.c:980:gst_poll_fd_ctl_write: 0x24869e0: fd (fd:0, idx:1), active : 1
0:00:00.020471640  2771 0xbb9390 DEBUG   structure gststructure.c:2258:gst_structure_parse_field: trying field name 'klass'
0:00:00.015299083  2772 0x247e320 LOG   GST_POLL gstpoll.c:994:gst_poll_fd_ctl_write: 0x24869e0: pfd->events now 60 (POLLOUT:4)
0:00:00.020479518  2771 0xbb9390 DEBUG   default gstvalue.c:2776:_priv_gst_value_parse_value: trying type name 'string'
0:00:00.015306143  2772 0x247e320 DEBUG   GST_POLL gstpoll.c:980:gst_poll_fd_ctl_write: 0x24869e0: fd (fd:0, idx:1), active : 1
0:00:00.020486596  2771 0xbb9390 DEBUG   structure gststructure.c:2258:gst_structure_parse_field: trying field name 'description'
0:00:00.020492989  2771 0xbb9390 DEBUG   default gstvalue.c:2776:_priv_gst_value_parse_value: trying type name 'string'
0:00:00.015312388  2772 0x247e320 LOG   GST_POLL gstpoll.c:994:gst_poll_fd_ctl_write: 0x24869e0: pfd->events now 60 (POLLOUT:4)
0:00:00.020499642  2771 0xbb9390 DEBUG   structure gststructure.c:2258:gst_structure_parse_field: trying field name 'author'
0:00:00.015324750  2772 0x247e320 DEBUG   GST_POLL gstpoll.c:980:gst_poll_fd_ctl_write: 0x24869e0: fd (fd:0, idx:1), active : 1
0:00:00.020505415  2771 0xbb9390 DEBUG   default gstvalue.c:2776:_priv_gst_value_parse_value: trying type name 'string'
0:00:00.015333231  2772 0x247e320 LOG   GST_POLL gstpoll.c:994:gst_poll_fd_ctl_write: 0x24869e0: pfd->events now 60 (POLLOUT:4)
0:00:00.020512947  2771 0xbb9390 DEBUG   GST_REGISTRY gstregistrychunks.c:626:gst_registry_chunks_load_feature: Element factory : npadtemplates=2
0:00:00.015341468  2772 0x247e320 DEBUG   GST_POLL gstpoll.c:980:gst_poll_fd_ctl_write: 0x24869e0: fd (fd:0, idx:1), active : 1
0:00:00.020520458  2771 0xbb9390 DEBUG   GST_REGISTRY gstregistrychunks.c:526:gst_registry_chunks_load_pad_template: Reading/casting for GstRegistryChunkPadTemplate at address 0xbd4fd0
0:00:00.015348198  2772 0x247e320 LOG   GST_POLL gstpoll.c:994:gst_poll_fd_ctl_write: 0x24869e0: pfd->events now 60 (POLLOUT:4)
0:00:00.020530491  2771 0xbb9390 DEBUG   GST_REGISTRY gstregistrychunks.c:539:gst_registry_chunks_load_pad_template: Added pad_template src_%u
0:00:00.015355230  2772 0x247e320 DEBUG   GST_POLL gstpoll.c:980:gst_poll_fd_ctl_write: 0x24869e0: fd (fd:0, idx:1), active : 1
0:00:00.020538503  2771 0xbb9390 DEBUG   GST_REGISTRY gstregistrychunks.c:526:gst_registry_chunks_load_pad_template: Reading/casting for GstRegistryChunkPadTemplate at address 0xbd4fe8
