0:00:00.015362806  2772 0x247e320 LOG   GST_POLL gstpoll.c:994:gst_poll_fd_ctl_write: 0x24869e0: pfd->events now 60 (POLLOUT:4)
0:00:00.020546613  2771 0xbb9390 DEBUG   GST_REGISTRY gstregistrychunks.c:539:gst_registry_chunks_load_pad_template: Added pad_template sink_%u
0:00:00.015370784  2772 0x247e320 DEBUG   GST_POLL gstpoll.c:980:gst_poll_fd_ctl_write: 0x24869e0: fd (fd:0, idx:1), active : 1
0:00:00.015377860  2772 0x247e320 LOG   GST_POLL gstpoll.c:994:gst_poll_fd_ctl_write: 0x24869e0: pfd->events now 60 (POLLOUT:4)
0:00:00.020556637  2771 0xbb9390 DEBUG   GST_REGISTRY gstregistry.c:590:gst_registry_add_feature: adding feature 0xbd69b0 (multiqueue)
0:00:00.015389055  2772 0x247e320 DEBUG   GST_POLL gstpoll.c:980:gst_poll_fd_ctl_write: 0x24869e0: fd (fd:0, idx:1), active : 1
0:00:00.020568812  2771 0xbb9390 DEBUG   GST_REFCOUNTING gstobject.c:709:gst_object_set_parent: set parent (ref and sink)
0:00:00.015397544  2772 0x247e320 LOG   GST_POLL gstpoll.c:994:gst_poll_fd_ctl_write: 0x24869e0: pfd->events now 60 (POLLOUT:4)
0:00:00.020577859  2771 0xbb9390 TRACE   GST_REFCOUNTING gstobject.c:294:gst_object_ref_sink: 0xbd69b0 ref_sink 1->2
0:00:00.015405443  2772 0x247e320 DEBUG   GST_POLL gstpoll.c:980:gst_poll_fd_ctl_write: 0x24869e0: fd (fd:0, idx:1), active : 1
0:00:00.020585839  2771 0xbb9390 LOG   GST_REGISTRY gstregistry.c:608:gst_registry_add_feature: emitting feature-added for multiqueue
0:00:00.015411851  2772 0x247e320 LOG   GST_POLL gstpoll.c:994:gst_poll_fd_ctl_write: 0x24869e0: pfd->events now 60 (POLLOUT:4)
0:00:00.020593525  2771 0xbb9390 DEBUG   GST_REGISTRY gstregistrychunks.c:741:gst_registry_chunks_load_feature: Added feature multiqueue, plugin 0xbd3240 coreelements
0:00:00.015418856  2772 0x247e320 DEBUG   GST_POLL gstpoll.c:980:gst_poll_fd_ctl_write: 0x24869e0: fd (fd:0, idx:1), active : 1
0:00:00.015425541  2772 0x247e320 LOG   GST_POLL gstpoll.c:994:gst_poll_fd_ctl_write: 0x24869e0: pfd->events now 60 (POLLOUT:4)
0:00:00.020603880  2771 0xbb9390 DEBUG   GST_REGISTRY gstregistrychunks.c:583:gst_registry_chunks_load_feature: Plugin 'coreelements' feature 'typefind' typename : 'GstElementFactory'
0:00:00.015431420  2772 0x247e320 DEBUG   GST_POLL gstpoll.c:980:gst_poll_fd_ctl_write: 0x24869e0: fd (fd:0, idx:1), active : 1
0:00:00.015437833  2772 0x247e320 LOG   GST_POLL gstpoll.c:994:gst_poll_fd_ctl_write: 0x24869e0: pfd->events now 60 (POLLOUT:4)
0:00:00.020614648  2771 0xbb9390 TRACE   GST_REFCOUNTING gstobject.c:208:gst_object_init: 0xbd6bd0 new
0:00:00.015444520  2772 0x247e320 DEBUG   GST_POLL gstpoll.c:980:gst_poll_fd_ctl_write: 0x24869e0: fd (fd:0, idx:1), active : 1
0:00:00.020627109  2771 0xbb9390 LOG   GST_REGISTRY gstregistrychunks.c:610:gst_registry_chunks_load_feature: Reading/casting for GstRegistryChunkElementFactory at address 0xbd5018
0:00:00.015453386  2772 0x247e320 LOG   GST_POLL gstpoll.c:994:gst_poll_fd_ctl_write: 0x24869e0: pfd->events now 60 (POLLOUT:4)
0:00:00.020635526  2771 0xbb9390 TRACE   structure gststructure.c:292:gst_structure_new_id_empty_with_size: created structure 0xbd6d90
0:00:00.015461816  2772 0x247e320 DEBUG   GST_POLL gstpoll.c:980:gst_poll_fd_ctl_write: 0x24869e0: fd (fd:0, idx:1), active : 1
0:00:00.020642191  2771 0xbb9390 DEBUG   structure gststructure.c:2258:gst_structure_parse_field: trying field name 'long-name'
0:00:00.015468656  2772 0x247e320 LOG   GST_POLL gstpoll.c:994:gst_poll_fd_ctl_write: 0x24869e0: pfd->events now 60 (POLLOUT:4)
0:00:00.020648332  2771 0xbb9390 DEBUG   default gstvalue.c:2776:_priv_gst_value_parse_value: trying type name 'string'
0:00:00.015480383  2772 0x247e320 DEBUG   GST_POLL gstpoll.c:980:gst_poll_fd_ctl_write: 0x24869e0: fd (fd:0, idx:1), active : 1
0:00:00.020660974  2771 0xbb9390 DEBUG   structure gststructure.c:2258:gst_structure_parse_field: trying field name 'klass'
0:00:00.015487264  2772 0x247e320 LOG   GST_POLL gstpoll.c:994:gst_poll_fd_ctl_write: 0x24869e0: pfd->events now 60 (POLLOUT:4)
0:00:00.020667303  2771 0xbb9390 DEBUG   default gstvalue.c:2776:_priv_gst_value_parse_value: trying type name 'string'
0:00:00.015494205  2772 0x247e320 DEBUG   GST_POLL gstpoll.c:980:gst_poll_fd_ctl_write: 0x24869e0: fd (fd:0, idx:1), active : 1
0:00:00.015511309  2772 0x247e320 LOG   GST_POLL gstpoll.c:994:gst_poll_fd_ctl_write: 0x24869e0: pfd->events now 60 (POLLOUT:4)
0:00:00.020695288  2771 0xbb9390 DEBUG   structure gststructure.c:2258:gst_structure_parse_field: trying field name 'description'
0:00:00.015523144  2772 0x247e320 DEBUG   GST_POLL gstpoll.c:980:gst_poll_fd_ctl_write: 0x24869e0: fd (fd:0, idx:1), active : 1
0:00:00.020704058  2771 0xbb9390 DEBUG   default gstvalue.c:2776:_priv_gst_value_parse_value: trying type name 'string'
0:00:00.015530865  2772 0x247e320 LOG   GST_POLL gstpoll.c:994:gst_poll_fd_ctl_write: 0x24869e0: pfd->events now 60 (POLLOUT:4)
0:00:00.020712935  2771 0xbb9390 DEBUG   structure gststructure.c:2258:gst_structure_parse_field: trying field name 'author'
0:00:00.015538018  2772 0x247e320 DEBUG   GST_POLL gstpoll.c:980:gst_poll_fd_ctl_write: 0x24869e0: fd (fd:0, idx:1), active : 1
0:00:00.015544246  2772 0x247e320 LOG   GST_POLL gstpoll.c:994:gst_poll_fd_ctl_write: 0x24869e0: pfd->events now 60 (POLLOUT:4)
0:00:00.020723731  2771 0xbb9390 DEBUG   default gstvalue.c:2776:_priv_gst_value_parse_value: trying type name 'string'
0:00:00.015551272  2772 0x247e320 DEBUG   GST_POLL gstpoll.c:980:gst_poll_fd_ctl_write: 0x24869e0: fd (fd:0, idx:1), active : 1
0:00:00.020731984  2771 0xbb9390 DEBUG   GST_REGISTRY gstregistrychunks.c:626:gst_registry_chunks_load_feature: Element factory : npadtemplates=2
0:00:00.015557842  2772 0x247e320 LOG   GST_POLL gstpoll.c:994:gst_poll_fd_ctl_write: 0x24869e0: pfd->events now 60 (POLLOUT:4)
0:00:00.020740791  2771 0xbb9390 DEBUG   GST_REGISTRY gstregistrychunks.c:526:gst_registry_chunks_load_pad_template: Reading/casting for GstRegistryChunkPadTemplate at address 0xbd50f0
0:00:00.015564729  2772 0x247e320 DEBUG   GST_POLL gstpoll.c:980:gst_poll_fd_ctl_write: 0x24869e0: fd (fd:0, idx:1), active : 1
0:00:00.020749128  2771 0xbb9390 DEBUG   GST_REGISTRY gstregistrychunks.c:539:gst_registry_chunks_load_pad_template: Added pad_template sink
0:00:00.015573257  2772 0x247e320 LOG   GST_POLL gstpoll.c:994:gst_poll_fd_ctl_write: 0x24869e0: pfd->events now 60 (POLLOUT:4)
0:00:00.020756145  2771 0xbb9390 DEBUG   GST_REGISTRY gstregistrychunks.c:526:gst_registry_chunks_load_pad_template: Reading/casting for GstRegistryChunkPadTemplate at address 0xbd5108
0:00:00.015583723  2772 0x247e320 DEBUG   GST_POLL gstpoll.c:980:gst_poll_fd_ctl_write: 0x24869e0: fd (fd:0, idx:1), active : 1
0:00:00.020770108  2771 0xbb9390 DEBUG   GST_REGISTRY gstregistrychunks.c:539:gst_registry_chunks_load_pad_template: Added pad_template src
0:00:00.015595606  2772 0x247e320 LOG   GST_POLL gstpoll.c:994:gst_poll_fd_ctl_write: 0x24869e0: pfd->events now 60 (POLLOUT:4)
0:00:00.020779544  2771 0xbb9390 DEBUG   GST_REGISTRY gstregistry.c:590:gst_registry_add_feature: adding feature 0xbd6bd0 (typefind)
0:00:00.015602567  2772 0x247e320 DEBUG   GST_POLL gstpoll.c:980:gst_poll_fd_ctl_write: 0x24869e0: fd (fd:0, idx:1), active : 1
0:00:00.020786988  2771 0xbb9390 DEBUG   GST_REFCOUNTING gstobject.c:709:gst_object_set_parent: set parent (ref and sink)
0:00:00.015611151  2772 0x247e320 LOG   GST_POLL gstpoll.c:994:gst_poll_fd_ctl_write: 0x24869e0: pfd->events now 60 (POLLOUT:4)
0:00:00.020795866  2771 0xbb9390 TRACE   GST_REFCOUNTING gstobject.c:294:gst_object_ref_sink: 0xbd6bd0 ref_sink 1->2
0:00:00.015619655  2772 0x247e320 DEBUG   GST_POLL gstpoll.c:980:gst_poll_fd_ctl_write: 0x24869e0: fd (fd:0, idx:1), active : 1
0:00:00.020803651  2771 0xbb9390 LOG   GST_REGISTRY gstregistry.c:608:gst_registry_add_feature: emitting feature-added for typefind
0:00:00.015627463  2772 0x247e320 LOG   GST_POLL gstpoll.c:994:gst_poll_fd_ctl_write: 0x24869e0: pfd->events now 60 (POLLOUT:4)
0:00:00.015636100  2772 0x247e320 DEBUG   GST_POLL gstpoll.c:980:gst_poll_fd_ctl_write: 0x24869e0: fd (fd:0, idx:1), active : 1
0:00:00.020814086  2771 0xbb9390 DEBUG   GST_REGISTRY gstregistrychunks.c:741:gst_registry_chunks_load_feature: Added feature typefind, plugin 0xbd3240 coreelements
0:00:00.015641558  2772 0x247e320 LOG   GST_POLL gstpoll.c:994:gst_poll_fd_ctl_write: 0x24869e0: pfd->events now 60 (POLLOUT:4)
0:00:00.020822684  2771 0xbb9390 DEBUG   GST_REGISTRY gstregistrychunks.c:583:gst_registry_chunks_load_feature: Plugin 'coreelements' feature 'tee' typename : 'GstElementFactory'
0:00:00.015650236  2772 0x247e320 DEBUG   GST_POLL gstpoll.c:980:gst_poll_fd_ctl_write: 0x24869e0: fd (fd:0, idx:1), active : 1
0:00:00.020833083  2771 0xbb9390 TRACE   GST_REFCOUNTING gstobject.c:208:gst_object_init: 0xbd6f60 new
0:00:00.015657407  2772 0x247e320 LOG   GST_POLL gstpoll.c:994:gst_poll_fd_ctl_write: 0x24869e0: pfd->events now 60 (POLLOUT:4)
0:00:00.015665517  2772 0x247e320 DEBUG   GST_POLL gstpoll.c:980:gst_poll_fd_ctl_write: 0x24869e0: fd (fd:0, idx:1), active : 1
0:00:00.020843158  2771 0xbb9390 LOG   GST_REGISTRY gstregistrychunks.c:610:gst_registry_chunks_load_feature: Reading/casting for GstRegistryChunkElementFactory at address 0xbd5130
0:00:00.015671292  2772 0x247e320 LOG   GST_POLL gstpoll.c:994:gst_poll_fd_ctl_write: 0x24869e0: pfd->events now 60 (POLLOUT:4)
0:00:00.020851433  2771 0xbb9390 TRACE   structure gststructure.c:292:gst_structure_new_id_empty_with_size: created structure 0xbd7340
0:00:00.015678116  2772 0x247e320 DEBUG   GST_POLL gstpoll.c:980:gst_poll_fd_ctl_write: 0x24869e0: fd (fd:0, idx:1), active : 1
0:00:00.020863243  2771 0xbb9390 DEBUG   structure gststructure.c:2258:gst_structure_parse_field: trying field name 'long-name'
0:00:00.015688408  2772 0x247e320 LOG   GST_POLL gstpoll.c:994:gst_poll_fd_ctl_write: 0x24869e0: pfd->events now 60 (POLLOUT:4)
0:00:00.020869644  2771 0xbb9390 DEBUG   default gstvalue.c:2776:_priv_gst_value_parse_value: trying type name 'string'
0:00:00.015695139  2772 0x247e320 DEBUG   GST_POLL gstpoll.c:980:gst_poll_fd_ctl_write: 0x24869e0: fd (fd:0, idx:1), active : 1
0:00:00.020877507  2771 0xbb9390 DEBUG   structure gststructure.c:2258:gst_structure_parse_field: trying field name 'klass'
0:00:00.015701796  2772 0x247e320 LOG   GST_POLL gstpoll.c:994:gst_poll_fd_ctl_write: 0x24869e0: pfd->events now 60 (POLLOUT:4)
0:00:00.020885731  2771 0xbb9390 DEBUG   default gstvalue.c:2776:_priv_gst_value_parse_value: trying type name 'string'
0:00:00.015712159  2772 0x247e320 DEBUG   GST_POLL gstpoll.c:980:gst_poll_fd_ctl_write: 0x24869e0: fd (fd:0, idx:1), active : 1
0:00:00.020895033  2771 0xbb9390 DEBUG   structure gststructure.c:2258:gst_structure_parse_field: trying field name 'description'
0:00:00.015720348  2772 0x247e320 LOG   GST_POLL gstpoll.c:994:gst_poll_fd_ctl_write: 0x24869e0: pfd->events now 60 (POLLOUT:4)
0:00:00.020901423  2771 0xbb9390 DEBUG   default gstvalue.c:2776:_priv_gst_value_parse_value: trying type name 'string'
0:00:00.015727740  2772 0x247e320 DEBUG   GST_POLL gstpoll.c:980:gst_poll_fd_ctl_write: 0x24869e0: fd (fd:0, idx:1), active : 1
0:00:00.020909331  2771 0xbb9390 DEBUG   structure gststructure.c:2258:gst_structure_parse_field: trying field name 'author'
0:00:00.015734301  2772 0x247e320 LOG   GST_POLL gstpoll.c:994:gst_poll_fd_ctl_write: 0x24869e0: pfd->events now 60 (POLLOUT:4)
0:00:00.020915631  2771 0xbb9390 DEBUG   default gstvalue.c:2776:_priv_gst_value_parse_value: trying type name 'string'
0:00:00.015741263  2772 0x247e320 DEBUG   GST_POLL gstpoll.c:980:gst_poll_fd_ctl_write: 0x24869e0: fd (fd:0, idx:1), active : 1
0:00:00.020925034  2771 0xbb9390 DEBUG   GST_REGISTRY gstregistrychunks.c:626:gst_registry_chunks_load_feature: Element factory : npadtemplates=2
0:00:00.015747880  2772 0x247e320 LOG   GST_POLL gstpoll.c:994:gst_poll_fd_ctl_write: 0x24869e0: pfd->events now 60 (POLLOUT:4)
0:00:00.020931961  2771 0xbb9390 DEBUG   GST_REGISTRY gstregistrychunks.c:526:gst_registry_chunks_load_pad_template: Reading/casting for GstRegistryChunkPadTemplate at address 0xbd5220
0:00:00.015757847  2772 0x247e320 DEBUG   GST_POLL gstpoll.c:980:gst_poll_fd_ctl_write: 0x24869e0: fd (fd:0, idx:1), active : 1
0:00:00.020939387  2771 0xbb9390 DEBUG   GST_REGISTRY gstregistrychunks.c:539:gst_registry_chunks_load_pad_template: Added pad_template src_%u
0:00:00.015764510  2772 0x247e320 LOG   GST_POLL gstpoll.c:994:gst_poll_fd_ctl_write: 0x24869e0: pfd->events now 60 (POLLOUT:4)
0:00:00.020947820  2771 0xbb9390 DEBUG   GST_REGISTRY gstregistrychunks.c:526:gst_registry_chunks_load_pad_template: Reading/casting for GstRegistryChunkPadTemplate at address 0xbd5238
0:00:00.015781714  2772 0x247e320 DEBUG   GST_POLL gstpoll.c:980:gst_poll_fd_ctl_write: 0x24869e0: fd (fd:0, idx:1), active : 1
0:00:00.020961511  2771 0xbb9390 DEBUG   GST_REGISTRY gstregistrychunks.c:539:gst_registry_chunks_load_pad_template: Added pad_template sink
0:00:00.015789877  2772 0x247e320 LOG   GST_POLL gstpoll.c:994:gst_poll_fd_ctl_write: 0x24869e0: pfd->events now 60 (POLLOUT:4)
0:00:00.020972469  2771 0xbb9390 DEBUG   GST_REGISTRY gstregistry.c:590:gst_registry_add_feature: adding feature 0xbd6f60 (tee)
0:00:00.015796828  2772 0x247e320 DEBUG   GST_POLL gstpoll.c:980:gst_poll_fd_ctl_write: 0x24869e0: fd (fd:0, idx:1), active : 1
0:00:00.020979886  2771 0xbb9390 DEBUG   GST_REFCOUNTING gstobject.c:709:gst_object_set_parent: set parent (ref and sink)
0:00:00.015803814  2772 0x247e320 LOG   GST_POLL gstpoll.c:994:gst_poll_fd_ctl_write: 0x24869e0: pfd->events now 60 (POLLOUT:4)
0:00:00.020988275  2771 0xbb9390 TRACE   GST_REFCOUNTING gstobject.c:294:gst_object_ref_sink: 0xbd6f60 ref_sink 1->2
0:00:00.015811707  2772 0x247e320 DEBUG   GST_POLL gstpoll.c:980:gst_poll_fd_ctl_write: 0x24869e0: fd (fd:0, idx:1), active : 1
0:00:00.020996347  2771 0xbb9390 LOG   GST_REGISTRY gstregistry.c:608:gst_registry_add_feature: emitting feature-added for tee
0:00:00.015819692  2772 0x247e320 LOG   GST_POLL gstpoll.c:994:gst_poll_fd_ctl_write: 0x24869e0: pfd->events now 60 (POLLOUT:4)
0:00:00.021004361  2771 0xbb9390 DEBUG   GST_REGISTRY gstregistrychunks.c:741:gst_registry_chunks_load_feature: Added feature tee, plugin 0xbd3240 coreelements
0:00:00.015828112  2772 0x247e320 DEBUG   GST_POLL gstpoll.c:980:gst_poll_fd_ctl_write: 0x24869e0: fd (fd:0, idx:1), active : 1
0:00:00.021012297  2771 0xbb9390 DEBUG   GST_REGISTRY gstregistrychunks.c:583:gst_registry_chunks_load_feature: Plugin 'coreelements' feature 'filesink' typename : 'GstElementFactory'
0:00:00.015835830  2772 0x247e320 LOG   GST_POLL gstpoll.c:994:gst_poll_fd_ctl_write: 0x24869e0: pfd->events now 60 (POLLOUT:4)
0:00:00.015847613  2772 0x247e320 DEBUG   GST_POLL gstpoll.c:980:gst_poll_fd_ctl_write: 0x24869e0: fd (fd:0, idx:1), active : 1
0:00:00.021024967  2771 0xbb9390 TRACE   GST_REFCOUNTING gstobject.c:208:gst_object_init: 0xbd74c0 new
0:00:00.015855450  2772 0x247e320 LOG   GST_POLL gstpoll.c:994:gst_poll_fd_ctl_write: 0x24869e0: pfd->events now 60 (POLLOUT:4)
0:00:00.021038014  2771 0xbb9390 LOG   GST_REGISTRY gstregistrychunks.c:610:gst_registry_chunks_load_feature: Reading/casting for GstRegistryChunkElementFactory at address 0xbd5268
0:00:00.015862859  2772 0x247e320 DEBUG   GST_POLL gstpoll.c:980:gst_poll_fd_ctl_write: 0x24869e0: fd (fd:0, idx:1), active : 1
0:00:00.021046402  2771 0xbb9390 TRACE   structure gststructure.c:292:gst_structure_new_id_empty_with_size: created structure 0xbd75b0
0:00:00.015869943  2772 0x247e320 LOG   GST_POLL gstpoll.c:994:gst_poll_fd_ctl_write: 0x24869e0: pfd->events now 60 (POLLOUT:4)
0:00:00.021062932  2771 0xbb9390 DEBUG   structure gststructure.c:2258:gst_structure_parse_field: trying field name 'long-name'
0:00:00.015887908  2772 0x247e320 DEBUG   GST_POLL gstpoll.c:980:gst_poll_fd_ctl_write: 0x24869e0: fd (fd:0, idx:1), active : 1
0:00:00.015894789  2772 0x247e320 LOG   GST_POLL gstpoll.c:994:gst_poll_fd_ctl_write: 0x24869e0: pfd->events now 60 (POLLOUT:4)
0:00:00.021069119  2771 0xbb9390 DEBUG   default gstvalue.c:2776:_priv_gst_value_parse_value: trying type name 'string'
0:00:00.015901076  2772 0x247e320 DEBUG   GST_POLL gstpoll.c:980:gst_poll_fd_ctl_write: 0x24869e0: fd (fd:0, idx:1), active : 1
0:00:00.021082822  2771 0xbb9390 DEBUG   structure gststructure.c:2258:gst_structure_parse_field: trying field name 'klass'
0:00:00.015907642  2772 0x247e320 LOG   GST_POLL gstpoll.c:994:gst_poll_fd_ctl_write: 0x24869e0: pfd->events now 60 (POLLOUT:4)
0:00:00.021089288  2771 0xbb9390 DEBUG   default gstvalue.c:2776:_priv_gst_value_parse_value: trying type name 'string'
0:00:00.015917486  2772 0x247e320 DEBUG   GST_POLL gstpoll.c:980:gst_poll_fd_ctl_write: 0x24869e0: fd (fd:0, idx:1), active : 1
0:00:00.021096754  2771 0xbb9390 DEBUG   structure gststructure.c:2258:gst_structure_parse_field: trying field name 'description'
0:00:00.015924828  2772 0x247e320 LOG   GST_POLL gstpoll.c:994:gst_poll_fd_ctl_write: 0x24869e0: pfd->events now 60 (POLLOUT:4)
0:00:00.021106500  2771 0xbb9390 DEBUG   default gstvalue.c:2776:_priv_gst_value_parse_value: trying type name 'string'
0:00:00.015931771  2772 0x247e320 DEBUG   GST_POLL gstpoll.c:980:gst_poll_fd_ctl_write: 0x24869e0: fd (fd:0, idx:1), active : 1
0:00:00.021115853  2771 0xbb9390 DEBUG   structure gststructure.c:2258:gst_structure_parse_field: trying field name 'author'
0:00:00.015938472  2772 0x247e320 LOG   GST_POLL gstpoll.c:994:gst_poll_fd_ctl_write: 0x24869e0: pfd->events now 60 (POLLOUT:4)
0:00:00.021122147  2771 0xbb9390 DEBUG   default gstvalue.c:2776:_priv_gst_value_parse_value: trying type name 'string'
0:00:00.015947403  2772 0x247e320 DEBUG   GST_POLL gstpoll.c:980:gst_poll_fd_ctl_write: 0x24869e0: fd (fd:0, idx:1), active : 1
0:00:00.021130565  2771 0xbb9390 DEBUG   GST_REGISTRY gstregistrychunks.c:626:gst_registry_chunks_load_feature: Element factory : npadtemplates=1
0:00:00.015953489  2772 0x247e320 LOG   GST_POLL gstpoll.c:994:gst_poll_fd_ctl_write: 0x24869e0: pfd->events now 60 (POLLOUT:4)
0:00:00.021137201  2771 0xbb9390 DEBUG   GST_REGISTRY gstregistrychunks.c:526:gst_registry_chunks_load_pad_template: Reading/casting for GstRegistryChunkPadTemplate at address 0xbd5348
0:00:00.015962071  2772 0x247e320 DEBUG   GST_POLL gstpoll.c:980:gst_poll_fd_ctl_write: 0x24869e0: fd (fd:0, idx:1), active : 1
0:00:00.021144186  2771 0xbb9390 DEBUG   GST_REGISTRY gstregistrychunks.c:539:gst_registry_chunks_load_pad_template: Added pad_template sink
0:00:00.015968157  2772 0x247e320 LOG   GST_POLL gstpoll.c:994:gst_poll_fd_ctl_write: 0x24869e0: pfd->events now 60 (POLLOUT:4)
0:00:00.021157888  2771 0xbb9390 DEBUG   GST_REGISTRY gstregistrychunks.c:639:gst_registry_chunks_load_feature: Reading 1 UriTypes at address 0xbd5359
0:00:00.015984539  2772 0x247e320 DEBUG   GST_POLL gstpoll.c:980:gst_poll_fd_ctl_write: 0x24869e0: fd (fd:0, idx:1), active : 1
0:00:00.021165814  2771 0xbb9390 DEBUG   GST_REGISTRY gstregistrychunks.c:654:gst_registry_chunks_load_feature: Reading 1 Interfaces at address 0xbd5369
0:00:00.015992181  2772 0x247e320 LOG   GST_POLL gstpoll.c:994:gst_poll_fd_ctl_write: 0x24869e0: pfd->events now 60 (POLLOUT:4)
0:00:00.015999380  2772 0x247e320 DEBUG   GST_POLL gstpoll.c:980:gst_poll_fd_ctl_write: 0x24869e0: fd (fd:0, idx:1), active : 1
0:00:00.021178860  2771 0xbb9390 DEBUG   GST_REGISTRY gstregistry.c:590:gst_registry_add_feature: adding feature 0xbd74c0 (filesink)
0:00:00.016005265  2772 0x247e320 LOG   GST_POLL gstpoll.c:994:gst_poll_fd_ctl_write: 0x24869e0: pfd->events now 60 (POLLOUT:4)
0:00:00.021186895  2771 0xbb9390 DEBUG   GST_REFCOUNTING gstobject.c:709:gst_object_set_parent: set parent (ref and sink)
0:00:00.016012112  2772 0x247e320 DEBUG   GST_POLL gstpoll.c:980:gst_poll_fd_ctl_write: 0x24869e0: fd (fd:0, idx:1), active : 1
0:00:00.016019406  2772 0x247e320 LOG   GST_POLL gstpoll.c:994:gst_poll_fd_ctl_write: 0x24869e0: pfd->events now 60 (POLLOUT:4)
0:00:00.021196367  2771 0xbb9390 TRACE   GST_REFCOUNTING gstobject.c:294:gst_object_ref_sink: 0xbd74c0 ref_sink 1->2
0:00:00.016026243  2772 0x247e320 DEBUG   GST_POLL gstpoll.c:980:gst_poll_fd_ctl_write: 0x24869e0: fd (fd:0, idx:1), active : 1
0:00:00.021206907  2771 0xbb9390 LOG   GST_REGISTRY gstregistry.c:608:gst_registry_add_feature: emitting feature-added for filesink
0:00:00.016032716  2772 0x247e320 LOG   GST_POLL gstpoll.c:994:gst_poll_fd_ctl_write: 0x24869e0: pfd->events now 60 (POLLOUT:4)
0:00:00.021214964  2771 0xbb9390 DEBUG   GST_REGISTRY gstregistrychunks.c:741:gst_registry_chunks_load_feature: Added feature filesink, plugin 0xbd3240 coreelements
0:00:00.016042091  2772 0x247e320 DEBUG   GST_POLL gstpoll.c:980:gst_poll_fd_ctl_write: 0x24869e0: fd (fd:0, idx:1), active : 1
0:00:00.021222410  2771 0xbb9390 DEBUG   GST_REGISTRY gstregistrychunks.c:583:gst_registry_chunks_load_feature: Plugin 'coreelements' feature 'queue2' typename : 'GstElementFactory'
0:00:00.016049483  2772 0x247e320 LOG   GST_POLL gstpoll.c:994:gst_poll_fd_ctl_write: 0x24869e0: pfd->events now 60 (POLLOUT:4)
0:00:00.021232202  2771 0xbb9390 TRACE   GST_REFCOUNTING gstobject.c:208:gst_object_init: 0xbd7730 new
0:00:00.016056613  2772 0x247e320 DEBUG   GST_POLL gstpoll.c:980:gst_poll_fd_ctl_write: 0x24869e0: fd (fd:0, idx:1), active : 1
0:00:00.016064106  2772 0x247e320 LOG   GST_POLL gstpoll.c:994:gst_poll_fd_ctl_write: 0x24869e0: pfd->events now 60 (POLLOUT:4)
0:00:00.021242056  2771 0xbb9390 LOG   GST_REGISTRY gstregistrychunks.c:610:gst_registry_chunks_load_feature: Reading/casting for GstRegistryChunkElementFactory at address 0xbd5390
0:00:00.016077040  2772 0x247e320 DEBUG   GST_POLL gstpoll.c:980:gst_poll_fd_ctl_write: 0x24869e0: fd (fd:0, idx:1), active : 1
0:00:00.021259157  2771 0xbb9390 TRACE   structure gststructure.c:292:gst_structure_new_id_empty_with_size: created structure 0xbd7a40
0:00:00.016083254  2772 0x247e320 LOG   GST_POLL gstpoll.c:994:gst_poll_fd_ctl_write: 0x24869e0: pfd->events now 60 (POLLOUT:4)
0:00:00.021266759  2771 0xbb9390 DEBUG   structure gststructure.c:2258:gst_structure_parse_field: trying field name 'long-name'
0:00:00.016091748  2772 0x247e320 DEBUG   GST_POLL gstpoll.c:980:gst_poll_fd_ctl_write: 0x24869e0: fd (fd:0, idx:1), active : 1
0:00:00.021273499  2771 0xbb9390 DEBUG   default gstvalue.c:2776:_priv_gst_value_parse_value: trying type name 'string'
0:00:00.016098037  2772 0x247e320 LOG   GST_POLL gstpoll.c:994:gst_poll_fd_ctl_write: 0x24869e0: pfd->events now 60 (POLLOUT:4)
0:00:00.021281873  2771 0xbb9390 DEBUG   structure gststructure.c:2258:gst_structure_parse_field: trying field name 'klass'
0:00:00.016107487  2772 0x247e320 DEBUG   GST_POLL gstpoll.c:980:gst_poll_fd_ctl_write: 0x24869e0: fd (fd:0, idx:1), active : 1
0:00:00.021288157  2771 0xbb9390 DEBUG   default gstvalue.c:2776:_priv_gst_value_parse_value: trying type name 'string'
0:00:00.016114984  2772 0x247e320 LOG   GST_POLL gstpoll.c:994:gst_poll_fd_ctl_write: 0x24869e0: pfd->events now 60 (POLLOUT:4)
0:00:00.021295127  2771 0xbb9390 DEBUG   structure gststructure.c:2258:gst_structure_parse_field: trying field name 'description'
0:00:00.016121857  2772 0x247e320 DEBUG   GST_POLL gstpoll.c:980:gst_poll_fd_ctl_write: 0x24869e0: fd (fd:0, idx:1), active : 1
0:00:00.021301474  2771 0xbb9390 DEBUG   default gstvalue.c:2776:_priv_gst_value_parse_value: trying type name 'string'
0:00:00.016128455  2772 0x247e320 LOG   GST_POLL gstpoll.c:994:gst_poll_fd_ctl_write: 0x24869e0: pfd->events now 60 (POLLOUT:4)
0:00:00.021309297  2771 0xbb9390 DEBUG   structure gststructure.c:2258:gst_structure_parse_field: trying field name 'author'
0:00:00.016136129  2772 0x247e320 DEBUG   GST_POLL gstpoll.c:980:gst_poll_fd_ctl_write: 0x24869e0: fd (fd:0, idx:1), active : 1
0:00:00.021318268  2771 0xbb9390 DEBUG   default gstvalue.c:2776:_priv_gst_value_parse_value: trying type name 'string'
0:00:00.016142402  2772 0x247e320 LOG   GST_POLL gstpoll.c:994:gst_poll_fd_ctl_write: 0x24869e0: pfd->events now 60 (POLLOUT:4)
0:00:00.016150890  2772 0x247e320 DEBUG   GST_POLL gstpoll.c:980:gst_poll_fd_ctl_write: 0x24869e0: fd (fd:0, idx:1), active : 1
0:00:00.021328652  2771 0xbb9390 DEBUG   GST_REGISTRY gstregistrychunks.c:626:gst_registry_chunks_load_feature: Element factory : npadtemplates=2
0:00:00.016156752  2772 0x247e320 LOG   GST_POLL gstpoll.c:994:gst_poll_fd_ctl_write: 0x24869e0: pfd->events now 60 (POLLOUT:4)
0:00:00.021336752  2771 0xbb9390 DEBUG   GST_REGISTRY gstregistrychunks.c:526:gst_registry_chunks_load_pad_template: Reading/casting for GstRegistryChunkPadTemplate at address 0xbd5480
0:00:00.016172804  2772 0x247e320 DEBUG   GST_POLL gstpoll.c:980:gst_poll_fd_ctl_write: 0x24869e0: fd (fd:0, idx:1), active : 1
0:00:00.021351384  2771 0xbb9390 DEBUG   GST_REGISTRY gstregistrychunks.c:539:gst_registry_chunks_load_pad_template: Added pad_template sink
0:00:00.016180831  2772 0x247e320 LOG   GST_POLL gstpoll.c:994:gst_poll_fd_ctl_write: 0x24869e0: pfd->events now 60 (POLLOUT:4)
0:00:00.021359719  2771 0xbb9390 DEBUG   GST_REGISTRY gstregistrychunks.c:526:gst_registry_chunks_load_pad_template: Reading/casting for GstRegistryChunkPadTemplate at address 0xbd5498
0:00:00.016188621  2772 0x247e320 DEBUG   GST_POLL gstpoll.c:980:gst_poll_fd_ctl_write: 0x24869e0: fd (fd:0, idx:1), active : 1
0:00:00.021367694  2771 0xbb9390 DEBUG   GST_REGISTRY gstregistrychunks.c:539:gst_registry_chunks_load_pad_template: Added pad_template src
0:00:00.016195422  2772 0x247e320 LOG   GST_POLL gstpoll.c:994:gst_poll_fd_ctl_write: 0x24869e0: pfd->events now 60 (POLLOUT:4)
0:00:00.021377883  2771 0xbb9390 DEBUG   GST_REGISTRY gstregistry.c:590:gst_registry_add_feature: adding feature 0xbd7730 (queue2)
0:00:00.016202485  2772 0x247e320 DEBUG   GST_POLL gstpoll.c:980:gst_poll_fd_ctl_write: 0x24869e0: fd (fd:0, idx:1), active : 1
0:00:00.021385315  2771 0xbb9390 DEBUG   GST_REFCOUNTING gstobject.c:709:gst_object_set_parent: set parent (ref and sink)
0:00:00.016209444  2772 0x247e320 LOG   GST_POLL gstpoll.c:994:gst_poll_fd_ctl_write: 0x24869e0: pfd->events now 60 (POLLOUT:4)
0:00:00.016218736  2772 0x247e320 DEBUG   GST_POLL gstpoll.c:980:gst_poll_fd_ctl_write: 0x24869e0: fd (fd:0, idx:1), active : 1
0:00:00.021397320  2771 0xbb9390 TRACE   GST_REFCOUNTING gstobject.c:294:gst_object_ref_sink: 0xbd7730 ref_sink 1->2
0:00:00.016224812  2772 0x247e320 LOG   GST_POLL gstpoll.c:994:gst_poll_fd_ctl_write: 0x24869e0: pfd->events now 60 (POLLOUT:4)
0:00:00.021407567  2771 0xbb9390 LOG   GST_REGISTRY gstregistry.c:608:gst_registry_add_feature: emitting feature-added for queue2
0:00:00.016234393  2772 0x247e320 DEBUG   GST_POLL gstpoll.c:980:gst_poll_fd_ctl_write: 0x24869e0: fd (fd:0, idx:1), active : 1
0:00:00.021416033  2771 0xbb9390 DEBUG   GST_REGISTRY gstregistrychunks.c:741:gst_registry_chunks_load_feature: Added feature queue2, plugin 0xbd3240 coreelements
0:00:00.016241957  2772 0x247e320 LOG   GST_POLL gstpoll.c:994:gst_poll_fd_ctl_write: 0x24869e0: pfd->events now 60 (POLLOUT:4)
0:00:00.021424079  2771 0xbb9390 DEBUG   GST_REGISTRY gstregistrychunks.c:583:gst_registry_chunks_load_feature: Plugin 'coreelements' feature 'queue' typename : 'GstElementFactory'
0:00:00.016249160  2772 0x247e320 DEBUG   GST_POLL gstpoll.c:980:gst_poll_fd_ctl_write: 0x24869e0: fd (fd:0, idx:1), active : 1
0:00:00.016256141  2772 0x247e320 LOG   GST_POLL gstpoll.c:994:gst_poll_fd_ctl_write: 0x24869e0: pfd->events now 60 (POLLOUT:4)
0:00:00.021434347  2771 0xbb9390 TRACE   GST_REFCOUNTING gstobject.c:208:gst_object_init: 0xbd7bc0 new
0:00:00.016270578  2772 0x247e320 DEBUG   GST_POLL gstpoll.c:980:gst_poll_fd_ctl_write: 0x24869e0: fd (fd:0, idx:1), active : 1
0:00:00.021452481  2771 0xbb9390 LOG   GST_REGISTRY gstregistrychunks.c:610:gst_registry_chunks_load_feature: Reading/casting for GstRegistryChunkElementFactory at address 0xbd54c0
0:00:00.016277489  2772 0x247e320 LOG   GST_POLL gstpoll.c:994:gst_poll_fd_ctl_write: 0x24869e0: pfd->events now 60 (POLLOUT:4)
0:00:00.021460547  2771 0xbb9390 TRACE   structure gststructure.c:292:gst_structure_new_id_empty_with_size: created structure 0xbd7cb0
0:00:00.016284840  2772 0x247e320 DEBUG   GST_POLL gstpoll.c:980:gst_poll_fd_ctl_write: 0x24869e0: fd (fd:0, idx:1), active : 1
0:00:00.021467500  2771 0xbb9390 DEBUG   structure gststructure.c:2258:gst_structure_parse_field: trying field name 'long-name'
0:00:00.016291840  2772 0x247e320 LOG   GST_POLL gstpoll.c:994:gst_poll_fd_ctl_write: 0x24869e0: pfd->events now 60 (POLLOUT:4)
0:00:00.021476864  2771 0xbb9390 DEBUG   default gstvalue.c:2776:_priv_gst_value_parse_value: trying type name 'string'
0:00:00.016303147  2772 0x247e320 DEBUG   GST_POLL gstpoll.c:980:gst_poll_fd_ctl_write: 0x24869e0: fd (fd:0, idx:1), active : 1
0:00:00.021485796  2771 0xbb9390 DEBUG   structure gststructure.c:2258:gst_structure_parse_field: trying field name 'klass'
0:00:00.016310451  2772 0x247e320 LOG   GST_POLL gstpoll.c:994:gst_poll_fd_ctl_write: 0x24869e0: pfd->events now 60 (POLLOUT:4)
0:00:00.021492408  2771 0xbb9390 DEBUG   default gstvalue.c:2776:_priv_gst_value_parse_value: trying type name 'string'
0:00:00.016322806  2772 0x247e320 DEBUG   GST_POLL gstpoll.c:980:gst_poll_fd_ctl_write: 0x24869e0: fd (fd:0, idx:1), active : 1
0:00:00.021502742  2771 0xbb9390 DEBUG   structure gststructure.c:2258:gst_structure_parse_field: trying field name 'description'
0:00:00.016329559  2772 0x247e320 LOG   GST_POLL gstpoll.c:994:gst_poll_fd_ctl_write: 0x24869e0: pfd->events now 60 (POLLOUT:4)
0:00:00.021509286  2771 0xbb9390 DEBUG   default gstvalue.c:2776:_priv_gst_value_parse_value: trying type name 'string'
0:00:00.016336970  2772 0x247e320 DEBUG   GST_POLL gstpoll.c:980:gst_poll_fd_ctl_write: 0x24869e0: fd (fd:0, idx:1), active : 1
0:00:00.021517509  2771 0xbb9390 DEBUG   structure gststructure.c:2258:gst_structure_parse_field: trying field name 'author'
0:00:00.016343243  2772 0x247e320 LOG   GST_POLL gstpoll.c:994:gst_poll_fd_ctl_write: 0x24869e0: pfd->events now 60 (POLLOUT:4)
0:00:00.021525797  2771 0xbb9390 DEBUG   default gstvalue.c:2776:_priv_gst_value_parse_value: trying type name 'string'
0:00:00.016350226  2772 0x247e320 DEBUG   GST_POLL gstpoll.c:980:gst_poll_fd_ctl_write: 0x24869e0: fd (fd:0, idx:1), active : 1
0:00:00.016357886  2772 0x247e320 LOG   GST_POLL gstpoll.c:994:gst_poll_fd_ctl_write: 0x24869e0: pfd->events now 60 (POLLOUT:4)
0:00:00.021535771  2771 0xbb9390 DEBUG   GST_REGISTRY gstregistrychunks.c:626:gst_registry_chunks_load_feature: Element factory : npadtemplates=2
0:00:00.016372880  2772 0x247e320 DEBUG   GST_POLL gstpoll.c:980:gst_poll_fd_ctl_write: 0x24869e0: fd (fd:0, idx:1), active : 1
0:00:00.021553452  2771 0xbb9390 DEBUG   GST_REGISTRY gstregistrychunks.c:526:gst_registry_chunks_load_pad_template: Reading/casting for GstRegistryChunkPadTemplate at address 0xbd5578
0:00:00.016380414  2772 0x247e320 LOG   GST_POLL gstpoll.c:994:gst_poll_fd_ctl_write: 0x24869e0: pfd->events now 60 (POLLOUT:4)
0:00:00.021561398  2771 0xbb9390 DEBUG   GST_REGISTRY gstregistrychunks.c:539:gst_registry_chunks_load_pad_template: Added pad_template sink
0:00:00.016387378  2772 0x247e320 DEBUG   GST_POLL gstpoll.c:980:gst_poll_fd_ctl_write: 0x24869e0: fd (fd:0, idx:1), active : 1
0:00:00.021567719  2771 0xbb9390 DEBUG   GST_REGISTRY gstregistrychunks.c:526:gst_registry_chunks_load_pad_template: Reading/casting for GstRegistryChunkPadTemplate at address 0xbd5590
0:00:00.016393665  2772 0x247e320 LOG   GST_POLL gstpoll.c:994:gst_poll_fd_ctl_write: 0x24869e0: pfd->events now 60 (POLLOUT:4)
0:00:00.021574253  2771 0xbb9390 DEBUG   GST_REGISTRY gstregistrychunks.c:539:gst_registry_chunks_load_pad_template: Added pad_template src
0:00:00.016400739  2772 0x247e320 DEBUG   GST_POLL gstpoll.c:980:gst_poll_fd_ctl_write: 0x24869e0: fd (fd:0, idx:1), active : 1
0:00:00.016406908  2772 0x247e320 LOG   GST_POLL gstpoll.c:994:gst_poll_fd_ctl_write: 0x24869e0: pfd->events now 60 (POLLOUT:4)
0:00:00.021588822  2771 0xbb9390 DEBUG   GST_REGISTRY gstregistry.c:590:gst_registry_add_feature: adding feature 0xbd7bc0 (queue)
0:00:00.016412848  2772 0x247e320 DEBUG   GST_POLL gstpoll.c:980:gst_poll_fd_ctl_write: 0x24869e0: fd (fd:0, idx:1), active : 1
0:00:00.021596511  2771 0xbb9390 DEBUG   GST_REFCOUNTING gstobject.c:709:gst_object_set_parent: set parent (ref and sink)
0:00:00.016420071  2772 0x247e320 LOG   GST_POLL gstpoll.c:994:gst_poll_fd_ctl_write: 0x24869e0: pfd->events now 60 (POLLOUT:4)
0:00:00.021605327  2771 0xbb9390 TRACE   GST_REFCOUNTING gstobject.c:294:gst_object_ref_sink: 0xbd7bc0 ref_sink 1->2
0:00:00.016431902  2772 0x247e320 DEBUG   GST_POLL gstpoll.c:980:gst_poll_fd_ctl_write: 0x24869e0: fd (fd:0, idx:1), active : 1
0:00:00.016439366  2772 0x247e320 LOG   GST_POLL gstpoll.c:994:gst_poll_fd_ctl_write: 0x24869e0: pfd->events now 60 (POLLOUT:4)
0:00:00.021616436  2771 0xbb9390 LOG   GST_REGISTRY gstregistry.c:608:gst_registry_add_feature: emitting feature-added for queue
0:00:00.016445525  2772 0x247e320 DEBUG   GST_POLL gstpoll.c:980:gst_poll_fd_ctl_write: 0x24869e0: fd (fd:0, idx:1), active : 1
0:00:00.021626701  2771 0xbb9390 DEBUG   GST_REGISTRY gstregistrychunks.c:741:gst_registry_chunks_load_feature: Added feature queue, plugin 0xbd3240 coreelements
0:00:00.016451600  2772 0x247e320 LOG   GST_POLL gstpoll.c:994:gst_poll_fd_ctl_write: 0x24869e0: pfd->events now 60 (POLLOUT:4)
0:00:00.021634710  2771 0xbb9390 DEBUG   GST_REGISTRY gstregistrychunks.c:583:gst_registry_chunks_load_feature: Plugin 'coreelements' feature 'output-selector' typename : 'GstElementFactory'
0:00:00.016464733  2772 0x247e320 DEBUG   GST_POLL gstpoll.c:980:gst_poll_fd_ctl_write: 0x24869e0: fd (fd:0, idx:1), active : 1
0:00:00.021647220  2771 0xbb9390 TRACE   GST_REFCOUNTING gstobject.c:208:gst_object_init: 0xbd7f00 new
0:00:00.016471050  2772 0x247e320 LOG   GST_POLL gstpoll.c:994:gst_poll_fd_ctl_write: 0x24869e0: pfd->events now 60 (POLLOUT:4)
0:00:00.016479552  2772 0x247e320 DEBUG   GST_POLL gstpoll.c:980:gst_poll_fd_ctl_write: 0x24869e0: fd (fd:0, idx:1), active : 1
0:00:00.021657294  2771 0xbb9390 LOG   GST_REGISTRY gstregistrychunks.c:610:gst_registry_chunks_load_feature: Reading/casting for GstRegistryChunkElementFactory at address 0xbd55c8
0:00:00.016485658  2772 0x247e320 LOG   GST_POLL gstpoll.c:994:gst_poll_fd_ctl_write: 0x24869e0: pfd->events now 60 (POLLOUT:4)
0:00:00.021666751  2771 0xbb9390 TRACE   structure gststructure.c:292:gst_structure_new_id_empty_with_size: created structure 0xbd8220
0:00:00.021672886  2771 0xbb9390 DEBUG   structure gststructure.c:2258:gst_structure_parse_field: trying field name 'long-name'
0:00:00.016494683  2772 0x247e320 DEBUG   GST_POLL gstpoll.c:980:gst_poll_fd_ctl_write: 0x24869e0: fd (fd:0, idx:1), active : 1
0:00:00.021691531  2771 0xbb9390 DEBUG   default gstvalue.c:2776:_priv_gst_value_parse_value: trying type name 'string'
0:00:00.016518273  2772 0x247e320 LOG   GST_POLL gstpoll.c:994:gst_poll_fd_ctl_write: 0x24869e0: pfd->events now 60 (POLLOUT:4)
0:00:00.021702747  2771 0xbb9390 DEBUG   structure gststructure.c:2258:gst_structure_parse_field: trying field name 'klass'
0:00:00.016526056  2772 0x247e320 LOG   GST_PLUGIN_LOADING gstpluginloader.c:645:put_chunk: Expanding tx buf from 10158 to 13209 for chunk of size 209
0:00:00.021712153  2771 0xbb9390 DEBUG   default gstvalue.c:2776:_priv_gst_value_parse_value: trying type name 'string'
0:00:00.021724110  2771 0xbb9390 DEBUG   structure gststructure.c:2258:gst_structure_parse_field: trying field name 'description'
0:00:00.016550750  2772 0x247e320 DEBUG   GST_POLL gstpoll.c:980:gst_poll_fd_ctl_write: 0x24869e0: fd (fd:0, idx:1), active : 1
0:00:00.021732229  2771 0xbb9390 DEBUG   default gstvalue.c:2776:_priv_gst_value_parse_value: trying type name 'string'
0:00:00.016560616  2772 0x247e320 LOG   GST_POLL gstpoll.c:994:gst_poll_fd_ctl_write: 0x24869e0: pfd->events now 60 (POLLOUT:4)
0:00:00.021742759  2771 0xbb9390 DEBUG   structure gststructure.c:2258:gst_structure_parse_field: trying field name 'author'
0:00:00.016568700  2772 0x247e320 DEBUG   GST_POLL gstpoll.c:980:gst_poll_fd_ctl_write: 0x24869e0: fd (fd:0, idx:1), active : 1
0:00:00.021752015  2771 0xbb9390 DEBUG   default gstvalue.c:2776:_priv_gst_value_parse_value: trying type name 'string'
0:00:00.016575710  2772 0x247e320 LOG   GST_POLL gstpoll.c:994:gst_poll_fd_ctl_write: 0x24869e0: pfd->events now 60 (POLLOUT:4)
0:00:00.021769755  2771 0xbb9390 DEBUG   GST_REGISTRY gstregistrychunks.c:626:gst_registry_chunks_load_feature: Element factory : npadtemplates=2
0:00:00.016592962  2772 0x247e320 DEBUG   GST_POLL gstpoll.c:980:gst_poll_fd_ctl_write: 0x24869e0: fd (fd:0, idx:1), active : 1
0:00:00.021778722  2771 0xbb9390 DEBUG   GST_REGISTRY gstregistrychunks.c:526:gst_registry_chunks_load_pad_template: Reading/casting for GstRegistryChunkPadTemplate at address 0xbd56a0
0:00:00.016601999  2772 0x247e320 LOG   GST_POLL gstpoll.c:994:gst_poll_fd_ctl_write: 0x24869e0: pfd->events now 60 (POLLOUT:4)
0:00:00.021786968  2771 0xbb9390 DEBUG   GST_REGISTRY gstregistrychunks.c:539:gst_registry_chunks_load_pad_template: Added pad_template src_%u
0:00:00.016610961  2772 0x247e320 DEBUG   GST_POLL gstpoll.c:980:gst_poll_fd_ctl_write: 0x24869e0: fd (fd:0, idx:1), active : 1
0:00:00.021793358  2771 0xbb9390 DEBUG   GST_REGISTRY gstregistrychunks.c:526:gst_registry_chunks_load_pad_template: Reading/casting for GstRegistryChunkPadTemplate at address 0xbd56b8
0:00:00.016617874  2772 0x247e320 LOG   GST_POLL gstpoll.c:994:gst_poll_fd_ctl_write: 0x24869e0: pfd->events now 60 (POLLOUT:4)
0:00:00.021800055  2771 0xbb9390 DEBUG   GST_REGISTRY gstregistrychunks.c:539:gst_registry_chunks_load_pad_template: Added pad_template sink
0:00:00.016624343  2772 0x247e320 DEBUG   GST_POLL gstpoll.c:980:gst_poll_fd_ctl_write: 0x24869e0: fd (fd:0, idx:1), active : 1
0:00:00.021809441  2771 0xbb9390 DEBUG   GST_REGISTRY gstregistry.c:590:gst_registry_add_feature: adding feature 0xbd7f00 (output-selector)
0:00:00.016633084  2772 0x247e320 LOG   GST_POLL gstpoll.c:994:gst_poll_fd_ctl_write: 0x24869e0: pfd->events now 60 (POLLOUT:4)
0:00:00.016641354  2772 0x247e320 DEBUG   GST_POLL gstpoll.c:980:gst_poll_fd_ctl_write: 0x24869e0: fd (fd:0, idx:1), active : 1
0:00:00.021819799  2771 0xbb9390 DEBUG   GST_REFCOUNTING gstobject.c:709:gst_object_set_parent: set parent (ref and sink)
0:00:00.016647640  2772 0x247e320 LOG   GST_POLL gstpoll.c:994:gst_poll_fd_ctl_write: 0x24869e0: pfd->events now 60 (POLLOUT:4)
0:00:00.021829019  2771 0xbb9390 TRACE   GST_REFCOUNTING gstobject.c:294:gst_object_ref_sink: 0xbd7f00 ref_sink 1->2
0:00:00.016654238  2772 0x247e320 DEBUG   GST_POLL gstpoll.c:980:gst_poll_fd_ctl_write: 0x24869e0: fd (fd:0, idx:1), active : 1
0:00:00.021836733  2771 0xbb9390 LOG   GST_REGISTRY gstregistry.c:608:gst_registry_add_feature: emitting feature-added for output-selector
0:00:00.016660443  2772 0x247e320 LOG   GST_POLL gstpoll.c:994:gst_poll_fd_ctl_write: 0x24869e0: pfd->events now 60 (POLLOUT:4)
0:00:00.016669113  2772 0x247e320 DEBUG   GST_POLL gstpoll.c:980:gst_poll_fd_ctl_write: 0x24869e0: fd (fd:0, idx:1), active : 1
0:00:00.021847019  2771 0xbb9390 DEBUG   GST_REGISTRY gstregistrychunks.c:741:gst_registry_chunks_load_feature: Added feature output-selector, plugin 0xbd3240 coreelements
0:00:00.016674744  2772 0x247e320 LOG   GST_POLL gstpoll.c:994:gst_poll_fd_ctl_write: 0x24869e0: pfd->events now 60 (POLLOUT:4)
0:00:00.021862380  2771 0xbb9390 DEBUG   GST_REGISTRY gstregistrychunks.c:583:gst_registry_chunks_load_feature: Plugin 'coreelements' feature 'input-selector' typename : 'GstElementFactory'
0:00:00.016685876  2772 0x247e320 DEBUG   GST_POLL gstpoll.c:980:gst_poll_fd_ctl_write: 0x24869e0: fd (fd:0, idx:1), active : 1
0:00:00.016696784  2772 0x247e320 LOG   GST_POLL gstpoll.c:994:gst_poll_fd_ctl_write: 0x24869e0: pfd->events now 60 (POLLOUT:4)
0:00:00.021874439  2771 0xbb9390 TRACE   GST_REFCOUNTING gstobject.c:208:gst_object_init: 0xbd8610 new
0:00:00.016705207  2772 0x247e320 DEBUG   GST_POLL gstpoll.c:980:gst_poll_fd_ctl_write: 0x24869e0: fd (fd:0, idx:1), active : 1
0:00:00.021887163  2771 0xbb9390 LOG   GST_REGISTRY gstregistrychunks.c:610:gst_registry_chunks_load_feature: Reading/casting for GstRegistryChunkElementFactory at address 0xbd56f0
0:00:00.016711563  2772 0x247e320 LOG   GST_POLL gstpoll.c:994:gst_poll_fd_ctl_write: 0x24869e0: pfd->events now 60 (POLLOUT:4)
0:00:00.021894557  2771 0xbb9390 TRACE   structure gststructure.c:292:gst_structure_new_id_empty_with_size: created structure 0xbd88b0
0:00:00.016718654  2772 0x247e320 DEBUG   GST_POLL gstpoll.c:980:gst_poll_fd_ctl_write: 0x24869e0: fd (fd:0, idx:1), active : 1
0:00:00.021901274  2771 0xbb9390 DEBUG   structure gststructure.c:2258:gst_structure_parse_field: trying field name 'long-name'
0:00:00.016725539  2772 0x247e320 LOG   GST_POLL gstpoll.c:994:gst_poll_fd_ctl_write: 0x24869e0: pfd->events now 60 (POLLOUT:4)
0:00:00.021907363  2771 0xbb9390 DEBUG   default gstvalue.c:2776:_priv_gst_value_parse_value: trying type name 'string'
0:00:00.016732350  2772 0x247e320 DEBUG   GST_POLL gstpoll.c:980:gst_poll_fd_ctl_write: 0x24869e0: fd (fd:0, idx:1), active : 1
0:00:00.021914954  2771 0xbb9390 DEBUG   structure gststructure.c:2258:gst_structure_parse_field: trying field name 'klass'
0:00:00.016738524  2772 0x247e320 LOG   GST_POLL gstpoll.c:994:gst_poll_fd_ctl_write: 0x24869e0: pfd->events now 60 (POLLOUT:4)
0:00:00.021923414  2771 0xbb9390 DEBUG   default gstvalue.c:2776:_priv_gst_value_parse_value: trying type name 'string'
0:00:00.016747126  2772 0x247e320 DEBUG   GST_POLL gstpoll.c:980:gst_poll_fd_ctl_write: 0x24869e0: fd (fd:0, idx:1), active : 1
0:00:00.021931794  2771 0xbb9390 DEBUG   structure gststructure.c:2258:gst_structure_parse_field: trying field name 'description'
0:00:00.016757413  2772 0x247e320 LOG   GST_POLL gstpoll.c:994:gst_poll_fd_ctl_write: 0x24869e0: pfd->events now 60 (POLLOUT:4)
0:00:00.021938422  2771 0xbb9390 DEBUG   default gstvalue.c:2776:_priv_gst_value_parse_value: trying type name 'string'
0:00:00.016765508  2772 0x247e320 DEBUG   GST_POLL gstpoll.c:980:gst_poll_fd_ctl_write: 0x24869e0: fd (fd:0, idx:1), active : 1
0:00:00.021945747  2771 0xbb9390 DEBUG   structure gststructure.c:2258:gst_structure_parse_field: trying field name 'author'
0:00:00.016771898  2772 0x247e320 LOG   GST_POLL gstpoll.c:994:gst_poll_fd_ctl_write: 0x24869e0: pfd->events now 60 (POLLOUT:4)
0:00:00.021957144  2771 0xbb9390 DEBUG   default gstvalue.c:2776:_priv_gst_value_parse_value: trying type name 'string'
0:00:00.016782539  2772 0x247e320 DEBUG   GST_POLL gstpoll.c:980:gst_poll_fd_ctl_write: 0x24869e0: fd (fd:0, idx:1), active : 1
0:00:00.016788696  2772 0x247e320 LOG   GST_POLL gstpoll.c:994:gst_poll_fd_ctl_write: 0x24869e0: pfd->events now 60 (POLLOUT:4)
0:00:00.021966778  2771 0xbb9390 DEBUG   GST_REGISTRY gstregistrychunks.c:626:gst_registry_chunks_load_feature: Element factory : npadtemplates=2
0:00:00.016794787  2772 0x247e320 DEBUG   GST_POLL gstpoll.c:980:gst_poll_fd_ctl_write: 0x24869e0: fd (fd:0, idx:1), active : 1
0:00:00.021974553  2771 0xbb9390 DEBUG   GST_REGISTRY gstregistrychunks.c:526:gst_registry_chunks_load_pad_template: Reading/casting for GstRegistryChunkPadTemplate at address 0xbd5820
0:00:00.016801212  2772 0x247e320 LOG   GST_POLL gstpoll.c:994:gst_poll_fd_ctl_write: 0x24869e0: pfd->events now 60 (POLLOUT:4)
0:00:00.021981297  2771 0xbb9390 DEBUG   GST_REGISTRY gstregistrychunks.c:539:gst_registry_chunks_load_pad_template: Added pad_template src
0:00:00.016807628  2772 0x247e320 DEBUG   GST_POLL gstpoll.c:980:gst_poll_fd_ctl_write: 0x24869e0: fd (fd:0, idx:1), active : 1
0:00:00.021989964  2771 0xbb9390 DEBUG   GST_REGISTRY gstregistrychunks.c:526:gst_registry_chunks_load_pad_template: Reading/casting for GstRegistryChunkPadTemplate at address 0xbd5830
0:00:00.016816599  2772 0x247e320 LOG   GST_POLL gstpoll.c:994:gst_poll_fd_ctl_write: 0x24869e0: pfd->events now 60 (POLLOUT:4)
0:00:00.021998431  2771 0xbb9390 DEBUG   GST_REGISTRY gstregistrychunks.c:539:gst_registry_chunks_load_pad_template: Added pad_template sink_%u
0:00:00.016824808  2772 0x247e320 DEBUG   GST_POLL gstpoll.c:980:gst_poll_fd_ctl_write: 0x24869e0: fd (fd:0, idx:1), active : 1
0:00:00.022008211  2771 0xbb9390 DEBUG   GST_REGISTRY gstregistry.c:590:gst_registry_add_feature: adding feature 0xbd8610 (input-selector)
0:00:00.016831635  2772 0x247e320 LOG   GST_POLL gstpoll.c:994:gst_poll_fd_ctl_write: 0x24869e0: pfd->events now 60 (POLLOUT:4)
0:00:00.022015510  2771 0xbb9390 DEBUG   GST_REFCOUNTING gstobject.c:709:gst_object_set_parent: set parent (ref and sink)
0:00:00.016839616  2772 0x247e320 DEBUG   GST_POLL gstpoll.c:980:gst_poll_fd_ctl_write: 0x24869e0: fd (fd:0, idx:1), active : 1
0:00:00.016847123  2772 0x247e320 LOG   GST_POLL gstpoll.c:994:gst_poll_fd_ctl_write: 0x24869e0: pfd->events now 60 (POLLOUT:4)
0:00:00.022024595  2771 0xbb9390 TRACE   GST_REFCOUNTING gstobject.c:294:gst_object_ref_sink: 0xbd8610 ref_sink 1->2
0:00:00.016853821  2772 0x247e320 DEBUG   GST_POLL gstpoll.c:980:gst_poll_fd_ctl_write: 0x24869e0: fd (fd:0, idx:1), active : 1
0:00:00.022034015  2771 0xbb9390 LOG   GST_REGISTRY gstregistry.c:608:gst_registry_add_feature: emitting feature-added for input-selector
0:00:00.016860922  2772 0x247e320 LOG   GST_POLL gstpoll.c:994:gst_poll_fd_ctl_write: 0x24869e0: pfd->events now 60 (POLLOUT:4)
0:00:00.022047537  2771 0xbb9390 DEBUG   GST_REGISTRY gstregistrychunks.c:741:gst_registry_chunks_load_feature: Added feature input-selector, plugin 0xbd3240 coreelements
0:00:00.016871075  2772 0x247e320 DEBUG   GST_POLL gstpoll.c:980:gst_poll_fd_ctl_write: 0x24869e0: fd (fd:0, idx:1), active : 1
0:00:00.022055527  2771 0xbb9390 DEBUG   GST_REGISTRY gstregistrychunks.c:583:gst_registry_chunks_load_feature: Plugin 'coreelements' feature 'identity' typename : 'GstElementFactory'
0:00:00.016881488  2772 0x247e320 LOG   GST_POLL gstpoll.c:994:gst_poll_fd_ctl_write: 0x24869e0: pfd->events now 60 (POLLOUT:4)
0:00:00.016889647  2772 0x247e320 DEBUG   GST_POLL gstpoll.c:980:gst_poll_fd_ctl_write: 0x24869e0: fd (fd:0, idx:1), active : 1
0:00:00.016895667  2772 0x247e320 LOG   GST_POLL gstpoll.c:994:gst_poll_fd_ctl_write: 0x24869e0: pfd->events now 60 (POLLOUT:4)
0:00:00.022068119  2771 0xbb9390 TRACE   GST_REFCOUNTING gstobject.c:208:gst_object_init: 0xbd84f0 new
0:00:00.016902027  2772 0x247e320 DEBUG   GST_POLL gstpoll.c:980:gst_poll_fd_ctl_write: 0x24869e0: fd (fd:0, idx:1), active : 1
0:00:00.022085452  2771 0xbb9390 LOG   GST_REGISTRY gstregistrychunks.c:610:gst_registry_chunks_load_feature: Reading/casting for GstRegistryChunkElementFactory at address 0xbd5860
0:00:00.016908621  2772 0x247e320 LOG   GST_POLL gstpoll.c:994:gst_poll_fd_ctl_write: 0x24869e0: pfd->events now 60 (POLLOUT:4)
0:00:00.022093950  2771 0xbb9390 TRACE   structure gststructure.c:292:gst_structure_new_id_empty_with_size: created structure 0xbd8bf0
0:00:00.016917777  2772 0x247e320 DEBUG   GST_POLL gstpoll.c:980:gst_poll_fd_ctl_write: 0x24869e0: fd (fd:0, idx:1), active : 1
0:00:00.022101072  2771 0xbb9390 DEBUG   structure gststructure.c:2258:gst_structure_parse_field: trying field name 'long-name'
0:00:00.016925140  2772 0x247e320 LOG   GST_POLL gstpoll.c:994:gst_poll_fd_ctl_write: 0x24869e0: pfd->events now 60 (POLLOUT:4)
0:00:00.022107805  2771 0xbb9390 DEBUG   default gstvalue.c:2776:_priv_gst_value_parse_value: trying type name 'string'
0:00:00.016933174  2772 0x247e320 DEBUG   GST_POLL gstpoll.c:980:gst_poll_fd_ctl_write: 0x24869e0: fd (fd:0, idx:1), active : 1
0:00:00.022115921  2771 0xbb9390 DEBUG   structure gststructure.c:2258:gst_structure_parse_field: trying field name 'klass'
0:00:00.016942309  2772 0x247e320 LOG   GST_POLL gstpoll.c:994:gst_poll_fd_ctl_write: 0x24869e0: pfd->events now 60 (POLLOUT:4)
0:00:00.022122248  2771 0xbb9390 DEBUG   default gstvalue.c:2776:_priv_gst_value_parse_value: trying type name 'string'
0:00:00.016951215  2772 0x247e320 DEBUG   GST_POLL gstpoll.c:980:gst_poll_fd_ctl_write: 0x24869e0: fd (fd:0, idx:1), active : 1
0:00:00.022130597  2771 0xbb9390 DEBUG   structure gststructure.c:2258:gst_structure_parse_field: trying field name 'description'
0:00:00.016959112  2772 0x247e320 LOG   GST_POLL gstpoll.c:994:gst_poll_fd_ctl_write: 0x24869e0: pfd->events now 60 (POLLOUT:4)
0:00:00.022153818  2771 0xbb9390 DEBUG   default gstvalue.c:2776:_priv_gst_value_parse_value: trying type name 'string'
0:00:00.016977597  2772 0x247e320 DEBUG   GST_POLL gstpoll.c:980:gst_poll_fd_ctl_write: 0x24869e0: fd (fd:0, idx:1), active : 1
0:00:00.022163332  2771 0xbb9390 DEBUG   structure gststructure.c:2258:gst_structure_parse_field: trying field name 'author'
0:00:00.016986278  2772 0x247e320 LOG   GST_POLL gstpoll.c:994:gst_poll_fd_ctl_write: 0x24869e0: pfd->events now 60 (POLLOUT:4)
0:00:00.022169707  2771 0xbb9390 DEBUG   default gstvalue.c:2776:_priv_gst_value_parse_value: trying type name 'string'
0:00:00.016994862  2772 0x247e320 DEBUG   GST_POLL gstpoll.c:980:gst_poll_fd_ctl_write: 0x24869e0: fd (fd:0, idx:1), active : 1
0:00:00.022177950  2771 0xbb9390 DEBUG   GST_REGISTRY gstregistrychunks.c:626:gst_registry_chunks_load_feature: Element factory : npadtemplates=2
0:00:00.017001268  2772 0x247e320 LOG   GST_POLL gstpoll.c:994:gst_poll_fd_ctl_write: 0x24869e0: pfd->events now 60 (POLLOUT:4)
0:00:00.022184758  2771 0xbb9390 DEBUG   GST_REGISTRY gstregistrychunks.c:526:gst_registry_chunks_load_pad_template: Reading/casting for GstRegistryChunkPadTemplate at address 0xbd5930
0:00:00.017009509  2772 0x247e320 DEBUG   GST_POLL gstpoll.c:980:gst_poll_fd_ctl_write: 0x24869e0: fd (fd:0, idx:1), active : 1
0:00:00.022191647  2771 0xbb9390 DEBUG   GST_REGISTRY gstregistrychunks.c:539:gst_registry_chunks_load_pad_template: Added pad_template sink
0:00:00.017018451  2772 0x247e320 LOG   GST_POLL gstpoll.c:994:gst_poll_fd_ctl_write: 0x24869e0: pfd->events now 60 (POLLOUT:4)
