0:00:00.017903551  2732 0x5571ede80320 LOG   GST_POLL gstpoll.c:994:gst_poll_fd_ctl_write: 0x5571edea4cf0: pfd->events now 60 (POLLOUT:4)
0:00:00.022243922  2731 0x55582c845320 DEBUG   structure gststructure.c:2258:gst_structure_parse_field: trying field name 'author'
0:00:00.017925018  2732 0x5571ede80320 DEBUG   GST_POLL gstpoll.c:980:gst_poll_fd_ctl_write: 0x5571edea4cf0: fd (fd:0, idx:1), active : 1
0:00:00.022268159  2731 0x55582c845320 DEBUG   default gstvalue.c:2776:_priv_gst_value_parse_value: trying type name 'string'
0:00:00.017938624  2732 0x5571ede80320 LOG   GST_POLL gstpoll.c:994:gst_poll_fd_ctl_write: 0x5571edea4cf0: pfd->events now 60 (POLLOUT:4)
0:00:00.022279118  2731 0x55582c845320 DEBUG   GST_REGISTRY gstregistrychunks.c:626:gst_registry_chunks_load_feature: Element factory : npadtemplates=2
0:00:00.017951881  2732 0x5571ede80320 DEBUG   GST_POLL gstpoll.c:980:gst_poll_fd_ctl_write: 0x5571edea4cf0: fd (fd:0, idx:1), active : 1
0:00:00.022290607  2731 0x55582c845320 DEBUG   GST_REGISTRY gstregistrychunks.c:526:gst_registry_chunks_load_pad_template: Reading/casting for GstRegistryChunkPadTemplate at address 0x55582c86c5c0
0:00:00.017960278  2732 0x5571ede80320 LOG   GST_POLL gstpoll.c:994:gst_poll_fd_ctl_write: 0x5571edea4cf0: pfd->events now 60 (POLLOUT:4)
0:00:00.022298382  2731 0x55582c845320 DEBUG   GST_REGISTRY gstregistrychunks.c:539:gst_registry_chunks_load_pad_template: Added pad_template src_%u
0:00:00.017968379  2732 0x5571ede80320 DEBUG   GST_POLL gstpoll.c:980:gst_poll_fd_ctl_write: 0x5571edea4cf0: fd (fd:0, idx:1), active : 1
0:00:00.022305390  2731 0x55582c845320 DEBUG   GST_REGISTRY gstregistrychunks.c:526:gst_registry_chunks_load_pad_template: Reading/casting for GstRegistryChunkPadTemplate at address 0x55582c86c5d8
0:00:00.017982735  2732 0x5571ede80320 LOG   GST_POLL gstpoll.c:994:gst_poll_fd_ctl_write: 0x5571edea4cf0: pfd->events now 60 (POLLOUT:4)
0:00:00.022320360  2731 0x55582c845320 DEBUG   GST_REGISTRY gstregistrychunks.c:539:gst_registry_chunks_load_pad_template: Added pad_template sink
0:00:00.017993718  2732 0x5571ede80320 DEBUG   GST_POLL gstpoll.c:980:gst_poll_fd_ctl_write: 0x5571edea4cf0: fd (fd:0, idx:1), active : 1
0:00:00.022334375  2731 0x55582c845320 DEBUG   GST_REGISTRY gstregistry.c:590:gst_registry_add_feature: adding feature 0x55582c86fed0 (output-selector)
0:00:00.018001822  2732 0x5571ede80320 LOG   GST_POLL gstpoll.c:994:gst_poll_fd_ctl_write: 0x5571edea4cf0: pfd->events now 60 (POLLOUT:4)
0:00:00.022344005  2731 0x55582c845320 DEBUG   GST_REFCOUNTING gstobject.c:709:gst_object_set_parent: set parent (ref and sink)
0:00:00.018010244  2732 0x5571ede80320 DEBUG   GST_POLL gstpoll.c:980:gst_poll_fd_ctl_write: 0x5571edea4cf0: fd (fd:0, idx:1), active : 1
0:00:00.022352259  2731 0x55582c845320 TRACE   GST_REFCOUNTING gstobject.c:294:gst_object_ref_sink: 0x55582c86fed0 ref_sink 1->2
0:00:00.018018531  2732 0x5571ede80320 LOG   GST_POLL gstpoll.c:994:gst_poll_fd_ctl_write: 0x5571edea4cf0: pfd->events now 60 (POLLOUT:4)
0:00:00.022359510  2731 0x55582c845320 LOG   GST_REGISTRY gstregistry.c:608:gst_registry_add_feature: emitting feature-added for output-selector
0:00:00.018028663  2732 0x5571ede80320 DEBUG   GST_POLL gstpoll.c:980:gst_poll_fd_ctl_write: 0x5571edea4cf0: fd (fd:0, idx:1), active : 1
0:00:00.022369652  2731 0x55582c845320 DEBUG   GST_REGISTRY gstregistrychunks.c:741:gst_registry_chunks_load_feature: Added feature output-selector, plugin 0x55582c874cf0 coreelements
0:00:00.018036745  2732 0x5571ede80320 LOG   GST_POLL gstpoll.c:994:gst_poll_fd_ctl_write: 0x5571edea4cf0: pfd->events now 60 (POLLOUT:4)
0:00:00.022377396  2731 0x55582c845320 DEBUG   GST_REGISTRY gstregistrychunks.c:583:gst_registry_chunks_load_feature: Plugin 'coreelements' feature 'input-selector' typename : 'GstElementFactory'
0:00:00.018045408  2732 0x5571ede80320 DEBUG   GST_POLL gstpoll.c:980:gst_poll_fd_ctl_write: 0x5571edea4cf0: fd (fd:0, idx:1), active : 1
0:00:00.022386302  2731 0x55582c845320 TRACE   GST_REFCOUNTING gstobject.c:208:gst_object_init: 0x55582c870890 new
0:00:00.018053263  2732 0x5571ede80320 LOG   GST_POLL gstpoll.c:994:gst_poll_fd_ctl_write: 0x5571edea4cf0: pfd->events now 60 (POLLOUT:4)
0:00:00.022394630  2731 0x55582c845320 LOG   GST_REGISTRY gstregistrychunks.c:610:gst_registry_chunks_load_feature: Reading/casting for GstRegistryChunkElementFactory at address 0x55582c86c610
0:00:00.018063422  2732 0x5571ede80320 DEBUG   GST_POLL gstpoll.c:980:gst_poll_fd_ctl_write: 0x5571edea4cf0: fd (fd:0, idx:1), active : 1
0:00:00.022405669  2731 0x55582c845320 TRACE   structure gststructure.c:292:gst_structure_new_id_empty_with_size: created structure 0x55582c870ac0
0:00:00.018071533  2732 0x5571ede80320 LOG   GST_POLL gstpoll.c:994:gst_poll_fd_ctl_write: 0x5571edea4cf0: pfd->events now 60 (POLLOUT:4)
0:00:00.022420075  2731 0x55582c845320 DEBUG   structure gststructure.c:2258:gst_structure_parse_field: trying field name 'long-name'
0:00:00.018087726  2732 0x5571ede80320 DEBUG   GST_POLL gstpoll.c:980:gst_poll_fd_ctl_write: 0x5571edea4cf0: fd (fd:0, idx:1), active : 1
0:00:00.022426594  2731 0x55582c845320 DEBUG   default gstvalue.c:2776:_priv_gst_value_parse_value: trying type name 'string'
0:00:00.018095636  2732 0x5571ede80320 LOG   GST_POLL gstpoll.c:994:gst_poll_fd_ctl_write: 0x5571edea4cf0: pfd->events now 60 (POLLOUT:4)
0:00:00.022434403  2731 0x55582c845320 DEBUG   structure gststructure.c:2258:gst_structure_parse_field: trying field name 'klass'
0:00:00.018105707  2732 0x5571ede80320 DEBUG   GST_POLL gstpoll.c:980:gst_poll_fd_ctl_write: 0x5571edea4cf0: fd (fd:0, idx:1), active : 1
0:00:00.022444390  2731 0x55582c845320 DEBUG   default gstvalue.c:2776:_priv_gst_value_parse_value: trying type name 'string'
0:00:00.018113639  2732 0x5571ede80320 LOG   GST_POLL gstpoll.c:994:gst_poll_fd_ctl_write: 0x5571edea4cf0: pfd->events now 60 (POLLOUT:4)
0:00:00.022452022  2731 0x55582c845320 DEBUG   structure gststructure.c:2258:gst_structure_parse_field: trying field name 'description'
0:00:00.018121468  2732 0x5571ede80320 DEBUG   GST_POLL gstpoll.c:980:gst_poll_fd_ctl_write: 0x5571edea4cf0: fd (fd:0, idx:1), active : 1
0:00:00.022459050  2731 0x55582c845320 DEBUG   default gstvalue.c:2776:_priv_gst_value_parse_value: trying type name 'string'
0:00:00.018129104  2732 0x5571ede80320 LOG   GST_POLL gstpoll.c:994:gst_poll_fd_ctl_write: 0x5571edea4cf0: pfd->events now 60 (POLLOUT:4)
0:00:00.022467605  2731 0x55582c845320 DEBUG   structure gststructure.c:2258:gst_structure_parse_field: trying field name 'author'
0:00:00.018139270  2732 0x5571ede80320 DEBUG   GST_POLL gstpoll.c:980:gst_poll_fd_ctl_write: 0x5571edea4cf0: fd (fd:0, idx:1), active : 1
0:00:00.022477587  2731 0x55582c845320 DEBUG   default gstvalue.c:2776:_priv_gst_value_parse_value: trying type name 'string'
0:00:00.018147208  2732 0x5571ede80320 LOG   GST_POLL gstpoll.c:994:gst_poll_fd_ctl_write: 0x5571edea4cf0: pfd->events now 60 (POLLOUT:4)
0:00:00.022487163  2731 0x55582c845320 DEBUG   GST_REGISTRY gstregistrychunks.c:626:gst_registry_chunks_load_feature: Element factory : npadtemplates=2
0:00:00.018155186  2732 0x5571ede80320 DEBUG   GST_POLL gstpoll.c:980:gst_poll_fd_ctl_write: 0x5571edea4cf0: fd (fd:0, idx:1), active : 1
0:00:00.022493506  2731 0x55582c845320 DEBUG   GST_REGISTRY gstregistrychunks.c:526:gst_registry_chunks_load_pad_template: Reading/casting for GstRegistryChunkPadTemplate at address 0x55582c86c740
0:00:00.018162996  2732 0x5571ede80320 LOG   GST_POLL gstpoll.c:994:gst_poll_fd_ctl_write: 0x5571edea4cf0: pfd->events now 60 (POLLOUT:4)
0:00:00.022500631  2731 0x55582c845320 DEBUG   GST_REGISTRY gstregistrychunks.c:539:gst_registry_chunks_load_pad_template: Added pad_template src
0:00:00.018173213  2732 0x5571ede80320 DEBUG   GST_POLL gstpoll.c:980:gst_poll_fd_ctl_write: 0x5571edea4cf0: fd (fd:0, idx:1), active : 1
0:00:00.022511325  2731 0x55582c845320 DEBUG   GST_REGISTRY gstregistrychunks.c:526:gst_registry_chunks_load_pad_template: Reading/casting for GstRegistryChunkPadTemplate at address 0x55582c86c750
0:00:00.018187935  2732 0x5571ede80320 LOG   GST_POLL gstpoll.c:994:gst_poll_fd_ctl_write: 0x5571edea4cf0: pfd->events now 60 (POLLOUT:4)
0:00:00.022526146  2731 0x55582c845320 DEBUG   GST_REGISTRY gstregistrychunks.c:539:gst_registry_chunks_load_pad_template: Added pad_template sink_%u
0:00:00.018196274  2732 0x5571ede80320 DEBUG   GST_POLL gstpoll.c:980:gst_poll_fd_ctl_write: 0x5571edea4cf0: fd (fd:0, idx:1), active : 1
0:00:00.022538788  2731 0x55582c845320 DEBUG   GST_REGISTRY gstregistry.c:590:gst_registry_add_feature: adding feature 0x55582c870890 (input-selector)
0:00:00.018204279  2732 0x5571ede80320 LOG   GST_POLL gstpoll.c:994:gst_poll_fd_ctl_write: 0x5571edea4cf0: pfd->events now 60 (POLLOUT:4)
0:00:00.022547718  2731 0x55582c845320 DEBUG   GST_REFCOUNTING gstobject.c:709:gst_object_set_parent: set parent (ref and sink)
0:00:00.018216656  2732 0x5571ede80320 LOG   GST_PLUGIN_LOADING gstpluginloader.c:645:put_chunk: Expanding tx buf from 10158 to 13209 for chunk of size 209
0:00:00.022557618  2731 0x55582c845320 TRACE   GST_REFCOUNTING gstobject.c:294:gst_object_ref_sink: 0x55582c870890 ref_sink 1->2
0:00:00.018227163  2732 0x5571ede80320 DEBUG   GST_POLL gstpoll.c:980:gst_poll_fd_ctl_write: 0x5571edea4cf0: fd (fd:0, idx:1), active : 1
0:00:00.022564795  2731 0x55582c845320 LOG   GST_REGISTRY gstregistry.c:608:gst_registry_add_feature: emitting feature-added for input-selector
0:00:00.018234929  2732 0x5571ede80320 LOG   GST_POLL gstpoll.c:994:gst_poll_fd_ctl_write: 0x5571edea4cf0: pfd->events now 60 (POLLOUT:4)
0:00:00.022573447  2731 0x55582c845320 DEBUG   GST_REGISTRY gstregistrychunks.c:741:gst_registry_chunks_load_feature: Added feature input-selector, plugin 0x55582c874cf0 coreelements
0:00:00.018243236  2732 0x5571ede80320 DEBUG   GST_POLL gstpoll.c:980:gst_poll_fd_ctl_write: 0x5571edea4cf0: fd (fd:0, idx:1), active : 1
0:00:00.022582839  2731 0x55582c845320 DEBUG   GST_REGISTRY gstregistrychunks.c:583:gst_registry_chunks_load_feature: Plugin 'coreelements' feature 'identity' typename : 'GstElementFactory'
0:00:00.018253198  2732 0x5571ede80320 LOG   GST_POLL gstpoll.c:994:gst_poll_fd_ctl_write: 0x5571edea4cf0: pfd->events now 60 (POLLOUT:4)
0:00:00.022591884  2731 0x55582c845320 TRACE   GST_REFCOUNTING gstobject.c:208:gst_object_init: 0x55582c870f70 new
0:00:00.018261221  2732 0x5571ede80320 DEBUG   GST_POLL gstpoll.c:980:gst_poll_fd_ctl_write: 0x5571edea4cf0: fd (fd:0, idx:1), active : 1
0:00:00.022600303  2731 0x55582c845320 LOG   GST_REGISTRY gstregistrychunks.c:610:gst_registry_chunks_load_feature: Reading/casting for GstRegistryChunkElementFactory at address 0x55582c86c780
0:00:00.018269608  2732 0x5571ede80320 LOG   GST_POLL gstpoll.c:994:gst_poll_fd_ctl_write: 0x5571edea4cf0: pfd->events now 60 (POLLOUT:4)
0:00:00.022607668  2731 0x55582c845320 TRACE   structure gststructure.c:292:gst_structure_new_id_empty_with_size: created structure 0x55582c8711a0
0:00:00.018277571  2732 0x5571ede80320 DEBUG   GST_POLL gstpoll.c:980:gst_poll_fd_ctl_write: 0x5571edea4cf0: fd (fd:0, idx:1), active : 1
0:00:00.022622656  2731 0x55582c845320 DEBUG   structure gststructure.c:2258:gst_structure_parse_field: trying field name 'long-name'
0:00:00.018290669  2732 0x5571ede80320 LOG   GST_POLL gstpoll.c:994:gst_poll_fd_ctl_write: 0x5571edea4cf0: pfd->events now 60 (POLLOUT:4)
0:00:00.022629741  2731 0x55582c845320 DEBUG   default gstvalue.c:2776:_priv_gst_value_parse_value: trying type name 'string'
0:00:00.018299775  2732 0x5571ede80320 DEBUG   GST_POLL gstpoll.c:980:gst_poll_fd_ctl_write: 0x5571edea4cf0: fd (fd:0, idx:1), active : 1
0:00:00.022637120  2731 0x55582c845320 DEBUG   structure gststructure.c:2258:gst_structure_parse_field: trying field name 'klass'
0:00:00.018307790  2732 0x5571ede80320 LOG   GST_POLL gstpoll.c:994:gst_poll_fd_ctl_write: 0x5571edea4cf0: pfd->events now 60 (POLLOUT:4)
0:00:00.022645759  2731 0x55582c845320 DEBUG   default gstvalue.c:2776:_priv_gst_value_parse_value: trying type name 'string'
0:00:00.018316342  2732 0x5571ede80320 DEBUG   GST_POLL gstpoll.c:980:gst_poll_fd_ctl_write: 0x5571edea4cf0: fd (fd:0, idx:1), active : 1
0:00:00.022656437  2731 0x55582c845320 DEBUG   structure gststructure.c:2258:gst_structure_parse_field: trying field name 'description'
0:00:00.018326429  2732 0x5571ede80320 LOG   GST_POLL gstpoll.c:994:gst_poll_fd_ctl_write: 0x5571edea4cf0: pfd->events now 60 (POLLOUT:4)
0:00:00.022663927  2731 0x55582c845320 DEBUG   default gstvalue.c:2776:_priv_gst_value_parse_value: trying type name 'string'
0:00:00.018334646  2732 0x5571ede80320 DEBUG   GST_POLL gstpoll.c:980:gst_poll_fd_ctl_write: 0x5571edea4cf0: fd (fd:0, idx:1), active : 1
0:00:00.022672660  2731 0x55582c845320 DEBUG   structure gststructure.c:2258:gst_structure_parse_field: trying field name 'author'
0:00:00.018342367  2732 0x5571ede80320 LOG   GST_POLL gstpoll.c:994:gst_poll_fd_ctl_write: 0x5571edea4cf0: pfd->events now 60 (POLLOUT:4)
0:00:00.022680127  2731 0x55582c845320 DEBUG   default gstvalue.c:2776:_priv_gst_value_parse_value: trying type name 'string'
0:00:00.018350384  2732 0x5571ede80320 DEBUG   GST_POLL gstpoll.c:980:gst_poll_fd_ctl_write: 0x5571edea4cf0: fd (fd:0, idx:1), active : 1
0:00:00.022690450  2731 0x55582c845320 DEBUG   GST_REGISTRY gstregistrychunks.c:626:gst_registry_chunks_load_feature: Element factory : npadtemplates=2
0:00:00.018360475  2732 0x5571ede80320 LOG   GST_POLL gstpoll.c:994:gst_poll_fd_ctl_write: 0x5571edea4cf0: pfd->events now 60 (POLLOUT:4)
0:00:00.022697523  2731 0x55582c845320 DEBUG   GST_REGISTRY gstregistrychunks.c:526:gst_registry_chunks_load_pad_template: Reading/casting for GstRegistryChunkPadTemplate at address 0x55582c86c850
0:00:00.018368811  2732 0x5571ede80320 DEBUG   GST_POLL gstpoll.c:980:gst_poll_fd_ctl_write: 0x5571edea4cf0: fd (fd:0, idx:1), active : 1
0:00:00.022705922  2731 0x55582c845320 DEBUG   GST_REGISTRY gstregistrychunks.c:539:gst_registry_chunks_load_pad_template: Added pad_template sink
0:00:00.018376810  2732 0x5571ede80320 LOG   GST_POLL gstpoll.c:994:gst_poll_fd_ctl_write: 0x5571edea4cf0: pfd->events now 60 (POLLOUT:4)
0:00:00.022718807  2731 0x55582c845320 DEBUG   GST_REGISTRY gstregistrychunks.c:526:gst_registry_chunks_load_pad_template: Reading/casting for GstRegistryChunkPadTemplate at address 0x55582c86c868
0:00:00.018387212  2732 0x5571ede80320 DEBUG   GST_POLL gstpoll.c:980:gst_poll_fd_ctl_write: 0x5571edea4cf0: fd (fd:0, idx:1), active : 1
0:00:00.022727078  2731 0x55582c845320 DEBUG   GST_REGISTRY gstregistrychunks.c:539:gst_registry_chunks_load_pad_template: Added pad_template src
0:00:00.018396997  2732 0x5571ede80320 LOG   GST_POLL gstpoll.c:994:gst_poll_fd_ctl_write: 0x5571edea4cf0: pfd->events now 60 (POLLOUT:4)
0:00:00.022735992  2731 0x55582c845320 DEBUG   GST_REGISTRY gstregistry.c:590:gst_registry_add_feature: adding feature 0x55582c870f70 (identity)
0:00:00.018405018  2732 0x5571ede80320 DEBUG   GST_POLL gstpoll.c:980:gst_poll_fd_ctl_write: 0x5571edea4cf0: fd (fd:0, idx:1), active : 1
0:00:00.022742324  2731 0x55582c845320 DEBUG   GST_REFCOUNTING gstobject.c:709:gst_object_set_parent: set parent (ref and sink)
0:00:00.018412955  2732 0x5571ede80320 LOG   GST_POLL gstpoll.c:994:gst_poll_fd_ctl_write: 0x5571edea4cf0: pfd->events now 60 (POLLOUT:4)
0:00:00.022751547  2731 0x55582c845320 TRACE   GST_REFCOUNTING gstobject.c:294:gst_object_ref_sink: 0x55582c870f70 ref_sink 1->2
0:00:00.018420868  2732 0x5571ede80320 DEBUG   GST_POLL gstpoll.c:980:gst_poll_fd_ctl_write: 0x5571edea4cf0: fd (fd:0, idx:1), active : 1
0:00:00.022760736  2731 0x55582c845320 LOG   GST_REGISTRY gstregistry.c:608:gst_registry_add_feature: emitting feature-added for identity
0:00:00.018430695  2732 0x5571ede80320 LOG   GST_POLL gstpoll.c:994:gst_poll_fd_ctl_write: 0x5571edea4cf0: pfd->events now 60 (POLLOUT:4)
0:00:00.022768759  2731 0x55582c845320 DEBUG   GST_REGISTRY gstregistrychunks.c:741:gst_registry_chunks_load_feature: Added feature identity, plugin 0x55582c874cf0 coreelements
0:00:00.018439079  2732 0x5571ede80320 DEBUG   GST_POLL gstpoll.c:980:gst_poll_fd_ctl_write: 0x5571edea4cf0: fd (fd:0, idx:1), active : 1
0:00:00.022776956  2731 0x55582c845320 DEBUG   GST_REGISTRY gstregistrychunks.c:583:gst_registry_chunks_load_feature: Plugin 'coreelements' feature 'funnel' typename : 'GstElementFactory'
0:00:00.018447140  2732 0x5571ede80320 LOG   GST_POLL gstpoll.c:994:gst_poll_fd_ctl_write: 0x5571edea4cf0: pfd->events now 60 (POLLOUT:4)
0:00:00.022786553  2731 0x55582c845320 TRACE   GST_REFCOUNTING gstobject.c:208:gst_object_init: 0x55582c8715e0 new
0:00:00.018454875  2732 0x5571ede80320 DEBUG   GST_POLL gstpoll.c:980:gst_poll_fd_ctl_write: 0x5571edea4cf0: fd (fd:0, idx:1), active : 1
0:00:00.022796725  2731 0x55582c845320 LOG   GST_REGISTRY gstregistrychunks.c:610:gst_registry_chunks_load_feature: Reading/casting for GstRegistryChunkElementFactory at address 0x55582c86c898
0:00:00.018464624  2732 0x5571ede80320 LOG   GST_POLL gstpoll.c:994:gst_poll_fd_ctl_write: 0x5571edea4cf0: pfd->events now 60 (POLLOUT:4)
0:00:00.022804568  2731 0x55582c845320 TRACE   structure gststructure.c:292:gst_structure_new_id_empty_with_size: created structure 0x55582c871810
0:00:00.018472778  2732 0x5571ede80320 DEBUG   GST_POLL gstpoll.c:980:gst_poll_fd_ctl_write: 0x5571edea4cf0: fd (fd:0, idx:1), active : 1
0:00:00.022815685  2731 0x55582c845320 DEBUG   structure gststructure.c:2258:gst_structure_parse_field: trying field name 'long-name'
0:00:00.018483263  2732 0x5571ede80320 LOG   GST_POLL gstpoll.c:994:gst_poll_fd_ctl_write: 0x5571edea4cf0: pfd->events now 60 (POLLOUT:4)
0:00:00.022822032  2731 0x55582c845320 DEBUG   default gstvalue.c:2776:_priv_gst_value_parse_value: trying type name 'string'
0:00:00.018492404  2732 0x5571ede80320 DEBUG   GST_POLL gstpoll.c:980:gst_poll_fd_ctl_write: 0x5571edea4cf0: fd (fd:0, idx:1), active : 1
0:00:00.022832498  2731 0x55582c845320 DEBUG   structure gststructure.c:2258:gst_structure_parse_field: trying field name 'klass'
0:00:00.018502743  2732 0x5571ede80320 LOG   GST_POLL gstpoll.c:994:gst_poll_fd_ctl_write: 0x5571edea4cf0: pfd->events now 60 (POLLOUT:4)
0:00:00.022839880  2731 0x55582c845320 DEBUG   default gstvalue.c:2776:_priv_gst_value_parse_value: trying type name 'string'
0:00:00.018511564  2732 0x5571ede80320 DEBUG   GST_POLL gstpoll.c:980:gst_poll_fd_ctl_write: 0x5571edea4cf0: fd (fd:0, idx:1), active : 1
0:00:00.022849512  2731 0x55582c845320 DEBUG   structure gststructure.c:2258:gst_structure_parse_field: trying field name 'description'
0:00:00.018519247  2732 0x5571ede80320 LOG   GST_POLL gstpoll.c:994:gst_poll_fd_ctl_write: 0x5571edea4cf0: pfd->events now 60 (POLLOUT:4)
0:00:00.022856871  2731 0x55582c845320 DEBUG   default gstvalue.c:2776:_priv_gst_value_parse_value: trying type name 'string'
0:00:00.018527184  2732 0x5571ede80320 DEBUG   GST_POLL gstpoll.c:980:gst_poll_fd_ctl_write: 0x5571edea4cf0: fd (fd:0, idx:1), active : 1
0:00:00.022867360  2731 0x55582c845320 DEBUG   structure gststructure.c:2258:gst_structure_parse_field: trying field name 'author'
0:00:00.018537332  2732 0x5571ede80320 LOG   GST_POLL gstpoll.c:994:gst_poll_fd_ctl_write: 0x5571edea4cf0: pfd->events now 60 (POLLOUT:4)
0:00:00.022875240  2731 0x55582c845320 DEBUG   default gstvalue.c:2776:_priv_gst_value_parse_value: trying type name 'string'
0:00:00.018545375  2732 0x5571ede80320 DEBUG   GST_POLL gstpoll.c:980:gst_poll_fd_ctl_write: 0x5571edea4cf0: fd (fd:0, idx:1), active : 1
0:00:00.022883666  2731 0x55582c845320 DEBUG   GST_REGISTRY gstregistrychunks.c:626:gst_registry_chunks_load_feature: Element factory : npadtemplates=2
0:00:00.018553101  2732 0x5571ede80320 LOG   GST_POLL gstpoll.c:994:gst_poll_fd_ctl_write: 0x5571edea4cf0: pfd->events now 60 (POLLOUT:4)
0:00:00.022890681  2731 0x55582c845320 DEBUG   GST_REGISTRY gstregistrychunks.c:526:gst_registry_chunks_load_pad_template: Reading/casting for GstRegistryChunkPadTemplate at address 0x55582c86c970
0:00:00.018560868  2732 0x5571ede80320 DEBUG   GST_POLL gstpoll.c:980:gst_poll_fd_ctl_write: 0x5571edea4cf0: fd (fd:0, idx:1), active : 1
0:00:00.022899778  2731 0x55582c845320 DEBUG   GST_REGISTRY gstregistrychunks.c:539:gst_registry_chunks_load_pad_template: Added pad_template src
0:00:00.018570970  2732 0x5571ede80320 LOG   GST_POLL gstpoll.c:994:gst_poll_fd_ctl_write: 0x5571edea4cf0: pfd->events now 60 (POLLOUT:4)
0:00:00.022913285  2731 0x55582c845320 DEBUG   GST_REGISTRY gstregistrychunks.c:526:gst_registry_chunks_load_pad_template: Reading/casting for GstRegistryChunkPadTemplate at address 0x55582c86c980
0:00:00.022919946  2731 0x55582c845320 DEBUG   GST_REGISTRY gstregistrychunks.c:539:gst_registry_chunks_load_pad_template: Added pad_template sink_%u
0:00:00.018581864  2732 0x5571ede80320 DEBUG   GST_POLL gstpoll.c:980:gst_poll_fd_ctl_write: 0x5571edea4cf0: fd (fd:0, idx:1), active : 1
0:00:00.022927304  2731 0x55582c845320 DEBUG   GST_REGISTRY gstregistry.c:590:gst_registry_add_feature: adding feature 0x55582c8715e0 (funnel)
0:00:00.018596433  2732 0x5571ede80320 LOG   GST_POLL gstpoll.c:994:gst_poll_fd_ctl_write: 0x5571edea4cf0: pfd->events now 60 (POLLOUT:4)
0:00:00.022935477  2731 0x55582c845320 DEBUG   GST_REFCOUNTING gstobject.c:709:gst_object_set_parent: set parent (ref and sink)
0:00:00.018606496  2732 0x5571ede80320 DEBUG   GST_POLL gstpoll.c:980:gst_poll_fd_ctl_write: 0x5571edea4cf0: fd (fd:0, idx:1), active : 1
0:00:00.022944558  2731 0x55582c845320 TRACE   GST_REFCOUNTING gstobject.c:294:gst_object_ref_sink: 0x55582c8715e0 ref_sink 1->2
0:00:00.018615177  2732 0x5571ede80320 LOG   GST_POLL gstpoll.c:994:gst_poll_fd_ctl_write: 0x5571edea4cf0: pfd->events now 60 (POLLOUT:4)
0:00:00.022953269  2731 0x55582c845320 LOG   GST_REGISTRY gstregistry.c:608:gst_registry_add_feature: emitting feature-added for funnel
0:00:00.018623249  2732 0x5571ede80320 DEBUG   GST_POLL gstpoll.c:980:gst_poll_fd_ctl_write: 0x5571edea4cf0: fd (fd:0, idx:1), active : 1
0:00:00.022961297  2731 0x55582c845320 DEBUG   GST_REGISTRY gstregistrychunks.c:741:gst_registry_chunks_load_feature: Added feature funnel, plugin 0x55582c874cf0 coreelements
0:00:00.018631142  2732 0x5571ede80320 LOG   GST_POLL gstpoll.c:994:gst_poll_fd_ctl_write: 0x5571edea4cf0: pfd->events now 60 (POLLOUT:4)
0:00:00.022971327  2731 0x55582c845320 DEBUG   GST_REGISTRY gstregistrychunks.c:583:gst_registry_chunks_load_feature: Plugin 'coreelements' feature 'filesrc' typename : 'GstElementFactory'
0:00:00.018640792  2732 0x5571ede80320 DEBUG   GST_POLL gstpoll.c:980:gst_poll_fd_ctl_write: 0x5571edea4cf0: fd (fd:0, idx:1), active : 1
0:00:00.022980208  2731 0x55582c845320 TRACE   GST_REFCOUNTING gstobject.c:208:gst_object_init: 0x55582c871ce0 new
0:00:00.018649330  2732 0x5571ede80320 LOG   GST_POLL gstpoll.c:994:gst_poll_fd_ctl_write: 0x5571edea4cf0: pfd->events now 60 (POLLOUT:4)
0:00:00.022988637  2731 0x55582c845320 LOG   GST_REGISTRY gstregistrychunks.c:610:gst_registry_chunks_load_feature: Reading/casting for GstRegistryChunkElementFactory at address 0x55582c86c9b0
0:00:00.018657694  2732 0x5571ede80320 DEBUG   GST_POLL gstpoll.c:980:gst_poll_fd_ctl_write: 0x5571edea4cf0: fd (fd:0, idx:1), active : 1
0:00:00.022995531  2731 0x55582c845320 TRACE   structure gststructure.c:292:gst_structure_new_id_empty_with_size: created structure 0x55582c871fe0
0:00:00.018665826  2732 0x5571ede80320 LOG   GST_POLL gstpoll.c:994:gst_poll_fd_ctl_write: 0x5571edea4cf0: pfd->events now 60 (POLLOUT:4)
0:00:00.023005589  2731 0x55582c845320 DEBUG   structure gststructure.c:2258:gst_structure_parse_field: trying field name 'long-name'
0:00:00.018683713  2732 0x5571ede80320 DEBUG   GST_POLL gstpoll.c:980:gst_poll_fd_ctl_write: 0x5571edea4cf0: fd (fd:0, idx:1), active : 1
0:00:00.023020381  2731 0x55582c845320 DEBUG   default gstvalue.c:2776:_priv_gst_value_parse_value: trying type name 'string'
0:00:00.018692394  2732 0x5571ede80320 LOG   GST_POLL gstpoll.c:994:gst_poll_fd_ctl_write: 0x5571edea4cf0: pfd->events now 60 (POLLOUT:4)
0:00:00.023030729  2731 0x55582c845320 DEBUG   structure gststructure.c:2258:gst_structure_parse_field: trying field name 'klass'
0:00:00.018700283  2732 0x5571ede80320 DEBUG   GST_POLL gstpoll.c:980:gst_poll_fd_ctl_write: 0x5571edea4cf0: fd (fd:0, idx:1), active : 1
0:00:00.023037565  2731 0x55582c845320 DEBUG   default gstvalue.c:2776:_priv_gst_value_parse_value: trying type name 'string'
0:00:00.018708049  2732 0x5571ede80320 LOG   GST_POLL gstpoll.c:994:gst_poll_fd_ctl_write: 0x5571edea4cf0: pfd->events now 60 (POLLOUT:4)
0:00:00.023048386  2731 0x55582c845320 DEBUG   structure gststructure.c:2258:gst_structure_parse_field: trying field name 'description'
0:00:00.018717818  2732 0x5571ede80320 DEBUG   GST_POLL gstpoll.c:980:gst_poll_fd_ctl_write: 0x5571edea4cf0: fd (fd:0, idx:1), active : 1
0:00:00.023055785  2731 0x55582c845320 DEBUG   default gstvalue.c:2776:_priv_gst_value_parse_value: trying type name 'string'
0:00:00.018726253  2732 0x5571ede80320 LOG   GST_POLL gstpoll.c:994:gst_poll_fd_ctl_write: 0x5571edea4cf0: pfd->events now 60 (POLLOUT:4)
0:00:00.023064990  2731 0x55582c845320 DEBUG   structure gststructure.c:2258:gst_structure_parse_field: trying field name 'author'
0:00:00.018734339  2732 0x5571ede80320 DEBUG   GST_POLL gstpoll.c:980:gst_poll_fd_ctl_write: 0x5571edea4cf0: fd (fd:0, idx:1), active : 1
0:00:00.023071588  2731 0x55582c845320 DEBUG   default gstvalue.c:2776:_priv_gst_value_parse_value: trying type name 'string'
0:00:00.018742135  2732 0x5571ede80320 LOG   GST_POLL gstpoll.c:994:gst_poll_fd_ctl_write: 0x5571edea4cf0: pfd->events now 60 (POLLOUT:4)
0:00:00.023082558  2731 0x55582c845320 DEBUG   GST_REGISTRY gstregistrychunks.c:626:gst_registry_chunks_load_feature: Element factory : npadtemplates=1
0:00:00.018752045  2732 0x5571ede80320 DEBUG   GST_POLL gstpoll.c:980:gst_poll_fd_ctl_write: 0x5571edea4cf0: fd (fd:0, idx:1), active : 1
0:00:00.023090372  2731 0x55582c845320 DEBUG   GST_REGISTRY gstregistrychunks.c:526:gst_registry_chunks_load_pad_template: Reading/casting for GstRegistryChunkPadTemplate at address 0x55582c86ca90
0:00:00.018760898  2732 0x5571ede80320 LOG   GST_POLL gstpoll.c:994:gst_poll_fd_ctl_write: 0x5571edea4cf0: pfd->events now 60 (POLLOUT:4)
0:00:00.023098605  2731 0x55582c845320 DEBUG   GST_REGISTRY gstregistrychunks.c:539:gst_registry_chunks_load_pad_template: Added pad_template src
0:00:00.018769021  2732 0x5571ede80320 DEBUG   GST_POLL gstpoll.c:980:gst_poll_fd_ctl_write: 0x5571edea4cf0: fd (fd:0, idx:1), active : 1
0:00:00.023106705  2731 0x55582c845320 DEBUG   GST_REGISTRY gstregistrychunks.c:639:gst_registry_chunks_load_feature: Reading 1 UriTypes at address 0x55582c86caa0
0:00:00.018783505  2732 0x5571ede80320 LOG   GST_POLL gstpoll.c:994:gst_poll_fd_ctl_write: 0x5571edea4cf0: pfd->events now 60 (POLLOUT:4)
0:00:00.023124274  2731 0x55582c845320 DEBUG   GST_REGISTRY gstregistrychunks.c:654:gst_registry_chunks_load_feature: Reading 1 Interfaces at address 0x55582c86caa9
0:00:00.018794305  2732 0x5571ede80320 DEBUG   GST_POLL gstpoll.c:980:gst_poll_fd_ctl_write: 0x5571edea4cf0: fd (fd:0, idx:1), active : 1
0:00:00.018803338  2732 0x5571ede80320 LOG   GST_POLL gstpoll.c:994:gst_poll_fd_ctl_write: 0x5571edea4cf0: pfd->events now 60 (POLLOUT:4)
0:00:00.023139380  2731 0x55582c845320 DEBUG   GST_REGISTRY gstregistry.c:590:gst_registry_add_feature: adding feature 0x55582c871ce0 (filesrc)
0:00:00.018811239  2732 0x5571ede80320 DEBUG   GST_POLL gstpoll.c:980:gst_poll_fd_ctl_write: 0x5571edea4cf0: fd (fd:0, idx:1), active : 1
0:00:00.023148868  2731 0x55582c845320 DEBUG   GST_REFCOUNTING gstobject.c:709:gst_object_set_parent: set parent (ref and sink)
0:00:00.018818930  2732 0x5571ede80320 LOG   GST_POLL gstpoll.c:994:gst_poll_fd_ctl_write: 0x5571edea4cf0: pfd->events now 60 (POLLOUT:4)
0:00:00.023157670  2731 0x55582c845320 TRACE   GST_REFCOUNTING gstobject.c:294:gst_object_ref_sink: 0x55582c871ce0 ref_sink 1->2
0:00:00.018829543  2732 0x5571ede80320 DEBUG   GST_POLL gstpoll.c:980:gst_poll_fd_ctl_write: 0x5571edea4cf0: fd (fd:0, idx:1), active : 1
0:00:00.023167967  2731 0x55582c845320 LOG   GST_REGISTRY gstregistry.c:608:gst_registry_add_feature: emitting feature-added for filesrc
0:00:00.018838260  2732 0x5571ede80320 LOG   GST_POLL gstpoll.c:994:gst_poll_fd_ctl_write: 0x5571edea4cf0: pfd->events now 60 (POLLOUT:4)
0:00:00.023177186  2731 0x55582c845320 DEBUG   GST_REGISTRY gstregistrychunks.c:741:gst_registry_chunks_load_feature: Added feature filesrc, plugin 0x55582c874cf0 coreelements
0:00:00.018846795  2732 0x5571ede80320 DEBUG   GST_POLL gstpoll.c:980:gst_poll_fd_ctl_write: 0x5571edea4cf0: fd (fd:0, idx:1), active : 1
0:00:00.023184506  2731 0x55582c845320 DEBUG   GST_REGISTRY gstregistrychunks.c:583:gst_registry_chunks_load_feature: Plugin 'coreelements' feature 'fdsink' typename : 'GstElementFactory'
0:00:00.018854728  2732 0x5571ede80320 LOG   GST_POLL gstpoll.c:994:gst_poll_fd_ctl_write: 0x5571edea4cf0: pfd->events now 60 (POLLOUT:4)
0:00:00.023193964  2731 0x55582c845320 TRACE   GST_REFCOUNTING gstobject.c:208:gst_object_init: 0x55582c872490 new
0:00:00.018865075  2732 0x5571ede80320 DEBUG   GST_POLL gstpoll.c:980:gst_poll_fd_ctl_write: 0x5571edea4cf0: fd (fd:0, idx:1), active : 1
0:00:00.023205016  2731 0x55582c845320 LOG   GST_REGISTRY gstregistrychunks.c:610:gst_registry_chunks_load_feature: Reading/casting for GstRegistryChunkElementFactory at address 0x55582c86cad0
0:00:00.018873995  2732 0x5571ede80320 LOG   GST_POLL gstpoll.c:994:gst_poll_fd_ctl_write: 0x5571edea4cf0: pfd->events now 60 (POLLOUT:4)
0:00:00.023212350  2731 0x55582c845320 TRACE   structure gststructure.c:292:gst_structure_new_id_empty_with_size: created structure 0x55582c872810
0:00:00.018882105  2732 0x5571ede80320 DEBUG   GST_POLL gstpoll.c:980:gst_poll_fd_ctl_write: 0x5571edea4cf0: fd (fd:0, idx:1), active : 1
0:00:00.023224783  2731 0x55582c845320 DEBUG   structure gststructure.c:2258:gst_structure_parse_field: trying field name 'long-name'
0:00:00.018892259  2732 0x5571ede80320 LOG   GST_POLL gstpoll.c:994:gst_poll_fd_ctl_write: 0x5571edea4cf0: pfd->events now 60 (POLLOUT:4)
0:00:00.023231049  2731 0x55582c845320 DEBUG   default gstvalue.c:2776:_priv_gst_value_parse_value: trying type name 'string'
0:00:00.018902010  2732 0x5571ede80320 DEBUG   GST_POLL gstpoll.c:980:gst_poll_fd_ctl_write: 0x5571edea4cf0: fd (fd:0, idx:1), active : 1
0:00:00.023241112  2731 0x55582c845320 DEBUG   structure gststructure.c:2258:gst_structure_parse_field: trying field name 'klass'
0:00:00.018926680  2732 0x5571ede80320 LOG   GST_POLL gstpoll.c:994:gst_poll_fd_ctl_write: 0x5571edea4cf0: pfd->events now 60 (POLLOUT:4)
0:00:00.023264222  2731 0x55582c845320 DEBUG   default gstvalue.c:2776:_priv_gst_value_parse_value: trying type name 'string'
0:00:00.018940868  2732 0x5571ede80320 DEBUG   GST_POLL gstpoll.c:980:gst_poll_fd_ctl_write: 0x5571edea4cf0: fd (fd:0, idx:1), active : 1
0:00:00.023279308  2731 0x55582c845320 DEBUG   structure gststructure.c:2258:gst_structure_parse_field: trying field name 'description'
0:00:00.018954108  2732 0x5571ede80320 LOG   GST_POLL gstpoll.c:994:gst_poll_fd_ctl_write: 0x5571edea4cf0: pfd->events now 60 (POLLOUT:4)
0:00:00.023292268  2731 0x55582c845320 DEBUG   default gstvalue.c:2776:_priv_gst_value_parse_value: trying type name 'string'
0:00:00.018966258  2732 0x5571ede80320 DEBUG   GST_POLL gstpoll.c:980:gst_poll_fd_ctl_write: 0x5571edea4cf0: fd (fd:0, idx:1), active : 1
0:00:00.023303938  2731 0x55582c845320 DEBUG   structure gststructure.c:2258:gst_structure_parse_field: trying field name 'author'
0:00:00.023314633  2731 0x55582c845320 DEBUG   default gstvalue.c:2776:_priv_gst_value_parse_value: trying type name 'string'
0:00:00.018977786  2732 0x5571ede80320 LOG   GST_POLL gstpoll.c:994:gst_poll_fd_ctl_write: 0x5571edea4cf0: pfd->events now 60 (POLLOUT:4)
0:00:00.023321020  2731 0x55582c845320 DEBUG   GST_REGISTRY gstregistrychunks.c:626:gst_registry_chunks_load_feature: Element factory : npadtemplates=1
0:00:00.018990620  2732 0x5571ede80320 DEBUG   GST_POLL gstpoll.c:980:gst_poll_fd_ctl_write: 0x5571edea4cf0: fd (fd:0, idx:1), active : 1
0:00:00.023329157  2731 0x55582c845320 DEBUG   GST_REGISTRY gstregistrychunks.c:526:gst_registry_chunks_load_pad_template: Reading/casting for GstRegistryChunkPadTemplate at address 0x55582c86cbb0
0:00:00.023341284  2731 0x55582c845320 DEBUG   GST_REGISTRY gstregistrychunks.c:539:gst_registry_chunks_load_pad_template: Added pad_template sink
0:00:00.019005519  2732 0x5571ede80320 LOG   GST_POLL gstpoll.c:994:gst_poll_fd_ctl_write: 0x5571edea4cf0: pfd->events now 60 (POLLOUT:4)
0:00:00.023347774  2731 0x55582c845320 DEBUG   GST_REGISTRY gstregistrychunks.c:639:gst_registry_chunks_load_feature: Reading 1 UriTypes at address 0x55582c86cbc1
0:00:00.019018776  2732 0x5571ede80320 DEBUG   GST_POLL gstpoll.c:980:gst_poll_fd_ctl_write: 0x5571edea4cf0: fd (fd:0, idx:1), active : 1
0:00:00.023360708  2731 0x55582c845320 DEBUG   GST_REGISTRY gstregistrychunks.c:654:gst_registry_chunks_load_feature: Reading 1 Interfaces at address 0x55582c86cbcf
0:00:00.019031901  2732 0x5571ede80320 LOG   GST_POLL gstpoll.c:994:gst_poll_fd_ctl_write: 0x5571edea4cf0: pfd->events now 60 (POLLOUT:4)
0:00:00.023372396  2731 0x55582c845320 DEBUG   GST_REGISTRY gstregistry.c:590:gst_registry_add_feature: adding feature 0x55582c872490 (fdsink)
0:00:00.023380451  2731 0x55582c845320 DEBUG   GST_REFCOUNTING gstobject.c:709:gst_object_set_parent: set parent (ref and sink)
0:00:00.019044314  2732 0x5571ede80320 DEBUG   GST_POLL gstpoll.c:980:gst_poll_fd_ctl_write: 0x5571edea4cf0: fd (fd:0, idx:1), active : 1
0:00:00.023388420  2731 0x55582c845320 TRACE   GST_REFCOUNTING gstobject.c:294:gst_object_ref_sink: 0x55582c872490 ref_sink 1->2
0:00:00.023395811  2731 0x55582c845320 LOG   GST_REGISTRY gstregistry.c:608:gst_registry_add_feature: emitting feature-added for fdsink
0:00:00.019059957  2732 0x5571ede80320 LOG   GST_POLL gstpoll.c:994:gst_poll_fd_ctl_write: 0x5571edea4cf0: pfd->events now 60 (POLLOUT:4)
0:00:00.023405189  2731 0x55582c845320 DEBUG   GST_REGISTRY gstregistrychunks.c:741:gst_registry_chunks_load_feature: Added feature fdsink, plugin 0x55582c874cf0 coreelements
0:00:00.019074324  2732 0x5571ede80320 DEBUG   GST_POLL gstpoll.c:980:gst_poll_fd_ctl_write: 0x5571edea4cf0: fd (fd:0, idx:1), active : 1
0:00:00.023412790  2731 0x55582c845320 DEBUG   GST_REGISTRY gstregistrychunks.c:583:gst_registry_chunks_load_feature: Plugin 'coreelements' feature 'fdsrc' typename : 'GstElementFactory'
0:00:00.019086991  2732 0x5571ede80320 LOG   GST_POLL gstpoll.c:994:gst_poll_fd_ctl_write: 0x5571edea4cf0: pfd->events now 60 (POLLOUT:4)
0:00:00.023425711  2731 0x55582c845320 TRACE   GST_REFCOUNTING gstobject.c:208:gst_object_init: 0x55582c8768f0 new
0:00:00.023437435  2731 0x55582c845320 LOG   GST_REGISTRY gstregistrychunks.c:610:gst_registry_chunks_load_feature: Reading/casting for GstRegistryChunkElementFactory at address 0x55582c86cbf8
0:00:00.019100787  2732 0x5571ede80320 DEBUG   GST_POLL gstpoll.c:980:gst_poll_fd_ctl_write: 0x5571edea4cf0: fd (fd:0, idx:1), active : 1
0:00:00.023446307  2731 0x55582c845320 TRACE   structure gststructure.c:292:gst_structure_new_id_empty_with_size: created structure 0x55582c876b20
0:00:00.023453634  2731 0x55582c845320 DEBUG   structure gststructure.c:2258:gst_structure_parse_field: trying field name 'long-name'
0:00:00.019116751  2732 0x5571ede80320 LOG   GST_POLL gstpoll.c:994:gst_poll_fd_ctl_write: 0x5571edea4cf0: pfd->events now 60 (POLLOUT:4)
0:00:00.023459596  2731 0x55582c845320 DEBUG   default gstvalue.c:2776:_priv_gst_value_parse_value: trying type name 'string'
0:00:00.023467444  2731 0x55582c845320 DEBUG   structure gststructure.c:2258:gst_structure_parse_field: trying field name 'klass'
0:00:00.019131218  2732 0x5571ede80320 DEBUG   GST_POLL gstpoll.c:980:gst_poll_fd_ctl_write: 0x5571edea4cf0: fd (fd:0, idx:1), active : 1
0:00:00.023479721  2731 0x55582c845320 DEBUG   default gstvalue.c:2776:_priv_gst_value_parse_value: trying type name 'string'
0:00:00.023497527  2731 0x55582c845320 DEBUG   structure gststructure.c:2258:gst_structure_parse_field: trying field name 'description'
0:00:00.019160542  2732 0x5571ede80320 LOG   GST_POLL gstpoll.c:994:gst_poll_fd_ctl_write: 0x5571edea4cf0: pfd->events now 60 (POLLOUT:4)
0:00:00.023503464  2731 0x55582c845320 DEBUG   default gstvalue.c:2776:_priv_gst_value_parse_value: trying type name 'string'
0:00:00.023511151  2731 0x55582c845320 DEBUG   structure gststructure.c:2258:gst_structure_parse_field: trying field name 'author'
0:00:00.019175151  2732 0x5571ede80320 DEBUG   GST_POLL gstpoll.c:980:gst_poll_fd_ctl_write: 0x5571edea4cf0: fd (fd:0, idx:1), active : 1
0:00:00.023519556  2731 0x55582c845320 DEBUG   default gstvalue.c:2776:_priv_gst_value_parse_value: trying type name 'string'
0:00:00.023528144  2731 0x55582c845320 DEBUG   GST_REGISTRY gstregistrychunks.c:626:gst_registry_chunks_load_feature: Element factory : npadtemplates=1
0:00:00.019190426  2732 0x5571ede80320 LOG   GST_POLL gstpoll.c:994:gst_poll_fd_ctl_write: 0x5571edea4cf0: pfd->events now 60 (POLLOUT:4)
0:00:00.023533959  2731 0x55582c845320 DEBUG   GST_REGISTRY gstregistrychunks.c:526:gst_registry_chunks_load_pad_template: Reading/casting for GstRegistryChunkPadTemplate at address 0x55582c86ccd8
0:00:00.023541537  2731 0x55582c845320 DEBUG   GST_REGISTRY gstregistrychunks.c:539:gst_registry_chunks_load_pad_template: Added pad_template src
0:00:00.019206131  2732 0x5571ede80320 DEBUG   GST_POLL gstpoll.c:980:gst_poll_fd_ctl_write: 0x5571edea4cf0: fd (fd:0, idx:1), active : 1
0:00:00.023549908  2731 0x55582c845320 DEBUG   GST_REGISTRY gstregistrychunks.c:639:gst_registry_chunks_load_feature: Reading 1 UriTypes at address 0x55582c86cce8
0:00:00.019218704  2732 0x5571ede80320 LOG   GST_POLL gstpoll.c:994:gst_poll_fd_ctl_write: 0x5571edea4cf0: pfd->events now 60 (POLLOUT:4)
0:00:00.023557569  2731 0x55582c845320 DEBUG   GST_REGISTRY gstregistrychunks.c:654:gst_registry_chunks_load_feature: Reading 1 Interfaces at address 0x55582c86ccef
0:00:00.023569087  2731 0x55582c845320 DEBUG   GST_REGISTRY gstregistry.c:590:gst_registry_add_feature: adding feature 0x55582c8768f0 (fdsrc)
0:00:00.019231387  2732 0x5571ede80320 DEBUG   GST_POLL gstpoll.c:980:gst_poll_fd_ctl_write: 0x5571edea4cf0: fd (fd:0, idx:1), active : 1
0:00:00.023574976  2731 0x55582c845320 DEBUG   GST_REFCOUNTING gstobject.c:709:gst_object_set_parent: set parent (ref and sink)
0:00:00.019246742  2732 0x5571ede80320 LOG   GST_POLL gstpoll.c:994:gst_poll_fd_ctl_write: 0x5571edea4cf0: pfd->events now 60 (POLLOUT:4)
0:00:00.023590200  2731 0x55582c845320 TRACE   GST_REFCOUNTING gstobject.c:294:gst_object_ref_sink: 0x55582c8768f0 ref_sink 1->2
0:00:00.019260683  2732 0x5571ede80320 DEBUG   GST_POLL gstpoll.c:980:gst_poll_fd_ctl_write: 0x5571edea4cf0: fd (fd:0, idx:1), active : 1
0:00:00.023598270  2731 0x55582c845320 LOG   GST_REGISTRY gstregistry.c:608:gst_registry_add_feature: emitting feature-added for fdsrc
0:00:00.019273227  2732 0x5571ede80320 LOG   GST_POLL gstpoll.c:994:gst_poll_fd_ctl_write: 0x5571edea4cf0: pfd->events now 60 (POLLOUT:4)
0:00:00.023615924  2731 0x55582c845320 DEBUG   GST_REGISTRY gstregistrychunks.c:741:gst_registry_chunks_load_feature: Added feature fdsrc, plugin 0x55582c874cf0 coreelements
0:00:00.023623046  2731 0x55582c845320 DEBUG   GST_REGISTRY gstregistrychunks.c:583:gst_registry_chunks_load_feature: Plugin 'coreelements' feature 'fakesink' typename : 'GstElementFactory'
0:00:00.019286531  2732 0x5571ede80320 DEBUG   GST_POLL gstpoll.c:980:gst_poll_fd_ctl_write: 0x5571edea4cf0: fd (fd:0, idx:1), active : 1
0:00:00.023633260  2731 0x55582c845320 TRACE   GST_REFCOUNTING gstobject.c:208:gst_object_init: 0x55582c876fa0 new
0:00:00.019302011  2732 0x5571ede80320 LOG   GST_POLL gstpoll.c:994:gst_poll_fd_ctl_write: 0x5571edea4cf0: pfd->events now 60 (POLLOUT:4)
0:00:00.023642011  2731 0x55582c845320 LOG   GST_REGISTRY gstregistrychunks.c:610:gst_registry_chunks_load_feature: Reading/casting for GstRegistryChunkElementFactory at address 0x55582c86cd18
0:00:00.023650997  2731 0x55582c845320 TRACE   structure gststructure.c:292:gst_structure_new_id_empty_with_size: created structure 0x55582c8771d0
0:00:00.019314925  2732 0x5571ede80320 DEBUG   GST_POLL gstpoll.c:980:gst_poll_fd_ctl_write: 0x5571edea4cf0: fd (fd:0, idx:1), active : 1
0:00:00.023657404  2731 0x55582c845320 DEBUG   structure gststructure.c:2258:gst_structure_parse_field: trying field name 'long-name'
0:00:00.019328164  2732 0x5571ede80320 LOG   GST_POLL gstpoll.c:994:gst_poll_fd_ctl_write: 0x5571edea4cf0: pfd->events now 60 (POLLOUT:4)
0:00:00.023666535  2731 0x55582c845320 DEBUG   default gstvalue.c:2776:_priv_gst_value_parse_value: trying type name 'string'
0:00:00.019341512  2732 0x5571ede80320 DEBUG   GST_POLL gstpoll.c:980:gst_poll_fd_ctl_write: 0x5571edea4cf0: fd (fd:0, idx:1), active : 1
0:00:00.023679826  2731 0x55582c845320 DEBUG   structure gststructure.c:2258:gst_structure_parse_field: trying field name 'klass'
0:00:00.023688214  2731 0x55582c845320 DEBUG   default gstvalue.c:2776:_priv_gst_value_parse_value: trying type name 'string'
0:00:00.019351699  2732 0x5571ede80320 LOG   GST_POLL gstpoll.c:994:gst_poll_fd_ctl_write: 0x5571edea4cf0: pfd->events now 60 (POLLOUT:4)
0:00:00.023694544  2731 0x55582c845320 DEBUG   structure gststructure.c:2258:gst_structure_parse_field: trying field name 'description'
0:00:00.019361861  2732 0x5571ede80320 DEBUG   GST_POLL gstpoll.c:980:gst_poll_fd_ctl_write: 0x5571edea4cf0: fd (fd:0, idx:1), active : 1
0:00:00.023703675  2731 0x55582c845320 DEBUG   default gstvalue.c:2776:_priv_gst_value_parse_value: trying type name 'string'
0:00:00.019370529  2732 0x5571ede80320 LOG   GST_POLL gstpoll.c:994:gst_poll_fd_ctl_write: 0x5571edea4cf0: pfd->events now 60 (POLLOUT:4)
0:00:00.023711289  2731 0x55582c845320 DEBUG   structure gststructure.c:2258:gst_structure_parse_field: trying field name 'author'
0:00:00.019378629  2732 0x5571ede80320 DEBUG   GST_POLL gstpoll.c:980:gst_poll_fd_ctl_write: 0x5571edea4cf0: fd (fd:0, idx:1), active : 1
0:00:00.023717724  2731 0x55582c845320 DEBUG   default gstvalue.c:2776:_priv_gst_value_parse_value: trying type name 'string'
0:00:00.019398268  2732 0x5571ede80320 LOG   GST_POLL gstpoll.c:994:gst_poll_fd_ctl_write: 0x5571edea4cf0: pfd->events now 60 (POLLOUT:4)
0:00:00.023736524  2731 0x55582c845320 DEBUG   GST_REGISTRY gstregistrychunks.c:626:gst_registry_chunks_load_feature: Element factory : npadtemplates=1
0:00:00.019407883  2732 0x5571ede80320 DEBUG   GST_POLL gstpoll.c:980:gst_poll_fd_ctl_write: 0x5571edea4cf0: fd (fd:0, idx:1), active : 1
0:00:00.023746803  2731 0x55582c845320 DEBUG   GST_REGISTRY gstregistrychunks.c:526:gst_registry_chunks_load_pad_template: Reading/casting for GstRegistryChunkPadTemplate at address 0x55582c86ce40
0:00:00.019417162  2732 0x5571ede80320 LOG   GST_POLL gstpoll.c:994:gst_poll_fd_ctl_write: 0x5571edea4cf0: pfd->events now 60 (POLLOUT:4)
0:00:00.023755068  2731 0x55582c845320 DEBUG   GST_REGISTRY gstregistrychunks.c:539:gst_registry_chunks_load_pad_template: Added pad_template sink
0:00:00.019425785  2732 0x5571ede80320 DEBUG   GST_POLL gstpoll.c:980:gst_poll_fd_ctl_write: 0x5571edea4cf0: fd (fd:0, idx:1), active : 1
0:00:00.023764781  2731 0x55582c845320 DEBUG   GST_REGISTRY gstregistry.c:590:gst_registry_add_feature: adding feature 0x55582c876fa0 (fakesink)
0:00:00.019435462  2732 0x5571ede80320 LOG   GST_POLL gstpoll.c:994:gst_poll_fd_ctl_write: 0x5571edea4cf0: pfd->events now 60 (POLLOUT:4)
0:00:00.023772041  2731 0x55582c845320 DEBUG   GST_REFCOUNTING gstobject.c:709:gst_object_set_parent: set parent (ref and sink)
0:00:00.019444297  2732 0x5571ede80320 DEBUG   GST_POLL gstpoll.c:980:gst_poll_fd_ctl_write: 0x5571edea4cf0: fd (fd:0, idx:1), active : 1
0:00:00.023783772  2731 0x55582c845320 TRACE   GST_REFCOUNTING gstobject.c:294:gst_object_ref_sink: 0x55582c876fa0 ref_sink 1->2
0:00:00.019452378  2732 0x5571ede80320 LOG   GST_POLL gstpoll.c:994:gst_poll_fd_ctl_write: 0x5571edea4cf0: pfd->events now 60 (POLLOUT:4)
0:00:00.023791353  2731 0x55582c845320 LOG   GST_REGISTRY gstregistry.c:608:gst_registry_add_feature: emitting feature-added for fakesink
0:00:00.019461074  2732 0x5571ede80320 DEBUG   GST_POLL gstpoll.c:980:gst_poll_fd_ctl_write: 0x5571edea4cf0: fd (fd:0, idx:1), active : 1
0:00:00.023799156  2731 0x55582c845320 DEBUG   GST_REGISTRY gstregistrychunks.c:741:gst_registry_chunks_load_feature: Added feature fakesink, plugin 0x55582c874cf0 coreelements
0:00:00.019471249  2732 0x5571ede80320 LOG   GST_POLL gstpoll.c:994:gst_poll_fd_ctl_write: 0x5571edea4cf0: pfd->events now 60 (POLLOUT:4)
0:00:00.023809101  2731 0x55582c845320 DEBUG   GST_REGISTRY gstregistrychunks.c:583:gst_registry_chunks_load_feature: Plugin 'coreelements' feature 'fakesrc' typename : 'GstElementFactory'
0:00:00.019480642  2732 0x5571ede80320 DEBUG   GST_POLL gstpoll.c:980:gst_poll_fd_ctl_write: 0x5571edea4cf0: fd (fd:0, idx:1), active : 1
0:00:00.023820917  2731 0x55582c845320 TRACE   GST_REFCOUNTING gstobject.c:208:gst_object_init: 0x55582c877530 new
0:00:00.019488465  2732 0x5571ede80320 LOG   GST_POLL gstpoll.c:994:gst_poll_fd_ctl_write: 0x5571edea4cf0: pfd->events now 60 (POLLOUT:4)
0:00:00.023835244  2731 0x55582c845320 LOG   GST_REGISTRY gstregistrychunks.c:610:gst_registry_chunks_load_feature: Reading/casting for GstRegistryChunkElementFactory at address 0x55582c86ce70
0:00:00.019501579  2732 0x5571ede80320 DEBUG   GST_POLL gstpoll.c:980:gst_poll_fd_ctl_write: 0x5571edea4cf0: fd (fd:0, idx:1), active : 1
0:00:00.023842409  2731 0x55582c845320 TRACE   structure gststructure.c:292:gst_structure_new_id_empty_with_size: created structure 0x55582c877620
0:00:00.019511416  2732 0x5571ede80320 LOG   GST_POLL gstpoll.c:994:gst_poll_fd_ctl_write: 0x5571edea4cf0: pfd->events now 60 (POLLOUT:4)
0:00:00.023849026  2731 0x55582c845320 DEBUG   structure gststructure.c:2258:gst_structure_parse_field: trying field name 'long-name'
0:00:00.019520490  2732 0x5571ede80320 DEBUG   GST_POLL gstpoll.c:980:gst_poll_fd_ctl_write: 0x5571edea4cf0: fd (fd:0, idx:1), active : 1
0:00:00.023858761  2731 0x55582c845320 DEBUG   default gstvalue.c:2776:_priv_gst_value_parse_value: trying type name 'string'
0:00:00.019528948  2732 0x5571ede80320 LOG   GST_POLL gstpoll.c:994:gst_poll_fd_ctl_write: 0x5571edea4cf0: pfd->events now 60 (POLLOUT:4)
0:00:00.023867856  2731 0x55582c845320 DEBUG   structure gststructure.c:2258:gst_structure_parse_field: trying field name 'klass'
0:00:00.019537311  2732 0x5571ede80320 DEBUG   GST_POLL gstpoll.c:980:gst_poll_fd_ctl_write: 0x5571edea4cf0: fd (fd:0, idx:1), active : 1
0:00:00.023874561  2731 0x55582c845320 DEBUG   default gstvalue.c:2776:_priv_gst_value_parse_value: trying type name 'string'
0:00:00.019547061  2732 0x5571ede80320 LOG   GST_POLL gstpoll.c:994:gst_poll_fd_ctl_write: 0x5571edea4cf0: pfd->events now 60 (POLLOUT:4)
0:00:00.023883977  2731 0x55582c845320 DEBUG   structure gststructure.c:2258:gst_structure_parse_field: trying field name 'description'
0:00:00.019556636  2732 0x5571ede80320 DEBUG   GST_POLL gstpoll.c:980:gst_poll_fd_ctl_write: 0x5571edea4cf0: fd (fd:0, idx:1), active : 1
0:00:00.023895977  2731 0x55582c845320 DEBUG   default gstvalue.c:2776:_priv_gst_value_parse_value: trying type name 'string'
0:00:00.019565099  2732 0x5571ede80320 LOG   GST_POLL gstpoll.c:994:gst_poll_fd_ctl_write: 0x5571edea4cf0: pfd->events now 60 (POLLOUT:4)
0:00:00.023904219  2731 0x55582c845320 DEBUG   structure gststructure.c:2258:gst_structure_parse_field: trying field name 'author'
0:00:00.019573227  2732 0x5571ede80320 DEBUG   GST_POLL gstpoll.c:980:gst_poll_fd_ctl_write: 0x5571edea4cf0: fd (fd:0, idx:1), active : 1
0:00:00.023911101  2731 0x55582c845320 DEBUG   default gstvalue.c:2776:_priv_gst_value_parse_value: trying type name 'string'
0:00:00.023921293  2731 0x55582c845320 DEBUG   GST_REGISTRY gstregistrychunks.c:626:gst_registry_chunks_load_feature: Element factory : npadtemplates=1
0:00:00.019583124  2732 0x5571ede80320 LOG   GST_POLL gstpoll.c:994:gst_poll_fd_ctl_write: 0x5571edea4cf0: pfd->events now 60 (POLLOUT:4)
0:00:00.023930021  2731 0x55582c845320 DEBUG   GST_REGISTRY gstregistrychunks.c:526:gst_registry_chunks_load_pad_template: Reading/casting for GstRegistryChunkPadTemplate at address 0x55582c86cf70
0:00:00.019598760  2732 0x5571ede80320 DEBUG   GST_POLL gstpoll.c:980:gst_poll_fd_ctl_write: 0x5571edea4cf0: fd (fd:0, idx:1), active : 1
0:00:00.023943435  2731 0x55582c845320 DEBUG   GST_REGISTRY gstregistrychunks.c:539:gst_registry_chunks_load_pad_template: Added pad_template src
0:00:00.019611049  2732 0x5571ede80320 LOG   GST_POLL gstpoll.c:994:gst_poll_fd_ctl_write: 0x5571edea4cf0: pfd->events now 60 (POLLOUT:4)
0:00:00.023951450  2731 0x55582c845320 DEBUG   GST_REGISTRY gstregistry.c:590:gst_registry_add_feature: adding feature 0x55582c877530 (fakesrc)
0:00:00.019619643  2732 0x5571ede80320 DEBUG   GST_POLL gstpoll.c:980:gst_poll_fd_ctl_write: 0x5571edea4cf0: fd (fd:0, idx:1), active : 1
0:00:00.023958333  2731 0x55582c845320 DEBUG   GST_REFCOUNTING gstobject.c:709:gst_object_set_parent: set parent (ref and sink)
0:00:00.019630029  2732 0x5571ede80320 LOG   GST_POLL gstpoll.c:994:gst_poll_fd_ctl_write: 0x5571edea4cf0: pfd->events now 60 (POLLOUT:4)
0:00:00.023969434  2731 0x55582c845320 TRACE   GST_REFCOUNTING gstobject.c:294:gst_object_ref_sink: 0x55582c877530 ref_sink 1->2
0:00:00.019638894  2732 0x5571ede80320 DEBUG   GST_POLL gstpoll.c:980:gst_poll_fd_ctl_write: 0x5571edea4cf0: fd (fd:0, idx:1), active : 1
0:00:00.023977017  2731 0x55582c845320 LOG   GST_REGISTRY gstregistry.c:608:gst_registry_add_feature: emitting feature-added for fakesrc
