0:00:00.016140962  2732 0x5571ede80320 TRACE   GST_REFCOUNTING gstobject.c:238:gst_object_ref: 0x5571edeaa230 ref 1->2
0:00:00.016150414  2732 0x5571ede80320 DEBUG   GST_REGISTRY gstregistrychunks.c:265:gst_registry_chunks_save_feature: saved 0 interfaces 0 pad templates
0:00:00.020485972  2731 0x55582c845320 DEBUG   default gstvalue.c:2776:_priv_gst_value_parse_value: trying type name 'string'
0:00:00.016164303  2732 0x5571ede80320 DEBUG   GST_REGISTRY gstregistrychunks.c:265:gst_registry_chunks_save_feature: saved 0 interfaces 0 pad templates
0:00:00.020501299  2731 0x55582c845320 DEBUG   structure gststructure.c:2258:gst_structure_parse_field: trying field name 'klass'
0:00:00.020510358  2731 0x55582c845320 DEBUG   default gstvalue.c:2776:_priv_gst_value_parse_value: trying type name 'string'
0:00:00.016175589  2732 0x5571ede80320 DEBUG   GST_REGISTRY gstregistrychunks.c:265:gst_registry_chunks_save_feature: saved 0 interfaces 0 pad templates
0:00:00.020519683  2731 0x55582c845320 DEBUG   structure gststructure.c:2258:gst_structure_parse_field: trying field name 'description'
0:00:00.016190459  2732 0x5571ede80320 DEBUG   GST_REGISTRY gstregistrychunks.c:265:gst_registry_chunks_save_feature: saved 1 interfaces 0 pad templates
0:00:00.020526952  2731 0x55582c845320 DEBUG   default gstvalue.c:2776:_priv_gst_value_parse_value: trying type name 'string'
0:00:00.016199636  2732 0x5571ede80320 DEBUG   GST_REGISTRY gstregistrychunks.c:284:gst_registry_chunks_save_feature: Saved 1 UriTypes
0:00:00.020538560  2731 0x55582c845320 DEBUG   structure gststructure.c:2258:gst_structure_parse_field: trying field name 'author'
0:00:00.020545290  2731 0x55582c845320 DEBUG   default gstvalue.c:2776:_priv_gst_value_parse_value: trying type name 'string'
0:00:00.016211470  2732 0x5571ede80320 DEBUG   GST_REGISTRY gstregistrychunks.c:265:gst_registry_chunks_save_feature: saved 0 interfaces 0 pad templates
0:00:00.020554763  2731 0x55582c845320 DEBUG   GST_REGISTRY gstregistrychunks.c:626:gst_registry_chunks_load_feature: Element factory : npadtemplates=2
0:00:00.020565050  2731 0x55582c845320 DEBUG   GST_REGISTRY gstregistrychunks.c:526:gst_registry_chunks_load_pad_template: Reading/casting for GstRegistryChunkPadTemplate at address 0x55582c86bcb0
0:00:00.016229602  2732 0x5571ede80320 DEBUG   GST_REGISTRY gstregistrychunks.c:265:gst_registry_chunks_save_feature: saved 0 interfaces 0 pad templates
0:00:00.020572197  2731 0x55582c845320 DEBUG   GST_REGISTRY gstregistrychunks.c:539:gst_registry_chunks_load_pad_template: Added pad_template src_%u
0:00:00.020578294  2731 0x55582c845320 DEBUG   GST_REGISTRY gstregistrychunks.c:526:gst_registry_chunks_load_pad_template: Reading/casting for GstRegistryChunkPadTemplate at address 0x55582c86bcc8
0:00:00.016243978  2732 0x5571ede80320 DEBUG   GST_REGISTRY gstregistrychunks.c:265:gst_registry_chunks_save_feature: saved 0 interfaces 0 pad templates
0:00:00.020588135  2731 0x55582c845320 DEBUG   GST_REGISTRY gstregistrychunks.c:539:gst_registry_chunks_load_pad_template: Added pad_template sink
0:00:00.016256684  2732 0x5571ede80320 DEBUG   GST_REGISTRY gstregistrychunks.c:265:gst_registry_chunks_save_feature: saved 1 interfaces 0 pad templates
0:00:00.020597313  2731 0x55582c845320 DEBUG   GST_REGISTRY gstregistry.c:590:gst_registry_add_feature: adding feature 0x55582c874320 (streamiddemux)
0:00:00.016264910  2732 0x5571ede80320 DEBUG   GST_REGISTRY gstregistrychunks.c:284:gst_registry_chunks_save_feature: Saved 1 UriTypes
0:00:00.020605723  2731 0x55582c845320 DEBUG   GST_REFCOUNTING gstobject.c:709:gst_object_set_parent: set parent (ref and sink)
0:00:00.016275064  2732 0x5571ede80320 DEBUG   GST_REGISTRY gstregistrychunks.c:265:gst_registry_chunks_save_feature: saved 1 interfaces 0 pad templates
0:00:00.020613173  2731 0x55582c845320 TRACE   GST_REFCOUNTING gstobject.c:294:gst_object_ref_sink: 0x55582c874320 ref_sink 1->2
0:00:00.016285781  2732 0x5571ede80320 DEBUG   GST_REGISTRY gstregistrychunks.c:284:gst_registry_chunks_save_feature: Saved 1 UriTypes
0:00:00.020624117  2731 0x55582c845320 LOG   GST_REGISTRY gstregistry.c:608:gst_registry_add_feature: emitting feature-added for streamiddemux
0:00:00.020632684  2731 0x55582c845320 DEBUG   GST_REGISTRY gstregistrychunks.c:741:gst_registry_chunks_load_feature: Added feature streamiddemux, plugin 0x55582c874cf0 coreelements
0:00:00.016296736  2732 0x5571ede80320 DEBUG   GST_REGISTRY gstregistrychunks.c:265:gst_registry_chunks_save_feature: saved 1 interfaces 0 pad templates
0:00:00.020639109  2731 0x55582c845320 DEBUG   GST_REGISTRY gstregistrychunks.c:583:gst_registry_chunks_load_feature: Plugin 'coreelements' feature 'valve' typename : 'GstElementFactory'
0:00:00.016306194  2732 0x5571ede80320 DEBUG   GST_REGISTRY gstregistrychunks.c:284:gst_registry_chunks_save_feature: Saved 1 UriTypes
0:00:00.020647014  2731 0x55582c845320 TRACE   GST_REFCOUNTING gstobject.c:208:gst_object_init: 0x55582c8761d0 new
0:00:00.016316100  2732 0x5571ede80320 DEBUG   GST_REGISTRY gstregistrychunks.c:265:gst_registry_chunks_save_feature: saved 0 interfaces 0 pad templates
0:00:00.020664807  2731 0x55582c845320 LOG   GST_REGISTRY gstregistrychunks.c:610:gst_registry_chunks_load_feature: Reading/casting for GstRegistryChunkElementFactory at address 0x55582c86bcf8
0:00:00.016335233  2732 0x5571ede80320 DEBUG   GST_REGISTRY gstregistrychunks.c:265:gst_registry_chunks_save_feature: saved 0 interfaces 0 pad templates
0:00:00.020672263  2731 0x55582c845320 TRACE   structure gststructure.c:292:gst_structure_new_id_empty_with_size: created structure 0x55582c86d910
0:00:00.020681863  2731 0x55582c845320 DEBUG   structure gststructure.c:2258:gst_structure_parse_field: trying field name 'long-name'
0:00:00.016346646  2732 0x5571ede80320 DEBUG   GST_REGISTRY gstregistrychunks.c:265:gst_registry_chunks_save_feature: saved 0 interfaces 0 pad templates
0:00:00.020687633  2731 0x55582c845320 DEBUG   default gstvalue.c:2776:_priv_gst_value_parse_value: trying type name 'string'
0:00:00.016359083  2732 0x5571ede80320 DEBUG   GST_REGISTRY gstregistrychunks.c:265:gst_registry_chunks_save_feature: saved 0 interfaces 0 pad templates
0:00:00.020697281  2731 0x55582c845320 DEBUG   structure gststructure.c:2258:gst_structure_parse_field: trying field name 'klass'
0:00:00.020705115  2731 0x55582c845320 DEBUG   default gstvalue.c:2776:_priv_gst_value_parse_value: trying type name 'string'
0:00:00.016370131  2732 0x5571ede80320 DEBUG   GST_REGISTRY gstregistrychunks.c:265:gst_registry_chunks_save_feature: saved 0 interfaces 0 pad templates
0:00:00.020711279  2731 0x55582c845320 DEBUG   structure gststructure.c:2258:gst_structure_parse_field: trying field name 'description'
0:00:00.020717370  2731 0x55582c845320 DEBUG   default gstvalue.c:2776:_priv_gst_value_parse_value: trying type name 'string'
0:00:00.016382892  2732 0x5571ede80320 DEBUG   GST_REGISTRY gstregistrychunks.c:265:gst_registry_chunks_save_feature: saved 0 interfaces 0 pad templates
0:00:00.020727281  2731 0x55582c845320 DEBUG   structure gststructure.c:2258:gst_structure_parse_field: trying field name 'author'
0:00:00.016396063  2732 0x5571ede80320 DEBUG   GST_REGISTRY gstregistrychunks.c:265:gst_registry_chunks_save_feature: saved 1 interfaces 0 pad templates
0:00:00.020733661  2731 0x55582c845320 DEBUG   default gstvalue.c:2776:_priv_gst_value_parse_value: trying type name 'string'
0:00:00.016404304  2732 0x5571ede80320 DEBUG   GST_REGISTRY gstregistrychunks.c:284:gst_registry_chunks_save_feature: Saved 1 UriTypes
0:00:00.020743149  2731 0x55582c845320 DEBUG   GST_REGISTRY gstregistrychunks.c:626:gst_registry_chunks_load_feature: Element factory : npadtemplates=2
0:00:00.020749908  2731 0x55582c845320 DEBUG   GST_REGISTRY gstregistrychunks.c:526:gst_registry_chunks_load_pad_template: Reading/casting for GstRegistryChunkPadTemplate at address 0x55582c86bde8
0:00:00.016415374  2732 0x5571ede80320 DEBUG   GST_REGISTRY gstregistrychunks.c:265:gst_registry_chunks_save_feature: saved 0 interfaces 0 pad templates
0:00:00.020758811  2731 0x55582c845320 DEBUG   GST_REGISTRY gstregistrychunks.c:539:gst_registry_chunks_load_pad_template: Added pad_template sink
0:00:00.016431128  2732 0x5571ede80320 DEBUG   GST_REGISTRY gstregistrychunks.c:265:gst_registry_chunks_save_feature: saved 0 interfaces 0 pad templates
0:00:00.020770471  2731 0x55582c845320 DEBUG   GST_REGISTRY gstregistrychunks.c:526:gst_registry_chunks_load_pad_template: Reading/casting for GstRegistryChunkPadTemplate at address 0x55582c86be00
0:00:00.020777818  2731 0x55582c845320 DEBUG   GST_REGISTRY gstregistrychunks.c:539:gst_registry_chunks_load_pad_template: Added pad_template src
0:00:00.016443167  2732 0x5571ede80320 DEBUG   GST_REGISTRY gstregistrychunks.c:265:gst_registry_chunks_save_feature: saved 0 interfaces 0 pad templates
0:00:00.020785248  2731 0x55582c845320 DEBUG   GST_REGISTRY gstregistry.c:590:gst_registry_add_feature: adding feature 0x55582c8761d0 (valve)
0:00:00.016453912  2732 0x5571ede80320 DEBUG   GST_REGISTRY gstregistrychunks.c:265:gst_registry_chunks_save_feature: saved 0 interfaces 0 pad templates
0:00:00.020793937  2731 0x55582c845320 DEBUG   GST_REFCOUNTING gstobject.c:709:gst_object_set_parent: set parent (ref and sink)
0:00:00.016464760  2732 0x5571ede80320 DEBUG   GST_REGISTRY gstregistrychunks.c:265:gst_registry_chunks_save_feature: saved 0 interfaces 0 pad templates
0:00:00.020802532  2731 0x55582c845320 TRACE   GST_REFCOUNTING gstobject.c:294:gst_object_ref_sink: 0x55582c8761d0 ref_sink 1->2
0:00:00.020812514  2731 0x55582c845320 LOG   GST_REGISTRY gstregistry.c:608:gst_registry_add_feature: emitting feature-added for valve
0:00:00.020818997  2731 0x55582c845320 DEBUG   GST_REGISTRY gstregistrychunks.c:741:gst_registry_chunks_load_feature: Added feature valve, plugin 0x55582c874cf0 coreelements
0:00:00.016485254  2732 0x5571ede80320 TRACE   GST_REFCOUNTING gstobject.c:265:gst_object_unref: 0x5571edeaa230 unref 2->1
0:00:00.020828471  2731 0x55582c845320 DEBUG   GST_REGISTRY gstregistrychunks.c:583:gst_registry_chunks_load_feature: Plugin 'coreelements' feature 'multiqueue' typename : 'GstElementFactory'
0:00:00.016496136  2732 0x5571ede80320 TRACE   GST_REFCOUNTING gstobject.c:265:gst_object_unref: 0x5571edeac0a0 unref 2->1
0:00:00.020837731  2731 0x55582c845320 TRACE   GST_REFCOUNTING gstobject.c:208:gst_object_init: 0x55582c86db60 new
0:00:00.016505268  2732 0x5571ede80320 TRACE   GST_REFCOUNTING gstobject.c:265:gst_object_unref: 0x5571edeaceb0 unref 2->1
0:00:00.020846073  2731 0x55582c845320 LOG   GST_REGISTRY gstregistrychunks.c:610:gst_registry_chunks_load_feature: Reading/casting for GstRegistryChunkElementFactory at address 0x55582c86be30
0:00:00.016515945  2732 0x5571ede80320 TRACE   GST_REFCOUNTING gstobject.c:265:gst_object_unref: 0x5571edeadd90 unref 2->1
0:00:00.020852837  2731 0x55582c845320 TRACE   structure gststructure.c:292:gst_structure_new_id_empty_with_size: created structure 0x55582c86dd90
0:00:00.016525892  2732 0x5571ede80320 TRACE   GST_REFCOUNTING gstobject.c:265:gst_object_unref: 0x5571edeafcb0 unref 2->1
0:00:00.020864392  2731 0x55582c845320 DEBUG   structure gststructure.c:2258:gst_structure_parse_field: trying field name 'long-name'
0:00:00.016534705  2732 0x5571ede80320 TRACE   GST_REFCOUNTING gstobject.c:265:gst_object_unref: 0x5571edeb0ce0 unref 2->1
0:00:00.020876141  2731 0x55582c845320 DEBUG   default gstvalue.c:2776:_priv_gst_value_parse_value: trying type name 'string'
0:00:00.016544082  2732 0x5571ede80320 TRACE   GST_REFCOUNTING gstobject.c:265:gst_object_unref: 0x5571edeb2930 unref 2->1
0:00:00.020883674  2731 0x55582c845320 DEBUG   structure gststructure.c:2258:gst_structure_parse_field: trying field name 'klass'
0:00:00.016554672  2732 0x5571ede80320 TRACE   GST_REFCOUNTING gstobject.c:265:gst_object_unref: 0x5571edeb4f70 unref 2->1
0:00:00.020891376  2731 0x55582c845320 DEBUG   default gstvalue.c:2776:_priv_gst_value_parse_value: trying type name 'string'
0:00:00.016564732  2732 0x5571ede80320 TRACE   GST_REFCOUNTING gstobject.c:265:gst_object_unref: 0x5571edeb7420 unref 2->1
0:00:00.020904032  2731 0x55582c845320 DEBUG   structure gststructure.c:2258:gst_structure_parse_field: trying field name 'description'
0:00:00.016573205  2732 0x5571ede80320 TRACE   GST_REFCOUNTING gstobject.c:265:gst_object_unref: 0x5571edeb8280 unref 2->1
0:00:00.020910927  2731 0x55582c845320 DEBUG   default gstvalue.c:2776:_priv_gst_value_parse_value: trying type name 'string'
0:00:00.020920104  2731 0x55582c845320 DEBUG   structure gststructure.c:2258:gst_structure_parse_field: trying field name 'author'
0:00:00.020926039  2731 0x55582c845320 DEBUG   default gstvalue.c:2776:_priv_gst_value_parse_value: trying type name 'string'
0:00:00.016581837  2732 0x5571ede80320 TRACE   GST_REFCOUNTING gstobject.c:265:gst_object_unref: 0x5571edeb9060 unref 2->1
0:00:00.020935797  2731 0x55582c845320 DEBUG   GST_REGISTRY gstregistrychunks.c:626:gst_registry_chunks_load_feature: Element factory : npadtemplates=2
0:00:00.016604909  2732 0x5571ede80320 TRACE   GST_REFCOUNTING gstobject.c:265:gst_object_unref: 0x5571edeb9dd0 unref 2->1
0:00:00.020942594  2731 0x55582c845320 DEBUG   GST_REGISTRY gstregistrychunks.c:526:gst_registry_chunks_load_pad_template: Reading/casting for GstRegistryChunkPadTemplate at address 0x55582c86bef0
0:00:00.016614566  2732 0x5571ede80320 TRACE   GST_REFCOUNTING gstobject.c:265:gst_object_unref: 0x5571edebb340 unref 2->1
0:00:00.020951621  2731 0x55582c845320 DEBUG   GST_REGISTRY gstregistrychunks.c:539:gst_registry_chunks_load_pad_template: Added pad_template src_%u
0:00:00.016624037  2732 0x5571ede80320 TRACE   GST_REFCOUNTING gstobject.c:265:gst_object_unref: 0x5571edebc550 unref 2->1
0:00:00.020964556  2731 0x55582c845320 DEBUG   GST_REGISTRY gstregistrychunks.c:526:gst_registry_chunks_load_pad_template: Reading/casting for GstRegistryChunkPadTemplate at address 0x55582c86bf08
0:00:00.016633597  2732 0x5571ede80320 TRACE   GST_REFCOUNTING gstobject.c:265:gst_object_unref: 0x5571edebd710 unref 2->1
0:00:00.020973972  2731 0x55582c845320 DEBUG   GST_REGISTRY gstregistrychunks.c:539:gst_registry_chunks_load_pad_template: Added pad_template sink_%u
0:00:00.016644844  2732 0x5571ede80320 TRACE   GST_REFCOUNTING gstobject.c:265:gst_object_unref: 0x5571edebf9f0 unref 2->1
0:00:00.020988284  2731 0x55582c845320 DEBUG   GST_REGISTRY gstregistry.c:590:gst_registry_add_feature: adding feature 0x55582c86db60 (multiqueue)
0:00:00.016654853  2732 0x5571ede80320 TRACE   GST_REFCOUNTING gstobject.c:265:gst_object_unref: 0x5571edec1290 unref 2->1
0:00:00.020994941  2731 0x55582c845320 DEBUG   GST_REFCOUNTING gstobject.c:709:gst_object_set_parent: set parent (ref and sink)
0:00:00.016664133  2732 0x5571ede80320 TRACE   GST_REFCOUNTING gstobject.c:265:gst_object_unref: 0x5571edec2710 unref 2->1
0:00:00.021005756  2731 0x55582c845320 TRACE   GST_REFCOUNTING gstobject.c:294:gst_object_ref_sink: 0x55582c86db60 ref_sink 1->2
0:00:00.016672894  2732 0x5571ede80320 TRACE   GST_REFCOUNTING gstobject.c:265:gst_object_unref: 0x5571edec3af0 unref 2->1
0:00:00.021013520  2731 0x55582c845320 LOG   GST_REGISTRY gstregistry.c:608:gst_registry_add_feature: emitting feature-added for multiqueue
0:00:00.016683993  2732 0x5571ede80320 TRACE   GST_REFCOUNTING gstobject.c:265:gst_object_unref: 0x5571edec4ae0 unref 2->1
0:00:00.021021710  2731 0x55582c845320 DEBUG   GST_REGISTRY gstregistrychunks.c:741:gst_registry_chunks_load_feature: Added feature multiqueue, plugin 0x55582c874cf0 coreelements
0:00:00.016694340  2732 0x5571ede80320 TRACE   GST_REFCOUNTING gstobject.c:265:gst_object_unref: 0x5571edec65c0 unref 2->1
0:00:00.021031528  2731 0x55582c845320 DEBUG   GST_REGISTRY gstregistrychunks.c:583:gst_registry_chunks_load_feature: Plugin 'coreelements' feature 'typefind' typename : 'GstElementFactory'
0:00:00.016703729  2732 0x5571ede80320 TRACE   GST_REFCOUNTING gstobject.c:265:gst_object_unref: 0x5571edec77c0 unref 2->1
0:00:00.021045118  2731 0x55582c845320 TRACE   GST_REFCOUNTING gstobject.c:208:gst_object_init: 0x55582c86e040 new
0:00:00.016714837  2732 0x5571ede80320 DEBUG   GST_REGISTRY gstregistrychunks.c:498:_priv_gst_registry_chunks_save_plugin: Found 22 features in plugin 0x5571edea9bd0 (coreelements)
0:00:00.021054241  2731 0x55582c845320 LOG   GST_REGISTRY gstregistrychunks.c:610:gst_registry_chunks_load_feature: Reading/casting for GstRegistryChunkElementFactory at address 0x55582c86bf38
0:00:00.016726049  2732 0x5571ede80320 DEBUG   GST_POLL gstpoll.c:980:gst_poll_fd_ctl_write: 0x5571edea4cf0: fd (fd:0, idx:1), active : 1
0:00:00.021063036  2731 0x55582c845320 TRACE   structure gststructure.c:292:gst_structure_new_id_empty_with_size: created structure 0x55582c86e270
0:00:00.016734953  2732 0x5571ede80320 LOG   GST_POLL gstpoll.c:994:gst_poll_fd_ctl_write: 0x5571edea4cf0: pfd->events now 60 (POLLOUT:4)
0:00:00.021071937  2731 0x55582c845320 DEBUG   structure gststructure.c:2258:gst_structure_parse_field: trying field name 'long-name'
0:00:00.016743528  2732 0x5571ede80320 DEBUG   GST_POLL gstpoll.c:980:gst_poll_fd_ctl_write: 0x5571edea4cf0: fd (fd:0, idx:1), active : 1
0:00:00.021082474  2731 0x55582c845320 DEBUG   default gstvalue.c:2776:_priv_gst_value_parse_value: trying type name 'string'
0:00:00.016751330  2732 0x5571ede80320 LOG   GST_POLL gstpoll.c:994:gst_poll_fd_ctl_write: 0x5571edea4cf0: pfd->events now 60 (POLLOUT:4)
0:00:00.021096928  2731 0x55582c845320 DEBUG   structure gststructure.c:2258:gst_structure_parse_field: trying field name 'klass'
0:00:00.016765705  2732 0x5571ede80320 DEBUG   GST_POLL gstpoll.c:980:gst_poll_fd_ctl_write: 0x5571edea4cf0: fd (fd:0, idx:1), active : 1
0:00:00.021103329  2731 0x55582c845320 DEBUG   default gstvalue.c:2776:_priv_gst_value_parse_value: trying type name 'string'
0:00:00.016773882  2732 0x5571ede80320 LOG   GST_POLL gstpoll.c:994:gst_poll_fd_ctl_write: 0x5571edea4cf0: pfd->events now 60 (POLLOUT:4)
0:00:00.021111891  2731 0x55582c845320 DEBUG   structure gststructure.c:2258:gst_structure_parse_field: trying field name 'description'
0:00:00.016782728  2732 0x5571ede80320 DEBUG   GST_POLL gstpoll.c:980:gst_poll_fd_ctl_write: 0x5571edea4cf0: fd (fd:0, idx:1), active : 1
0:00:00.021122710  2731 0x55582c845320 DEBUG   default gstvalue.c:2776:_priv_gst_value_parse_value: trying type name 'string'
0:00:00.016790781  2732 0x5571ede80320 LOG   GST_POLL gstpoll.c:994:gst_poll_fd_ctl_write: 0x5571edea4cf0: pfd->events now 60 (POLLOUT:4)
0:00:00.016801165  2732 0x5571ede80320 DEBUG   GST_POLL gstpoll.c:980:gst_poll_fd_ctl_write: 0x5571edea4cf0: fd (fd:0, idx:1), active : 1
0:00:00.021131413  2731 0x55582c845320 DEBUG   structure gststructure.c:2258:gst_structure_parse_field: trying field name 'author'
0:00:00.016808295  2732 0x5571ede80320 LOG   GST_POLL gstpoll.c:994:gst_poll_fd_ctl_write: 0x5571edea4cf0: pfd->events now 60 (POLLOUT:4)
0:00:00.021146456  2731 0x55582c845320 DEBUG   default gstvalue.c:2776:_priv_gst_value_parse_value: trying type name 'string'
0:00:00.016816234  2732 0x5571ede80320 DEBUG   GST_POLL gstpoll.c:980:gst_poll_fd_ctl_write: 0x5571edea4cf0: fd (fd:0, idx:1), active : 1
0:00:00.021155277  2731 0x55582c845320 DEBUG   GST_REGISTRY gstregistrychunks.c:626:gst_registry_chunks_load_feature: Element factory : npadtemplates=2
0:00:00.016824245  2732 0x5571ede80320 LOG   GST_POLL gstpoll.c:994:gst_poll_fd_ctl_write: 0x5571edea4cf0: pfd->events now 60 (POLLOUT:4)
0:00:00.021163957  2731 0x55582c845320 DEBUG   GST_REGISTRY gstregistrychunks.c:526:gst_registry_chunks_load_pad_template: Reading/casting for GstRegistryChunkPadTemplate at address 0x55582c86c010
0:00:00.016834810  2732 0x5571ede80320 DEBUG   GST_POLL gstpoll.c:980:gst_poll_fd_ctl_write: 0x5571edea4cf0: fd (fd:0, idx:1), active : 1
0:00:00.021171689  2731 0x55582c845320 DEBUG   GST_REGISTRY gstregistrychunks.c:539:gst_registry_chunks_load_pad_template: Added pad_template sink
0:00:00.016843028  2732 0x5571ede80320 LOG   GST_POLL gstpoll.c:994:gst_poll_fd_ctl_write: 0x5571edea4cf0: pfd->events now 60 (POLLOUT:4)
0:00:00.021180335  2731 0x55582c845320 DEBUG   GST_REGISTRY gstregistrychunks.c:526:gst_registry_chunks_load_pad_template: Reading/casting for GstRegistryChunkPadTemplate at address 0x55582c86c028
0:00:00.016851416  2732 0x5571ede80320 DEBUG   GST_POLL gstpoll.c:980:gst_poll_fd_ctl_write: 0x5571edea4cf0: fd (fd:0, idx:1), active : 1
0:00:00.021188683  2731 0x55582c845320 DEBUG   GST_REGISTRY gstregistrychunks.c:539:gst_registry_chunks_load_pad_template: Added pad_template src
0:00:00.016868037  2732 0x5571ede80320 LOG   GST_POLL gstpoll.c:994:gst_poll_fd_ctl_write: 0x5571edea4cf0: pfd->events now 60 (POLLOUT:4)
0:00:00.021209096  2731 0x55582c845320 DEBUG   GST_REGISTRY gstregistry.c:590:gst_registry_add_feature: adding feature 0x55582c86e040 (typefind)
0:00:00.016879045  2732 0x5571ede80320 DEBUG   GST_POLL gstpoll.c:980:gst_poll_fd_ctl_write: 0x5571edea4cf0: fd (fd:0, idx:1), active : 1
0:00:00.021216930  2731 0x55582c845320 DEBUG   GST_REFCOUNTING gstobject.c:709:gst_object_set_parent: set parent (ref and sink)
0:00:00.016887617  2732 0x5571ede80320 LOG   GST_POLL gstpoll.c:994:gst_poll_fd_ctl_write: 0x5571edea4cf0: pfd->events now 60 (POLLOUT:4)
0:00:00.021226212  2731 0x55582c845320 TRACE   GST_REFCOUNTING gstobject.c:294:gst_object_ref_sink: 0x55582c86e040 ref_sink 1->2
0:00:00.016895681  2732 0x5571ede80320 DEBUG   GST_POLL gstpoll.c:980:gst_poll_fd_ctl_write: 0x5571edea4cf0: fd (fd:0, idx:1), active : 1
0:00:00.021233667  2731 0x55582c845320 LOG   GST_REGISTRY gstregistry.c:608:gst_registry_add_feature: emitting feature-added for typefind
0:00:00.016903609  2732 0x5571ede80320 LOG   GST_POLL gstpoll.c:994:gst_poll_fd_ctl_write: 0x5571edea4cf0: pfd->events now 60 (POLLOUT:4)
0:00:00.016929086  2732 0x5571ede80320 DEBUG   GST_POLL gstpoll.c:980:gst_poll_fd_ctl_write: 0x5571edea4cf0: fd (fd:0, idx:1), active : 1
0:00:00.021244133  2731 0x55582c845320 DEBUG   GST_REGISTRY gstregistrychunks.c:741:gst_registry_chunks_load_feature: Added feature typefind, plugin 0x55582c874cf0 coreelements
0:00:00.016943604  2732 0x5571ede80320 LOG   GST_POLL gstpoll.c:994:gst_poll_fd_ctl_write: 0x5571edea4cf0: pfd->events now 60 (POLLOUT:4)
0:00:00.021284614  2731 0x55582c845320 DEBUG   GST_REGISTRY gstregistrychunks.c:583:gst_registry_chunks_load_feature: Plugin 'coreelements' feature 'tee' typename : 'GstElementFactory'
0:00:00.016956247  2732 0x5571ede80320 DEBUG   GST_POLL gstpoll.c:980:gst_poll_fd_ctl_write: 0x5571edea4cf0: fd (fd:0, idx:1), active : 1
0:00:00.021296336  2731 0x55582c845320 TRACE   GST_REFCOUNTING gstobject.c:208:gst_object_init: 0x55582c86e510 new
0:00:00.016967168  2732 0x5571ede80320 LOG   GST_POLL gstpoll.c:994:gst_poll_fd_ctl_write: 0x5571edea4cf0: pfd->events now 60 (POLLOUT:4)
0:00:00.021307107  2731 0x55582c845320 LOG   GST_REGISTRY gstregistrychunks.c:610:gst_registry_chunks_load_feature: Reading/casting for GstRegistryChunkElementFactory at address 0x55582c86c050
0:00:00.016976030  2732 0x5571ede80320 DEBUG   GST_POLL gstpoll.c:980:gst_poll_fd_ctl_write: 0x5571edea4cf0: fd (fd:0, idx:1), active : 1
0:00:00.021315865  2731 0x55582c845320 TRACE   structure gststructure.c:292:gst_structure_new_id_empty_with_size: created structure 0x55582c86e890
0:00:00.016984170  2732 0x5571ede80320 LOG   GST_POLL gstpoll.c:994:gst_poll_fd_ctl_write: 0x5571edea4cf0: pfd->events now 60 (POLLOUT:4)
0:00:00.021322586  2731 0x55582c845320 DEBUG   structure gststructure.c:2258:gst_structure_parse_field: trying field name 'long-name'
0:00:00.016998855  2732 0x5571ede80320 DEBUG   GST_POLL gstpoll.c:980:gst_poll_fd_ctl_write: 0x5571edea4cf0: fd (fd:0, idx:1), active : 1
0:00:00.021335778  2731 0x55582c845320 DEBUG   default gstvalue.c:2776:_priv_gst_value_parse_value: trying type name 'string'
0:00:00.017009147  2732 0x5571ede80320 LOG   GST_POLL gstpoll.c:994:gst_poll_fd_ctl_write: 0x5571edea4cf0: pfd->events now 60 (POLLOUT:4)
0:00:00.021348679  2731 0x55582c845320 DEBUG   structure gststructure.c:2258:gst_structure_parse_field: trying field name 'klass'
0:00:00.017017607  2732 0x5571ede80320 DEBUG   GST_POLL gstpoll.c:980:gst_poll_fd_ctl_write: 0x5571edea4cf0: fd (fd:0, idx:1), active : 1
0:00:00.021356338  2731 0x55582c845320 DEBUG   default gstvalue.c:2776:_priv_gst_value_parse_value: trying type name 'string'
0:00:00.017025279  2732 0x5571ede80320 LOG   GST_POLL gstpoll.c:994:gst_poll_fd_ctl_write: 0x5571edea4cf0: pfd->events now 60 (POLLOUT:4)
0:00:00.021363655  2731 0x55582c845320 DEBUG   structure gststructure.c:2258:gst_structure_parse_field: trying field name 'description'
0:00:00.017033418  2732 0x5571ede80320 DEBUG   GST_POLL gstpoll.c:980:gst_poll_fd_ctl_write: 0x5571edea4cf0: fd (fd:0, idx:1), active : 1
0:00:00.021370514  2731 0x55582c845320 DEBUG   default gstvalue.c:2776:_priv_gst_value_parse_value: trying type name 'string'
0:00:00.017042939  2732 0x5571ede80320 LOG   GST_POLL gstpoll.c:994:gst_poll_fd_ctl_write: 0x5571edea4cf0: pfd->events now 60 (POLLOUT:4)
0:00:00.021382142  2731 0x55582c845320 DEBUG   structure gststructure.c:2258:gst_structure_parse_field: trying field name 'author'
0:00:00.017051960  2732 0x5571ede80320 DEBUG   GST_POLL gstpoll.c:980:gst_poll_fd_ctl_write: 0x5571edea4cf0: fd (fd:0, idx:1), active : 1
0:00:00.021389811  2731 0x55582c845320 DEBUG   default gstvalue.c:2776:_priv_gst_value_parse_value: trying type name 'string'
0:00:00.017060372  2732 0x5571ede80320 LOG   GST_POLL gstpoll.c:994:gst_poll_fd_ctl_write: 0x5571edea4cf0: pfd->events now 60 (POLLOUT:4)
0:00:00.021399475  2731 0x55582c845320 DEBUG   GST_REGISTRY gstregistrychunks.c:626:gst_registry_chunks_load_feature: Element factory : npadtemplates=2
0:00:00.017068562  2732 0x5571ede80320 DEBUG   GST_POLL gstpoll.c:980:gst_poll_fd_ctl_write: 0x5571edea4cf0: fd (fd:0, idx:1), active : 1
0:00:00.021405618  2731 0x55582c845320 DEBUG   GST_REGISTRY gstregistrychunks.c:526:gst_registry_chunks_load_pad_template: Reading/casting for GstRegistryChunkPadTemplate at address 0x55582c86c140
0:00:00.017078307  2732 0x5571ede80320 LOG   GST_POLL gstpoll.c:994:gst_poll_fd_ctl_write: 0x5571edea4cf0: pfd->events now 60 (POLLOUT:4)
0:00:00.021416535  2731 0x55582c845320 DEBUG   GST_REGISTRY gstregistrychunks.c:539:gst_registry_chunks_load_pad_template: Added pad_template src_%u
0:00:00.017086967  2732 0x5571ede80320 DEBUG   GST_POLL gstpoll.c:980:gst_poll_fd_ctl_write: 0x5571edea4cf0: fd (fd:0, idx:1), active : 1
0:00:00.021424546  2731 0x55582c845320 DEBUG   GST_REGISTRY gstregistrychunks.c:526:gst_registry_chunks_load_pad_template: Reading/casting for GstRegistryChunkPadTemplate at address 0x55582c86c158
0:00:00.017094631  2732 0x5571ede80320 LOG   GST_POLL gstpoll.c:994:gst_poll_fd_ctl_write: 0x5571edea4cf0: pfd->events now 60 (POLLOUT:4)
0:00:00.021438758  2731 0x55582c845320 DEBUG   GST_REGISTRY gstregistrychunks.c:539:gst_registry_chunks_load_pad_template: Added pad_template sink
0:00:00.017106741  2732 0x5571ede80320 DEBUG   GST_POLL gstpoll.c:980:gst_poll_fd_ctl_write: 0x5571edea4cf0: fd (fd:0, idx:1), active : 1
0:00:00.021446955  2731 0x55582c845320 DEBUG   GST_REGISTRY gstregistry.c:590:gst_registry_add_feature: adding feature 0x55582c86e510 (tee)
0:00:00.017116524  2732 0x5571ede80320 LOG   GST_POLL gstpoll.c:994:gst_poll_fd_ctl_write: 0x5571edea4cf0: pfd->events now 60 (POLLOUT:4)
0:00:00.021455318  2731 0x55582c845320 DEBUG   GST_REFCOUNTING gstobject.c:709:gst_object_set_parent: set parent (ref and sink)
0:00:00.017124978  2732 0x5571ede80320 DEBUG   GST_POLL gstpoll.c:980:gst_poll_fd_ctl_write: 0x5571edea4cf0: fd (fd:0, idx:1), active : 1
0:00:00.021464613  2731 0x55582c845320 TRACE   GST_REFCOUNTING gstobject.c:294:gst_object_ref_sink: 0x55582c86e510 ref_sink 1->2
0:00:00.017132858  2732 0x5571ede80320 LOG   GST_POLL gstpoll.c:994:gst_poll_fd_ctl_write: 0x5571edea4cf0: pfd->events now 60 (POLLOUT:4)
0:00:00.021471877  2731 0x55582c845320 LOG   GST_REGISTRY gstregistry.c:608:gst_registry_add_feature: emitting feature-added for tee
0:00:00.017140567  2732 0x5571ede80320 DEBUG   GST_POLL gstpoll.c:980:gst_poll_fd_ctl_write: 0x5571edea4cf0: fd (fd:0, idx:1), active : 1
0:00:00.021478579  2731 0x55582c845320 DEBUG   GST_REGISTRY gstregistrychunks.c:741:gst_registry_chunks_load_feature: Added feature tee, plugin 0x55582c874cf0 coreelements
0:00:00.017150367  2732 0x5571ede80320 LOG   GST_POLL gstpoll.c:994:gst_poll_fd_ctl_write: 0x5571edea4cf0: pfd->events now 60 (POLLOUT:4)
0:00:00.021489584  2731 0x55582c845320 DEBUG   GST_REGISTRY gstregistrychunks.c:583:gst_registry_chunks_load_feature: Plugin 'coreelements' feature 'filesink' typename : 'GstElementFactory'
0:00:00.017158810  2732 0x5571ede80320 DEBUG   GST_POLL gstpoll.c:980:gst_poll_fd_ctl_write: 0x5571edea4cf0: fd (fd:0, idx:1), active : 1
0:00:00.021498819  2731 0x55582c845320 TRACE   GST_REFCOUNTING gstobject.c:208:gst_object_init: 0x55582c86ea40 new
0:00:00.017166647  2732 0x5571ede80320 LOG   GST_POLL gstpoll.c:994:gst_poll_fd_ctl_write: 0x5571edea4cf0: pfd->events now 60 (POLLOUT:4)
0:00:00.021507344  2731 0x55582c845320 LOG   GST_REGISTRY gstregistrychunks.c:610:gst_registry_chunks_load_feature: Reading/casting for GstRegistryChunkElementFactory at address 0x55582c86c188
0:00:00.017174456  2732 0x5571ede80320 DEBUG   GST_POLL gstpoll.c:980:gst_poll_fd_ctl_write: 0x5571edea4cf0: fd (fd:0, idx:1), active : 1
0:00:00.021514013  2731 0x55582c845320 TRACE   structure gststructure.c:292:gst_structure_new_id_empty_with_size: created structure 0x55582c86ed40
0:00:00.017183825  2732 0x5571ede80320 LOG   GST_POLL gstpoll.c:994:gst_poll_fd_ctl_write: 0x5571edea4cf0: pfd->events now 60 (POLLOUT:4)
0:00:00.021522221  2731 0x55582c845320 DEBUG   structure gststructure.c:2258:gst_structure_parse_field: trying field name 'long-name'
0:00:00.017200450  2732 0x5571ede80320 DEBUG   GST_POLL gstpoll.c:980:gst_poll_fd_ctl_write: 0x5571edea4cf0: fd (fd:0, idx:1), active : 1
0:00:00.021538442  2731 0x55582c845320 DEBUG   default gstvalue.c:2776:_priv_gst_value_parse_value: trying type name 'string'
0:00:00.017208579  2732 0x5571ede80320 LOG   GST_POLL gstpoll.c:994:gst_poll_fd_ctl_write: 0x5571edea4cf0: pfd->events now 60 (POLLOUT:4)
0:00:00.021547154  2731 0x55582c845320 DEBUG   structure gststructure.c:2258:gst_structure_parse_field: trying field name 'klass'
0:00:00.017216583  2732 0x5571ede80320 DEBUG   GST_POLL gstpoll.c:980:gst_poll_fd_ctl_write: 0x5571edea4cf0: fd (fd:0, idx:1), active : 1
0:00:00.021553991  2731 0x55582c845320 DEBUG   default gstvalue.c:2776:_priv_gst_value_parse_value: trying type name 'string'
0:00:00.017226238  2732 0x5571ede80320 LOG   GST_POLL gstpoll.c:994:gst_poll_fd_ctl_write: 0x5571edea4cf0: pfd->events now 60 (POLLOUT:4)
0:00:00.021565411  2731 0x55582c845320 DEBUG   structure gststructure.c:2258:gst_structure_parse_field: trying field name 'description'
0:00:00.017234718  2732 0x5571ede80320 DEBUG   GST_POLL gstpoll.c:980:gst_poll_fd_ctl_write: 0x5571edea4cf0: fd (fd:0, idx:1), active : 1
0:00:00.021572657  2731 0x55582c845320 DEBUG   default gstvalue.c:2776:_priv_gst_value_parse_value: trying type name 'string'
0:00:00.017243032  2732 0x5571ede80320 LOG   GST_POLL gstpoll.c:994:gst_poll_fd_ctl_write: 0x5571edea4cf0: pfd->events now 60 (POLLOUT:4)
0:00:00.021581620  2731 0x55582c845320 DEBUG   structure gststructure.c:2258:gst_structure_parse_field: trying field name 'author'
0:00:00.017251547  2732 0x5571ede80320 DEBUG   GST_POLL gstpoll.c:980:gst_poll_fd_ctl_write: 0x5571edea4cf0: fd (fd:0, idx:1), active : 1
0:00:00.021588828  2731 0x55582c845320 DEBUG   default gstvalue.c:2776:_priv_gst_value_parse_value: trying type name 'string'
0:00:00.017261129  2732 0x5571ede80320 LOG   GST_POLL gstpoll.c:994:gst_poll_fd_ctl_write: 0x5571edea4cf0: pfd->events now 60 (POLLOUT:4)
0:00:00.021603874  2731 0x55582c845320 DEBUG   GST_REGISTRY gstregistrychunks.c:626:gst_registry_chunks_load_feature: Element factory : npadtemplates=1
0:00:00.017269794  2732 0x5571ede80320 DEBUG   GST_POLL gstpoll.c:980:gst_poll_fd_ctl_write: 0x5571edea4cf0: fd (fd:0, idx:1), active : 1
0:00:00.021611188  2731 0x55582c845320 DEBUG   GST_REGISTRY gstregistrychunks.c:526:gst_registry_chunks_load_pad_template: Reading/casting for GstRegistryChunkPadTemplate at address 0x55582c86c268
0:00:00.017278456  2732 0x5571ede80320 LOG   GST_POLL gstpoll.c:994:gst_poll_fd_ctl_write: 0x5571edea4cf0: pfd->events now 60 (POLLOUT:4)
0:00:00.021618055  2731 0x55582c845320 DEBUG   GST_REGISTRY gstregistrychunks.c:539:gst_registry_chunks_load_pad_template: Added pad_template sink
0:00:00.017287370  2732 0x5571ede80320 DEBUG   GST_POLL gstpoll.c:980:gst_poll_fd_ctl_write: 0x5571edea4cf0: fd (fd:0, idx:1), active : 1
0:00:00.021630812  2731 0x55582c845320 DEBUG   GST_REGISTRY gstregistrychunks.c:639:gst_registry_chunks_load_feature: Reading 1 UriTypes at address 0x55582c86c279
0:00:00.017297392  2732 0x5571ede80320 LOG   GST_POLL gstpoll.c:994:gst_poll_fd_ctl_write: 0x5571edea4cf0: pfd->events now 60 (POLLOUT:4)
0:00:00.021649145  2731 0x55582c845320 DEBUG   GST_REGISTRY gstregistrychunks.c:654:gst_registry_chunks_load_feature: Reading 1 Interfaces at address 0x55582c86c289
0:00:00.017315078  2732 0x5571ede80320 DEBUG   GST_POLL gstpoll.c:980:gst_poll_fd_ctl_write: 0x5571edea4cf0: fd (fd:0, idx:1), active : 1
0:00:00.021659064  2731 0x55582c845320 DEBUG   GST_REGISTRY gstregistry.c:590:gst_registry_add_feature: adding feature 0x55582c86ea40 (filesink)
0:00:00.017323741  2732 0x5571ede80320 LOG   GST_POLL gstpoll.c:994:gst_poll_fd_ctl_write: 0x5571edea4cf0: pfd->events now 60 (POLLOUT:4)
0:00:00.021665878  2731 0x55582c845320 DEBUG   GST_REFCOUNTING gstobject.c:709:gst_object_set_parent: set parent (ref and sink)
0:00:00.017333144  2732 0x5571ede80320 DEBUG   GST_POLL gstpoll.c:980:gst_poll_fd_ctl_write: 0x5571edea4cf0: fd (fd:0, idx:1), active : 1
0:00:00.021692150  2731 0x55582c845320 TRACE   GST_REFCOUNTING gstobject.c:294:gst_object_ref_sink: 0x55582c86ea40 ref_sink 1->2
0:00:00.017365889  2732 0x5571ede80320 LOG   GST_POLL gstpoll.c:994:gst_poll_fd_ctl_write: 0x5571edea4cf0: pfd->events now 60 (POLLOUT:4)
0:00:00.021702946  2731 0x55582c845320 LOG   GST_REGISTRY gstregistry.c:608:gst_registry_add_feature: emitting feature-added for filesink
0:00:00.017374861  2732 0x5571ede80320 DEBUG   GST_POLL gstpoll.c:980:gst_poll_fd_ctl_write: 0x5571edea4cf0: fd (fd:0, idx:1), active : 1
0:00:00.021713184  2731 0x55582c845320 DEBUG   GST_REGISTRY gstregistrychunks.c:741:gst_registry_chunks_load_feature: Added feature filesink, plugin 0x55582c874cf0 coreelements
0:00:00.017383204  2732 0x5571ede80320 LOG   GST_POLL gstpoll.c:994:gst_poll_fd_ctl_write: 0x5571edea4cf0: pfd->events now 60 (POLLOUT:4)
0:00:00.021721277  2731 0x55582c845320 DEBUG   GST_REGISTRY gstregistrychunks.c:583:gst_registry_chunks_load_feature: Plugin 'coreelements' feature 'queue2' typename : 'GstElementFactory'
0:00:00.017391114  2732 0x5571ede80320 DEBUG   GST_POLL gstpoll.c:980:gst_poll_fd_ctl_write: 0x5571edea4cf0: fd (fd:0, idx:1), active : 1
0:00:00.021732593  2731 0x55582c845320 TRACE   GST_REFCOUNTING gstobject.c:208:gst_object_init: 0x55582c86f300 new
0:00:00.017401035  2732 0x5571ede80320 LOG   GST_POLL gstpoll.c:994:gst_poll_fd_ctl_write: 0x5571edea4cf0: pfd->events now 60 (POLLOUT:4)
0:00:00.021742152  2731 0x55582c845320 LOG   GST_REGISTRY gstregistrychunks.c:610:gst_registry_chunks_load_feature: Reading/casting for GstRegistryChunkElementFactory at address 0x55582c86c2b0
0:00:00.017409285  2732 0x5571ede80320 DEBUG   GST_POLL gstpoll.c:980:gst_poll_fd_ctl_write: 0x5571edea4cf0: fd (fd:0, idx:1), active : 1
0:00:00.021749663  2731 0x55582c845320 TRACE   structure gststructure.c:292:gst_structure_new_id_empty_with_size: created structure 0x55582c86f530
0:00:00.017417168  2732 0x5571ede80320 LOG   GST_POLL gstpoll.c:994:gst_poll_fd_ctl_write: 0x5571edea4cf0: pfd->events now 60 (POLLOUT:4)
0:00:00.021755777  2731 0x55582c845320 DEBUG   structure gststructure.c:2258:gst_structure_parse_field: trying field name 'long-name'
0:00:00.017433193  2732 0x5571ede80320 DEBUG   GST_POLL gstpoll.c:980:gst_poll_fd_ctl_write: 0x5571edea4cf0: fd (fd:0, idx:1), active : 1
0:00:00.021772249  2731 0x55582c845320 DEBUG   default gstvalue.c:2776:_priv_gst_value_parse_value: trying type name 'string'
0:00:00.017443869  2732 0x5571ede80320 LOG   GST_POLL gstpoll.c:994:gst_poll_fd_ctl_write: 0x5571edea4cf0: pfd->events now 60 (POLLOUT:4)
0:00:00.021782141  2731 0x55582c845320 DEBUG   structure gststructure.c:2258:gst_structure_parse_field: trying field name 'klass'
0:00:00.017452646  2732 0x5571ede80320 DEBUG   GST_POLL gstpoll.c:980:gst_poll_fd_ctl_write: 0x5571edea4cf0: fd (fd:0, idx:1), active : 1
0:00:00.021789958  2731 0x55582c845320 DEBUG   default gstvalue.c:2776:_priv_gst_value_parse_value: trying type name 'string'
0:00:00.017460794  2732 0x5571ede80320 LOG   GST_POLL gstpoll.c:994:gst_poll_fd_ctl_write: 0x5571edea4cf0: pfd->events now 60 (POLLOUT:4)
0:00:00.021798925  2731 0x55582c845320 DEBUG   structure gststructure.c:2258:gst_structure_parse_field: trying field name 'description'
0:00:00.017469296  2732 0x5571ede80320 DEBUG   GST_POLL gstpoll.c:980:gst_poll_fd_ctl_write: 0x5571edea4cf0: fd (fd:0, idx:1), active : 1
0:00:00.021808910  2731 0x55582c845320 DEBUG   default gstvalue.c:2776:_priv_gst_value_parse_value: trying type name 'string'
0:00:00.017480387  2732 0x5571ede80320 LOG   GST_POLL gstpoll.c:994:gst_poll_fd_ctl_write: 0x5571edea4cf0: pfd->events now 60 (POLLOUT:4)
0:00:00.021819022  2731 0x55582c845320 DEBUG   structure gststructure.c:2258:gst_structure_parse_field: trying field name 'author'
0:00:00.017489626  2732 0x5571ede80320 DEBUG   GST_POLL gstpoll.c:980:gst_poll_fd_ctl_write: 0x5571edea4cf0: fd (fd:0, idx:1), active : 1
0:00:00.021827166  2731 0x55582c845320 DEBUG   default gstvalue.c:2776:_priv_gst_value_parse_value: trying type name 'string'
0:00:00.017497736  2732 0x5571ede80320 LOG   GST_POLL gstpoll.c:994:gst_poll_fd_ctl_write: 0x5571edea4cf0: pfd->events now 60 (POLLOUT:4)
0:00:00.021836725  2731 0x55582c845320 DEBUG   GST_REGISTRY gstregistrychunks.c:626:gst_registry_chunks_load_feature: Element factory : npadtemplates=2
0:00:00.017506261  2732 0x5571ede80320 DEBUG   GST_POLL gstpoll.c:980:gst_poll_fd_ctl_write: 0x5571edea4cf0: fd (fd:0, idx:1), active : 1
0:00:00.021845693  2731 0x55582c845320 DEBUG   GST_REGISTRY gstregistrychunks.c:526:gst_registry_chunks_load_pad_template: Reading/casting for GstRegistryChunkPadTemplate at address 0x55582c86c3a0
0:00:00.017517551  2732 0x5571ede80320 LOG   GST_POLL gstpoll.c:994:gst_poll_fd_ctl_write: 0x5571edea4cf0: pfd->events now 60 (POLLOUT:4)
0:00:00.021855091  2731 0x55582c845320 DEBUG   GST_REGISTRY gstregistrychunks.c:539:gst_registry_chunks_load_pad_template: Added pad_template sink
0:00:00.017527065  2732 0x5571ede80320 DEBUG   GST_POLL gstpoll.c:980:gst_poll_fd_ctl_write: 0x5571edea4cf0: fd (fd:0, idx:1), active : 1
0:00:00.021864194  2731 0x55582c845320 DEBUG   GST_REGISTRY gstregistrychunks.c:526:gst_registry_chunks_load_pad_template: Reading/casting for GstRegistryChunkPadTemplate at address 0x55582c86c3b8
0:00:00.017534678  2732 0x5571ede80320 LOG   GST_POLL gstpoll.c:994:gst_poll_fd_ctl_write: 0x5571edea4cf0: pfd->events now 60 (POLLOUT:4)
0:00:00.021878855  2731 0x55582c845320 DEBUG   GST_REGISTRY gstregistrychunks.c:539:gst_registry_chunks_load_pad_template: Added pad_template src
0:00:00.017546820  2732 0x5571ede80320 DEBUG   GST_POLL gstpoll.c:980:gst_poll_fd_ctl_write: 0x5571edea4cf0: fd (fd:0, idx:1), active : 1
0:00:00.021889331  2731 0x55582c845320 DEBUG   GST_REGISTRY gstregistry.c:590:gst_registry_add_feature: adding feature 0x55582c86f300 (queue2)
0:00:00.017556909  2732 0x5571ede80320 LOG   GST_POLL gstpoll.c:994:gst_poll_fd_ctl_write: 0x5571edea4cf0: pfd->events now 60 (POLLOUT:4)
0:00:00.021896630  2731 0x55582c845320 DEBUG   GST_REFCOUNTING gstobject.c:709:gst_object_set_parent: set parent (ref and sink)
0:00:00.017565660  2732 0x5571ede80320 DEBUG   GST_POLL gstpoll.c:980:gst_poll_fd_ctl_write: 0x5571edea4cf0: fd (fd:0, idx:1), active : 1
0:00:00.021904500  2731 0x55582c845320 TRACE   GST_REFCOUNTING gstobject.c:294:gst_object_ref_sink: 0x55582c86f300 ref_sink 1->2
0:00:00.017573397  2732 0x5571ede80320 LOG   GST_POLL gstpoll.c:994:gst_poll_fd_ctl_write: 0x5571edea4cf0: pfd->events now 60 (POLLOUT:4)
0:00:00.021911375  2731 0x55582c845320 LOG   GST_REGISTRY gstregistry.c:608:gst_registry_add_feature: emitting feature-added for queue2
0:00:00.021921442  2731 0x55582c845320 DEBUG   GST_REGISTRY gstregistrychunks.c:741:gst_registry_chunks_load_feature: Added feature queue2, plugin 0x55582c874cf0 coreelements
0:00:00.017581400  2732 0x5571ede80320 DEBUG   GST_POLL gstpoll.c:980:gst_poll_fd_ctl_write: 0x5571edea4cf0: fd (fd:0, idx:1), active : 1
0:00:00.021928681  2731 0x55582c845320 DEBUG   GST_REGISTRY gstregistrychunks.c:583:gst_registry_chunks_load_feature: Plugin 'coreelements' feature 'queue' typename : 'GstElementFactory'
0:00:00.017597668  2732 0x5571ede80320 LOG   GST_POLL gstpoll.c:994:gst_poll_fd_ctl_write: 0x5571edea4cf0: pfd->events now 60 (POLLOUT:4)
0:00:00.021937480  2731 0x55582c845320 TRACE   GST_REFCOUNTING gstobject.c:208:gst_object_init: 0x55582c86f7c0 new
0:00:00.017606054  2732 0x5571ede80320 DEBUG   GST_POLL gstpoll.c:980:gst_poll_fd_ctl_write: 0x5571edea4cf0: fd (fd:0, idx:1), active : 1
0:00:00.021945788  2731 0x55582c845320 LOG   GST_REGISTRY gstregistrychunks.c:610:gst_registry_chunks_load_feature: Reading/casting for GstRegistryChunkElementFactory at address 0x55582c86c3e0
0:00:00.017613741  2732 0x5571ede80320 LOG   GST_POLL gstpoll.c:994:gst_poll_fd_ctl_write: 0x5571edea4cf0: pfd->events now 60 (POLLOUT:4)
0:00:00.021954603  2731 0x55582c845320 TRACE   structure gststructure.c:292:gst_structure_new_id_empty_with_size: created structure 0x55582c86faa0
0:00:00.017623568  2732 0x5571ede80320 DEBUG   GST_POLL gstpoll.c:980:gst_poll_fd_ctl_write: 0x5571edea4cf0: fd (fd:0, idx:1), active : 1
0:00:00.021962513  2731 0x55582c845320 DEBUG   structure gststructure.c:2258:gst_structure_parse_field: trying field name 'long-name'
0:00:00.017631964  2732 0x5571ede80320 LOG   GST_POLL gstpoll.c:994:gst_poll_fd_ctl_write: 0x5571edea4cf0: pfd->events now 60 (POLLOUT:4)
0:00:00.021974972  2731 0x55582c845320 DEBUG   default gstvalue.c:2776:_priv_gst_value_parse_value: trying type name 'string'
0:00:00.017642810  2732 0x5571ede80320 DEBUG   GST_POLL gstpoll.c:980:gst_poll_fd_ctl_write: 0x5571edea4cf0: fd (fd:0, idx:1), active : 1
0:00:00.021981933  2731 0x55582c845320 DEBUG   structure gststructure.c:2258:gst_structure_parse_field: trying field name 'klass'
0:00:00.017650519  2732 0x5571ede80320 LOG   GST_POLL gstpoll.c:994:gst_poll_fd_ctl_write: 0x5571edea4cf0: pfd->events now 60 (POLLOUT:4)
0:00:00.021990725  2731 0x55582c845320 DEBUG   default gstvalue.c:2776:_priv_gst_value_parse_value: trying type name 'string'
0:00:00.017661089  2732 0x5571ede80320 DEBUG   GST_POLL gstpoll.c:980:gst_poll_fd_ctl_write: 0x5571edea4cf0: fd (fd:0, idx:1), active : 1
0:00:00.021999094  2731 0x55582c845320 DEBUG   structure gststructure.c:2258:gst_structure_parse_field: trying field name 'description'
0:00:00.017670087  2732 0x5571ede80320 LOG   GST_POLL gstpoll.c:994:gst_poll_fd_ctl_write: 0x5571edea4cf0: pfd->events now 60 (POLLOUT:4)
0:00:00.022007761  2731 0x55582c845320 DEBUG   default gstvalue.c:2776:_priv_gst_value_parse_value: trying type name 'string'
0:00:00.017678143  2732 0x5571ede80320 DEBUG   GST_POLL gstpoll.c:980:gst_poll_fd_ctl_write: 0x5571edea4cf0: fd (fd:0, idx:1), active : 1
0:00:00.022016225  2731 0x55582c845320 DEBUG   structure gststructure.c:2258:gst_structure_parse_field: trying field name 'author'
0:00:00.017685939  2732 0x5571ede80320 LOG   GST_POLL gstpoll.c:994:gst_poll_fd_ctl_write: 0x5571edea4cf0: pfd->events now 60 (POLLOUT:4)
0:00:00.022025933  2731 0x55582c845320 DEBUG   default gstvalue.c:2776:_priv_gst_value_parse_value: trying type name 'string'
0:00:00.017696119  2732 0x5571ede80320 DEBUG   GST_POLL gstpoll.c:980:gst_poll_fd_ctl_write: 0x5571edea4cf0: fd (fd:0, idx:1), active : 1
0:00:00.022034442  2731 0x55582c845320 DEBUG   GST_REGISTRY gstregistrychunks.c:626:gst_registry_chunks_load_feature: Element factory : npadtemplates=2
0:00:00.017705306  2732 0x5571ede80320 LOG   GST_POLL gstpoll.c:994:gst_poll_fd_ctl_write: 0x5571edea4cf0: pfd->events now 60 (POLLOUT:4)
0:00:00.022043072  2731 0x55582c845320 DEBUG   GST_REGISTRY gstregistrychunks.c:526:gst_registry_chunks_load_pad_template: Reading/casting for GstRegistryChunkPadTemplate at address 0x55582c86c498
0:00:00.017713523  2732 0x5571ede80320 DEBUG   GST_POLL gstpoll.c:980:gst_poll_fd_ctl_write: 0x5571edea4cf0: fd (fd:0, idx:1), active : 1
0:00:00.022050692  2731 0x55582c845320 DEBUG   GST_REGISTRY gstregistrychunks.c:539:gst_registry_chunks_load_pad_template: Added pad_template sink
0:00:00.017721701  2732 0x5571ede80320 LOG   GST_POLL gstpoll.c:994:gst_poll_fd_ctl_write: 0x5571edea4cf0: pfd->events now 60 (POLLOUT:4)
0:00:00.022061173  2731 0x55582c845320 DEBUG   GST_REGISTRY gstregistrychunks.c:526:gst_registry_chunks_load_pad_template: Reading/casting for GstRegistryChunkPadTemplate at address 0x55582c86c4b0
0:00:00.017731887  2732 0x5571ede80320 DEBUG   GST_POLL gstpoll.c:980:gst_poll_fd_ctl_write: 0x5571edea4cf0: fd (fd:0, idx:1), active : 1
0:00:00.022083077  2731 0x55582c845320 DEBUG   GST_REGISTRY gstregistrychunks.c:539:gst_registry_chunks_load_pad_template: Added pad_template src
0:00:00.017750126  2732 0x5571ede80320 LOG   GST_POLL gstpoll.c:994:gst_poll_fd_ctl_write: 0x5571edea4cf0: pfd->events now 60 (POLLOUT:4)
0:00:00.017758193  2732 0x5571ede80320 DEBUG   GST_POLL gstpoll.c:980:gst_poll_fd_ctl_write: 0x5571edea4cf0: fd (fd:0, idx:1), active : 1
0:00:00.022094935  2731 0x55582c845320 DEBUG   GST_REGISTRY gstregistry.c:590:gst_registry_add_feature: adding feature 0x55582c86f7c0 (queue)
0:00:00.017764856  2732 0x5571ede80320 LOG   GST_POLL gstpoll.c:994:gst_poll_fd_ctl_write: 0x5571edea4cf0: pfd->events now 60 (POLLOUT:4)
0:00:00.022102709  2731 0x55582c845320 DEBUG   GST_REFCOUNTING gstobject.c:709:gst_object_set_parent: set parent (ref and sink)
0:00:00.017774575  2732 0x5571ede80320 DEBUG   GST_POLL gstpoll.c:980:gst_poll_fd_ctl_write: 0x5571edea4cf0: fd (fd:0, idx:1), active : 1
0:00:00.022113549  2731 0x55582c845320 TRACE   GST_REFCOUNTING gstobject.c:294:gst_object_ref_sink: 0x55582c86f7c0 ref_sink 1->2
0:00:00.017783058  2732 0x5571ede80320 LOG   GST_POLL gstpoll.c:994:gst_poll_fd_ctl_write: 0x5571edea4cf0: pfd->events now 60 (POLLOUT:4)
0:00:00.022121254  2731 0x55582c845320 LOG   GST_REGISTRY gstregistry.c:608:gst_registry_add_feature: emitting feature-added for queue
0:00:00.017791269  2732 0x5571ede80320 DEBUG   GST_POLL gstpoll.c:980:gst_poll_fd_ctl_write: 0x5571edea4cf0: fd (fd:0, idx:1), active : 1
0:00:00.022129397  2731 0x55582c845320 DEBUG   GST_REGISTRY gstregistrychunks.c:741:gst_registry_chunks_load_feature: Added feature queue, plugin 0x55582c874cf0 coreelements
0:00:00.017799063  2732 0x5571ede80320 LOG   GST_POLL gstpoll.c:994:gst_poll_fd_ctl_write: 0x5571edea4cf0: pfd->events now 60 (POLLOUT:4)
0:00:00.022146274  2731 0x55582c845320 DEBUG   GST_REGISTRY gstregistrychunks.c:583:gst_registry_chunks_load_feature: Plugin 'coreelements' feature 'output-selector' typename : 'GstElementFactory'
0:00:00.017815053  2732 0x5571ede80320 DEBUG   GST_POLL gstpoll.c:980:gst_poll_fd_ctl_write: 0x5571edea4cf0: fd (fd:0, idx:1), active : 1
0:00:00.022154786  2731 0x55582c845320 TRACE   GST_REFCOUNTING gstobject.c:208:gst_object_init: 0x55582c86fed0 new
0:00:00.017823221  2732 0x5571ede80320 LOG   GST_POLL gstpoll.c:994:gst_poll_fd_ctl_write: 0x5571edea4cf0: pfd->events now 60 (POLLOUT:4)
0:00:00.022166363  2731 0x55582c845320 LOG   GST_REGISTRY gstregistrychunks.c:610:gst_registry_chunks_load_feature: Reading/casting for GstRegistryChunkElementFactory at address 0x55582c86c4e8
0:00:00.017831430  2732 0x5571ede80320 DEBUG   GST_POLL gstpoll.c:980:gst_poll_fd_ctl_write: 0x5571edea4cf0: fd (fd:0, idx:1), active : 1
0:00:00.022175974  2731 0x55582c845320 TRACE   structure gststructure.c:292:gst_structure_new_id_empty_with_size: created structure 0x55582c8701d0
0:00:00.017841337  2732 0x5571ede80320 LOG   GST_POLL gstpoll.c:994:gst_poll_fd_ctl_write: 0x5571edea4cf0: pfd->events now 60 (POLLOUT:4)
0:00:00.022183297  2731 0x55582c845320 DEBUG   structure gststructure.c:2258:gst_structure_parse_field: trying field name 'long-name'
0:00:00.022196678  2731 0x55582c845320 DEBUG   default gstvalue.c:2776:_priv_gst_value_parse_value: trying type name 'string'
0:00:00.017860430  2732 0x5571ede80320 DEBUG   GST_POLL gstpoll.c:980:gst_poll_fd_ctl_write: 0x5571edea4cf0: fd (fd:0, idx:1), active : 1
0:00:00.022203541  2731 0x55582c845320 DEBUG   structure gststructure.c:2258:gst_structure_parse_field: trying field name 'klass'
0:00:00.017869702  2732 0x5571ede80320 LOG   GST_POLL gstpoll.c:994:gst_poll_fd_ctl_write: 0x5571edea4cf0: pfd->events now 60 (POLLOUT:4)
0:00:00.017878471  2732 0x5571ede80320 DEBUG   GST_POLL gstpoll.c:980:gst_poll_fd_ctl_write: 0x5571edea4cf0: fd (fd:0, idx:1), active : 1
0:00:00.022218270  2731 0x55582c845320 DEBUG   default gstvalue.c:2776:_priv_gst_value_parse_value: trying type name 'string'
0:00:00.017885161  2732 0x5571ede80320 LOG   GST_POLL gstpoll.c:994:gst_poll_fd_ctl_write: 0x5571edea4cf0: pfd->events now 60 (POLLOUT:4)
0:00:00.022227092  2731 0x55582c845320 DEBUG   structure gststructure.c:2258:gst_structure_parse_field: trying field name 'description'
0:00:00.017895258  2732 0x5571ede80320 DEBUG   GST_POLL gstpoll.c:980:gst_poll_fd_ctl_write: 0x5571edea4cf0: fd (fd:0, idx:1), active : 1
0:00:00.022233500  2731 0x55582c845320 DEBUG   default gstvalue.c:2776:_priv_gst_value_parse_value: trying type name 'string'
