0:00:00.019646989  2732 0x5571ede80320 LOG   GST_POLL gstpoll.c:994:gst_poll_fd_ctl_write: 0x5571edea4cf0: pfd->events now 60 (POLLOUT:4)
0:00:00.023985485  2731 0x55582c845320 DEBUG   GST_REGISTRY gstregistrychunks.c:741:gst_registry_chunks_load_feature: Added feature fakesrc, plugin 0x55582c874cf0 coreelements
0:00:00.019655570  2732 0x5571ede80320 DEBUG   GST_POLL gstpoll.c:980:gst_poll_fd_ctl_write: 0x5571edea4cf0: fd (fd:0, idx:1), active : 1
0:00:00.023993250  2731 0x55582c845320 DEBUG   GST_REGISTRY gstregistrychunks.c:583:gst_registry_chunks_load_feature: Plugin 'coreelements' feature 'downloadbuffer' typename : 'GstElementFactory'
0:00:00.019665911  2732 0x5571ede80320 LOG   GST_POLL gstpoll.c:994:gst_poll_fd_ctl_write: 0x5571edea4cf0: pfd->events now 60 (POLLOUT:4)
0:00:00.024006485  2731 0x55582c845320 TRACE   GST_REFCOUNTING gstobject.c:208:gst_object_init: 0x55582c877a70 new
0:00:00.019674530  2732 0x5571ede80320 DEBUG   GST_POLL gstpoll.c:980:gst_poll_fd_ctl_write: 0x5571edea4cf0: fd (fd:0, idx:1), active : 1
0:00:00.024015369  2731 0x55582c845320 LOG   GST_REGISTRY gstregistrychunks.c:610:gst_registry_chunks_load_feature: Reading/casting for GstRegistryChunkElementFactory at address 0x55582c86cfa8
0:00:00.019682353  2732 0x5571ede80320 LOG   GST_POLL gstpoll.c:994:gst_poll_fd_ctl_write: 0x5571edea4cf0: pfd->events now 60 (POLLOUT:4)
0:00:00.024022070  2731 0x55582c845320 TRACE   structure gststructure.c:292:gst_structure_new_id_empty_with_size: created structure 0x55582c877d70
0:00:00.019690518  2732 0x5571ede80320 DEBUG   GST_POLL gstpoll.c:980:gst_poll_fd_ctl_write: 0x5571edea4cf0: fd (fd:0, idx:1), active : 1
0:00:00.024028239  2731 0x55582c845320 DEBUG   structure gststructure.c:2258:gst_structure_parse_field: trying field name 'long-name'
0:00:00.019707858  2732 0x5571ede80320 LOG   GST_POLL gstpoll.c:994:gst_poll_fd_ctl_write: 0x5571edea4cf0: pfd->events now 60 (POLLOUT:4)
0:00:00.024046542  2731 0x55582c845320 DEBUG   default gstvalue.c:2776:_priv_gst_value_parse_value: trying type name 'string'
0:00:00.019716874  2732 0x5571ede80320 DEBUG   GST_POLL gstpoll.c:980:gst_poll_fd_ctl_write: 0x5571edea4cf0: fd (fd:0, idx:1), active : 1
0:00:00.024055415  2731 0x55582c845320 DEBUG   structure gststructure.c:2258:gst_structure_parse_field: trying field name 'klass'
0:00:00.019724762  2732 0x5571ede80320 LOG   GST_POLL gstpoll.c:994:gst_poll_fd_ctl_write: 0x5571edea4cf0: pfd->events now 60 (POLLOUT:4)
0:00:00.024062822  2731 0x55582c845320 DEBUG   default gstvalue.c:2776:_priv_gst_value_parse_value: trying type name 'string'
0:00:00.019733017  2732 0x5571ede80320 DEBUG   GST_POLL gstpoll.c:980:gst_poll_fd_ctl_write: 0x5571edea4cf0: fd (fd:0, idx:1), active : 1
0:00:00.024070629  2731 0x55582c845320 DEBUG   structure gststructure.c:2258:gst_structure_parse_field: trying field name 'description'
0:00:00.019743186  2732 0x5571ede80320 LOG   GST_POLL gstpoll.c:994:gst_poll_fd_ctl_write: 0x5571edea4cf0: pfd->events now 60 (POLLOUT:4)
0:00:00.024082297  2731 0x55582c845320 DEBUG   default gstvalue.c:2776:_priv_gst_value_parse_value: trying type name 'string'
0:00:00.019752196  2732 0x5571ede80320 DEBUG   GST_POLL gstpoll.c:980:gst_poll_fd_ctl_write: 0x5571edea4cf0: fd (fd:0, idx:1), active : 1
0:00:00.024090658  2731 0x55582c845320 DEBUG   structure gststructure.c:2258:gst_structure_parse_field: trying field name 'author'
0:00:00.019760346  2732 0x5571ede80320 LOG   GST_POLL gstpoll.c:994:gst_poll_fd_ctl_write: 0x5571edea4cf0: pfd->events now 60 (POLLOUT:4)
0:00:00.024102177  2731 0x55582c845320 DEBUG   default gstvalue.c:2776:_priv_gst_value_parse_value: trying type name 'string'
0:00:00.019768846  2732 0x5571ede80320 DEBUG   GST_POLL gstpoll.c:980:gst_poll_fd_ctl_write: 0x5571edea4cf0: fd (fd:0, idx:1), active : 1
0:00:00.024112131  2731 0x55582c845320 DEBUG   GST_REGISTRY gstregistrychunks.c:626:gst_registry_chunks_load_feature: Element factory : npadtemplates=2
0:00:00.019779078  2732 0x5571ede80320 LOG   GST_POLL gstpoll.c:994:gst_poll_fd_ctl_write: 0x5571edea4cf0: pfd->events now 60 (POLLOUT:4)
0:00:00.024119022  2731 0x55582c845320 DEBUG   GST_REGISTRY gstregistrychunks.c:526:gst_registry_chunks_load_pad_template: Reading/casting for GstRegistryChunkPadTemplate at address 0x55582c86d070
0:00:00.019787670  2732 0x5571ede80320 DEBUG   GST_POLL gstpoll.c:980:gst_poll_fd_ctl_write: 0x5571edea4cf0: fd (fd:0, idx:1), active : 1
0:00:00.024125560  2731 0x55582c845320 DEBUG   GST_REGISTRY gstregistrychunks.c:539:gst_registry_chunks_load_pad_template: Added pad_template sink
0:00:00.019795425  2732 0x5571ede80320 LOG   GST_POLL gstpoll.c:994:gst_poll_fd_ctl_write: 0x5571edea4cf0: pfd->events now 60 (POLLOUT:4)
0:00:00.024132542  2731 0x55582c845320 DEBUG   GST_REGISTRY gstregistrychunks.c:526:gst_registry_chunks_load_pad_template: Reading/casting for GstRegistryChunkPadTemplate at address 0x55582c86d088
0:00:00.019803736  2732 0x5571ede80320 DEBUG   GST_POLL gstpoll.c:980:gst_poll_fd_ctl_write: 0x5571edea4cf0: fd (fd:0, idx:1), active : 1
0:00:00.024156687  2731 0x55582c845320 DEBUG   GST_REGISTRY gstregistrychunks.c:539:gst_registry_chunks_load_pad_template: Added pad_template src
0:00:00.019825612  2732 0x5571ede80320 LOG   GST_POLL gstpoll.c:994:gst_poll_fd_ctl_write: 0x5571edea4cf0: pfd->events now 60 (POLLOUT:4)
0:00:00.024165847  2731 0x55582c845320 DEBUG   GST_REGISTRY gstregistry.c:590:gst_registry_add_feature: adding feature 0x55582c877a70 (downloadbuffer)
0:00:00.019834442  2732 0x5571ede80320 DEBUG   GST_POLL gstpoll.c:980:gst_poll_fd_ctl_write: 0x5571edea4cf0: fd (fd:0, idx:1), active : 1
0:00:00.024172345  2731 0x55582c845320 DEBUG   GST_REFCOUNTING gstobject.c:709:gst_object_set_parent: set parent (ref and sink)
0:00:00.019842419  2732 0x5571ede80320 LOG   GST_POLL gstpoll.c:994:gst_poll_fd_ctl_write: 0x5571edea4cf0: pfd->events now 60 (POLLOUT:4)
0:00:00.024180626  2731 0x55582c845320 TRACE   GST_REFCOUNTING gstobject.c:294:gst_object_ref_sink: 0x55582c877a70 ref_sink 1->2
0:00:00.019850268  2732 0x5571ede80320 DEBUG   GST_POLL gstpoll.c:980:gst_poll_fd_ctl_write: 0x5571edea4cf0: fd (fd:0, idx:1), active : 1
0:00:00.024190081  2731 0x55582c845320 LOG   GST_REGISTRY gstregistry.c:608:gst_registry_add_feature: emitting feature-added for downloadbuffer
0:00:00.019859978  2732 0x5571ede80320 LOG   GST_POLL gstpoll.c:994:gst_poll_fd_ctl_write: 0x5571edea4cf0: pfd->events now 60 (POLLOUT:4)
0:00:00.024197833  2731 0x55582c845320 DEBUG   GST_REGISTRY gstregistrychunks.c:741:gst_registry_chunks_load_feature: Added feature downloadbuffer, plugin 0x55582c874cf0 coreelements
0:00:00.019868517  2732 0x5571ede80320 DEBUG   GST_POLL gstpoll.c:980:gst_poll_fd_ctl_write: 0x5571edea4cf0: fd (fd:0, idx:1), active : 1
0:00:00.024205981  2731 0x55582c845320 DEBUG   GST_REGISTRY gstregistrychunks.c:583:gst_registry_chunks_load_feature: Plugin 'coreelements' feature 'dataurisrc' typename : 'GstElementFactory'
0:00:00.019876694  2732 0x5571ede80320 LOG   GST_POLL gstpoll.c:994:gst_poll_fd_ctl_write: 0x5571edea4cf0: pfd->events now 60 (POLLOUT:4)
0:00:00.024216053  2731 0x55582c845320 TRACE   GST_REFCOUNTING gstobject.c:208:gst_object_init: 0x55582c878250 new
0:00:00.019884764  2732 0x5571ede80320 DEBUG   GST_POLL gstpoll.c:980:gst_poll_fd_ctl_write: 0x5571edea4cf0: fd (fd:0, idx:1), active : 1
0:00:00.024226921  2731 0x55582c845320 LOG   GST_REGISTRY gstregistrychunks.c:610:gst_registry_chunks_load_feature: Reading/casting for GstRegistryChunkElementFactory at address 0x55582c86d0b8
0:00:00.019894646  2732 0x5571ede80320 LOG   GST_POLL gstpoll.c:994:gst_poll_fd_ctl_write: 0x5571edea4cf0: pfd->events now 60 (POLLOUT:4)
0:00:00.024234225  2731 0x55582c845320 TRACE   structure gststructure.c:292:gst_structure_new_id_empty_with_size: created structure 0x55582c878560
0:00:00.019903374  2732 0x5571ede80320 DEBUG   GST_POLL gstpoll.c:980:gst_poll_fd_ctl_write: 0x5571edea4cf0: fd (fd:0, idx:1), active : 1
0:00:00.024240858  2731 0x55582c845320 DEBUG   structure gststructure.c:2258:gst_structure_parse_field: trying field name 'long-name'
0:00:00.019938765  2732 0x5571ede80320 LOG   GST_POLL gstpoll.c:994:gst_poll_fd_ctl_write: 0x5571edea4cf0: pfd->events now 60 (POLLOUT:4)
0:00:00.024279027  2731 0x55582c845320 DEBUG   default gstvalue.c:2776:_priv_gst_value_parse_value: trying type name 'string'
0:00:00.024291651  2731 0x55582c845320 DEBUG   structure gststructure.c:2258:gst_structure_parse_field: trying field name 'klass'
0:00:00.019954807  2732 0x5571ede80320 DEBUG   GST_POLL gstpoll.c:980:gst_poll_fd_ctl_write: 0x5571edea4cf0: fd (fd:0, idx:1), active : 1
0:00:00.024297355  2731 0x55582c845320 DEBUG   default gstvalue.c:2776:_priv_gst_value_parse_value: trying type name 'string'
0:00:00.019966177  2732 0x5571ede80320 LOG   GST_POLL gstpoll.c:994:gst_poll_fd_ctl_write: 0x5571edea4cf0: pfd->events now 60 (POLLOUT:4)
0:00:00.024303970  2731 0x55582c845320 DEBUG   structure gststructure.c:2258:gst_structure_parse_field: trying field name 'description'
0:00:00.019974369  2732 0x5571ede80320 DEBUG   GST_POLL gstpoll.c:980:gst_poll_fd_ctl_write: 0x5571edea4cf0: fd (fd:0, idx:1), active : 1
0:00:00.024313553  2731 0x55582c845320 DEBUG   default gstvalue.c:2776:_priv_gst_value_parse_value: trying type name 'string'
0:00:00.019981919  2732 0x5571ede80320 LOG   GST_POLL gstpoll.c:994:gst_poll_fd_ctl_write: 0x5571edea4cf0: pfd->events now 60 (POLLOUT:4)
0:00:00.024322173  2731 0x55582c845320 DEBUG   structure gststructure.c:2258:gst_structure_parse_field: trying field name 'author'
0:00:00.019991530  2732 0x5571ede80320 DEBUG   GST_POLL gstpoll.c:980:gst_poll_fd_ctl_write: 0x5571edea4cf0: fd (fd:0, idx:1), active : 1
0:00:00.024328171  2731 0x55582c845320 DEBUG   default gstvalue.c:2776:_priv_gst_value_parse_value: trying type name 'string'
0:00:00.020000395  2732 0x5571ede80320 LOG   GST_POLL gstpoll.c:994:gst_poll_fd_ctl_write: 0x5571edea4cf0: pfd->events now 60 (POLLOUT:4)
0:00:00.024339758  2731 0x55582c845320 DEBUG   GST_REGISTRY gstregistrychunks.c:626:gst_registry_chunks_load_feature: Element factory : npadtemplates=1
0:00:00.020008755  2732 0x5571ede80320 DEBUG   GST_POLL gstpoll.c:980:gst_poll_fd_ctl_write: 0x5571edea4cf0: fd (fd:0, idx:1), active : 1
0:00:00.024347740  2731 0x55582c845320 DEBUG   GST_REGISTRY gstregistrychunks.c:526:gst_registry_chunks_load_pad_template: Reading/casting for GstRegistryChunkPadTemplate at address 0x55582c86d1d0
0:00:00.020016347  2732 0x5571ede80320 LOG   GST_POLL gstpoll.c:994:gst_poll_fd_ctl_write: 0x5571edea4cf0: pfd->events now 60 (POLLOUT:4)
0:00:00.024354855  2731 0x55582c845320 DEBUG   GST_REGISTRY gstregistrychunks.c:539:gst_registry_chunks_load_pad_template: Added pad_template src
0:00:00.024362677  2731 0x55582c845320 DEBUG   GST_REGISTRY gstregistrychunks.c:639:gst_registry_chunks_load_feature: Reading 1 UriTypes at address 0x55582c86d1e0
0:00:00.020026168  2732 0x5571ede80320 DEBUG   GST_POLL gstpoll.c:980:gst_poll_fd_ctl_write: 0x5571edea4cf0: fd (fd:0, idx:1), active : 1
0:00:00.024368701  2731 0x55582c845320 DEBUG   GST_REGISTRY gstregistrychunks.c:654:gst_registry_chunks_load_feature: Reading 1 Interfaces at address 0x55582c86d1e9
0:00:00.020042108  2732 0x5571ede80320 LOG   GST_POLL gstpoll.c:994:gst_poll_fd_ctl_write: 0x5571edea4cf0: pfd->events now 60 (POLLOUT:4)
0:00:00.024383763  2731 0x55582c845320 DEBUG   GST_REGISTRY gstregistry.c:590:gst_registry_add_feature: adding feature 0x55582c878250 (dataurisrc)
0:00:00.020050563  2732 0x5571ede80320 DEBUG   GST_POLL gstpoll.c:980:gst_poll_fd_ctl_write: 0x5571edea4cf0: fd (fd:0, idx:1), active : 1
0:00:00.024391243  2731 0x55582c845320 DEBUG   GST_REFCOUNTING gstobject.c:709:gst_object_set_parent: set parent (ref and sink)
0:00:00.020058602  2732 0x5571ede80320 LOG   GST_POLL gstpoll.c:994:gst_poll_fd_ctl_write: 0x5571edea4cf0: pfd->events now 60 (POLLOUT:4)
0:00:00.024399293  2731 0x55582c845320 TRACE   GST_REFCOUNTING gstobject.c:294:gst_object_ref_sink: 0x55582c878250 ref_sink 1->2
0:00:00.024406204  2731 0x55582c845320 LOG   GST_REGISTRY gstregistry.c:608:gst_registry_add_feature: emitting feature-added for dataurisrc
0:00:00.020077080  2732 0x5571ede80320 DEBUG   GST_POLL gstpoll.c:980:gst_poll_fd_ctl_write: 0x5571edea4cf0: fd (fd:0, idx:1), active : 1
0:00:00.024415077  2731 0x55582c845320 DEBUG   GST_REGISTRY gstregistrychunks.c:741:gst_registry_chunks_load_feature: Added feature dataurisrc, plugin 0x55582c874cf0 coreelements
0:00:00.020086230  2732 0x5571ede80320 LOG   GST_POLL gstpoll.c:994:gst_poll_fd_ctl_write: 0x5571edea4cf0: pfd->events now 60 (POLLOUT:4)
0:00:00.024424315  2731 0x55582c845320 DEBUG   GST_REGISTRY gstregistrychunks.c:583:gst_registry_chunks_load_feature: Plugin 'coreelements' feature 'concat' typename : 'GstElementFactory'
0:00:00.020094423  2732 0x5571ede80320 DEBUG   GST_POLL gstpoll.c:980:gst_poll_fd_ctl_write: 0x5571edea4cf0: fd (fd:0, idx:1), active : 1
0:00:00.024434005  2731 0x55582c845320 TRACE   GST_REFCOUNTING gstobject.c:208:gst_object_init: 0x55582c878ca0 new
0:00:00.020102395  2732 0x5571ede80320 LOG   GST_POLL gstpoll.c:994:gst_poll_fd_ctl_write: 0x5571edea4cf0: pfd->events now 60 (POLLOUT:4)
0:00:00.024441759  2731 0x55582c845320 LOG   GST_REGISTRY gstregistrychunks.c:610:gst_registry_chunks_load_feature: Reading/casting for GstRegistryChunkElementFactory at address 0x55582c86d210
0:00:00.020112802  2732 0x5571ede80320 DEBUG   GST_POLL gstpoll.c:980:gst_poll_fd_ctl_write: 0x5571edea4cf0: fd (fd:0, idx:1), active : 1
0:00:00.024451703  2731 0x55582c845320 TRACE   structure gststructure.c:292:gst_structure_new_id_empty_with_size: created structure 0x55582c878ed0
0:00:00.020121552  2732 0x5571ede80320 LOG   GST_POLL gstpoll.c:994:gst_poll_fd_ctl_write: 0x5571edea4cf0: pfd->events now 60 (POLLOUT:4)
0:00:00.024459262  2731 0x55582c845320 DEBUG   structure gststructure.c:2258:gst_structure_parse_field: trying field name 'long-name'
0:00:00.020129942  2732 0x5571ede80320 DEBUG   GST_POLL gstpoll.c:980:gst_poll_fd_ctl_write: 0x5571edea4cf0: fd (fd:0, idx:1), active : 1
0:00:00.024467076  2731 0x55582c845320 DEBUG   default gstvalue.c:2776:_priv_gst_value_parse_value: trying type name 'string'
0:00:00.020138043  2732 0x5571ede80320 LOG   GST_POLL gstpoll.c:994:gst_poll_fd_ctl_write: 0x5571edea4cf0: pfd->events now 60 (POLLOUT:4)
0:00:00.024481972  2731 0x55582c845320 DEBUG   structure gststructure.c:2258:gst_structure_parse_field: trying field name 'klass'
0:00:00.020150986  2732 0x5571ede80320 DEBUG   GST_POLL gstpoll.c:980:gst_poll_fd_ctl_write: 0x5571edea4cf0: fd (fd:0, idx:1), active : 1
0:00:00.024490375  2731 0x55582c845320 DEBUG   default gstvalue.c:2776:_priv_gst_value_parse_value: trying type name 'string'
0:00:00.020158933  2732 0x5571ede80320 LOG   GST_POLL gstpoll.c:994:gst_poll_fd_ctl_write: 0x5571edea4cf0: pfd->events now 60 (POLLOUT:4)
0:00:00.024498174  2731 0x55582c845320 DEBUG   structure gststructure.c:2258:gst_structure_parse_field: trying field name 'description'
0:00:00.020166932  2732 0x5571ede80320 DEBUG   GST_POLL gstpoll.c:980:gst_poll_fd_ctl_write: 0x5571edea4cf0: fd (fd:0, idx:1), active : 1
0:00:00.024508687  2731 0x55582c845320 DEBUG   default gstvalue.c:2776:_priv_gst_value_parse_value: trying type name 'string'
0:00:00.020174429  2732 0x5571ede80320 LOG   GST_POLL gstpoll.c:994:gst_poll_fd_ctl_write: 0x5571edea4cf0: pfd->events now 60 (POLLOUT:4)
0:00:00.024515575  2731 0x55582c845320 DEBUG   structure gststructure.c:2258:gst_structure_parse_field: trying field name 'author'
0:00:00.020184572  2732 0x5571ede80320 DEBUG   GST_POLL gstpoll.c:980:gst_poll_fd_ctl_write: 0x5571edea4cf0: fd (fd:0, idx:1), active : 1
0:00:00.024524259  2731 0x55582c845320 DEBUG   default gstvalue.c:2776:_priv_gst_value_parse_value: trying type name 'string'
0:00:00.020192316  2732 0x5571ede80320 LOG   GST_POLL gstpoll.c:994:gst_poll_fd_ctl_write: 0x5571edea4cf0: pfd->events now 60 (POLLOUT:4)
0:00:00.024532109  2731 0x55582c845320 DEBUG   GST_REGISTRY gstregistrychunks.c:626:gst_registry_chunks_load_feature: Element factory : npadtemplates=2
0:00:00.020200212  2732 0x5571ede80320 DEBUG   GST_POLL gstpoll.c:980:gst_poll_fd_ctl_write: 0x5571edea4cf0: fd (fd:0, idx:1), active : 1
0:00:00.024538340  2731 0x55582c845320 DEBUG   GST_REGISTRY gstregistrychunks.c:526:gst_registry_chunks_load_pad_template: Reading/casting for GstRegistryChunkPadTemplate at address 0x55582c86d2e8
0:00:00.020207813  2732 0x5571ede80320 LOG   GST_POLL gstpoll.c:994:gst_poll_fd_ctl_write: 0x5571edea4cf0: pfd->events now 60 (POLLOUT:4)
0:00:00.024545439  2731 0x55582c845320 DEBUG   GST_REGISTRY gstregistrychunks.c:539:gst_registry_chunks_load_pad_template: Added pad_template src
0:00:00.020218024  2732 0x5571ede80320 DEBUG   GST_POLL gstpoll.c:980:gst_poll_fd_ctl_write: 0x5571edea4cf0: fd (fd:0, idx:1), active : 1
0:00:00.024555403  2731 0x55582c845320 DEBUG   GST_REGISTRY gstregistrychunks.c:526:gst_registry_chunks_load_pad_template: Reading/casting for GstRegistryChunkPadTemplate at address 0x55582c86d2f8
0:00:00.020225680  2732 0x5571ede80320 LOG   GST_POLL gstpoll.c:994:gst_poll_fd_ctl_write: 0x5571edea4cf0: pfd->events now 60 (POLLOUT:4)
0:00:00.024563580  2731 0x55582c845320 DEBUG   GST_REGISTRY gstregistrychunks.c:539:gst_registry_chunks_load_pad_template: Added pad_template sink_%u
0:00:00.020234372  2732 0x5571ede80320 LOG   GST_PLUGIN_LOADING gstpluginloader.c:645:put_chunk: Expanding tx buf from 13209 to 17023 for chunk of size 229
0:00:00.024578012  2731 0x55582c845320 DEBUG   GST_REGISTRY gstregistry.c:590:gst_registry_add_feature: adding feature 0x55582c878ca0 (concat)
0:00:00.024584498  2731 0x55582c845320 DEBUG   GST_REFCOUNTING gstobject.c:709:gst_object_set_parent: set parent (ref and sink)
0:00:00.020251917  2732 0x5571ede80320 DEBUG   GST_POLL gstpoll.c:980:gst_poll_fd_ctl_write: 0x5571edea4cf0: fd (fd:0, idx:1), active : 1
0:00:00.024594621  2731 0x55582c845320 TRACE   GST_REFCOUNTING gstobject.c:294:gst_object_ref_sink: 0x55582c878ca0 ref_sink 1->2
0:00:00.020261803  2732 0x5571ede80320 LOG   GST_POLL gstpoll.c:994:gst_poll_fd_ctl_write: 0x5571edea4cf0: pfd->events now 60 (POLLOUT:4)
0:00:00.024602717  2731 0x55582c845320 LOG   GST_REGISTRY gstregistry.c:608:gst_registry_add_feature: emitting feature-added for concat
0:00:00.020270482  2732 0x5571ede80320 DEBUG   GST_POLL gstpoll.c:980:gst_poll_fd_ctl_write: 0x5571edea4cf0: fd (fd:0, idx:1), active : 1
0:00:00.024609823  2731 0x55582c845320 DEBUG   GST_REGISTRY gstregistrychunks.c:741:gst_registry_chunks_load_feature: Added feature concat, plugin 0x55582c874cf0 coreelements
0:00:00.020278049  2732 0x5571ede80320 LOG   GST_POLL gstpoll.c:994:gst_poll_fd_ctl_write: 0x5571edea4cf0: pfd->events now 60 (POLLOUT:4)
0:00:00.024616310  2731 0x55582c845320 DEBUG   GST_REGISTRY gstregistrychunks.c:583:gst_registry_chunks_load_feature: Plugin 'coreelements' feature 'clocksync' typename : 'GstElementFactory'
0:00:00.020288070  2732 0x5571ede80320 DEBUG   GST_POLL gstpoll.c:980:gst_poll_fd_ctl_write: 0x5571edea4cf0: fd (fd:0, idx:1), active : 1
0:00:00.024627460  2731 0x55582c845320 TRACE   GST_REFCOUNTING gstobject.c:208:gst_object_init: 0x55582c878b50 new
0:00:00.020296523  2732 0x5571ede80320 LOG   GST_POLL gstpoll.c:994:gst_poll_fd_ctl_write: 0x5571edea4cf0: pfd->events now 60 (POLLOUT:4)
0:00:00.024636568  2731 0x55582c845320 LOG   GST_REGISTRY gstregistrychunks.c:610:gst_registry_chunks_load_feature: Reading/casting for GstRegistryChunkElementFactory at address 0x55582c86d328
0:00:00.020304773  2732 0x5571ede80320 DEBUG   GST_POLL gstpoll.c:980:gst_poll_fd_ctl_write: 0x5571edea4cf0: fd (fd:0, idx:1), active : 1
0:00:00.024643410  2731 0x55582c845320 TRACE   structure gststructure.c:292:gst_structure_new_id_empty_with_size: created structure 0x55582c8794a0
0:00:00.020313268  2732 0x5571ede80320 LOG   GST_POLL gstpoll.c:994:gst_poll_fd_ctl_write: 0x5571edea4cf0: pfd->events now 60 (POLLOUT:4)
0:00:00.024650824  2731 0x55582c845320 DEBUG   structure gststructure.c:2258:gst_structure_parse_field: trying field name 'long-name'
0:00:00.020323364  2732 0x5571ede80320 DEBUG   GST_POLL gstpoll.c:980:gst_poll_fd_ctl_write: 0x5571edea4cf0: fd (fd:0, idx:1), active : 1
0:00:00.024661109  2731 0x55582c845320 DEBUG   default gstvalue.c:2776:_priv_gst_value_parse_value: trying type name 'string'
0:00:00.020331751  2732 0x5571ede80320 LOG   GST_POLL gstpoll.c:994:gst_poll_fd_ctl_write: 0x5571edea4cf0: pfd->events now 60 (POLLOUT:4)
0:00:00.024675162  2731 0x55582c845320 DEBUG   structure gststructure.c:2258:gst_structure_parse_field: trying field name 'klass'
0:00:00.020342656  2732 0x5571ede80320 DEBUG   GST_POLL gstpoll.c:980:gst_poll_fd_ctl_write: 0x5571edea4cf0: fd (fd:0, idx:1), active : 1
0:00:00.024681495  2731 0x55582c845320 DEBUG   default gstvalue.c:2776:_priv_gst_value_parse_value: trying type name 'string'
0:00:00.020350089  2732 0x5571ede80320 LOG   GST_POLL gstpoll.c:994:gst_poll_fd_ctl_write: 0x5571edea4cf0: pfd->events now 60 (POLLOUT:4)
0:00:00.024688127  2731 0x55582c845320 DEBUG   structure gststructure.c:2258:gst_structure_parse_field: trying field name 'description'
0:00:00.020360252  2732 0x5571ede80320 DEBUG   GST_POLL gstpoll.c:980:gst_poll_fd_ctl_write: 0x5571edea4cf0: fd (fd:0, idx:1), active : 1
0:00:00.024697923  2731 0x55582c845320 DEBUG   default gstvalue.c:2776:_priv_gst_value_parse_value: trying type name 'string'
0:00:00.020368615  2732 0x5571ede80320 LOG   GST_POLL gstpoll.c:994:gst_poll_fd_ctl_write: 0x5571edea4cf0: pfd->events now 60 (POLLOUT:4)
0:00:00.024707644  2731 0x55582c845320 DEBUG   structure gststructure.c:2258:gst_structure_parse_field: trying field name 'author'
0:00:00.020376782  2732 0x5571ede80320 DEBUG   GST_POLL gstpoll.c:980:gst_poll_fd_ctl_write: 0x5571edea4cf0: fd (fd:0, idx:1), active : 1
0:00:00.024713615  2731 0x55582c845320 DEBUG   default gstvalue.c:2776:_priv_gst_value_parse_value: trying type name 'string'
0:00:00.020384682  2732 0x5571ede80320 LOG   GST_POLL gstpoll.c:994:gst_poll_fd_ctl_write: 0x5571edea4cf0: pfd->events now 60 (POLLOUT:4)
0:00:00.024723081  2731 0x55582c845320 DEBUG   GST_REGISTRY gstregistrychunks.c:626:gst_registry_chunks_load_feature: Element factory : npadtemplates=2
0:00:00.020394501  2732 0x5571ede80320 DEBUG   GST_POLL gstpoll.c:980:gst_poll_fd_ctl_write: 0x5571edea4cf0: fd (fd:0, idx:1), active : 1
0:00:00.024731664  2731 0x55582c845320 DEBUG   GST_REGISTRY gstregistrychunks.c:526:gst_registry_chunks_load_pad_template: Reading/casting for GstRegistryChunkPadTemplate at address 0x55582c86d3f8
0:00:00.020403063  2732 0x5571ede80320 LOG   GST_POLL gstpoll.c:994:gst_poll_fd_ctl_write: 0x5571edea4cf0: pfd->events now 60 (POLLOUT:4)
0:00:00.024740880  2731 0x55582c845320 DEBUG   GST_REGISTRY gstregistrychunks.c:539:gst_registry_chunks_load_pad_template: Added pad_template sink
0:00:00.020411595  2732 0x5571ede80320 DEBUG   GST_POLL gstpoll.c:980:gst_poll_fd_ctl_write: 0x5571edea4cf0: fd (fd:0, idx:1), active : 1
0:00:00.024748702  2731 0x55582c845320 DEBUG   GST_REGISTRY gstregistrychunks.c:526:gst_registry_chunks_load_pad_template: Reading/casting for GstRegistryChunkPadTemplate at address 0x55582c86d410
0:00:00.020419432  2732 0x5571ede80320 LOG   GST_POLL gstpoll.c:994:gst_poll_fd_ctl_write: 0x5571edea4cf0: pfd->events now 60 (POLLOUT:4)
0:00:00.024756705  2731 0x55582c845320 DEBUG   GST_REGISTRY gstregistrychunks.c:539:gst_registry_chunks_load_pad_template: Added pad_template src
0:00:00.020429243  2732 0x5571ede80320 DEBUG   GST_POLL gstpoll.c:980:gst_poll_fd_ctl_write: 0x5571edea4cf0: fd (fd:0, idx:1), active : 1
0:00:00.024768247  2731 0x55582c845320 DEBUG   GST_REGISTRY gstregistry.c:590:gst_registry_add_feature: adding feature 0x55582c878b50 (clocksync)
0:00:00.020444303  2732 0x5571ede80320 LOG   GST_POLL gstpoll.c:994:gst_poll_fd_ctl_write: 0x5571edea4cf0: pfd->events now 60 (POLLOUT:4)
0:00:00.024782157  2731 0x55582c845320 DEBUG   GST_REFCOUNTING gstobject.c:709:gst_object_set_parent: set parent (ref and sink)
0:00:00.020452892  2732 0x5571ede80320 DEBUG   GST_POLL gstpoll.c:980:gst_poll_fd_ctl_write: 0x5571edea4cf0: fd (fd:0, idx:1), active : 1
0:00:00.024790942  2731 0x55582c845320 TRACE   GST_REFCOUNTING gstobject.c:294:gst_object_ref_sink: 0x55582c878b50 ref_sink 1->2
0:00:00.020461081  2732 0x5571ede80320 LOG   GST_POLL gstpoll.c:994:gst_poll_fd_ctl_write: 0x5571edea4cf0: pfd->events now 60 (POLLOUT:4)
0:00:00.024798993  2731 0x55582c845320 LOG   GST_REGISTRY gstregistry.c:608:gst_registry_add_feature: emitting feature-added for clocksync
0:00:00.020471354  2732 0x5571ede80320 DEBUG   GST_POLL gstpoll.c:980:gst_poll_fd_ctl_write: 0x5571edea4cf0: fd (fd:0, idx:1), active : 1
0:00:00.024809484  2731 0x55582c845320 DEBUG   GST_REGISTRY gstregistrychunks.c:741:gst_registry_chunks_load_feature: Added feature clocksync, plugin 0x55582c874cf0 coreelements
0:00:00.020479889  2732 0x5571ede80320 LOG   GST_POLL gstpoll.c:994:gst_poll_fd_ctl_write: 0x5571edea4cf0: pfd->events now 60 (POLLOUT:4)
0:00:00.024817831  2731 0x55582c845320 DEBUG   GST_REGISTRY gstregistrychunks.c:583:gst_registry_chunks_load_feature: Plugin 'coreelements' feature 'capsfilter' typename : 'GstElementFactory'
0:00:00.020487959  2732 0x5571ede80320 DEBUG   GST_POLL gstpoll.c:980:gst_poll_fd_ctl_write: 0x5571edea4cf0: fd (fd:0, idx:1), active : 1
0:00:00.024826937  2731 0x55582c845320 TRACE   GST_REFCOUNTING gstobject.c:208:gst_object_init: 0x55582c879a00 new
0:00:00.020495705  2732 0x5571ede80320 LOG   GST_POLL gstpoll.c:994:gst_poll_fd_ctl_write: 0x5571edea4cf0: pfd->events now 60 (POLLOUT:4)
0:00:00.024835085  2731 0x55582c845320 LOG   GST_REGISTRY gstregistrychunks.c:610:gst_registry_chunks_load_feature: Reading/casting for GstRegistryChunkElementFactory at address 0x55582c86d440
0:00:00.020505777  2732 0x5571ede80320 DEBUG   GST_POLL gstpoll.c:980:gst_poll_fd_ctl_write: 0x5571edea4cf0: fd (fd:0, idx:1), active : 1
0:00:00.024844288  2731 0x55582c845320 TRACE   structure gststructure.c:292:gst_structure_new_id_empty_with_size: created structure 0x55582c879d10
0:00:00.020514609  2732 0x5571ede80320 LOG   GST_POLL gstpoll.c:994:gst_poll_fd_ctl_write: 0x5571edea4cf0: pfd->events now 60 (POLLOUT:4)
0:00:00.024852546  2731 0x55582c845320 DEBUG   structure gststructure.c:2258:gst_structure_parse_field: trying field name 'long-name'
0:00:00.020522824  2732 0x5571ede80320 DEBUG   GST_POLL gstpoll.c:980:gst_poll_fd_ctl_write: 0x5571edea4cf0: fd (fd:0, idx:1), active : 1
0:00:00.024859803  2731 0x55582c845320 DEBUG   default gstvalue.c:2776:_priv_gst_value_parse_value: trying type name 'string'
0:00:00.020530390  2732 0x5571ede80320 LOG   GST_POLL gstpoll.c:994:gst_poll_fd_ctl_write: 0x5571edea4cf0: pfd->events now 60 (POLLOUT:4)
0:00:00.024875962  2731 0x55582c845320 DEBUG   structure gststructure.c:2258:gst_structure_parse_field: trying field name 'klass'
0:00:00.020545353  2732 0x5571ede80320 DEBUG   GST_POLL gstpoll.c:980:gst_poll_fd_ctl_write: 0x5571edea4cf0: fd (fd:0, idx:1), active : 1
0:00:00.024884865  2731 0x55582c845320 DEBUG   default gstvalue.c:2776:_priv_gst_value_parse_value: trying type name 'string'
0:00:00.020554249  2732 0x5571ede80320 LOG   GST_POLL gstpoll.c:994:gst_poll_fd_ctl_write: 0x5571edea4cf0: pfd->events now 60 (POLLOUT:4)
0:00:00.024892641  2731 0x55582c845320 DEBUG   structure gststructure.c:2258:gst_structure_parse_field: trying field name 'description'
0:00:00.024900727  2731 0x55582c845320 DEBUG   default gstvalue.c:2776:_priv_gst_value_parse_value: trying type name 'string'
0:00:00.020564197  2732 0x5571ede80320 DEBUG   GST_POLL gstpoll.c:980:gst_poll_fd_ctl_write: 0x5571edea4cf0: fd (fd:0, idx:1), active : 1
0:00:00.024907145  2731 0x55582c845320 DEBUG   structure gststructure.c:2258:gst_structure_parse_field: trying field name 'author'
0:00:00.020576346  2732 0x5571ede80320 LOG   GST_POLL gstpoll.c:994:gst_poll_fd_ctl_write: 0x5571edea4cf0: pfd->events now 60 (POLLOUT:4)
0:00:00.024915735  2731 0x55582c845320 DEBUG   default gstvalue.c:2776:_priv_gst_value_parse_value: trying type name 'string'
0:00:00.020595341  2732 0x5571ede80320 DEBUG   GST_POLL gstpoll.c:980:gst_poll_fd_ctl_write: 0x5571edea4cf0: fd (fd:0, idx:1), active : 1
0:00:00.024932593  2731 0x55582c845320 DEBUG   GST_REGISTRY gstregistrychunks.c:626:gst_registry_chunks_load_feature: Element factory : npadtemplates=2
0:00:00.020604501  2732 0x5571ede80320 LOG   GST_POLL gstpoll.c:994:gst_poll_fd_ctl_write: 0x5571edea4cf0: pfd->events now 60 (POLLOUT:4)
0:00:00.024941740  2731 0x55582c845320 DEBUG   GST_REGISTRY gstregistrychunks.c:526:gst_registry_chunks_load_pad_template: Reading/casting for GstRegistryChunkPadTemplate at address 0x55582c86d520
0:00:00.020612410  2732 0x5571ede80320 DEBUG   GST_POLL gstpoll.c:980:gst_poll_fd_ctl_write: 0x5571edea4cf0: fd (fd:0, idx:1), active : 1
0:00:00.024949645  2731 0x55582c845320 DEBUG   GST_REGISTRY gstregistrychunks.c:539:gst_registry_chunks_load_pad_template: Added pad_template sink
0:00:00.020620444  2732 0x5571ede80320 LOG   GST_POLL gstpoll.c:994:gst_poll_fd_ctl_write: 0x5571edea4cf0: pfd->events now 60 (POLLOUT:4)
0:00:00.024962141  2731 0x55582c845320 DEBUG   GST_REGISTRY gstregistrychunks.c:526:gst_registry_chunks_load_pad_template: Reading/casting for GstRegistryChunkPadTemplate at address 0x55582c86d538
0:00:00.020630387  2732 0x5571ede80320 DEBUG   GST_POLL gstpoll.c:980:gst_poll_fd_ctl_write: 0x5571edea4cf0: fd (fd:0, idx:1), active : 1
0:00:00.024969083  2731 0x55582c845320 DEBUG   GST_REGISTRY gstregistrychunks.c:539:gst_registry_chunks_load_pad_template: Added pad_template src
0:00:00.020639629  2732 0x5571ede80320 LOG   GST_POLL gstpoll.c:994:gst_poll_fd_ctl_write: 0x5571edea4cf0: pfd->events now 60 (POLLOUT:4)
0:00:00.024978776  2731 0x55582c845320 DEBUG   GST_REGISTRY gstregistry.c:590:gst_registry_add_feature: adding feature 0x55582c879a00 (capsfilter)
0:00:00.020655101  2732 0x5571ede80320 DEBUG   GST_POLL gstpoll.c:980:gst_poll_fd_ctl_write: 0x5571edea4cf0: fd (fd:0, idx:1), active : 1
0:00:00.024994041  2731 0x55582c845320 DEBUG   GST_REFCOUNTING gstobject.c:709:gst_object_set_parent: set parent (ref and sink)
0:00:00.020662953  2732 0x5571ede80320 LOG   GST_POLL gstpoll.c:994:gst_poll_fd_ctl_write: 0x5571edea4cf0: pfd->events now 60 (POLLOUT:4)
0:00:00.025002900  2731 0x55582c845320 TRACE   GST_REFCOUNTING gstobject.c:294:gst_object_ref_sink: 0x55582c879a00 ref_sink 1->2
0:00:00.020672863  2732 0x5571ede80320 DEBUG   GST_POLL gstpoll.c:980:gst_poll_fd_ctl_write: 0x5571edea4cf0: fd (fd:0, idx:1), active : 1
0:00:00.025009782  2731 0x55582c845320 LOG   GST_REGISTRY gstregistry.c:608:gst_registry_add_feature: emitting feature-added for capsfilter
0:00:00.020681091  2732 0x5571ede80320 LOG   GST_POLL gstpoll.c:994:gst_poll_fd_ctl_write: 0x5571edea4cf0: pfd->events now 60 (POLLOUT:4)
0:00:00.025019195  2731 0x55582c845320 DEBUG   GST_REGISTRY gstregistrychunks.c:741:gst_registry_chunks_load_feature: Added feature capsfilter, plugin 0x55582c874cf0 coreelements
0:00:00.020689262  2732 0x5571ede80320 DEBUG   GST_POLL gstpoll.c:980:gst_poll_fd_ctl_write: 0x5571edea4cf0: fd (fd:0, idx:1), active : 1
0:00:00.025030106  2731 0x55582c845320 LOG   GST_PLUGIN_LOADING gstpluginloader.c:888:handle_rx_packet: marking plugin 0x55582c874cf0 as registered as /home/conan/w/prod/BuildSingleReference/.conan/data/gstreamer/1.19.1/_/_/package/d5d34cb95e58eb395d954c026f8b3b95a47b8905/lib/gstreamer-1.0/libgstcoreelements.so
0:00:00.020697142  2732 0x5571ede80320 LOG   GST_POLL gstpoll.c:994:gst_poll_fd_ctl_write: 0x5571edea4cf0: pfd->events now 60 (POLLOUT:4)
0:00:00.025041116  2731 0x55582c845320 DEBUG   GST_POLL gstpoll.c:1414:gst_poll_wait: 0x55582c86a920: timeout :0:00:01.000000000
0:00:00.020707162  2732 0x5571ede80320 DEBUG   GST_POLL gstpoll.c:980:gst_poll_fd_ctl_write: 0x5571edea4cf0: fd (fd:0, idx:1), active : 1
0:00:00.020715408  2732 0x5571ede80320 LOG   GST_POLL gstpoll.c:994:gst_poll_fd_ctl_write: 0x5571edea4cf0: pfd->events now 60 (POLLOUT:4)
0:00:00.020722775  2732 0x5571ede80320 DEBUG   GST_POLL gstpoll.c:980:gst_poll_fd_ctl_write: 0x5571edea4cf0: fd (fd:0, idx:1), active : 1
0:00:00.020729386  2732 0x5571ede80320 LOG   GST_POLL gstpoll.c:994:gst_poll_fd_ctl_write: 0x5571edea4cf0: pfd->events now 60 (POLLOUT:4)
0:00:00.020738553  2732 0x5571ede80320 DEBUG   GST_POLL gstpoll.c:980:gst_poll_fd_ctl_write: 0x5571edea4cf0: fd (fd:0, idx:1), active : 1
0:00:00.020745942  2732 0x5571ede80320 LOG   GST_POLL gstpoll.c:994:gst_poll_fd_ctl_write: 0x5571edea4cf0: pfd->events now 60 (POLLOUT:4)
0:00:00.020752938  2732 0x5571ede80320 DEBUG   GST_POLL gstpoll.c:980:gst_poll_fd_ctl_write: 0x5571edea4cf0: fd (fd:0, idx:1), active : 1
0:00:00.020759815  2732 0x5571ede80320 LOG   GST_POLL gstpoll.c:994:gst_poll_fd_ctl_write: 0x5571edea4cf0: pfd->events now 60 (POLLOUT:4)
0:00:00.020774161  2732 0x5571ede80320 DEBUG   GST_POLL gstpoll.c:980:gst_poll_fd_ctl_write: 0x5571edea4cf0: fd (fd:0, idx:1), active : 1
0:00:00.020781730  2732 0x5571ede80320 LOG   GST_POLL gstpoll.c:994:gst_poll_fd_ctl_write: 0x5571edea4cf0: pfd->events now 60 (POLLOUT:4)
0:00:00.020789417  2732 0x5571ede80320 DEBUG   GST_POLL gstpoll.c:980:gst_poll_fd_ctl_write: 0x5571edea4cf0: fd (fd:0, idx:1), active : 1
0:00:00.020796110  2732 0x5571ede80320 LOG   GST_POLL gstpoll.c:994:gst_poll_fd_ctl_write: 0x5571edea4cf0: pfd->events now 60 (POLLOUT:4)
0:00:00.020805275  2732 0x5571ede80320 DEBUG   GST_POLL gstpoll.c:980:gst_poll_fd_ctl_write: 0x5571edea4cf0: fd (fd:0, idx:1), active : 1
0:00:00.020812682  2732 0x5571ede80320 LOG   GST_POLL gstpoll.c:994:gst_poll_fd_ctl_write: 0x5571edea4cf0: pfd->events now 60 (POLLOUT:4)
0:00:00.020819718  2732 0x5571ede80320 DEBUG   GST_POLL gstpoll.c:980:gst_poll_fd_ctl_write: 0x5571edea4cf0: fd (fd:0, idx:1), active : 1
0:00:00.020826314  2732 0x5571ede80320 LOG   GST_POLL gstpoll.c:994:gst_poll_fd_ctl_write: 0x5571edea4cf0: pfd->events now 60 (POLLOUT:4)
0:00:00.020836080  2732 0x5571ede80320 DEBUG   GST_POLL gstpoll.c:980:gst_poll_fd_ctl_write: 0x5571edea4cf0: fd (fd:0, idx:1), active : 1
0:00:00.020844085  2732 0x5571ede80320 LOG   GST_POLL gstpoll.c:994:gst_poll_fd_ctl_write: 0x5571edea4cf0: pfd->events now 60 (POLLOUT:4)
0:00:00.020851058  2732 0x5571ede80320 DEBUG   GST_POLL gstpoll.c:980:gst_poll_fd_ctl_write: 0x5571edea4cf0: fd (fd:0, idx:1), active : 1
0:00:00.020857833  2732 0x5571ede80320 LOG   GST_POLL gstpoll.c:994:gst_poll_fd_ctl_write: 0x5571edea4cf0: pfd->events now 60 (POLLOUT:4)
0:00:00.020867325  2732 0x5571ede80320 DEBUG   GST_POLL gstpoll.c:980:gst_poll_fd_ctl_write: 0x5571edea4cf0: fd (fd:0, idx:1), active : 1
0:00:00.020874769  2732 0x5571ede80320 LOG   GST_POLL gstpoll.c:994:gst_poll_fd_ctl_write: 0x5571edea4cf0: pfd->events now 60 (POLLOUT:4)
0:00:00.020881895  2732 0x5571ede80320 DEBUG   GST_POLL gstpoll.c:980:gst_poll_fd_ctl_write: 0x5571edea4cf0: fd (fd:0, idx:1), active : 1
0:00:00.020888885  2732 0x5571ede80320 LOG   GST_POLL gstpoll.c:994:gst_poll_fd_ctl_write: 0x5571edea4cf0: pfd->events now 60 (POLLOUT:4)
0:00:00.020898980  2732 0x5571ede80320 DEBUG   GST_POLL gstpoll.c:980:gst_poll_fd_ctl_write: 0x5571edea4cf0: fd (fd:0, idx:1), active : 1
0:00:00.020907252  2732 0x5571ede80320 LOG   GST_POLL gstpoll.c:994:gst_poll_fd_ctl_write: 0x5571edea4cf0: pfd->events now 60 (POLLOUT:4)
0:00:00.020942071  2732 0x5571ede80320 DEBUG   GST_POLL gstpoll.c:980:gst_poll_fd_ctl_write: 0x5571edea4cf0: fd (fd:0, idx:1), active : 1
0:00:00.020955039  2732 0x5571ede80320 LOG   GST_POLL gstpoll.c:994:gst_poll_fd_ctl_write: 0x5571edea4cf0: pfd->events now 60 (POLLOUT:4)
0:00:00.020963343  2732 0x5571ede80320 DEBUG   GST_POLL gstpoll.c:980:gst_poll_fd_ctl_write: 0x5571edea4cf0: fd (fd:0, idx:1), active : 1
0:00:00.020970341  2732 0x5571ede80320 LOG   GST_POLL gstpoll.c:994:gst_poll_fd_ctl_write: 0x5571edea4cf0: pfd->events now 60 (POLLOUT:4)
0:00:00.020977511  2732 0x5571ede80320 DEBUG   GST_POLL gstpoll.c:980:gst_poll_fd_ctl_write: 0x5571edea4cf0: fd (fd:0, idx:1), active : 1
0:00:00.020993511  2732 0x5571ede80320 LOG   GST_POLL gstpoll.c:994:gst_poll_fd_ctl_write: 0x5571edea4cf0: pfd->events now 60 (POLLOUT:4)
0:00:00.021001621  2732 0x5571ede80320 DEBUG   GST_POLL gstpoll.c:980:gst_poll_fd_ctl_write: 0x5571edea4cf0: fd (fd:0, idx:1), active : 1
0:00:00.021008419  2732 0x5571ede80320 LOG   GST_POLL gstpoll.c:994:gst_poll_fd_ctl_write: 0x5571edea4cf0: pfd->events now 60 (POLLOUT:4)
0:00:00.021015535  2732 0x5571ede80320 DEBUG   GST_POLL gstpoll.c:980:gst_poll_fd_ctl_write: 0x5571edea4cf0: fd (fd:0, idx:1), active : 1
0:00:00.021024519  2732 0x5571ede80320 LOG   GST_POLL gstpoll.c:994:gst_poll_fd_ctl_write: 0x5571edea4cf0: pfd->events now 60 (POLLOUT:4)
0:00:00.021032756  2732 0x5571ede80320 DEBUG   GST_POLL gstpoll.c:980:gst_poll_fd_ctl_write: 0x5571edea4cf0: fd (fd:0, idx:1), active : 1
0:00:00.021039828  2732 0x5571ede80320 LOG   GST_POLL gstpoll.c:994:gst_poll_fd_ctl_write: 0x5571edea4cf0: pfd->events now 60 (POLLOUT:4)
0:00:00.021046724  2732 0x5571ede80320 DEBUG   GST_POLL gstpoll.c:980:gst_poll_fd_ctl_write: 0x5571edea4cf0: fd (fd:0, idx:1), active : 1
0:00:00.021055527  2732 0x5571ede80320 LOG   GST_POLL gstpoll.c:994:gst_poll_fd_ctl_write: 0x5571edea4cf0: pfd->events now 60 (POLLOUT:4)
0:00:00.021063597  2732 0x5571ede80320 DEBUG   GST_POLL gstpoll.c:980:gst_poll_fd_ctl_write: 0x5571edea4cf0: fd (fd:0, idx:1), active : 1
0:00:00.021070648  2732 0x5571ede80320 LOG   GST_POLL gstpoll.c:994:gst_poll_fd_ctl_write: 0x5571edea4cf0: pfd->events now 60 (POLLOUT:4)
0:00:00.021078128  2732 0x5571ede80320 DEBUG   GST_POLL gstpoll.c:980:gst_poll_fd_ctl_write: 0x5571edea4cf0: fd (fd:0, idx:1), active : 1
0:00:00.021087161  2732 0x5571ede80320 LOG   GST_POLL gstpoll.c:994:gst_poll_fd_ctl_write: 0x5571edea4cf0: pfd->events now 60 (POLLOUT:4)
0:00:00.021095109  2732 0x5571ede80320 DEBUG   GST_POLL gstpoll.c:980:gst_poll_fd_ctl_write: 0x5571edea4cf0: fd (fd:0, idx:1), active : 1
0:00:00.021102478  2732 0x5571ede80320 LOG   GST_POLL gstpoll.c:994:gst_poll_fd_ctl_write: 0x5571edea4cf0: pfd->events now 60 (POLLOUT:4)
0:00:00.021109465  2732 0x5571ede80320 DEBUG   GST_POLL gstpoll.c:980:gst_poll_fd_ctl_write: 0x5571edea4cf0: fd (fd:0, idx:1), active : 1
0:00:00.021118280  2732 0x5571ede80320 LOG   GST_POLL gstpoll.c:994:gst_poll_fd_ctl_write: 0x5571edea4cf0: pfd->events now 60 (POLLOUT:4)
0:00:00.021126565  2732 0x5571ede80320 DEBUG   GST_POLL gstpoll.c:980:gst_poll_fd_ctl_write: 0x5571edea4cf0: fd (fd:0, idx:1), active : 1
0:00:00.021133372  2732 0x5571ede80320 LOG   GST_POLL gstpoll.c:994:gst_poll_fd_ctl_write: 0x5571edea4cf0: pfd->events now 60 (POLLOUT:4)
0:00:00.021140460  2732 0x5571ede80320 DEBUG   GST_POLL gstpoll.c:980:gst_poll_fd_ctl_write: 0x5571edea4cf0: fd (fd:0, idx:1), active : 1
0:00:00.021149302  2732 0x5571ede80320 LOG   GST_POLL gstpoll.c:994:gst_poll_fd_ctl_write: 0x5571edea4cf0: pfd->events now 60 (POLLOUT:4)
0:00:00.021157404  2732 0x5571ede80320 DEBUG   GST_POLL gstpoll.c:980:gst_poll_fd_ctl_write: 0x5571edea4cf0: fd (fd:0, idx:1), active : 1
0:00:00.021171478  2732 0x5571ede80320 LOG   GST_POLL gstpoll.c:994:gst_poll_fd_ctl_write: 0x5571edea4cf0: pfd->events now 60 (POLLOUT:4)
0:00:00.021178791  2732 0x5571ede80320 DEBUG   GST_POLL gstpoll.c:980:gst_poll_fd_ctl_write: 0x5571edea4cf0: fd (fd:0, idx:1), active : 1
0:00:00.021188051  2732 0x5571ede80320 LOG   GST_POLL gstpoll.c:994:gst_poll_fd_ctl_write: 0x5571edea4cf0: pfd->events now 60 (POLLOUT:4)
0:00:00.021196038  2732 0x5571ede80320 DEBUG   GST_POLL gstpoll.c:980:gst_poll_fd_ctl_write: 0x5571edea4cf0: fd (fd:0, idx:1), active : 1
0:00:00.021203193  2732 0x5571ede80320 LOG   GST_POLL gstpoll.c:994:gst_poll_fd_ctl_write: 0x5571edea4cf0: pfd->events now 60 (POLLOUT:4)
0:00:00.021210968  2732 0x5571ede80320 DEBUG   GST_POLL gstpoll.c:980:gst_poll_fd_ctl_write: 0x5571edea4cf0: fd (fd:0, idx:1), active : 1
0:00:00.021220388  2732 0x5571ede80320 LOG   GST_POLL gstpoll.c:994:gst_poll_fd_ctl_write: 0x5571edea4cf0: pfd->events now 60 (POLLOUT:4)
0:00:00.021235220  2732 0x5571ede80320 TRACE   GST_REFCOUNTING gstobject.c:265:gst_object_unref: 0x5571edea9bd0 unref 2->1
0:00:00.021246872  2732 0x5571ede80320 DEBUG   GST_POLL gstpoll.c:1241:gst_poll_fd_has_error: 0x5571edea4cf0: fd (fd:0, idx:1) 0
0:00:00.021254698  2732 0x5571ede80320 DEBUG   GST_POLL gstpoll.c:1335:gst_poll_fd_can_write: 0x5571edea4cf0: fd (fd:0, idx:1) 1
0:00:00.021263776  2732 0x5571ede80320 LOG   GST_PLUGIN_LOADING gstpluginloader.c:689:write_one: Writing packet of size 488 bytes to fd 0
0:00:00.021291368  2732 0x5571ede80320 DEBUG   GST_POLL gstpoll.c:1414:gst_poll_wait: 0x5571edea4cf0: timeout :0:00:01.000000000
0:00:00.021305569  2732 0x5571ede80320 LOG   GST_PLUGIN_LOADING gstpluginloader.c:1027:exchange_packets: Poll res = 2. 6872 bytes pending for write
0:00:00.021316006  2732 0x5571ede80320 DEBUG   GST_POLL gstpoll.c:1241:gst_poll_fd_has_error: 0x5571edea4cf0: fd (fd:5, idx:2) 0
0:00:00.021323498  2732 0x5571ede80320 DEBUG   GST_POLL gstpoll.c:1266:gst_poll_fd_can_read_unlocked: 0x5571edea4cf0: fd (fd:5, idx:2) 1
0:00:00.021334029  2732 0x5571ede80320 LOG   GST_PLUGIN_LOADING gstpluginloader.c:1005:read_one: No payload to read for 0 length packet type 1 tag 0
0:00:00.025668752  2731 0x55582c845320 LOG   GST_PLUGIN_LOADING gstpluginloader.c:1027:exchange_packets: Poll res = 1. 0 bytes pending for write
0:00:00.021342510  2732 0x5571ede80320 DEBUG   GST_POLL gstpoll.c:1015:gst_poll_fd_ctl_read_unlocked: 0x5571edea4cf0: fd (fd:5, idx:2), active : 0
0:00:00.021365213  2732 0x5571ede80320 DEBUG   GST_POLL gstpoll.c:980:gst_poll_fd_ctl_write: 0x5571edea4cf0: fd (fd:0, idx:1), active : 1
0:00:00.025699221  2731 0x55582c845320 DEBUG   GST_POLL gstpoll.c:1241:gst_poll_fd_has_error: 0x55582c86a920: fd (fd:8, idx:2) 0
0:00:00.021372349  2732 0x5571ede80320 LOG   GST_POLL gstpoll.c:994:gst_poll_fd_ctl_write: 0x5571edea4cf0: pfd->events now 60 (POLLOUT:4)
0:00:00.025715945  2731 0x55582c845320 DEBUG   GST_POLL gstpoll.c:1266:gst_poll_fd_can_read_unlocked: 0x55582c86a920: fd (fd:8, idx:2) 1
0:00:00.021382291  2732 0x5571ede80320 DEBUG   GST_POLL gstpoll.c:1241:gst_poll_fd_has_error: 0x5571edea4cf0: fd (fd:0, idx:1) 0
0:00:00.021398922  2732 0x5571ede80320 DEBUG   GST_POLL gstpoll.c:1335:gst_poll_fd_can_write: 0x5571edea4cf0: fd (fd:0, idx:1) 1
0:00:00.025733810  2731 0x55582c845320 DEBUG   GST_PLUGIN_LOADING gstpluginloader.c:849:handle_rx_packet: Received plugin details from child w/ tag 2. 476 bytes info
0:00:00.021408045  2732 0x5571ede80320 LOG   GST_PLUGIN_LOADING gstpluginloader.c:689:write_one: Writing packet of size 6872 bytes to fd 0
0:00:00.025747248  2731 0x55582c845320 LOG   GST_REGISTRY gstregistrychunks.c:837:_priv_gst_registry_chunks_load_plugin: Reading/casting for GstRegistryChunkPluginElement at address 0x55582c86ba80
0:00:00.021422286  2732 0x5571ede80320 DEBUG   GST_POLL gstpoll.c:1414:gst_poll_wait: 0x5571edea4cf0: timeout :0:00:01.000000000
0:00:00.025760836  2731 0x55582c845320 TRACE   GST_REFCOUNTING gstobject.c:208:gst_object_init: 0x55582c87a1b0 new
0:00:00.021432770  2732 0x5571ede80320 LOG   GST_PLUGIN_LOADING gstpluginloader.c:1027:exchange_packets: Poll res = 1. 12 bytes pending for write
0:00:00.025777035  2731 0x55582c845320 LOG   GST_REGISTRY gstregistrychunks.c:858:_priv_gst_registry_chunks_load_plugin: read strings for name='coretracers'
0:00:00.021443419  2732 0x5571ede80320 DEBUG   GST_POLL gstpoll.c:1241:gst_poll_fd_has_error: 0x5571edea4cf0: fd (fd:0, idx:1) 0
0:00:00.025786541  2731 0x55582c845320 LOG   GST_REGISTRY gstregistrychunks.c:859:_priv_gst_registry_chunks_load_plugin: desc.description='GStreamer core tracers'
0:00:00.021453271  2732 0x5571ede80320 DEBUG   GST_POLL gstpoll.c:1335:gst_poll_fd_can_write: 0x5571edea4cf0: fd (fd:0, idx:1) 1
0:00:00.025793316  2731 0x55582c845320 LOG   GST_REGISTRY gstregistrychunks.c:860:_priv_gst_registry_chunks_load_plugin: filename='/home/conan/w/prod/BuildSingleReference/.conan/data/gstreamer/1.19.1/_/_/package/d5d34cb95e58eb395d954c026f8b3b95a47b8905/lib/gstreamer-1.0/libgstcoretracers.so'
0:00:00.021460825  2732 0x5571ede80320 LOG   GST_PLUGIN_LOADING gstpluginloader.c:689:write_one: Writing packet of size 12 bytes to fd 0
0:00:00.025802839  2731 0x55582c845320 LOG   GST_REGISTRY gstregistrychunks.c:861:_priv_gst_registry_chunks_load_plugin: desc.version='1.19.1'
0:00:00.021473098  2732 0x5571ede80320 DEBUG   GST_POLL gstpoll.c:980:gst_poll_fd_ctl_write: 0x5571edea4cf0: fd (fd:0, idx:1), active : 0
0:00:00.025808734  2731 0x55582c845320 LOG   GST_REGISTRY gstregistrychunks.c:862:_priv_gst_registry_chunks_load_plugin: desc.license='LGPL'
0:00:00.021481920  2732 0x5571ede80320 LOG   GST_POLL gstpoll.c:994:gst_poll_fd_ctl_write: 0x5571edea4cf0: pfd->events now 56 (POLLOUT:4)
0:00:00.025820682  2731 0x55582c845320 LOG   GST_REGISTRY gstregistrychunks.c:863:_priv_gst_registry_chunks_load_plugin: desc.source='gstreamer'
0:00:00.025827469  2731 0x55582c845320 LOG   GST_REGISTRY gstregistrychunks.c:864:_priv_gst_registry_chunks_load_plugin: desc.package='GStreamer source release'
0:00:00.025832816  2731 0x55582c845320 LOG   GST_REGISTRY gstregistrychunks.c:865:_priv_gst_registry_chunks_load_plugin: desc.origin='Unknown package origin'
0:00:00.025837889  2731 0x55582c845320 LOG   GST_REGISTRY gstregistrychunks.c:866:_priv_gst_registry_chunks_load_plugin: desc.datetime=2021-06-01
0:00:00.021506392  2732 0x5571ede80320 DEBUG   GST_POLL gstpoll.c:772:gst_poll_free: 0x5571edea4cf0: freeing
0:00:00.025861765  2731 0x55582c845320 DEBUG   GST_REGISTRY gstregistry.c:449:gst_registry_add_plugin: Replacing existing plugin "/home/conan/w/prod/BuildSingleReference/.conan/data/gstreamer/1.19.1/_/_/package/d5d34cb95e58eb395d954c026f8b3b95a47b8905/lib/gstreamer-1.0/libgstcoretracers.so" 0x55582c86b000 with new plugin 0x55582c87a1b0 for filename "/home/conan/w/prod/BuildSingleReference/.conan/data/gstreamer/1.19.1/_/_/package/d5d34cb95e58eb395d954c026f8b3b95a47b8905/lib/gstreamer-1.0/libgstcoretracers.so"
0:00:00.025875948  2731 0x55582c845320 TRACE   GST_REFCOUNTING gstobject.c:265:gst_object_unref: 0x55582c86b000 unref 1->0
0:00:00.025884884  2731 0x55582c845320 TRACE   GST_REFCOUNTING gstobject.c:381:gst_object_dispose: 0x55582c86b000 dispose
0:00:00.025893152  2731 0x55582c845320 DEBUG   GST_PLUGIN_LOADING gstplugin.c:136:gst_plugin_finalize: finalizing plugin
0:00:00.025905583  2731 0x55582c845320 TRACE   GST_REFCOUNTING gstobject.c:423:gst_object_finalize: 0x55582c86b000 finalize
0:00:00.025918345  2731 0x55582c845320 DEBUG   GST_REGISTRY gstregistry.c:474:gst_registry_add_plugin: adding plugin 0x55582c87a1b0 for filename "/home/conan/w/prod/BuildSingleReference/.conan/data/gstreamer/1.19.1/_/_/package/d5d34cb95e58eb395d954c026f8b3b95a47b8905/lib/gstreamer-1.0/libgstcoretracers.so"
0:00:00.025925708  2731 0x55582c845320 TRACE   GST_REFCOUNTING gstobject.c:294:gst_object_ref_sink: 0x55582c87a1b0 ref_sink 1->2
0:00:00.025932413  2731 0x55582c845320 LOG   GST_REGISTRY gstregistry.c:487:gst_registry_add_plugin: emitting plugin-added for filename "/home/conan/w/prod/BuildSingleReference/.conan/data/gstreamer/1.19.1/_/_/package/d5d34cb95e58eb395d954c026f8b3b95a47b8905/lib/gstreamer-1.0/libgstcoretracers.so"
0:00:00.025942521  2731 0x55582c845320 DEBUG   GST_REGISTRY gstregistrychunks.c:887:_priv_gst_registry_chunks_load_plugin: Added plugin 'coretracers' plugin with 5 features from binary registry
0:00:00.025985294  2731 0x55582c845320 DEBUG   GST_REGISTRY gstregistrychunks.c:583:gst_registry_chunks_load_feature: Plugin 'coretracers' feature 'leaks' typename : 'GstTracerFactory'
0:00:00.025995328  2731 0x55582c845320 TRACE   GST_REFCOUNTING gstobject.c:208:gst_object_init: 0x55582c86aff0 new
0:00:00.026005208  2731 0x55582c845320 DEBUG   GST_REGISTRY gstregistrychunks.c:718:gst_registry_chunks_load_feature: Reading/casting for GstRegistryChunkPluginFeature at address 0x55582c86bbc8
0:00:00.026015810  2731 0x55582c845320 DEBUG   GST_REGISTRY gstregistry.c:581:gst_registry_add_feature: replacing existing feature 0x55582c86b390 (leaks)
0:00:00.026024441  2731 0x55582c845320 DEBUG   GST_REGISTRY gstregistry.c:590:gst_registry_add_feature: adding feature 0x55582c86aff0 (leaks)
0:00:00.026030284  2731 0x55582c845320 TRACE   GST_REFCOUNTING gstobject.c:788:gst_object_unparent: unparent
0:00:00.026037098  2731 0x55582c845320 TRACE   GST_REFCOUNTING gstobject.c:265:gst_object_unref: 0x55582c86b390 unref 1->0
0:00:00.026046706  2731 0x55582c845320 TRACE   GST_REFCOUNTING gstobject.c:381:gst_object_dispose: 0x55582c86b390 dispose
0:00:00.026059504  2731 0x55582c845320 DEBUG   GST_PLUGIN_LOADING gstpluginfeature.c:67:gst_plugin_feature_finalize: finalizing feature 0x55582c86b390: 'leaks'
0:00:00.026065778  2731 0x55582c845320 TRACE   GST_REFCOUNTING gstobject.c:423:gst_object_finalize: 0x55582c86b390 finalize
0:00:00.026072242  2731 0x55582c845320 DEBUG   GST_REFCOUNTING gstobject.c:709:gst_object_set_parent: set parent (ref and sink)
0:00:00.026082309  2731 0x55582c845320 TRACE   GST_REFCOUNTING gstobject.c:294:gst_object_ref_sink: 0x55582c86aff0 ref_sink 1->2
0:00:00.026089088  2731 0x55582c845320 LOG   GST_REGISTRY gstregistry.c:608:gst_registry_add_feature: emitting feature-added for leaks
0:00:00.026095851  2731 0x55582c845320 DEBUG   GST_REGISTRY gstregistrychunks.c:741:gst_registry_chunks_load_feature: Added feature leaks, plugin 0x55582c87a1b0 coretracers
0:00:00.026102180  2731 0x55582c845320 DEBUG   GST_REGISTRY gstregistrychunks.c:583:gst_registry_chunks_load_feature: Plugin 'coretracers' feature 'stats' typename : 'GstTracerFactory'
0:00:00.026112870  2731 0x55582c845320 TRACE   GST_REFCOUNTING gstobject.c:208:gst_object_init: 0x55582c86b390 new
0:00:00.026121138  2731 0x55582c845320 DEBUG   GST_REGISTRY gstregistrychunks.c:718:gst_registry_chunks_load_feature: Reading/casting for GstRegistryChunkPluginFeature at address 0x55582c86bbe8
