0:00:00.013747810  2732 0x5571ede80320 DEBUG   GST_POLL gstpoll.c:980:gst_poll_fd_ctl_write: 0x5571edea4cf0: fd (fd:0, idx:1), active : 1
0:00:00.013756469  2732 0x5571ede80320 LOG   GST_POLL gstpoll.c:994:gst_poll_fd_ctl_write: 0x5571edea4cf0: pfd->events now 60 (POLLOUT:4)
0:00:00.013764080  2732 0x5571ede80320 DEBUG   GST_POLL gstpoll.c:980:gst_poll_fd_ctl_write: 0x5571edea4cf0: fd (fd:0, idx:1), active : 1
0:00:00.013770721  2732 0x5571ede80320 LOG   GST_POLL gstpoll.c:994:gst_poll_fd_ctl_write: 0x5571edea4cf0: pfd->events now 60 (POLLOUT:4)
0:00:00.013777672  2732 0x5571ede80320 DEBUG   GST_POLL gstpoll.c:980:gst_poll_fd_ctl_write: 0x5571edea4cf0: fd (fd:0, idx:1), active : 1
0:00:00.013786301  2732 0x5571ede80320 LOG   GST_POLL gstpoll.c:994:gst_poll_fd_ctl_write: 0x5571edea4cf0: pfd->events now 60 (POLLOUT:4)
0:00:00.013793946  2732 0x5571ede80320 DEBUG   GST_POLL gstpoll.c:980:gst_poll_fd_ctl_write: 0x5571edea4cf0: fd (fd:0, idx:1), active : 1
0:00:00.013800645  2732 0x5571ede80320 LOG   GST_POLL gstpoll.c:994:gst_poll_fd_ctl_write: 0x5571edea4cf0: pfd->events now 60 (POLLOUT:4)
0:00:00.013807515  2732 0x5571ede80320 DEBUG   GST_POLL gstpoll.c:980:gst_poll_fd_ctl_write: 0x5571edea4cf0: fd (fd:0, idx:1), active : 1
0:00:00.013816081  2732 0x5571ede80320 LOG   GST_POLL gstpoll.c:994:gst_poll_fd_ctl_write: 0x5571edea4cf0: pfd->events now 60 (POLLOUT:4)
0:00:00.013823828  2732 0x5571ede80320 DEBUG   GST_POLL gstpoll.c:980:gst_poll_fd_ctl_write: 0x5571edea4cf0: fd (fd:0, idx:1), active : 1
0:00:00.013830409  2732 0x5571ede80320 LOG   GST_POLL gstpoll.c:994:gst_poll_fd_ctl_write: 0x5571edea4cf0: pfd->events now 60 (POLLOUT:4)
0:00:00.013837281  2732 0x5571ede80320 DEBUG   GST_POLL gstpoll.c:980:gst_poll_fd_ctl_write: 0x5571edea4cf0: fd (fd:0, idx:1), active : 1
0:00:00.013845865  2732 0x5571ede80320 LOG   GST_POLL gstpoll.c:994:gst_poll_fd_ctl_write: 0x5571edea4cf0: pfd->events now 60 (POLLOUT:4)
0:00:00.013853904  2732 0x5571ede80320 DEBUG   GST_POLL gstpoll.c:980:gst_poll_fd_ctl_write: 0x5571edea4cf0: fd (fd:0, idx:1), active : 1
0:00:00.013860657  2732 0x5571ede80320 LOG   GST_POLL gstpoll.c:994:gst_poll_fd_ctl_write: 0x5571edea4cf0: pfd->events now 60 (POLLOUT:4)
0:00:00.013872950  2732 0x5571ede80320 DEBUG   GST_POLL gstpoll.c:980:gst_poll_fd_ctl_write: 0x5571edea4cf0: fd (fd:0, idx:1), active : 1
0:00:00.013881717  2732 0x5571ede80320 LOG   GST_POLL gstpoll.c:994:gst_poll_fd_ctl_write: 0x5571edea4cf0: pfd->events now 60 (POLLOUT:4)
0:00:00.013889316  2732 0x5571ede80320 DEBUG   GST_POLL gstpoll.c:980:gst_poll_fd_ctl_write: 0x5571edea4cf0: fd (fd:0, idx:1), active : 1
0:00:00.013895971  2732 0x5571ede80320 LOG   GST_POLL gstpoll.c:994:gst_poll_fd_ctl_write: 0x5571edea4cf0: pfd->events now 60 (POLLOUT:4)
0:00:00.013902852  2732 0x5571ede80320 DEBUG   GST_POLL gstpoll.c:980:gst_poll_fd_ctl_write: 0x5571edea4cf0: fd (fd:0, idx:1), active : 1
0:00:00.013931251  2732 0x5571ede80320 LOG   GST_POLL gstpoll.c:994:gst_poll_fd_ctl_write: 0x5571edea4cf0: pfd->events now 60 (POLLOUT:4)
0:00:00.013944658  2732 0x5571ede80320 DEBUG   GST_POLL gstpoll.c:980:gst_poll_fd_ctl_write: 0x5571edea4cf0: fd (fd:0, idx:1), active : 1
0:00:00.013954527  2732 0x5571ede80320 LOG   GST_POLL gstpoll.c:994:gst_poll_fd_ctl_write: 0x5571edea4cf0: pfd->events now 60 (POLLOUT:4)
0:00:00.013964095  2732 0x5571ede80320 DEBUG   GST_POLL gstpoll.c:980:gst_poll_fd_ctl_write: 0x5571edea4cf0: fd (fd:0, idx:1), active : 1
0:00:00.013971510  2732 0x5571ede80320 LOG   GST_POLL gstpoll.c:994:gst_poll_fd_ctl_write: 0x5571edea4cf0: pfd->events now 60 (POLLOUT:4)
0:00:00.013978454  2732 0x5571ede80320 DEBUG   GST_POLL gstpoll.c:980:gst_poll_fd_ctl_write: 0x5571edea4cf0: fd (fd:0, idx:1), active : 1
0:00:00.013985005  2732 0x5571ede80320 LOG   GST_POLL gstpoll.c:994:gst_poll_fd_ctl_write: 0x5571edea4cf0: pfd->events now 60 (POLLOUT:4)
0:00:00.013993984  2732 0x5571ede80320 DEBUG   GST_POLL gstpoll.c:980:gst_poll_fd_ctl_write: 0x5571edea4cf0: fd (fd:0, idx:1), active : 1
0:00:00.014001298  2732 0x5571ede80320 LOG   GST_POLL gstpoll.c:994:gst_poll_fd_ctl_write: 0x5571edea4cf0: pfd->events now 60 (POLLOUT:4)
0:00:00.014008325  2732 0x5571ede80320 DEBUG   GST_POLL gstpoll.c:980:gst_poll_fd_ctl_write: 0x5571edea4cf0: fd (fd:0, idx:1), active : 1
0:00:00.014015074  2732 0x5571ede80320 LOG   GST_POLL gstpoll.c:994:gst_poll_fd_ctl_write: 0x5571edea4cf0: pfd->events now 60 (POLLOUT:4)
0:00:00.014024220  2732 0x5571ede80320 DEBUG   GST_POLL gstpoll.c:980:gst_poll_fd_ctl_write: 0x5571edea4cf0: fd (fd:0, idx:1), active : 1
0:00:00.014031470  2732 0x5571ede80320 LOG   GST_POLL gstpoll.c:994:gst_poll_fd_ctl_write: 0x5571edea4cf0: pfd->events now 60 (POLLOUT:4)
0:00:00.014038458  2732 0x5571ede80320 DEBUG   GST_POLL gstpoll.c:980:gst_poll_fd_ctl_write: 0x5571edea4cf0: fd (fd:0, idx:1), active : 1
0:00:00.014045048  2732 0x5571ede80320 LOG   GST_POLL gstpoll.c:994:gst_poll_fd_ctl_write: 0x5571edea4cf0: pfd->events now 60 (POLLOUT:4)
0:00:00.014054073  2732 0x5571ede80320 DEBUG   GST_POLL gstpoll.c:980:gst_poll_fd_ctl_write: 0x5571edea4cf0: fd (fd:0, idx:1), active : 1
0:00:00.014061350  2732 0x5571ede80320 LOG   GST_POLL gstpoll.c:994:gst_poll_fd_ctl_write: 0x5571edea4cf0: pfd->events now 60 (POLLOUT:4)
0:00:00.014073440  2732 0x5571ede80320 DEBUG   GST_POLL gstpoll.c:980:gst_poll_fd_ctl_write: 0x5571edea4cf0: fd (fd:0, idx:1), active : 1
0:00:00.014080620  2732 0x5571ede80320 LOG   GST_POLL gstpoll.c:994:gst_poll_fd_ctl_write: 0x5571edea4cf0: pfd->events now 60 (POLLOUT:4)
0:00:00.014089665  2732 0x5571ede80320 DEBUG   GST_POLL gstpoll.c:980:gst_poll_fd_ctl_write: 0x5571edea4cf0: fd (fd:0, idx:1), active : 1
0:00:00.014096878  2732 0x5571ede80320 LOG   GST_POLL gstpoll.c:994:gst_poll_fd_ctl_write: 0x5571edea4cf0: pfd->events now 60 (POLLOUT:4)
0:00:00.014103661  2732 0x5571ede80320 DEBUG   GST_POLL gstpoll.c:980:gst_poll_fd_ctl_write: 0x5571edea4cf0: fd (fd:0, idx:1), active : 1
0:00:00.014110098  2732 0x5571ede80320 LOG   GST_POLL gstpoll.c:994:gst_poll_fd_ctl_write: 0x5571edea4cf0: pfd->events now 60 (POLLOUT:4)
0:00:00.014119268  2732 0x5571ede80320 DEBUG   GST_POLL gstpoll.c:980:gst_poll_fd_ctl_write: 0x5571edea4cf0: fd (fd:0, idx:1), active : 1
0:00:00.014126546  2732 0x5571ede80320 LOG   GST_POLL gstpoll.c:994:gst_poll_fd_ctl_write: 0x5571edea4cf0: pfd->events now 60 (POLLOUT:4)
0:00:00.014133561  2732 0x5571ede80320 LOG   GST_PLUGIN_LOADING gstpluginloader.c:645:put_chunk: Expanding tx buf from 5764 to 7717 for chunk of size 229
0:00:00.014152497  2732 0x5571ede80320 DEBUG   GST_POLL gstpoll.c:980:gst_poll_fd_ctl_write: 0x5571edea4cf0: fd (fd:0, idx:1), active : 1
0:00:00.014161276  2732 0x5571ede80320 LOG   GST_POLL gstpoll.c:994:gst_poll_fd_ctl_write: 0x5571edea4cf0: pfd->events now 60 (POLLOUT:4)
0:00:00.014168594  2732 0x5571ede80320 DEBUG   GST_POLL gstpoll.c:980:gst_poll_fd_ctl_write: 0x5571edea4cf0: fd (fd:0, idx:1), active : 1
0:00:00.014175226  2732 0x5571ede80320 LOG   GST_POLL gstpoll.c:994:gst_poll_fd_ctl_write: 0x5571edea4cf0: pfd->events now 60 (POLLOUT:4)
0:00:00.014184586  2732 0x5571ede80320 DEBUG   GST_POLL gstpoll.c:980:gst_poll_fd_ctl_write: 0x5571edea4cf0: fd (fd:0, idx:1), active : 1
0:00:00.014191999  2732 0x5571ede80320 LOG   GST_POLL gstpoll.c:994:gst_poll_fd_ctl_write: 0x5571edea4cf0: pfd->events now 60 (POLLOUT:4)
0:00:00.014199160  2732 0x5571ede80320 DEBUG   GST_POLL gstpoll.c:980:gst_poll_fd_ctl_write: 0x5571edea4cf0: fd (fd:0, idx:1), active : 1
0:00:00.014205714  2732 0x5571ede80320 LOG   GST_POLL gstpoll.c:994:gst_poll_fd_ctl_write: 0x5571edea4cf0: pfd->events now 60 (POLLOUT:4)
0:00:00.014214783  2732 0x5571ede80320 DEBUG   GST_POLL gstpoll.c:980:gst_poll_fd_ctl_write: 0x5571edea4cf0: fd (fd:0, idx:1), active : 1
0:00:00.014222197  2732 0x5571ede80320 LOG   GST_POLL gstpoll.c:994:gst_poll_fd_ctl_write: 0x5571edea4cf0: pfd->events now 60 (POLLOUT:4)
0:00:00.014229363  2732 0x5571ede80320 DEBUG   GST_POLL gstpoll.c:980:gst_poll_fd_ctl_write: 0x5571edea4cf0: fd (fd:0, idx:1), active : 1
0:00:00.014235884  2732 0x5571ede80320 LOG   GST_POLL gstpoll.c:994:gst_poll_fd_ctl_write: 0x5571edea4cf0: pfd->events now 60 (POLLOUT:4)
0:00:00.014245020  2732 0x5571ede80320 DEBUG   GST_POLL gstpoll.c:980:gst_poll_fd_ctl_write: 0x5571edea4cf0: fd (fd:0, idx:1), active : 1
0:00:00.014258909  2732 0x5571ede80320 LOG   GST_POLL gstpoll.c:994:gst_poll_fd_ctl_write: 0x5571edea4cf0: pfd->events now 60 (POLLOUT:4)
0:00:00.014266175  2732 0x5571ede80320 DEBUG   GST_POLL gstpoll.c:980:gst_poll_fd_ctl_write: 0x5571edea4cf0: fd (fd:0, idx:1), active : 1
0:00:00.014272823  2732 0x5571ede80320 LOG   GST_POLL gstpoll.c:994:gst_poll_fd_ctl_write: 0x5571edea4cf0: pfd->events now 60 (POLLOUT:4)
0:00:00.014282059  2732 0x5571ede80320 DEBUG   GST_POLL gstpoll.c:980:gst_poll_fd_ctl_write: 0x5571edea4cf0: fd (fd:0, idx:1), active : 1
0:00:00.014289462  2732 0x5571ede80320 LOG   GST_POLL gstpoll.c:994:gst_poll_fd_ctl_write: 0x5571edea4cf0: pfd->events now 60 (POLLOUT:4)
0:00:00.014296375  2732 0x5571ede80320 DEBUG   GST_POLL gstpoll.c:980:gst_poll_fd_ctl_write: 0x5571edea4cf0: fd (fd:0, idx:1), active : 1
0:00:00.014302805  2732 0x5571ede80320 LOG   GST_POLL gstpoll.c:994:gst_poll_fd_ctl_write: 0x5571edea4cf0: pfd->events now 60 (POLLOUT:4)
0:00:00.014311902  2732 0x5571ede80320 DEBUG   GST_POLL gstpoll.c:980:gst_poll_fd_ctl_write: 0x5571edea4cf0: fd (fd:0, idx:1), active : 1
0:00:00.014319169  2732 0x5571ede80320 LOG   GST_POLL gstpoll.c:994:gst_poll_fd_ctl_write: 0x5571edea4cf0: pfd->events now 60 (POLLOUT:4)
0:00:00.014326066  2732 0x5571ede80320 DEBUG   GST_POLL gstpoll.c:980:gst_poll_fd_ctl_write: 0x5571edea4cf0: fd (fd:0, idx:1), active : 1
0:00:00.014332549  2732 0x5571ede80320 LOG   GST_POLL gstpoll.c:994:gst_poll_fd_ctl_write: 0x5571edea4cf0: pfd->events now 60 (POLLOUT:4)
0:00:00.014341594  2732 0x5571ede80320 DEBUG   GST_POLL gstpoll.c:980:gst_poll_fd_ctl_write: 0x5571edea4cf0: fd (fd:0, idx:1), active : 1
0:00:00.014348874  2732 0x5571ede80320 LOG   GST_POLL gstpoll.c:994:gst_poll_fd_ctl_write: 0x5571edea4cf0: pfd->events now 60 (POLLOUT:4)
0:00:00.014355879  2732 0x5571ede80320 DEBUG   GST_POLL gstpoll.c:980:gst_poll_fd_ctl_write: 0x5571edea4cf0: fd (fd:0, idx:1), active : 1
0:00:00.014362372  2732 0x5571ede80320 LOG   GST_POLL gstpoll.c:994:gst_poll_fd_ctl_write: 0x5571edea4cf0: pfd->events now 60 (POLLOUT:4)
0:00:00.014371392  2732 0x5571ede80320 DEBUG   GST_POLL gstpoll.c:980:gst_poll_fd_ctl_write: 0x5571edea4cf0: fd (fd:0, idx:1), active : 1
0:00:00.014378776  2732 0x5571ede80320 LOG   GST_POLL gstpoll.c:994:gst_poll_fd_ctl_write: 0x5571edea4cf0: pfd->events now 60 (POLLOUT:4)
0:00:00.014385651  2732 0x5571ede80320 DEBUG   GST_POLL gstpoll.c:980:gst_poll_fd_ctl_write: 0x5571edea4cf0: fd (fd:0, idx:1), active : 1
0:00:00.014392174  2732 0x5571ede80320 LOG   GST_POLL gstpoll.c:994:gst_poll_fd_ctl_write: 0x5571edea4cf0: pfd->events now 60 (POLLOUT:4)
0:00:00.014401261  2732 0x5571ede80320 DEBUG   GST_POLL gstpoll.c:980:gst_poll_fd_ctl_write: 0x5571edea4cf0: fd (fd:0, idx:1), active : 1
0:00:00.014408550  2732 0x5571ede80320 LOG   GST_POLL gstpoll.c:994:gst_poll_fd_ctl_write: 0x5571edea4cf0: pfd->events now 60 (POLLOUT:4)
0:00:00.014415717  2732 0x5571ede80320 DEBUG   GST_POLL gstpoll.c:980:gst_poll_fd_ctl_write: 0x5571edea4cf0: fd (fd:0, idx:1), active : 1
0:00:00.014422202  2732 0x5571ede80320 LOG   GST_POLL gstpoll.c:994:gst_poll_fd_ctl_write: 0x5571edea4cf0: pfd->events now 60 (POLLOUT:4)
0:00:00.014438071  2732 0x5571ede80320 DEBUG   GST_POLL gstpoll.c:980:gst_poll_fd_ctl_write: 0x5571edea4cf0: fd (fd:0, idx:1), active : 1
0:00:00.014445532  2732 0x5571ede80320 LOG   GST_POLL gstpoll.c:994:gst_poll_fd_ctl_write: 0x5571edea4cf0: pfd->events now 60 (POLLOUT:4)
0:00:00.014452616  2732 0x5571ede80320 DEBUG   GST_POLL gstpoll.c:980:gst_poll_fd_ctl_write: 0x5571edea4cf0: fd (fd:0, idx:1), active : 1
0:00:00.014459156  2732 0x5571ede80320 LOG   GST_POLL gstpoll.c:994:gst_poll_fd_ctl_write: 0x5571edea4cf0: pfd->events now 60 (POLLOUT:4)
0:00:00.014468120  2732 0x5571ede80320 DEBUG   GST_POLL gstpoll.c:980:gst_poll_fd_ctl_write: 0x5571edea4cf0: fd (fd:0, idx:1), active : 1
0:00:00.014475444  2732 0x5571ede80320 LOG   GST_POLL gstpoll.c:994:gst_poll_fd_ctl_write: 0x5571edea4cf0: pfd->events now 60 (POLLOUT:4)
0:00:00.014482580  2732 0x5571ede80320 DEBUG   GST_POLL gstpoll.c:980:gst_poll_fd_ctl_write: 0x5571edea4cf0: fd (fd:0, idx:1), active : 1
0:00:00.014489139  2732 0x5571ede80320 LOG   GST_POLL gstpoll.c:994:gst_poll_fd_ctl_write: 0x5571edea4cf0: pfd->events now 60 (POLLOUT:4)
0:00:00.014498315  2732 0x5571ede80320 DEBUG   GST_POLL gstpoll.c:980:gst_poll_fd_ctl_write: 0x5571edea4cf0: fd (fd:0, idx:1), active : 1
0:00:00.014505517  2732 0x5571ede80320 LOG   GST_POLL gstpoll.c:994:gst_poll_fd_ctl_write: 0x5571edea4cf0: pfd->events now 60 (POLLOUT:4)
0:00:00.014512396  2732 0x5571ede80320 DEBUG   GST_POLL gstpoll.c:980:gst_poll_fd_ctl_write: 0x5571edea4cf0: fd (fd:0, idx:1), active : 1
0:00:00.014518908  2732 0x5571ede80320 LOG   GST_POLL gstpoll.c:994:gst_poll_fd_ctl_write: 0x5571edea4cf0: pfd->events now 60 (POLLOUT:4)
0:00:00.014528048  2732 0x5571ede80320 DEBUG   GST_POLL gstpoll.c:980:gst_poll_fd_ctl_write: 0x5571edea4cf0: fd (fd:0, idx:1), active : 1
0:00:00.014535324  2732 0x5571ede80320 LOG   GST_POLL gstpoll.c:994:gst_poll_fd_ctl_write: 0x5571edea4cf0: pfd->events now 60 (POLLOUT:4)
0:00:00.014542308  2732 0x5571ede80320 DEBUG   GST_POLL gstpoll.c:980:gst_poll_fd_ctl_write: 0x5571edea4cf0: fd (fd:0, idx:1), active : 1
0:00:00.014548776  2732 0x5571ede80320 LOG   GST_POLL gstpoll.c:994:gst_poll_fd_ctl_write: 0x5571edea4cf0: pfd->events now 60 (POLLOUT:4)
0:00:00.014557769  2732 0x5571ede80320 DEBUG   GST_POLL gstpoll.c:980:gst_poll_fd_ctl_write: 0x5571edea4cf0: fd (fd:0, idx:1), active : 1
0:00:00.014565014  2732 0x5571ede80320 LOG   GST_POLL gstpoll.c:994:gst_poll_fd_ctl_write: 0x5571edea4cf0: pfd->events now 60 (POLLOUT:4)
0:00:00.014571920  2732 0x5571ede80320 DEBUG   GST_POLL gstpoll.c:980:gst_poll_fd_ctl_write: 0x5571edea4cf0: fd (fd:0, idx:1), active : 1
0:00:00.014578392  2732 0x5571ede80320 LOG   GST_POLL gstpoll.c:994:gst_poll_fd_ctl_write: 0x5571edea4cf0: pfd->events now 60 (POLLOUT:4)
0:00:00.014592322  2732 0x5571ede80320 DEBUG   GST_POLL gstpoll.c:980:gst_poll_fd_ctl_write: 0x5571edea4cf0: fd (fd:0, idx:1), active : 1
0:00:00.014599809  2732 0x5571ede80320 LOG   GST_POLL gstpoll.c:994:gst_poll_fd_ctl_write: 0x5571edea4cf0: pfd->events now 60 (POLLOUT:4)
0:00:00.014611978  2732 0x5571ede80320 DEBUG   GST_POLL gstpoll.c:980:gst_poll_fd_ctl_write: 0x5571edea4cf0: fd (fd:0, idx:1), active : 1
0:00:00.014618930  2732 0x5571ede80320 LOG   GST_POLL gstpoll.c:994:gst_poll_fd_ctl_write: 0x5571edea4cf0: pfd->events now 60 (POLLOUT:4)
0:00:00.014627980  2732 0x5571ede80320 DEBUG   GST_POLL gstpoll.c:980:gst_poll_fd_ctl_write: 0x5571edea4cf0: fd (fd:0, idx:1), active : 1
0:00:00.014635210  2732 0x5571ede80320 LOG   GST_POLL gstpoll.c:994:gst_poll_fd_ctl_write: 0x5571edea4cf0: pfd->events now 60 (POLLOUT:4)
0:00:00.014642135  2732 0x5571ede80320 DEBUG   GST_POLL gstpoll.c:980:gst_poll_fd_ctl_write: 0x5571edea4cf0: fd (fd:0, idx:1), active : 1
0:00:00.014648618  2732 0x5571ede80320 LOG   GST_POLL gstpoll.c:994:gst_poll_fd_ctl_write: 0x5571edea4cf0: pfd->events now 60 (POLLOUT:4)
0:00:00.014657653  2732 0x5571ede80320 DEBUG   GST_POLL gstpoll.c:980:gst_poll_fd_ctl_write: 0x5571edea4cf0: fd (fd:0, idx:1), active : 1
0:00:00.014664961  2732 0x5571ede80320 LOG   GST_POLL gstpoll.c:994:gst_poll_fd_ctl_write: 0x5571edea4cf0: pfd->events now 60 (POLLOUT:4)
0:00:00.014671911  2732 0x5571ede80320 DEBUG   GST_POLL gstpoll.c:980:gst_poll_fd_ctl_write: 0x5571edea4cf0: fd (fd:0, idx:1), active : 1
0:00:00.014678388  2732 0x5571ede80320 LOG   GST_POLL gstpoll.c:994:gst_poll_fd_ctl_write: 0x5571edea4cf0: pfd->events now 60 (POLLOUT:4)
0:00:00.014687391  2732 0x5571ede80320 DEBUG   GST_POLL gstpoll.c:980:gst_poll_fd_ctl_write: 0x5571edea4cf0: fd (fd:0, idx:1), active : 1
0:00:00.014694730  2732 0x5571ede80320 LOG   GST_POLL gstpoll.c:994:gst_poll_fd_ctl_write: 0x5571edea4cf0: pfd->events now 60 (POLLOUT:4)
0:00:00.014701636  2732 0x5571ede80320 DEBUG   GST_POLL gstpoll.c:980:gst_poll_fd_ctl_write: 0x5571edea4cf0: fd (fd:0, idx:1), active : 1
0:00:00.014708178  2732 0x5571ede80320 LOG   GST_POLL gstpoll.c:994:gst_poll_fd_ctl_write: 0x5571edea4cf0: pfd->events now 60 (POLLOUT:4)
0:00:00.014717223  2732 0x5571ede80320 DEBUG   GST_POLL gstpoll.c:980:gst_poll_fd_ctl_write: 0x5571edea4cf0: fd (fd:0, idx:1), active : 1
0:00:00.014724397  2732 0x5571ede80320 LOG   GST_POLL gstpoll.c:994:gst_poll_fd_ctl_write: 0x5571edea4cf0: pfd->events now 60 (POLLOUT:4)
0:00:00.014731455  2732 0x5571ede80320 DEBUG   GST_POLL gstpoll.c:980:gst_poll_fd_ctl_write: 0x5571edea4cf0: fd (fd:0, idx:1), active : 1
0:00:00.014737935  2732 0x5571ede80320 LOG   GST_POLL gstpoll.c:994:gst_poll_fd_ctl_write: 0x5571edea4cf0: pfd->events now 60 (POLLOUT:4)
0:00:00.014747006  2732 0x5571ede80320 DEBUG   GST_POLL gstpoll.c:980:gst_poll_fd_ctl_write: 0x5571edea4cf0: fd (fd:0, idx:1), active : 1
0:00:00.014754274  2732 0x5571ede80320 LOG   GST_POLL gstpoll.c:994:gst_poll_fd_ctl_write: 0x5571edea4cf0: pfd->events now 60 (POLLOUT:4)
0:00:00.014761234  2732 0x5571ede80320 DEBUG   GST_POLL gstpoll.c:980:gst_poll_fd_ctl_write: 0x5571edea4cf0: fd (fd:0, idx:1), active : 1
0:00:00.014767812  2732 0x5571ede80320 LOG   GST_POLL gstpoll.c:994:gst_poll_fd_ctl_write: 0x5571edea4cf0: pfd->events now 60 (POLLOUT:4)
0:00:00.014776966  2732 0x5571ede80320 DEBUG   GST_POLL gstpoll.c:980:gst_poll_fd_ctl_write: 0x5571edea4cf0: fd (fd:0, idx:1), active : 1
0:00:00.014788635  2732 0x5571ede80320 LOG   GST_POLL gstpoll.c:994:gst_poll_fd_ctl_write: 0x5571edea4cf0: pfd->events now 60 (POLLOUT:4)
0:00:00.014795668  2732 0x5571ede80320 DEBUG   GST_POLL gstpoll.c:980:gst_poll_fd_ctl_write: 0x5571edea4cf0: fd (fd:0, idx:1), active : 1
0:00:00.014802290  2732 0x5571ede80320 LOG   GST_POLL gstpoll.c:994:gst_poll_fd_ctl_write: 0x5571edea4cf0: pfd->events now 60 (POLLOUT:4)
0:00:00.014811505  2732 0x5571ede80320 DEBUG   GST_POLL gstpoll.c:980:gst_poll_fd_ctl_write: 0x5571edea4cf0: fd (fd:0, idx:1), active : 1
0:00:00.014818769  2732 0x5571ede80320 LOG   GST_POLL gstpoll.c:994:gst_poll_fd_ctl_write: 0x5571edea4cf0: pfd->events now 60 (POLLOUT:4)
0:00:00.014825761  2732 0x5571ede80320 DEBUG   GST_POLL gstpoll.c:980:gst_poll_fd_ctl_write: 0x5571edea4cf0: fd (fd:0, idx:1), active : 1
0:00:00.014832370  2732 0x5571ede80320 LOG   GST_POLL gstpoll.c:994:gst_poll_fd_ctl_write: 0x5571edea4cf0: pfd->events now 60 (POLLOUT:4)
0:00:00.014841468  2732 0x5571ede80320 DEBUG   GST_POLL gstpoll.c:980:gst_poll_fd_ctl_write: 0x5571edea4cf0: fd (fd:0, idx:1), active : 1
0:00:00.014848704  2732 0x5571ede80320 LOG   GST_POLL gstpoll.c:994:gst_poll_fd_ctl_write: 0x5571edea4cf0: pfd->events now 60 (POLLOUT:4)
0:00:00.014855969  2732 0x5571ede80320 DEBUG   GST_POLL gstpoll.c:980:gst_poll_fd_ctl_write: 0x5571edea4cf0: fd (fd:0, idx:1), active : 1
0:00:00.014862465  2732 0x5571ede80320 LOG   GST_POLL gstpoll.c:994:gst_poll_fd_ctl_write: 0x5571edea4cf0: pfd->events now 60 (POLLOUT:4)
0:00:00.014871482  2732 0x5571ede80320 DEBUG   GST_POLL gstpoll.c:980:gst_poll_fd_ctl_write: 0x5571edea4cf0: fd (fd:0, idx:1), active : 1
0:00:00.014878704  2732 0x5571ede80320 LOG   GST_POLL gstpoll.c:994:gst_poll_fd_ctl_write: 0x5571edea4cf0: pfd->events now 60 (POLLOUT:4)
0:00:00.014885885  2732 0x5571ede80320 DEBUG   GST_POLL gstpoll.c:980:gst_poll_fd_ctl_write: 0x5571edea4cf0: fd (fd:0, idx:1), active : 1
0:00:00.014892480  2732 0x5571ede80320 LOG   GST_POLL gstpoll.c:994:gst_poll_fd_ctl_write: 0x5571edea4cf0: pfd->events now 60 (POLLOUT:4)
0:00:00.014929879  2732 0x5571ede80320 DEBUG   GST_POLL gstpoll.c:980:gst_poll_fd_ctl_write: 0x5571edea4cf0: fd (fd:0, idx:1), active : 1
0:00:00.014942493  2732 0x5571ede80320 LOG   GST_POLL gstpoll.c:994:gst_poll_fd_ctl_write: 0x5571edea4cf0: pfd->events now 60 (POLLOUT:4)
0:00:00.014950404  2732 0x5571ede80320 DEBUG   GST_POLL gstpoll.c:980:gst_poll_fd_ctl_write: 0x5571edea4cf0: fd (fd:0, idx:1), active : 1
0:00:00.014959007  2732 0x5571ede80320 LOG   GST_POLL gstpoll.c:994:gst_poll_fd_ctl_write: 0x5571edea4cf0: pfd->events now 60 (POLLOUT:4)
0:00:00.014966484  2732 0x5571ede80320 DEBUG   GST_POLL gstpoll.c:980:gst_poll_fd_ctl_write: 0x5571edea4cf0: fd (fd:0, idx:1), active : 1
0:00:00.014973031  2732 0x5571ede80320 LOG   GST_POLL gstpoll.c:994:gst_poll_fd_ctl_write: 0x5571edea4cf0: pfd->events now 60 (POLLOUT:4)
0:00:00.014979854  2732 0x5571ede80320 DEBUG   GST_POLL gstpoll.c:980:gst_poll_fd_ctl_write: 0x5571edea4cf0: fd (fd:0, idx:1), active : 1
0:00:00.014994438  2732 0x5571ede80320 LOG   GST_POLL gstpoll.c:994:gst_poll_fd_ctl_write: 0x5571edea4cf0: pfd->events now 60 (POLLOUT:4)
0:00:00.015002200  2732 0x5571ede80320 DEBUG   GST_POLL gstpoll.c:980:gst_poll_fd_ctl_write: 0x5571edea4cf0: fd (fd:0, idx:1), active : 1
0:00:00.015008905  2732 0x5571ede80320 LOG   GST_POLL gstpoll.c:994:gst_poll_fd_ctl_write: 0x5571edea4cf0: pfd->events now 60 (POLLOUT:4)
0:00:00.015015612  2732 0x5571ede80320 DEBUG   GST_POLL gstpoll.c:980:gst_poll_fd_ctl_write: 0x5571edea4cf0: fd (fd:0, idx:1), active : 1
0:00:00.015024122  2732 0x5571ede80320 LOG   GST_POLL gstpoll.c:994:gst_poll_fd_ctl_write: 0x5571edea4cf0: pfd->events now 60 (POLLOUT:4)
0:00:00.015038954  2732 0x5571ede80320 TRACE   GST_REFCOUNTING gstobject.c:265:gst_object_unref: 0x5571edea9bd0 unref 2->1
0:00:00.015048256  2732 0x5571ede80320 DEBUG   GST_POLL gstpoll.c:1241:gst_poll_fd_has_error: 0x5571edea4cf0: fd (fd:0, idx:1) 0
0:00:00.015055503  2732 0x5571ede80320 DEBUG   GST_POLL gstpoll.c:1335:gst_poll_fd_can_write: 0x5571edea4cf0: fd (fd:0, idx:1) 1
0:00:00.015064402  2732 0x5571ede80320 LOG   GST_PLUGIN_LOADING gstpluginloader.c:689:write_one: Writing packet of size 488 bytes to fd 0
0:00:00.015091575  2732 0x5571ede80320 DEBUG   GST_POLL gstpoll.c:1414:gst_poll_wait: 0x5571edea4cf0: timeout :0:00:01.000000000
0:00:00.015105579  2732 0x5571ede80320 LOG   GST_PLUGIN_LOADING gstpluginloader.c:1027:exchange_packets: Poll res = 2. 6872 bytes pending for write
0:00:00.015115400  2732 0x5571ede80320 DEBUG   GST_POLL gstpoll.c:1241:gst_poll_fd_has_error: 0x5571edea4cf0: fd (fd:5, idx:2) 0
0:00:00.015122925  2732 0x5571ede80320 DEBUG   GST_POLL gstpoll.c:1266:gst_poll_fd_can_read_unlocked: 0x5571edea4cf0: fd (fd:5, idx:2) 1
0:00:00.015135648  2732 0x5571ede80320 DEBUG   GST_PLUGIN_LOADING gstpluginloader.c:721:do_plugin_load: Plugin scanner loading file /home/conan/w/prod/BuildSingleReference/.conan/data/gstreamer/1.19.1/_/_/package/d5d34cb95e58eb395d954c026f8b3b95a47b8905/lib/gstreamer-1.0/libgstcoretracers.so. tag 2
0:00:00.015148493  2732 0x5571ede80320 TRACE   GST_REFCOUNTING gstobject.c:238:gst_object_ref: 0x5571edea66f0 ref 1->2
0:00:00.019472891  2731 0x55582c845320 LOG   GST_PLUGIN_LOADING gstpluginloader.c:1027:exchange_packets: Poll res = 1. 0 bytes pending for write
0:00:00.015159228  2732 0x5571ede80320 TRACE   GST_REFCOUNTING gstobject.c:238:gst_object_ref: 0x5571edea80a0 ref 1->2
0:00:00.015177858  2732 0x5571ede80320 TRACE   GST_REFCOUNTING gstobject.c:238:gst_object_ref: 0x5571edea7e20 ref 1->2
0:00:00.019512952  2731 0x55582c845320 DEBUG   GST_POLL gstpoll.c:1241:gst_poll_fd_has_error: 0x55582c86a920: fd (fd:8, idx:2) 0
0:00:00.015185822  2732 0x5571ede80320 TRACE   GST_REFCOUNTING gstobject.c:238:gst_object_ref: 0x5571edea7b50 ref 1->2
0:00:00.019524369  2731 0x55582c845320 DEBUG   GST_POLL gstpoll.c:1266:gst_poll_fd_can_read_unlocked: 0x55582c86a920: fd (fd:8, idx:2) 1
0:00:00.015196810  2732 0x5571ede80320 TRACE   GST_REFCOUNTING gstobject.c:238:gst_object_ref: 0x5571edea7880 ref 1->2
0:00:00.019546687  2731 0x55582c845320 DEBUG   GST_PLUGIN_LOADING gstpluginloader.c:849:handle_rx_packet: Received plugin details from child w/ tag 0. 476 bytes info
0:00:00.015211745  2732 0x5571ede80320 TRACE   GST_REFCOUNTING gstobject.c:238:gst_object_ref: 0x5571edea73d0 ref 1->2
0:00:00.019556819  2731 0x55582c845320 LOG   GST_REGISTRY gstregistrychunks.c:837:_priv_gst_registry_chunks_load_plugin: Reading/casting for GstRegistryChunkPluginElement at address 0x55582c865ec0
0:00:00.015227552  2732 0x5571ede80320 TRACE   GST_REFCOUNTING gstobject.c:265:gst_object_unref: 0x5571edea73d0 unref 2->1
0:00:00.015236983  2732 0x5571ede80320 TRACE   GST_REFCOUNTING gstobject.c:265:gst_object_unref: 0x5571edea7880 unref 2->1
0:00:00.015246825  2732 0x5571ede80320 TRACE   GST_REFCOUNTING gstobject.c:265:gst_object_unref: 0x5571edea7b50 unref 2->1
0:00:00.019584147  2731 0x55582c845320 TRACE   GST_REFCOUNTING gstobject.c:208:gst_object_init: 0x55582c86b000 new
0:00:00.015255073  2732 0x5571ede80320 TRACE   GST_REFCOUNTING gstobject.c:265:gst_object_unref: 0x5571edea7e20 unref 2->1
0:00:00.015263517  2732 0x5571ede80320 TRACE   GST_REFCOUNTING gstobject.c:265:gst_object_unref: 0x5571edea80a0 unref 2->1
0:00:00.015273142  2732 0x5571ede80320 DEBUG   GST_REGISTRY gstregistrychunks.c:498:_priv_gst_registry_chunks_save_plugin: Found 5 features in plugin 0x5571edea66f0 (coretracers)
0:00:00.015282812  2732 0x5571ede80320 DEBUG   GST_POLL gstpoll.c:980:gst_poll_fd_ctl_write: 0x5571edea4cf0: fd (fd:0, idx:1), active : 1
0:00:00.015290377  2732 0x5571ede80320 LOG   GST_POLL gstpoll.c:994:gst_poll_fd_ctl_write: 0x5571edea4cf0: pfd->events now 60 (POLLOUT:4)
0:00:00.019626761  2731 0x55582c845320 LOG   GST_REGISTRY gstregistrychunks.c:858:_priv_gst_registry_chunks_load_plugin: read strings for name='coretracers'
0:00:00.015297571  2732 0x5571ede80320 DEBUG   GST_POLL gstpoll.c:980:gst_poll_fd_ctl_write: 0x5571edea4cf0: fd (fd:0, idx:1), active : 1
0:00:00.019636364  2731 0x55582c845320 LOG   GST_REGISTRY gstregistrychunks.c:859:_priv_gst_registry_chunks_load_plugin: desc.description='GStreamer core tracers'
0:00:00.015305005  2732 0x5571ede80320 LOG   GST_POLL gstpoll.c:994:gst_poll_fd_ctl_write: 0x5571edea4cf0: pfd->events now 60 (POLLOUT:4)
0:00:00.019643024  2731 0x55582c845320 LOG   GST_REGISTRY gstregistrychunks.c:860:_priv_gst_registry_chunks_load_plugin: filename='/home/conan/w/prod/BuildSingleReference/.conan/data/gstreamer/1.19.1/_/_/package/d5d34cb95e58eb395d954c026f8b3b95a47b8905/lib/gstreamer-1.0/libgstcoretracers.so'
0:00:00.015314958  2732 0x5571ede80320 DEBUG   GST_POLL gstpoll.c:980:gst_poll_fd_ctl_write: 0x5571edea4cf0: fd (fd:0, idx:1), active : 1
0:00:00.019650953  2731 0x55582c845320 LOG   GST_REGISTRY gstregistrychunks.c:861:_priv_gst_registry_chunks_load_plugin: desc.version='1.19.1'
0:00:00.015323186  2732 0x5571ede80320 LOG   GST_POLL gstpoll.c:994:gst_poll_fd_ctl_write: 0x5571edea4cf0: pfd->events now 60 (POLLOUT:4)
0:00:00.019662044  2731 0x55582c845320 LOG   GST_REGISTRY gstregistrychunks.c:862:_priv_gst_registry_chunks_load_plugin: desc.license='LGPL'
0:00:00.015331427  2732 0x5571ede80320 DEBUG   GST_POLL gstpoll.c:980:gst_poll_fd_ctl_write: 0x5571edea4cf0: fd (fd:0, idx:1), active : 1
0:00:00.019681216  2731 0x55582c845320 LOG   GST_REGISTRY gstregistrychunks.c:863:_priv_gst_registry_chunks_load_plugin: desc.source='gstreamer'
0:00:00.015348557  2732 0x5571ede80320 LOG   GST_POLL gstpoll.c:994:gst_poll_fd_ctl_write: 0x5571edea4cf0: pfd->events now 60 (POLLOUT:4)
0:00:00.019687531  2731 0x55582c845320 LOG   GST_REGISTRY gstregistrychunks.c:864:_priv_gst_registry_chunks_load_plugin: desc.package='GStreamer source release'
0:00:00.015358343  2732 0x5571ede80320 DEBUG   GST_POLL gstpoll.c:980:gst_poll_fd_ctl_write: 0x5571edea4cf0: fd (fd:0, idx:1), active : 1
0:00:00.019694353  2731 0x55582c845320 LOG   GST_REGISTRY gstregistrychunks.c:865:_priv_gst_registry_chunks_load_plugin: desc.origin='Unknown package origin'
0:00:00.015366677  2732 0x5571ede80320 LOG   GST_POLL gstpoll.c:994:gst_poll_fd_ctl_write: 0x5571edea4cf0: pfd->events now 60 (POLLOUT:4)
0:00:00.019705392  2731 0x55582c845320 LOG   GST_REGISTRY gstregistrychunks.c:866:_priv_gst_registry_chunks_load_plugin: desc.datetime=2021-06-01
0:00:00.015374846  2732 0x5571ede80320 DEBUG   GST_POLL gstpoll.c:980:gst_poll_fd_ctl_write: 0x5571edea4cf0: fd (fd:0, idx:1), active : 1
0:00:00.019717188  2731 0x55582c845320 DEBUG   GST_REGISTRY gstregistry.c:474:gst_registry_add_plugin: adding plugin 0x55582c86b000 for filename "/home/conan/w/prod/BuildSingleReference/.conan/data/gstreamer/1.19.1/_/_/package/d5d34cb95e58eb395d954c026f8b3b95a47b8905/lib/gstreamer-1.0/libgstcoretracers.so"
0:00:00.015382392  2732 0x5571ede80320 LOG   GST_POLL gstpoll.c:994:gst_poll_fd_ctl_write: 0x5571edea4cf0: pfd->events now 60 (POLLOUT:4)
0:00:00.019728886  2731 0x55582c845320 TRACE   GST_REFCOUNTING gstobject.c:294:gst_object_ref_sink: 0x55582c86b000 ref_sink 1->2
0:00:00.015393856  2732 0x5571ede80320 DEBUG   GST_POLL gstpoll.c:980:gst_poll_fd_ctl_write: 0x5571edea4cf0: fd (fd:0, idx:1), active : 1
0:00:00.019739234  2731 0x55582c845320 LOG   GST_REGISTRY gstregistry.c:487:gst_registry_add_plugin: emitting plugin-added for filename "/home/conan/w/prod/BuildSingleReference/.conan/data/gstreamer/1.19.1/_/_/package/d5d34cb95e58eb395d954c026f8b3b95a47b8905/lib/gstreamer-1.0/libgstcoretracers.so"
0:00:00.015404626  2732 0x5571ede80320 LOG   GST_POLL gstpoll.c:994:gst_poll_fd_ctl_write: 0x5571edea4cf0: pfd->events now 60 (POLLOUT:4)
0:00:00.019748001  2731 0x55582c845320 DEBUG   GST_REGISTRY gstregistrychunks.c:887:_priv_gst_registry_chunks_load_plugin: Added plugin 'coretracers' plugin with 5 features from binary registry
0:00:00.015414436  2732 0x5571ede80320 DEBUG   GST_POLL gstpoll.c:980:gst_poll_fd_ctl_write: 0x5571edea4cf0: fd (fd:0, idx:1), active : 1
0:00:00.019755377  2731 0x55582c845320 DEBUG   GST_REGISTRY gstregistrychunks.c:583:gst_registry_chunks_load_feature: Plugin 'coretracers' feature 'leaks' typename : 'GstTracerFactory'
0:00:00.015421777  2732 0x5571ede80320 LOG   GST_POLL gstpoll.c:994:gst_poll_fd_ctl_write: 0x5571edea4cf0: pfd->events now 60 (POLLOUT:4)
0:00:00.015431326  2732 0x5571ede80320 DEBUG   GST_POLL gstpoll.c:980:gst_poll_fd_ctl_write: 0x5571edea4cf0: fd (fd:0, idx:1), active : 1
0:00:00.019772091  2731 0x55582c845320 TRACE   GST_REFCOUNTING gstobject.c:208:gst_object_init: 0x55582c86b390 new
0:00:00.015443781  2732 0x5571ede80320 LOG   GST_POLL gstpoll.c:994:gst_poll_fd_ctl_write: 0x5571edea4cf0: pfd->events now 60 (POLLOUT:4)
0:00:00.019786744  2731 0x55582c845320 DEBUG   GST_REGISTRY gstregistrychunks.c:718:gst_registry_chunks_load_feature: Reading/casting for GstRegistryChunkPluginFeature at address 0x55582c866008
0:00:00.015451919  2732 0x5571ede80320 DEBUG   GST_POLL gstpoll.c:980:gst_poll_fd_ctl_write: 0x5571edea4cf0: fd (fd:0, idx:1), active : 1
0:00:00.019795590  2731 0x55582c845320 DEBUG   GST_REGISTRY gstregistry.c:590:gst_registry_add_feature: adding feature 0x55582c86b390 (leaks)
0:00:00.015460910  2732 0x5571ede80320 LOG   GST_POLL gstpoll.c:994:gst_poll_fd_ctl_write: 0x5571edea4cf0: pfd->events now 60 (POLLOUT:4)
0:00:00.019804219  2731 0x55582c845320 DEBUG   GST_REFCOUNTING gstobject.c:709:gst_object_set_parent: set parent (ref and sink)
0:00:00.015471628  2732 0x5571ede80320 DEBUG   GST_POLL gstpoll.c:980:gst_poll_fd_ctl_write: 0x5571edea4cf0: fd (fd:0, idx:1), active : 1
0:00:00.019814823  2731 0x55582c845320 TRACE   GST_REFCOUNTING gstobject.c:294:gst_object_ref_sink: 0x55582c86b390 ref_sink 1->2
0:00:00.015480629  2732 0x5571ede80320 LOG   GST_POLL gstpoll.c:994:gst_poll_fd_ctl_write: 0x5571edea4cf0: pfd->events now 60 (POLLOUT:4)
0:00:00.019822219  2731 0x55582c845320 LOG   GST_REGISTRY gstregistry.c:608:gst_registry_add_feature: emitting feature-added for leaks
0:00:00.015489188  2732 0x5571ede80320 DEBUG   GST_POLL gstpoll.c:980:gst_poll_fd_ctl_write: 0x5571edea4cf0: fd (fd:0, idx:1), active : 1
0:00:00.019829812  2731 0x55582c845320 DEBUG   GST_REGISTRY gstregistrychunks.c:741:gst_registry_chunks_load_feature: Added feature leaks, plugin 0x55582c86b000 coretracers
0:00:00.015496828  2732 0x5571ede80320 LOG   GST_POLL gstpoll.c:994:gst_poll_fd_ctl_write: 0x5571edea4cf0: pfd->events now 60 (POLLOUT:4)
0:00:00.019836505  2731 0x55582c845320 DEBUG   GST_REGISTRY gstregistrychunks.c:583:gst_registry_chunks_load_feature: Plugin 'coretracers' feature 'stats' typename : 'GstTracerFactory'
0:00:00.015506440  2732 0x5571ede80320 DEBUG   GST_POLL gstpoll.c:980:gst_poll_fd_ctl_write: 0x5571edea4cf0: fd (fd:0, idx:1), active : 1
0:00:00.019847309  2731 0x55582c845320 TRACE   GST_REFCOUNTING gstobject.c:208:gst_object_init: 0x55582c86b5a0 new
0:00:00.015514453  2732 0x5571ede80320 LOG   GST_POLL gstpoll.c:994:gst_poll_fd_ctl_write: 0x5571edea4cf0: pfd->events now 60 (POLLOUT:4)
0:00:00.019856232  2731 0x55582c845320 DEBUG   GST_REGISTRY gstregistrychunks.c:718:gst_registry_chunks_load_feature: Reading/casting for GstRegistryChunkPluginFeature at address 0x55582c866028
0:00:00.015522060  2732 0x5571ede80320 DEBUG   GST_POLL gstpoll.c:980:gst_poll_fd_ctl_write: 0x5571edea4cf0: fd (fd:0, idx:1), active : 1
0:00:00.019863981  2731 0x55582c845320 DEBUG   GST_REGISTRY gstregistry.c:590:gst_registry_add_feature: adding feature 0x55582c86b5a0 (stats)
0:00:00.015529928  2732 0x5571ede80320 LOG   GST_POLL gstpoll.c:994:gst_poll_fd_ctl_write: 0x5571edea4cf0: pfd->events now 60 (POLLOUT:4)
0:00:00.019875825  2731 0x55582c845320 DEBUG   GST_REFCOUNTING gstobject.c:709:gst_object_set_parent: set parent (ref and sink)
0:00:00.015545396  2732 0x5571ede80320 DEBUG   GST_POLL gstpoll.c:980:gst_poll_fd_ctl_write: 0x5571edea4cf0: fd (fd:0, idx:1), active : 1
0:00:00.019885754  2731 0x55582c845320 TRACE   GST_REFCOUNTING gstobject.c:294:gst_object_ref_sink: 0x55582c86b5a0 ref_sink 1->2
0:00:00.015553388  2732 0x5571ede80320 LOG   GST_POLL gstpoll.c:994:gst_poll_fd_ctl_write: 0x5571edea4cf0: pfd->events now 60 (POLLOUT:4)
0:00:00.019892881  2731 0x55582c845320 LOG   GST_REGISTRY gstregistry.c:608:gst_registry_add_feature: emitting feature-added for stats
0:00:00.015561279  2732 0x5571ede80320 LOG   GST_PLUGIN_LOADING gstpluginloader.c:645:put_chunk: Expanding tx buf from 7717 to 10158 for chunk of size 17
0:00:00.019899895  2731 0x55582c845320 DEBUG   GST_REGISTRY gstregistrychunks.c:741:gst_registry_chunks_load_feature: Added feature stats, plugin 0x55582c86b000 coretracers
0:00:00.015569932  2732 0x5571ede80320 DEBUG   GST_POLL gstpoll.c:980:gst_poll_fd_ctl_write: 0x5571edea4cf0: fd (fd:0, idx:1), active : 1
0:00:00.019908034  2731 0x55582c845320 DEBUG   GST_REGISTRY gstregistrychunks.c:583:gst_registry_chunks_load_feature: Plugin 'coretracers' feature 'rusage' typename : 'GstTracerFactory'
0:00:00.015579663  2732 0x5571ede80320 LOG   GST_POLL gstpoll.c:994:gst_poll_fd_ctl_write: 0x5571edea4cf0: pfd->events now 60 (POLLOUT:4)
0:00:00.019919132  2731 0x55582c845320 TRACE   GST_REFCOUNTING gstobject.c:208:gst_object_init: 0x55582c86b6f0 new
0:00:00.015593551  2732 0x5571ede80320 DEBUG   GST_POLL gstpoll.c:980:gst_poll_fd_ctl_write: 0x5571edea4cf0: fd (fd:0, idx:1), active : 1
0:00:00.019932242  2731 0x55582c845320 DEBUG   GST_REGISTRY gstregistrychunks.c:718:gst_registry_chunks_load_feature: Reading/casting for GstRegistryChunkPluginFeature at address 0x55582c866048
0:00:00.015601183  2732 0x5571ede80320 LOG   GST_POLL gstpoll.c:994:gst_poll_fd_ctl_write: 0x5571edea4cf0: pfd->events now 60 (POLLOUT:4)
0:00:00.019939676  2731 0x55582c845320 DEBUG   GST_REGISTRY gstregistry.c:590:gst_registry_add_feature: adding feature 0x55582c86b6f0 (rusage)
0:00:00.015609084  2732 0x5571ede80320 DEBUG   GST_POLL gstpoll.c:980:gst_poll_fd_ctl_write: 0x5571edea4cf0: fd (fd:0, idx:1), active : 1
0:00:00.019946360  2731 0x55582c845320 DEBUG   GST_REFCOUNTING gstobject.c:709:gst_object_set_parent: set parent (ref and sink)
0:00:00.015618317  2732 0x5571ede80320 LOG   GST_POLL gstpoll.c:994:gst_poll_fd_ctl_write: 0x5571edea4cf0: pfd->events now 60 (POLLOUT:4)
0:00:00.019957477  2731 0x55582c845320 TRACE   GST_REFCOUNTING gstobject.c:294:gst_object_ref_sink: 0x55582c86b6f0 ref_sink 1->2
0:00:00.015626878  2732 0x5571ede80320 DEBUG   GST_POLL gstpoll.c:980:gst_poll_fd_ctl_write: 0x5571edea4cf0: fd (fd:0, idx:1), active : 1
0:00:00.019964639  2731 0x55582c845320 LOG   GST_REGISTRY gstregistry.c:608:gst_registry_add_feature: emitting feature-added for rusage
0:00:00.015634479  2732 0x5571ede80320 LOG   GST_POLL gstpoll.c:994:gst_poll_fd_ctl_write: 0x5571edea4cf0: pfd->events now 60 (POLLOUT:4)
0:00:00.019981032  2731 0x55582c845320 DEBUG   GST_REGISTRY gstregistrychunks.c:741:gst_registry_chunks_load_feature: Added feature rusage, plugin 0x55582c86b000 coretracers
0:00:00.015648109  2732 0x5571ede80320 DEBUG   GST_POLL gstpoll.c:980:gst_poll_fd_ctl_write: 0x5571edea4cf0: fd (fd:0, idx:1), active : 1
0:00:00.019987720  2731 0x55582c845320 DEBUG   GST_REGISTRY gstregistrychunks.c:583:gst_registry_chunks_load_feature: Plugin 'coretracers' feature 'log' typename : 'GstTracerFactory'
0:00:00.015657581  2732 0x5571ede80320 LOG   GST_POLL gstpoll.c:994:gst_poll_fd_ctl_write: 0x5571edea4cf0: pfd->events now 60 (POLLOUT:4)
0:00:00.019998229  2731 0x55582c845320 TRACE   GST_REFCOUNTING gstobject.c:208:gst_object_init: 0x55582c86b850 new
0:00:00.015666241  2732 0x5571ede80320 DEBUG   GST_POLL gstpoll.c:980:gst_poll_fd_ctl_write: 0x5571edea4cf0: fd (fd:0, idx:1), active : 1
0:00:00.020006960  2731 0x55582c845320 DEBUG   GST_REGISTRY gstregistrychunks.c:718:gst_registry_chunks_load_feature: Reading/casting for GstRegistryChunkPluginFeature at address 0x55582c866068
0:00:00.015673666  2732 0x5571ede80320 LOG   GST_POLL gstpoll.c:994:gst_poll_fd_ctl_write: 0x5571edea4cf0: pfd->events now 60 (POLLOUT:4)
0:00:00.020014669  2731 0x55582c845320 DEBUG   GST_REGISTRY gstregistry.c:590:gst_registry_add_feature: adding feature 0x55582c86b850 (log)
0:00:00.015681384  2732 0x5571ede80320 DEBUG   GST_POLL gstpoll.c:980:gst_poll_fd_ctl_write: 0x5571edea4cf0: fd (fd:0, idx:1), active : 1
0:00:00.020020912  2731 0x55582c845320 DEBUG   GST_REFCOUNTING gstobject.c:709:gst_object_set_parent: set parent (ref and sink)
0:00:00.015690751  2732 0x5571ede80320 LOG   GST_POLL gstpoll.c:994:gst_poll_fd_ctl_write: 0x5571edea4cf0: pfd->events now 60 (POLLOUT:4)
0:00:00.020030921  2731 0x55582c845320 TRACE   GST_REFCOUNTING gstobject.c:294:gst_object_ref_sink: 0x55582c86b850 ref_sink 1->2
0:00:00.015699420  2732 0x5571ede80320 DEBUG   GST_POLL gstpoll.c:980:gst_poll_fd_ctl_write: 0x5571edea4cf0: fd (fd:0, idx:1), active : 1
0:00:00.020038187  2731 0x55582c845320 LOG   GST_REGISTRY gstregistry.c:608:gst_registry_add_feature: emitting feature-added for log
0:00:00.015707001  2732 0x5571ede80320 LOG   GST_POLL gstpoll.c:994:gst_poll_fd_ctl_write: 0x5571edea4cf0: pfd->events now 60 (POLLOUT:4)
0:00:00.020045142  2731 0x55582c845320 DEBUG   GST_REGISTRY gstregistrychunks.c:741:gst_registry_chunks_load_feature: Added feature log, plugin 0x55582c86b000 coretracers
0:00:00.015714788  2732 0x5571ede80320 DEBUG   GST_POLL gstpoll.c:980:gst_poll_fd_ctl_write: 0x5571edea4cf0: fd (fd:0, idx:1), active : 1
0:00:00.020052578  2731 0x55582c845320 DEBUG   GST_REGISTRY gstregistrychunks.c:583:gst_registry_chunks_load_feature: Plugin 'coretracers' feature 'latency' typename : 'GstTracerFactory'
0:00:00.015724226  2732 0x5571ede80320 LOG   GST_POLL gstpoll.c:994:gst_poll_fd_ctl_write: 0x5571edea4cf0: pfd->events now 60 (POLLOUT:4)
0:00:00.020064001  2731 0x55582c845320 TRACE   GST_REFCOUNTING gstobject.c:208:gst_object_init: 0x55582c86b9b0 new
0:00:00.015740797  2732 0x5571ede80320 DEBUG   GST_POLL gstpoll.c:980:gst_poll_fd_ctl_write: 0x5571edea4cf0: fd (fd:0, idx:1), active : 1
0:00:00.020079722  2731 0x55582c845320 DEBUG   GST_REGISTRY gstregistrychunks.c:718:gst_registry_chunks_load_feature: Reading/casting for GstRegistryChunkPluginFeature at address 0x55582c866090
0:00:00.015748532  2732 0x5571ede80320 LOG   GST_POLL gstpoll.c:994:gst_poll_fd_ctl_write: 0x5571edea4cf0: pfd->events now 60 (POLLOUT:4)
0:00:00.020087541  2731 0x55582c845320 DEBUG   GST_REGISTRY gstregistry.c:590:gst_registry_add_feature: adding feature 0x55582c86b9b0 (latency)
0:00:00.015757010  2732 0x5571ede80320 DEBUG   GST_POLL gstpoll.c:980:gst_poll_fd_ctl_write: 0x5571edea4cf0: fd (fd:0, idx:1), active : 1
0:00:00.020094171  2731 0x55582c845320 DEBUG   GST_REFCOUNTING gstobject.c:709:gst_object_set_parent: set parent (ref and sink)
0:00:00.015766431  2732 0x5571ede80320 LOG   GST_POLL gstpoll.c:994:gst_poll_fd_ctl_write: 0x5571edea4cf0: pfd->events now 60 (POLLOUT:4)
0:00:00.020105404  2731 0x55582c845320 TRACE   GST_REFCOUNTING gstobject.c:294:gst_object_ref_sink: 0x55582c86b9b0 ref_sink 1->2
0:00:00.015775256  2732 0x5571ede80320 DEBUG   GST_POLL gstpoll.c:980:gst_poll_fd_ctl_write: 0x5571edea4cf0: fd (fd:0, idx:1), active : 1
0:00:00.020112894  2731 0x55582c845320 LOG   GST_REGISTRY gstregistry.c:608:gst_registry_add_feature: emitting feature-added for latency
0:00:00.015783115  2732 0x5571ede80320 LOG   GST_POLL gstpoll.c:994:gst_poll_fd_ctl_write: 0x5571edea4cf0: pfd->events now 60 (POLLOUT:4)
0:00:00.020122036  2731 0x55582c845320 DEBUG   GST_REGISTRY gstregistrychunks.c:741:gst_registry_chunks_load_feature: Added feature latency, plugin 0x55582c86b000 coretracers
0:00:00.015792344  2732 0x5571ede80320 TRACE   GST_REFCOUNTING gstobject.c:265:gst_object_unref: 0x5571edea66f0 unref 2->1
0:00:00.015803275  2732 0x5571ede80320 DEBUG   GST_POLL gstpoll.c:1241:gst_poll_fd_has_error: 0x5571edea4cf0: fd (fd:0, idx:1) 0
0:00:00.020129997  2731 0x55582c845320 LOG   GST_PLUGIN_LOADING gstpluginloader.c:888:handle_rx_packet: marking plugin 0x55582c86b000 as registered as /home/conan/w/prod/BuildSingleReference/.conan/data/gstreamer/1.19.1/_/_/package/d5d34cb95e58eb395d954c026f8b3b95a47b8905/lib/gstreamer-1.0/libgstcoretracers.so
0:00:00.015811462  2732 0x5571ede80320 DEBUG   GST_POLL gstpoll.c:1335:gst_poll_fd_can_write: 0x5571edea4cf0: fd (fd:0, idx:1) 1
0:00:00.015819300  2732 0x5571ede80320 LOG   GST_PLUGIN_LOADING gstpluginloader.c:689:write_one: Writing packet of size 6872 bytes to fd 0
0:00:00.020158517  2731 0x55582c845320 DEBUG   GST_POLL gstpoll.c:1414:gst_poll_wait: 0x55582c86a920: timeout :0:00:01.000000000
0:00:00.015833344  2732 0x5571ede80320 DEBUG   GST_POLL gstpoll.c:1414:gst_poll_wait: 0x5571edea4cf0: timeout :0:00:01.000000000
0:00:00.020170614  2731 0x55582c845320 LOG   GST_PLUGIN_LOADING gstpluginloader.c:1027:exchange_packets: Poll res = 1. 0 bytes pending for write
0:00:00.015846080  2732 0x5571ede80320 LOG   GST_PLUGIN_LOADING gstpluginloader.c:1027:exchange_packets: Poll res = 2. 488 bytes pending for write
0:00:00.020183469  2731 0x55582c845320 DEBUG   GST_POLL gstpoll.c:1241:gst_poll_fd_has_error: 0x55582c86a920: fd (fd:8, idx:2) 0
0:00:00.015861028  2732 0x5571ede80320 DEBUG   GST_POLL gstpoll.c:1241:gst_poll_fd_has_error: 0x5571edea4cf0: fd (fd:5, idx:2) 0
0:00:00.020198764  2731 0x55582c845320 DEBUG   GST_POLL gstpoll.c:1266:gst_poll_fd_can_read_unlocked: 0x55582c86a920: fd (fd:8, idx:2) 1
0:00:00.015869364  2732 0x5571ede80320 DEBUG   GST_POLL gstpoll.c:1266:gst_poll_fd_can_read_unlocked: 0x5571edea4cf0: fd (fd:5, idx:2) 1
0:00:00.020208793  2731 0x55582c845320 LOG   GST_PLUGIN_LOADING gstpluginloader.c:985:read_one: Expanding rx buf from 512 to 7384
0:00:00.015881857  2732 0x5571ede80320 DEBUG   GST_PLUGIN_LOADING gstpluginloader.c:721:do_plugin_load: Plugin scanner loading file /home/conan/w/prod/BuildSingleReference/.conan/data/gstreamer/1.19.1/_/_/package/d5d34cb95e58eb395d954c026f8b3b95a47b8905/lib/gstreamer-1.0/libgstcoreelements.so. tag 3
0:00:00.015892388  2732 0x5571ede80320 TRACE   GST_REFCOUNTING gstobject.c:238:gst_object_ref: 0x5571edea9bd0 ref 1->2
0:00:00.020235690  2731 0x55582c845320 DEBUG   GST_PLUGIN_LOADING gstpluginloader.c:849:handle_rx_packet: Received plugin details from child w/ tag 1. 6860 bytes info
0:00:00.015901246  2732 0x5571ede80320 TRACE   GST_REFCOUNTING gstobject.c:238:gst_object_ref: 0x5571edec77c0 ref 1->2
0:00:00.020244682  2731 0x55582c845320 LOG   GST_REGISTRY gstregistrychunks.c:837:_priv_gst_registry_chunks_load_plugin: Reading/casting for GstRegistryChunkPluginElement at address 0x55582c86ba80
0:00:00.015932519  2732 0x5571ede80320 TRACE   GST_REFCOUNTING gstobject.c:238:gst_object_ref: 0x5571edec65c0 ref 1->2
0:00:00.020283099  2731 0x55582c845320 TRACE   GST_REFCOUNTING gstobject.c:208:gst_object_init: 0x55582c874cf0 new
0:00:00.015951150  2732 0x5571ede80320 TRACE   GST_REFCOUNTING gstobject.c:238:gst_object_ref: 0x5571edec4ae0 ref 1->2
0:00:00.015962692  2732 0x5571ede80320 TRACE   GST_REFCOUNTING gstobject.c:238:gst_object_ref: 0x5571edec3af0 ref 1->2
0:00:00.020302077  2731 0x55582c845320 LOG   GST_REGISTRY gstregistrychunks.c:858:_priv_gst_registry_chunks_load_plugin: read strings for name='coreelements'
0:00:00.015970335  2732 0x5571ede80320 TRACE   GST_REFCOUNTING gstobject.c:238:gst_object_ref: 0x5571edec2710 ref 1->2
0:00:00.020308880  2731 0x55582c845320 LOG   GST_REGISTRY gstregistrychunks.c:859:_priv_gst_registry_chunks_load_plugin: desc.description='GStreamer core elements'
0:00:00.015981409  2732 0x5571ede80320 TRACE   GST_REFCOUNTING gstobject.c:238:gst_object_ref: 0x5571edec1290 ref 1->2
0:00:00.020317687  2731 0x55582c845320 LOG   GST_REGISTRY gstregistrychunks.c:860:_priv_gst_registry_chunks_load_plugin: filename='/home/conan/w/prod/BuildSingleReference/.conan/data/gstreamer/1.19.1/_/_/package/d5d34cb95e58eb395d954c026f8b3b95a47b8905/lib/gstreamer-1.0/libgstcoreelements.so'
0:00:00.015990506  2732 0x5571ede80320 TRACE   GST_REFCOUNTING gstobject.c:238:gst_object_ref: 0x5571edebf9f0 ref 1->2
0:00:00.020328720  2731 0x55582c845320 LOG   GST_REGISTRY gstregistrychunks.c:861:_priv_gst_registry_chunks_load_plugin: desc.version='1.19.1'
0:00:00.016006438  2732 0x5571ede80320 TRACE   GST_REFCOUNTING gstobject.c:238:gst_object_ref: 0x5571edebd710 ref 1->2
0:00:00.020343508  2731 0x55582c845320 LOG   GST_REGISTRY gstregistrychunks.c:862:_priv_gst_registry_chunks_load_plugin: desc.license='LGPL'
0:00:00.020352411  2731 0x55582c845320 LOG   GST_REGISTRY gstregistrychunks.c:863:_priv_gst_registry_chunks_load_plugin: desc.source='gstreamer'
0:00:00.016015866  2732 0x5571ede80320 TRACE   GST_REFCOUNTING gstobject.c:238:gst_object_ref: 0x5571edebc550 ref 1->2
0:00:00.020357802  2731 0x55582c845320 LOG   GST_REGISTRY gstregistrychunks.c:864:_priv_gst_registry_chunks_load_plugin: desc.package='GStreamer source release'
0:00:00.016027504  2732 0x5571ede80320 TRACE   GST_REFCOUNTING gstobject.c:238:gst_object_ref: 0x5571edebb340 ref 1->2
0:00:00.020366199  2731 0x55582c845320 LOG   GST_REGISTRY gstregistrychunks.c:865:_priv_gst_registry_chunks_load_plugin: desc.origin='Unknown package origin'
0:00:00.016036861  2732 0x5571ede80320 TRACE   GST_REFCOUNTING gstobject.c:238:gst_object_ref: 0x5571edeb9dd0 ref 1->2
0:00:00.020373730  2731 0x55582c845320 LOG   GST_REGISTRY gstregistrychunks.c:866:_priv_gst_registry_chunks_load_plugin: desc.datetime=2021-06-01
0:00:00.016045589  2732 0x5571ede80320 TRACE   GST_REFCOUNTING gstobject.c:238:gst_object_ref: 0x5571edeb9060 ref 1->2
0:00:00.020384924  2731 0x55582c845320 DEBUG   GST_REGISTRY gstregistry.c:474:gst_registry_add_plugin: adding plugin 0x55582c874cf0 for filename "/home/conan/w/prod/BuildSingleReference/.conan/data/gstreamer/1.19.1/_/_/package/d5d34cb95e58eb395d954c026f8b3b95a47b8905/lib/gstreamer-1.0/libgstcoreelements.so"
0:00:00.016054084  2732 0x5571ede80320 TRACE   GST_REFCOUNTING gstobject.c:238:gst_object_ref: 0x5571edeb8280 ref 1->2
0:00:00.020392670  2731 0x55582c845320 TRACE   GST_REFCOUNTING gstobject.c:294:gst_object_ref_sink: 0x55582c874cf0 ref_sink 1->2
0:00:00.016065243  2732 0x5571ede80320 TRACE   GST_REFCOUNTING gstobject.c:238:gst_object_ref: 0x5571edeb7420 ref 1->2
0:00:00.020403628  2731 0x55582c845320 LOG   GST_REGISTRY gstregistry.c:487:gst_registry_add_plugin: emitting plugin-added for filename "/home/conan/w/prod/BuildSingleReference/.conan/data/gstreamer/1.19.1/_/_/package/d5d34cb95e58eb395d954c026f8b3b95a47b8905/lib/gstreamer-1.0/libgstcoreelements.so"
0:00:00.016074438  2732 0x5571ede80320 TRACE   GST_REFCOUNTING gstobject.c:238:gst_object_ref: 0x5571edeb4f70 ref 1->2
0:00:00.020412237  2731 0x55582c845320 DEBUG   GST_REGISTRY gstregistrychunks.c:887:_priv_gst_registry_chunks_load_plugin: Added plugin 'coreelements' plugin with 22 features from binary registry
0:00:00.016083062  2732 0x5571ede80320 TRACE   GST_REFCOUNTING gstobject.c:238:gst_object_ref: 0x5571edeb2930 ref 1->2
0:00:00.020420823  2731 0x55582c845320 DEBUG   GST_REGISTRY gstregistrychunks.c:583:gst_registry_chunks_load_feature: Plugin 'coreelements' feature 'streamiddemux' typename : 'GstElementFactory'
0:00:00.016091947  2732 0x5571ede80320 TRACE   GST_REFCOUNTING gstobject.c:238:gst_object_ref: 0x5571edeb0ce0 ref 1->2
0:00:00.016104684  2732 0x5571ede80320 TRACE   GST_REFCOUNTING gstobject.c:238:gst_object_ref: 0x5571edeafcb0 ref 1->2
0:00:00.020440094  2731 0x55582c845320 TRACE   GST_REFCOUNTING gstobject.c:208:gst_object_init: 0x55582c874320 new
0:00:00.016112943  2732 0x5571ede80320 TRACE   GST_REFCOUNTING gstobject.c:238:gst_object_ref: 0x5571edeadd90 ref 1->2
0:00:00.020453131  2731 0x55582c845320 LOG   GST_REGISTRY gstregistrychunks.c:610:gst_registry_chunks_load_feature: Reading/casting for GstRegistryChunkElementFactory at address 0x55582c86bbd8
0:00:00.016121469  2732 0x5571ede80320 TRACE   GST_REFCOUNTING gstobject.c:238:gst_object_ref: 0x5571edeaceb0 ref 1->2
0:00:00.020462082  2731 0x55582c845320 TRACE   structure gststructure.c:292:gst_structure_new_id_empty_with_size: created structure 0x55582c86b450
0:00:00.016129745  2732 0x5571ede80320 TRACE   GST_REFCOUNTING gstobject.c:238:gst_object_ref: 0x5571edeac0a0 ref 1->2
0:00:00.020469100  2731 0x55582c845320 DEBUG   structure gststructure.c:2258:gst_structure_parse_field: trying field name 'long-name'
