0:00:00.019696797  2777 0x55c1297ad360 DEBUG   GST_POLL gstpoll.c:979:gst_poll_fd_ctl_write: 0x55c1297d1cc0: fd (fd:0, idx:1), active : 1
0:00:00.024767713  2776 0x55ac640c5360 LOG   GST_REGISTRY gstregistry.c:607:gst_registry_add_feature: emitting feature-added for fakesink
0:00:00.019707280  2777 0x55c1297ad360 LOG   GST_POLL gstpoll.c:994:gst_poll_fd_ctl_write: 0x55c1297d1cc0: pfd->events now 60 (POLLOUT:4)
0:00:00.024776750  2776 0x55ac640c5360 DEBUG   GST_REGISTRY gstregistrychunks.c:740:gst_registry_chunks_load_feature: Added feature fakesink, plugin 0x55ac640f5ad0 coreelements
0:00:00.019715520  2777 0x55c1297ad360 DEBUG   GST_POLL gstpoll.c:979:gst_poll_fd_ctl_write: 0x55c1297d1cc0: fd (fd:0, idx:1), active : 1
0:00:00.024784225  2776 0x55ac640c5360 DEBUG   GST_REGISTRY gstregistrychunks.c:582:gst_registry_chunks_load_feature: Plugin 'coreelements' feature 'fakesrc' typename : 'GstElementFactory'
0:00:00.019722827  2777 0x55c1297ad360 LOG   GST_POLL gstpoll.c:994:gst_poll_fd_ctl_write: 0x55c1297d1cc0: pfd->events now 60 (POLLOUT:4)
0:00:00.024793339  2776 0x55ac640c5360 TRACE   GST_REFCOUNTING gstobject.c:208:gst_object_init: 0x55ac640f7470 new
0:00:00.019730645  2777 0x55c1297ad360 DEBUG   GST_POLL gstpoll.c:979:gst_poll_fd_ctl_write: 0x55c1297d1cc0: fd (fd:0, idx:1), active : 1
0:00:00.019742967  2777 0x55c1297ad360 LOG   GST_POLL gstpoll.c:994:gst_poll_fd_ctl_write: 0x55c1297d1cc0: pfd->events now 60 (POLLOUT:4)
0:00:00.024805942  2776 0x55ac640c5360 LOG   GST_REGISTRY gstregistrychunks.c:609:gst_registry_chunks_load_feature: Reading/casting for GstRegistryChunkElementFactory at address 0x55ac640ecc30
0:00:00.019750585  2777 0x55c1297ad360 DEBUG   GST_POLL gstpoll.c:979:gst_poll_fd_ctl_write: 0x55c1297d1cc0: fd (fd:0, idx:1), active : 1
0:00:00.024816300  2776 0x55ac640c5360 TRACE   structure gststructure.c:292:gst_structure_new_id_empty_with_size: created structure 0x55ac640f7560
0:00:00.019765777  2777 0x55c1297ad360 LOG   GST_POLL gstpoll.c:994:gst_poll_fd_ctl_write: 0x55c1297d1cc0: pfd->events now 60 (POLLOUT:4)
0:00:00.024831021  2776 0x55ac640c5360 DEBUG   structure gststructure.c:2258:gst_structure_parse_field: trying field name 'long-name'
0:00:00.019773427  2777 0x55c1297ad360 DEBUG   GST_POLL gstpoll.c:979:gst_poll_fd_ctl_write: 0x55c1297d1cc0: fd (fd:0, idx:1), active : 1
0:00:00.024838014  2776 0x55ac640c5360 DEBUG   default gstvalue.c:2776:_priv_gst_value_parse_value: trying type name 'string'
0:00:00.019783727  2777 0x55c1297ad360 LOG   GST_POLL gstpoll.c:994:gst_poll_fd_ctl_write: 0x55c1297d1cc0: pfd->events now 60 (POLLOUT:4)
0:00:00.024851537  2776 0x55ac640c5360 DEBUG   structure gststructure.c:2258:gst_structure_parse_field: trying field name 'klass'
0:00:00.019792119  2777 0x55c1297ad360 DEBUG   GST_POLL gstpoll.c:979:gst_poll_fd_ctl_write: 0x55c1297d1cc0: fd (fd:0, idx:1), active : 1
0:00:00.024859493  2776 0x55ac640c5360 DEBUG   default gstvalue.c:2776:_priv_gst_value_parse_value: trying type name 'string'
0:00:00.019799333  2777 0x55c1297ad360 LOG   GST_POLL gstpoll.c:994:gst_poll_fd_ctl_write: 0x55c1297d1cc0: pfd->events now 60 (POLLOUT:4)
0:00:00.024867300  2776 0x55ac640c5360 DEBUG   structure gststructure.c:2258:gst_structure_parse_field: trying field name 'description'
0:00:00.019806872  2777 0x55c1297ad360 DEBUG   GST_POLL gstpoll.c:979:gst_poll_fd_ctl_write: 0x55c1297d1cc0: fd (fd:0, idx:1), active : 1
0:00:00.024874233  2776 0x55ac640c5360 DEBUG   default gstvalue.c:2776:_priv_gst_value_parse_value: trying type name 'string'
0:00:00.019817308  2777 0x55c1297ad360 LOG   GST_POLL gstpoll.c:994:gst_poll_fd_ctl_write: 0x55c1297d1cc0: pfd->events now 60 (POLLOUT:4)
0:00:00.024885077  2776 0x55ac640c5360 DEBUG   structure gststructure.c:2258:gst_structure_parse_field: trying field name 'author'
0:00:00.019825572  2777 0x55c1297ad360 DEBUG   GST_POLL gstpoll.c:979:gst_poll_fd_ctl_write: 0x55c1297d1cc0: fd (fd:0, idx:1), active : 1
0:00:00.024892950  2776 0x55ac640c5360 DEBUG   default gstvalue.c:2776:_priv_gst_value_parse_value: trying type name 'string'
0:00:00.019832606  2777 0x55c1297ad360 LOG   GST_POLL gstpoll.c:994:gst_poll_fd_ctl_write: 0x55c1297d1cc0: pfd->events now 60 (POLLOUT:4)
0:00:00.024901850  2776 0x55ac640c5360 DEBUG   GST_REGISTRY gstregistrychunks.c:626:gst_registry_chunks_load_feature: Element factory : npadtemplates=1
0:00:00.019840826  2777 0x55c1297ad360 DEBUG   GST_POLL gstpoll.c:979:gst_poll_fd_ctl_write: 0x55c1297d1cc0: fd (fd:0, idx:1), active : 1
0:00:00.024908476  2776 0x55ac640c5360 DEBUG   GST_REGISTRY gstregistrychunks.c:525:gst_registry_chunks_load_pad_template: Reading/casting for GstRegistryChunkPadTemplate at address 0x55ac640ecd30
0:00:00.019850676  2777 0x55c1297ad360 LOG   GST_POLL gstpoll.c:994:gst_poll_fd_ctl_write: 0x55c1297d1cc0: pfd->events now 60 (POLLOUT:4)
0:00:00.024917417  2776 0x55ac640c5360 DEBUG   GST_REGISTRY gstregistrychunks.c:539:gst_registry_chunks_load_pad_template: Added pad_template src
0:00:00.019866187  2777 0x55c1297ad360 DEBUG   GST_POLL gstpoll.c:979:gst_poll_fd_ctl_write: 0x55c1297d1cc0: fd (fd:0, idx:1), active : 1
0:00:00.024934618  2776 0x55ac640c5360 DEBUG   GST_REGISTRY gstregistry.c:589:gst_registry_add_feature: adding feature 0x55ac640f7470 (fakesrc)
0:00:00.019873763  2777 0x55c1297ad360 LOG   GST_POLL gstpoll.c:994:gst_poll_fd_ctl_write: 0x55c1297d1cc0: pfd->events now 60 (POLLOUT:4)
0:00:00.024942741  2776 0x55ac640c5360 DEBUG   GST_REFCOUNTING gstobject.c:708:gst_object_set_parent: set parent (ref and sink)
0:00:00.019881912  2777 0x55c1297ad360 DEBUG   GST_POLL gstpoll.c:979:gst_poll_fd_ctl_write: 0x55c1297d1cc0: fd (fd:0, idx:1), active : 1
0:00:00.024951408  2776 0x55ac640c5360 TRACE   GST_REFCOUNTING gstobject.c:292:gst_object_ref_sink: 0x55ac640f7470 ref_sink 1->2
0:00:00.019891643  2777 0x55c1297ad360 LOG   GST_POLL gstpoll.c:994:gst_poll_fd_ctl_write: 0x55c1297d1cc0: pfd->events now 60 (POLLOUT:4)
0:00:00.024961682  2776 0x55ac640c5360 LOG   GST_REGISTRY gstregistry.c:607:gst_registry_add_feature: emitting feature-added for fakesrc
0:00:00.019900122  2777 0x55c1297ad360 DEBUG   GST_POLL gstpoll.c:979:gst_poll_fd_ctl_write: 0x55c1297d1cc0: fd (fd:0, idx:1), active : 1
0:00:00.024971366  2776 0x55ac640c5360 DEBUG   GST_REGISTRY gstregistrychunks.c:740:gst_registry_chunks_load_feature: Added feature fakesrc, plugin 0x55ac640f5ad0 coreelements
0:00:00.019909436  2777 0x55c1297ad360 LOG   GST_POLL gstpoll.c:994:gst_poll_fd_ctl_write: 0x55c1297d1cc0: pfd->events now 60 (POLLOUT:4)
0:00:00.024979271  2776 0x55ac640c5360 DEBUG   GST_REGISTRY gstregistrychunks.c:582:gst_registry_chunks_load_feature: Plugin 'coreelements' feature 'downloadbuffer' typename : 'GstElementFactory'
0:00:00.019918363  2777 0x55c1297ad360 DEBUG   GST_POLL gstpoll.c:979:gst_poll_fd_ctl_write: 0x55c1297d1cc0: fd (fd:0, idx:1), active : 1
0:00:00.024989397  2776 0x55ac640c5360 TRACE   GST_REFCOUNTING gstobject.c:208:gst_object_init: 0x55ac640f79b0 new
0:00:00.019928860  2777 0x55c1297ad360 LOG   GST_POLL gstpoll.c:994:gst_poll_fd_ctl_write: 0x55c1297d1cc0: pfd->events now 60 (POLLOUT:4)
0:00:00.019938965  2777 0x55c1297ad360 DEBUG   GST_POLL gstpoll.c:979:gst_poll_fd_ctl_write: 0x55c1297d1cc0: fd (fd:0, idx:1), active : 1
0:00:00.025002274  2776 0x55ac640c5360 LOG   GST_REGISTRY gstregistrychunks.c:609:gst_registry_chunks_load_feature: Reading/casting for GstRegistryChunkElementFactory at address 0x55ac640ecd68
0:00:00.019945434  2777 0x55c1297ad360 LOG   GST_POLL gstpoll.c:994:gst_poll_fd_ctl_write: 0x55c1297d1cc0: pfd->events now 60 (POLLOUT:4)
0:00:00.025012076  2776 0x55ac640c5360 TRACE   structure gststructure.c:292:gst_structure_new_id_empty_with_size: created structure 0x55ac640f7cb0
0:00:00.019953048  2777 0x55c1297ad360 DEBUG   GST_POLL gstpoll.c:979:gst_poll_fd_ctl_write: 0x55c1297d1cc0: fd (fd:0, idx:1), active : 1
0:00:00.025019613  2776 0x55ac640c5360 DEBUG   structure gststructure.c:2258:gst_structure_parse_field: trying field name 'long-name'
0:00:00.019963454  2777 0x55c1297ad360 LOG   GST_POLL gstpoll.c:994:gst_poll_fd_ctl_write: 0x55c1297d1cc0: pfd->events now 60 (POLLOUT:4)
0:00:00.025035878  2776 0x55ac640c5360 DEBUG   default gstvalue.c:2776:_priv_gst_value_parse_value: trying type name 'string'
0:00:00.019976184  2777 0x55c1297ad360 DEBUG   GST_POLL gstpoll.c:979:gst_poll_fd_ctl_write: 0x55c1297d1cc0: fd (fd:0, idx:1), active : 1
0:00:00.019983546  2777 0x55c1297ad360 LOG   GST_POLL gstpoll.c:994:gst_poll_fd_ctl_write: 0x55c1297d1cc0: pfd->events now 60 (POLLOUT:4)
0:00:00.025046651  2776 0x55ac640c5360 DEBUG   structure gststructure.c:2258:gst_structure_parse_field: trying field name 'klass'
0:00:00.019990441  2777 0x55c1297ad360 DEBUG   GST_POLL gstpoll.c:979:gst_poll_fd_ctl_write: 0x55c1297d1cc0: fd (fd:0, idx:1), active : 1
0:00:00.025056028  2776 0x55ac640c5360 DEBUG   default gstvalue.c:2776:_priv_gst_value_parse_value: trying type name 'string'
0:00:00.020000502  2777 0x55c1297ad360 LOG   GST_POLL gstpoll.c:994:gst_poll_fd_ctl_write: 0x55c1297d1cc0: pfd->events now 60 (POLLOUT:4)
0:00:00.025065440  2776 0x55ac640c5360 DEBUG   structure gststructure.c:2258:gst_structure_parse_field: trying field name 'description'
0:00:00.020008778  2777 0x55c1297ad360 DEBUG   GST_POLL gstpoll.c:979:gst_poll_fd_ctl_write: 0x55c1297d1cc0: fd (fd:0, idx:1), active : 1
0:00:00.025073418  2776 0x55ac640c5360 DEBUG   default gstvalue.c:2776:_priv_gst_value_parse_value: trying type name 'string'
0:00:00.020016167  2777 0x55c1297ad360 LOG   GST_POLL gstpoll.c:994:gst_poll_fd_ctl_write: 0x55c1297d1cc0: pfd->events now 60 (POLLOUT:4)
0:00:00.025084590  2776 0x55ac640c5360 DEBUG   structure gststructure.c:2258:gst_structure_parse_field: trying field name 'author'
0:00:00.020023732  2777 0x55c1297ad360 DEBUG   GST_POLL gstpoll.c:979:gst_poll_fd_ctl_write: 0x55c1297d1cc0: fd (fd:0, idx:1), active : 1
0:00:00.025092861  2776 0x55ac640c5360 DEBUG   default gstvalue.c:2776:_priv_gst_value_parse_value: trying type name 'string'
0:00:00.020034391  2777 0x55c1297ad360 LOG   GST_POLL gstpoll.c:994:gst_poll_fd_ctl_write: 0x55c1297d1cc0: pfd->events now 60 (POLLOUT:4)
0:00:00.025101572  2776 0x55ac640c5360 DEBUG   GST_REGISTRY gstregistrychunks.c:626:gst_registry_chunks_load_feature: Element factory : npadtemplates=2
0:00:00.020042741  2777 0x55c1297ad360 LOG   GST_PLUGIN_LOADING gstpluginloader.c:644:put_chunk: Expanding tx buf from 13209 to 17023 for chunk of size 229
0:00:00.025108324  2776 0x55ac640c5360 DEBUG   GST_REGISTRY gstregistrychunks.c:525:gst_registry_chunks_load_pad_template: Reading/casting for GstRegistryChunkPadTemplate at address 0x55ac640ece30
0:00:00.025118998  2776 0x55ac640c5360 DEBUG   GST_REGISTRY gstregistrychunks.c:539:gst_registry_chunks_load_pad_template: Added pad_template sink
0:00:00.020057871  2777 0x55c1297ad360 DEBUG   GST_POLL gstpoll.c:979:gst_poll_fd_ctl_write: 0x55c1297d1cc0: fd (fd:0, idx:1), active : 1
0:00:00.025130220  2776 0x55ac640c5360 DEBUG   GST_REGISTRY gstregistrychunks.c:525:gst_registry_chunks_load_pad_template: Reading/casting for GstRegistryChunkPadTemplate at address 0x55ac640ece48
0:00:00.020067612  2777 0x55c1297ad360 LOG   GST_POLL gstpoll.c:994:gst_poll_fd_ctl_write: 0x55c1297d1cc0: pfd->events now 60 (POLLOUT:4)
0:00:00.025143247  2776 0x55ac640c5360 DEBUG   GST_REGISTRY gstregistrychunks.c:539:gst_registry_chunks_load_pad_template: Added pad_template src
0:00:00.020083320  2777 0x55c1297ad360 DEBUG   GST_POLL gstpoll.c:979:gst_poll_fd_ctl_write: 0x55c1297d1cc0: fd (fd:0, idx:1), active : 1
0:00:00.025152605  2776 0x55ac640c5360 DEBUG   GST_REGISTRY gstregistry.c:589:gst_registry_add_feature: adding feature 0x55ac640f79b0 (downloadbuffer)
0:00:00.020090556  2777 0x55c1297ad360 LOG   GST_POLL gstpoll.c:994:gst_poll_fd_ctl_write: 0x55c1297d1cc0: pfd->events now 60 (POLLOUT:4)
0:00:00.025163533  2776 0x55ac640c5360 DEBUG   GST_REFCOUNTING gstobject.c:708:gst_object_set_parent: set parent (ref and sink)
0:00:00.020101623  2777 0x55c1297ad360 DEBUG   GST_POLL gstpoll.c:979:gst_poll_fd_ctl_write: 0x55c1297d1cc0: fd (fd:0, idx:1), active : 1
0:00:00.025173277  2776 0x55ac640c5360 TRACE   GST_REFCOUNTING gstobject.c:292:gst_object_ref_sink: 0x55ac640f79b0 ref_sink 1->2
0:00:00.020113065  2777 0x55c1297ad360 LOG   GST_POLL gstpoll.c:994:gst_poll_fd_ctl_write: 0x55c1297d1cc0: pfd->events now 60 (POLLOUT:4)
0:00:00.025180993  2776 0x55ac640c5360 LOG   GST_REGISTRY gstregistry.c:607:gst_registry_add_feature: emitting feature-added for downloadbuffer
0:00:00.020121775  2777 0x55c1297ad360 DEBUG   GST_POLL gstpoll.c:979:gst_poll_fd_ctl_write: 0x55c1297d1cc0: fd (fd:0, idx:1), active : 1
0:00:00.025188693  2776 0x55ac640c5360 DEBUG   GST_REGISTRY gstregistrychunks.c:740:gst_registry_chunks_load_feature: Added feature downloadbuffer, plugin 0x55ac640f5ad0 coreelements
0:00:00.020129268  2777 0x55c1297ad360 LOG   GST_POLL gstpoll.c:994:gst_poll_fd_ctl_write: 0x55c1297d1cc0: pfd->events now 60 (POLLOUT:4)
0:00:00.025199011  2776 0x55ac640c5360 DEBUG   GST_REGISTRY gstregistrychunks.c:582:gst_registry_chunks_load_feature: Plugin 'coreelements' feature 'dataurisrc' typename : 'GstElementFactory'
0:00:00.020137371  2777 0x55c1297ad360 DEBUG   GST_POLL gstpoll.c:979:gst_poll_fd_ctl_write: 0x55c1297d1cc0: fd (fd:0, idx:1), active : 1
0:00:00.025209356  2776 0x55ac640c5360 TRACE   GST_REFCOUNTING gstobject.c:208:gst_object_init: 0x55ac640f8190 new
0:00:00.020147188  2777 0x55c1297ad360 LOG   GST_POLL gstpoll.c:994:gst_poll_fd_ctl_write: 0x55c1297d1cc0: pfd->events now 60 (POLLOUT:4)
0:00:00.025219136  2776 0x55ac640c5360 LOG   GST_REGISTRY gstregistrychunks.c:609:gst_registry_chunks_load_feature: Reading/casting for GstRegistryChunkElementFactory at address 0x55ac640ece78
0:00:00.020156999  2777 0x55c1297ad360 DEBUG   GST_POLL gstpoll.c:979:gst_poll_fd_ctl_write: 0x55c1297d1cc0: fd (fd:0, idx:1), active : 1
0:00:00.025226643  2776 0x55ac640c5360 TRACE   structure gststructure.c:292:gst_structure_new_id_empty_with_size: created structure 0x55ac640f84a0
0:00:00.020165403  2777 0x55c1297ad360 LOG   GST_POLL gstpoll.c:994:gst_poll_fd_ctl_write: 0x55c1297d1cc0: pfd->events now 60 (POLLOUT:4)
0:00:00.025236587  2776 0x55ac640c5360 DEBUG   structure gststructure.c:2258:gst_structure_parse_field: trying field name 'long-name'
0:00:00.020175011  2777 0x55c1297ad360 DEBUG   GST_POLL gstpoll.c:979:gst_poll_fd_ctl_write: 0x55c1297d1cc0: fd (fd:0, idx:1), active : 1
0:00:00.025269634  2776 0x55ac640c5360 DEBUG   default gstvalue.c:2776:_priv_gst_value_parse_value: trying type name 'string'
0:00:00.020208872  2777 0x55c1297ad360 LOG   GST_POLL gstpoll.c:994:gst_poll_fd_ctl_write: 0x55c1297d1cc0: pfd->events now 60 (POLLOUT:4)
0:00:00.025280350  2776 0x55ac640c5360 DEBUG   structure gststructure.c:2258:gst_structure_parse_field: trying field name 'klass'
0:00:00.020221328  2777 0x55c1297ad360 DEBUG   GST_POLL gstpoll.c:979:gst_poll_fd_ctl_write: 0x55c1297d1cc0: fd (fd:0, idx:1), active : 1
0:00:00.025289482  2776 0x55ac640c5360 DEBUG   default gstvalue.c:2776:_priv_gst_value_parse_value: trying type name 'string'
0:00:00.020231490  2777 0x55c1297ad360 LOG   GST_POLL gstpoll.c:994:gst_poll_fd_ctl_write: 0x55c1297d1cc0: pfd->events now 60 (POLLOUT:4)
0:00:00.025297692  2776 0x55ac640c5360 DEBUG   structure gststructure.c:2258:gst_structure_parse_field: trying field name 'description'
0:00:00.025305585  2776 0x55ac640c5360 DEBUG   default gstvalue.c:2776:_priv_gst_value_parse_value: trying type name 'string'
0:00:00.020242520  2777 0x55c1297ad360 DEBUG   GST_POLL gstpoll.c:979:gst_poll_fd_ctl_write: 0x55c1297d1cc0: fd (fd:0, idx:1), active : 1
0:00:00.025312389  2776 0x55ac640c5360 DEBUG   structure gststructure.c:2258:gst_structure_parse_field: trying field name 'author'
0:00:00.020253548  2777 0x55c1297ad360 LOG   GST_POLL gstpoll.c:994:gst_poll_fd_ctl_write: 0x55c1297d1cc0: pfd->events now 60 (POLLOUT:4)
0:00:00.025321240  2776 0x55ac640c5360 DEBUG   default gstvalue.c:2776:_priv_gst_value_parse_value: trying type name 'string'
0:00:00.020261254  2777 0x55c1297ad360 DEBUG   GST_POLL gstpoll.c:979:gst_poll_fd_ctl_write: 0x55c1297d1cc0: fd (fd:0, idx:1), active : 1
0:00:00.025331524  2776 0x55ac640c5360 DEBUG   GST_REGISTRY gstregistrychunks.c:626:gst_registry_chunks_load_feature: Element factory : npadtemplates=1
0:00:00.020268410  2777 0x55c1297ad360 LOG   GST_POLL gstpoll.c:994:gst_poll_fd_ctl_write: 0x55c1297d1cc0: pfd->events now 60 (POLLOUT:4)
0:00:00.025338456  2776 0x55ac640c5360 DEBUG   GST_REGISTRY gstregistrychunks.c:525:gst_registry_chunks_load_pad_template: Reading/casting for GstRegistryChunkPadTemplate at address 0x55ac640ecf90
0:00:00.020278684  2777 0x55c1297ad360 DEBUG   GST_POLL gstpoll.c:979:gst_poll_fd_ctl_write: 0x55c1297d1cc0: fd (fd:0, idx:1), active : 1
0:00:00.025345682  2776 0x55ac640c5360 DEBUG   GST_REGISTRY gstregistrychunks.c:539:gst_registry_chunks_load_pad_template: Added pad_template src
0:00:00.020288850  2777 0x55c1297ad360 LOG   GST_POLL gstpoll.c:994:gst_poll_fd_ctl_write: 0x55c1297d1cc0: pfd->events now 60 (POLLOUT:4)
0:00:00.025355871  2776 0x55ac640c5360 DEBUG   GST_REGISTRY gstregistrychunks.c:639:gst_registry_chunks_load_feature: Reading 1 UriTypes at address 0x55ac640ecfa0
0:00:00.020297833  2777 0x55c1297ad360 DEBUG   GST_POLL gstpoll.c:979:gst_poll_fd_ctl_write: 0x55c1297d1cc0: fd (fd:0, idx:1), active : 1
0:00:00.025364126  2776 0x55ac640c5360 DEBUG   GST_REGISTRY gstregistrychunks.c:654:gst_registry_chunks_load_feature: Reading 1 Interfaces at address 0x55ac640ecfa9
0:00:00.020311757  2777 0x55c1297ad360 LOG   GST_POLL gstpoll.c:994:gst_poll_fd_ctl_write: 0x55c1297d1cc0: pfd->events now 60 (POLLOUT:4)
0:00:00.025380464  2776 0x55ac640c5360 DEBUG   GST_REGISTRY gstregistry.c:589:gst_registry_add_feature: adding feature 0x55ac640f8190 (dataurisrc)
0:00:00.020319645  2777 0x55c1297ad360 DEBUG   GST_POLL gstpoll.c:979:gst_poll_fd_ctl_write: 0x55c1297d1cc0: fd (fd:0, idx:1), active : 1
0:00:00.025387960  2776 0x55ac640c5360 DEBUG   GST_REFCOUNTING gstobject.c:708:gst_object_set_parent: set parent (ref and sink)
0:00:00.020329385  2777 0x55c1297ad360 LOG   GST_POLL gstpoll.c:994:gst_poll_fd_ctl_write: 0x55c1297d1cc0: pfd->events now 60 (POLLOUT:4)
0:00:00.025399061  2776 0x55ac640c5360 TRACE   GST_REFCOUNTING gstobject.c:292:gst_object_ref_sink: 0x55ac640f8190 ref_sink 1->2
0:00:00.020337320  2777 0x55c1297ad360 DEBUG   GST_POLL gstpoll.c:979:gst_poll_fd_ctl_write: 0x55c1297d1cc0: fd (fd:0, idx:1), active : 1
0:00:00.025407896  2776 0x55ac640c5360 LOG   GST_REGISTRY gstregistry.c:607:gst_registry_add_feature: emitting feature-added for dataurisrc
0:00:00.020346560  2777 0x55c1297ad360 LOG   GST_POLL gstpoll.c:994:gst_poll_fd_ctl_write: 0x55c1297d1cc0: pfd->events now 60 (POLLOUT:4)
0:00:00.025416029  2776 0x55ac640c5360 DEBUG   GST_REGISTRY gstregistrychunks.c:740:gst_registry_chunks_load_feature: Added feature dataurisrc, plugin 0x55ac640f5ad0 coreelements
0:00:00.020354804  2777 0x55c1297ad360 DEBUG   GST_POLL gstpoll.c:979:gst_poll_fd_ctl_write: 0x55c1297d1cc0: fd (fd:0, idx:1), active : 1
0:00:00.025423575  2776 0x55ac640c5360 DEBUG   GST_REGISTRY gstregistrychunks.c:582:gst_registry_chunks_load_feature: Plugin 'coreelements' feature 'concat' typename : 'GstElementFactory'
0:00:00.020364778  2777 0x55c1297ad360 LOG   GST_POLL gstpoll.c:994:gst_poll_fd_ctl_write: 0x55c1297d1cc0: pfd->events now 60 (POLLOUT:4)
0:00:00.025435608  2776 0x55ac640c5360 TRACE   GST_REFCOUNTING gstobject.c:208:gst_object_init: 0x55ac640f8be0 new
0:00:00.020377831  2777 0x55c1297ad360 DEBUG   GST_POLL gstpoll.c:979:gst_poll_fd_ctl_write: 0x55c1297d1cc0: fd (fd:0, idx:1), active : 1
0:00:00.025445941  2776 0x55ac640c5360 LOG   GST_REGISTRY gstregistrychunks.c:609:gst_registry_chunks_load_feature: Reading/casting for GstRegistryChunkElementFactory at address 0x55ac640ecfd0
0:00:00.020385163  2777 0x55c1297ad360 LOG   GST_POLL gstpoll.c:994:gst_poll_fd_ctl_write: 0x55c1297d1cc0: pfd->events now 60 (POLLOUT:4)
0:00:00.025453586  2776 0x55ac640c5360 TRACE   structure gststructure.c:292:gst_structure_new_id_empty_with_size: created structure 0x55ac640f8e10
0:00:00.020393067  2777 0x55c1297ad360 DEBUG   GST_POLL gstpoll.c:979:gst_poll_fd_ctl_write: 0x55c1297d1cc0: fd (fd:0, idx:1), active : 1
0:00:00.025460608  2776 0x55ac640c5360 DEBUG   structure gststructure.c:2258:gst_structure_parse_field: trying field name 'long-name'
0:00:00.020403553  2777 0x55c1297ad360 LOG   GST_POLL gstpoll.c:994:gst_poll_fd_ctl_write: 0x55c1297d1cc0: pfd->events now 60 (POLLOUT:4)
0:00:00.025475846  2776 0x55ac640c5360 DEBUG   default gstvalue.c:2776:_priv_gst_value_parse_value: trying type name 'string'
0:00:00.020415395  2777 0x55c1297ad360 DEBUG   GST_POLL gstpoll.c:979:gst_poll_fd_ctl_write: 0x55c1297d1cc0: fd (fd:0, idx:1), active : 1
0:00:00.025488128  2776 0x55ac640c5360 DEBUG   structure gststructure.c:2258:gst_structure_parse_field: trying field name 'klass'
0:00:00.020426067  2777 0x55c1297ad360 LOG   GST_POLL gstpoll.c:994:gst_poll_fd_ctl_write: 0x55c1297d1cc0: pfd->events now 60 (POLLOUT:4)
0:00:00.025496516  2776 0x55ac640c5360 DEBUG   default gstvalue.c:2776:_priv_gst_value_parse_value: trying type name 'string'
0:00:00.020436053  2777 0x55c1297ad360 DEBUG   GST_POLL gstpoll.c:979:gst_poll_fd_ctl_write: 0x55c1297d1cc0: fd (fd:0, idx:1), active : 1
0:00:00.025505633  2776 0x55ac640c5360 DEBUG   structure gststructure.c:2258:gst_structure_parse_field: trying field name 'description'
0:00:00.020445987  2777 0x55c1297ad360 LOG   GST_POLL gstpoll.c:994:gst_poll_fd_ctl_write: 0x55c1297d1cc0: pfd->events now 60 (POLLOUT:4)
0:00:00.020455140  2777 0x55c1297ad360 DEBUG   GST_POLL gstpoll.c:979:gst_poll_fd_ctl_write: 0x55c1297d1cc0: fd (fd:0, idx:1), active : 1
0:00:00.025520672  2776 0x55ac640c5360 DEBUG   default gstvalue.c:2776:_priv_gst_value_parse_value: trying type name 'string'
0:00:00.020461744  2777 0x55c1297ad360 LOG   GST_POLL gstpoll.c:994:gst_poll_fd_ctl_write: 0x55c1297d1cc0: pfd->events now 60 (POLLOUT:4)
0:00:00.025530096  2776 0x55ac640c5360 DEBUG   structure gststructure.c:2258:gst_structure_parse_field: trying field name 'author'
0:00:00.020469611  2777 0x55c1297ad360 DEBUG   GST_POLL gstpoll.c:979:gst_poll_fd_ctl_write: 0x55c1297d1cc0: fd (fd:0, idx:1), active : 1
0:00:00.025537083  2776 0x55ac640c5360 DEBUG   default gstvalue.c:2776:_priv_gst_value_parse_value: trying type name 'string'
0:00:00.020479381  2777 0x55c1297ad360 LOG   GST_POLL gstpoll.c:994:gst_poll_fd_ctl_write: 0x55c1297d1cc0: pfd->events now 60 (POLLOUT:4)
0:00:00.025547658  2776 0x55ac640c5360 DEBUG   GST_REGISTRY gstregistrychunks.c:626:gst_registry_chunks_load_feature: Element factory : npadtemplates=2
0:00:00.020487599  2777 0x55c1297ad360 DEBUG   GST_POLL gstpoll.c:979:gst_poll_fd_ctl_write: 0x55c1297d1cc0: fd (fd:0, idx:1), active : 1
0:00:00.020494989  2777 0x55c1297ad360 LOG   GST_POLL gstpoll.c:994:gst_poll_fd_ctl_write: 0x55c1297d1cc0: pfd->events now 60 (POLLOUT:4)
0:00:00.025559623  2776 0x55ac640c5360 DEBUG   GST_REGISTRY gstregistrychunks.c:525:gst_registry_chunks_load_pad_template: Reading/casting for GstRegistryChunkPadTemplate at address 0x55ac640ed0a8
0:00:00.020502015  2777 0x55c1297ad360 DEBUG   GST_POLL gstpoll.c:979:gst_poll_fd_ctl_write: 0x55c1297d1cc0: fd (fd:0, idx:1), active : 1
0:00:00.025567131  2776 0x55ac640c5360 DEBUG   GST_REGISTRY gstregistrychunks.c:539:gst_registry_chunks_load_pad_template: Added pad_template src
0:00:00.020512891  2777 0x55c1297ad360 LOG   GST_POLL gstpoll.c:994:gst_poll_fd_ctl_write: 0x55c1297d1cc0: pfd->events now 60 (POLLOUT:4)
0:00:00.025577238  2776 0x55ac640c5360 DEBUG   GST_REGISTRY gstregistrychunks.c:525:gst_registry_chunks_load_pad_template: Reading/casting for GstRegistryChunkPadTemplate at address 0x55ac640ed0b8
0:00:00.020528396  2777 0x55c1297ad360 DEBUG   GST_POLL gstpoll.c:979:gst_poll_fd_ctl_write: 0x55c1297d1cc0: fd (fd:0, idx:1), active : 1
0:00:00.025594691  2776 0x55ac640c5360 DEBUG   GST_REGISTRY gstregistrychunks.c:539:gst_registry_chunks_load_pad_template: Added pad_template sink_%u
0:00:00.020535927  2777 0x55c1297ad360 LOG   GST_POLL gstpoll.c:994:gst_poll_fd_ctl_write: 0x55c1297d1cc0: pfd->events now 60 (POLLOUT:4)
0:00:00.025604858  2776 0x55ac640c5360 DEBUG   GST_REGISTRY gstregistry.c:589:gst_registry_add_feature: adding feature 0x55ac640f8be0 (concat)
0:00:00.020543580  2777 0x55c1297ad360 DEBUG   GST_POLL gstpoll.c:979:gst_poll_fd_ctl_write: 0x55c1297d1cc0: fd (fd:0, idx:1), active : 1
0:00:00.025612156  2776 0x55ac640c5360 DEBUG   GST_REFCOUNTING gstobject.c:708:gst_object_set_parent: set parent (ref and sink)
0:00:00.020553628  2777 0x55c1297ad360 LOG   GST_POLL gstpoll.c:994:gst_poll_fd_ctl_write: 0x55c1297d1cc0: pfd->events now 60 (POLLOUT:4)
0:00:00.025620663  2776 0x55ac640c5360 TRACE   GST_REFCOUNTING gstobject.c:292:gst_object_ref_sink: 0x55ac640f8be0 ref_sink 1->2
0:00:00.020561644  2777 0x55c1297ad360 DEBUG   GST_POLL gstpoll.c:979:gst_poll_fd_ctl_write: 0x55c1297d1cc0: fd (fd:0, idx:1), active : 1
0:00:00.025631004  2776 0x55ac640c5360 LOG   GST_REGISTRY gstregistry.c:607:gst_registry_add_feature: emitting feature-added for concat
0:00:00.020568933  2777 0x55c1297ad360 LOG   GST_POLL gstpoll.c:994:gst_poll_fd_ctl_write: 0x55c1297d1cc0: pfd->events now 60 (POLLOUT:4)
0:00:00.025639217  2776 0x55ac640c5360 DEBUG   GST_REGISTRY gstregistrychunks.c:740:gst_registry_chunks_load_feature: Added feature concat, plugin 0x55ac640f5ad0 coreelements
0:00:00.020577545  2777 0x55c1297ad360 DEBUG   GST_POLL gstpoll.c:979:gst_poll_fd_ctl_write: 0x55c1297d1cc0: fd (fd:0, idx:1), active : 1
0:00:00.025646865  2776 0x55ac640c5360 DEBUG   GST_REGISTRY gstregistrychunks.c:582:gst_registry_chunks_load_feature: Plugin 'coreelements' feature 'clocksync' typename : 'GstElementFactory'
0:00:00.020587113  2777 0x55c1297ad360 LOG   GST_POLL gstpoll.c:994:gst_poll_fd_ctl_write: 0x55c1297d1cc0: pfd->events now 60 (POLLOUT:4)
0:00:00.025656996  2776 0x55ac640c5360 TRACE   GST_REFCOUNTING gstobject.c:208:gst_object_init: 0x55ac640f8a90 new
0:00:00.020595343  2777 0x55c1297ad360 DEBUG   GST_POLL gstpoll.c:979:gst_poll_fd_ctl_write: 0x55c1297d1cc0: fd (fd:0, idx:1), active : 1
0:00:00.020605750  2777 0x55c1297ad360 LOG   GST_POLL gstpoll.c:994:gst_poll_fd_ctl_write: 0x55c1297d1cc0: pfd->events now 60 (POLLOUT:4)
0:00:00.025669232  2776 0x55ac640c5360 LOG   GST_REGISTRY gstregistrychunks.c:609:gst_registry_chunks_load_feature: Reading/casting for GstRegistryChunkElementFactory at address 0x55ac640ed0e8
0:00:00.020612140  2777 0x55c1297ad360 DEBUG   GST_POLL gstpoll.c:979:gst_poll_fd_ctl_write: 0x55c1297d1cc0: fd (fd:0, idx:1), active : 1
0:00:00.025678029  2776 0x55ac640c5360 TRACE   structure gststructure.c:292:gst_structure_new_id_empty_with_size: created structure 0x55ac640f93e0
0:00:00.020627244  2777 0x55c1297ad360 LOG   GST_POLL gstpoll.c:994:gst_poll_fd_ctl_write: 0x55c1297d1cc0: pfd->events now 60 (POLLOUT:4)
0:00:00.025692025  2776 0x55ac640c5360 DEBUG   structure gststructure.c:2258:gst_structure_parse_field: trying field name 'long-name'
0:00:00.020635604  2777 0x55c1297ad360 DEBUG   GST_POLL gstpoll.c:979:gst_poll_fd_ctl_write: 0x55c1297d1cc0: fd (fd:0, idx:1), active : 1
0:00:00.025699818  2776 0x55ac640c5360 DEBUG   default gstvalue.c:2776:_priv_gst_value_parse_value: trying type name 'string'
0:00:00.020642757  2777 0x55c1297ad360 LOG   GST_POLL gstpoll.c:994:gst_poll_fd_ctl_write: 0x55c1297d1cc0: pfd->events now 60 (POLLOUT:4)
0:00:00.025710632  2776 0x55ac640c5360 DEBUG   structure gststructure.c:2258:gst_structure_parse_field: trying field name 'klass'
0:00:00.020649924  2777 0x55c1297ad360 DEBUG   GST_POLL gstpoll.c:979:gst_poll_fd_ctl_write: 0x55c1297d1cc0: fd (fd:0, idx:1), active : 1
0:00:00.025717584  2776 0x55ac640c5360 DEBUG   default gstvalue.c:2776:_priv_gst_value_parse_value: trying type name 'string'
0:00:00.020659678  2777 0x55c1297ad360 LOG   GST_POLL gstpoll.c:994:gst_poll_fd_ctl_write: 0x55c1297d1cc0: pfd->events now 60 (POLLOUT:4)
0:00:00.025725010  2776 0x55ac640c5360 DEBUG   structure gststructure.c:2258:gst_structure_parse_field: trying field name 'description'
0:00:00.020667654  2777 0x55c1297ad360 DEBUG   GST_POLL gstpoll.c:979:gst_poll_fd_ctl_write: 0x55c1297d1cc0: fd (fd:0, idx:1), active : 1
0:00:00.025732190  2776 0x55ac640c5360 DEBUG   default gstvalue.c:2776:_priv_gst_value_parse_value: trying type name 'string'
0:00:00.020675059  2777 0x55c1297ad360 LOG   GST_POLL gstpoll.c:994:gst_poll_fd_ctl_write: 0x55c1297d1cc0: pfd->events now 60 (POLLOUT:4)
0:00:00.025744029  2776 0x55ac640c5360 DEBUG   structure gststructure.c:2258:gst_structure_parse_field: trying field name 'author'
0:00:00.020682524  2777 0x55c1297ad360 DEBUG   GST_POLL gstpoll.c:979:gst_poll_fd_ctl_write: 0x55c1297d1cc0: fd (fd:0, idx:1), active : 1
0:00:00.025751429  2776 0x55ac640c5360 DEBUG   default gstvalue.c:2776:_priv_gst_value_parse_value: trying type name 'string'
0:00:00.020692457  2777 0x55c1297ad360 LOG   GST_POLL gstpoll.c:994:gst_poll_fd_ctl_write: 0x55c1297d1cc0: pfd->events now 60 (POLLOUT:4)
0:00:00.025759489  2776 0x55ac640c5360 DEBUG   GST_REGISTRY gstregistrychunks.c:626:gst_registry_chunks_load_feature: Element factory : npadtemplates=2
0:00:00.020700554  2777 0x55c1297ad360 DEBUG   GST_POLL gstpoll.c:979:gst_poll_fd_ctl_write: 0x55c1297d1cc0: fd (fd:0, idx:1), active : 1
0:00:00.025765875  2776 0x55ac640c5360 DEBUG   GST_REGISTRY gstregistrychunks.c:525:gst_registry_chunks_load_pad_template: Reading/casting for GstRegistryChunkPadTemplate at address 0x55ac640ed1b8
0:00:00.020708111  2777 0x55c1297ad360 LOG   GST_POLL gstpoll.c:994:gst_poll_fd_ctl_write: 0x55c1297d1cc0: pfd->events now 60 (POLLOUT:4)
0:00:00.025775483  2776 0x55ac640c5360 DEBUG   GST_REGISTRY gstregistrychunks.c:539:gst_registry_chunks_load_pad_template: Added pad_template sink
0:00:00.020715967  2777 0x55c1297ad360 DEBUG   GST_POLL gstpoll.c:979:gst_poll_fd_ctl_write: 0x55c1297d1cc0: fd (fd:0, idx:1), active : 1
0:00:00.025788709  2776 0x55ac640c5360 DEBUG   GST_REGISTRY gstregistrychunks.c:525:gst_registry_chunks_load_pad_template: Reading/casting for GstRegistryChunkPadTemplate at address 0x55ac640ed1d0
0:00:00.020729829  2777 0x55c1297ad360 LOG   GST_POLL gstpoll.c:994:gst_poll_fd_ctl_write: 0x55c1297d1cc0: pfd->events now 60 (POLLOUT:4)
0:00:00.025795438  2776 0x55ac640c5360 DEBUG   GST_REGISTRY gstregistrychunks.c:539:gst_registry_chunks_load_pad_template: Added pad_template src
0:00:00.020738487  2777 0x55c1297ad360 DEBUG   GST_POLL gstpoll.c:979:gst_poll_fd_ctl_write: 0x55c1297d1cc0: fd (fd:0, idx:1), active : 1
0:00:00.025805348  2776 0x55ac640c5360 DEBUG   GST_REGISTRY gstregistry.c:589:gst_registry_add_feature: adding feature 0x55ac640f8a90 (clocksync)
0:00:00.020745379  2777 0x55c1297ad360 LOG   GST_POLL gstpoll.c:994:gst_poll_fd_ctl_write: 0x55c1297d1cc0: pfd->events now 60 (POLLOUT:4)
0:00:00.025815400  2776 0x55ac640c5360 DEBUG   GST_REFCOUNTING gstobject.c:708:gst_object_set_parent: set parent (ref and sink)
0:00:00.020753699  2777 0x55c1297ad360 DEBUG   GST_POLL gstpoll.c:979:gst_poll_fd_ctl_write: 0x55c1297d1cc0: fd (fd:0, idx:1), active : 1
0:00:00.025824837  2776 0x55ac640c5360 TRACE   GST_REFCOUNTING gstobject.c:292:gst_object_ref_sink: 0x55ac640f8a90 ref_sink 1->2
0:00:00.020764346  2777 0x55c1297ad360 LOG   GST_POLL gstpoll.c:994:gst_poll_fd_ctl_write: 0x55c1297d1cc0: pfd->events now 60 (POLLOUT:4)
0:00:00.025832477  2776 0x55ac640c5360 LOG   GST_REGISTRY gstregistry.c:607:gst_registry_add_feature: emitting feature-added for clocksync
0:00:00.020772047  2777 0x55c1297ad360 DEBUG   GST_POLL gstpoll.c:979:gst_poll_fd_ctl_write: 0x55c1297d1cc0: fd (fd:0, idx:1), active : 1
0:00:00.025840276  2776 0x55ac640c5360 DEBUG   GST_REGISTRY gstregistrychunks.c:740:gst_registry_chunks_load_feature: Added feature clocksync, plugin 0x55ac640f5ad0 coreelements
0:00:00.020779260  2777 0x55c1297ad360 LOG   GST_POLL gstpoll.c:994:gst_poll_fd_ctl_write: 0x55c1297d1cc0: pfd->events now 60 (POLLOUT:4)
0:00:00.025850050  2776 0x55ac640c5360 DEBUG   GST_REGISTRY gstregistrychunks.c:582:gst_registry_chunks_load_feature: Plugin 'coreelements' feature 'capsfilter' typename : 'GstElementFactory'
0:00:00.020788264  2777 0x55c1297ad360 DEBUG   GST_POLL gstpoll.c:979:gst_poll_fd_ctl_write: 0x55c1297d1cc0: fd (fd:0, idx:1), active : 1
0:00:00.025860560  2776 0x55ac640c5360 TRACE   GST_REFCOUNTING gstobject.c:208:gst_object_init: 0x55ac640f9940 new
0:00:00.020797954  2777 0x55c1297ad360 LOG   GST_POLL gstpoll.c:994:gst_poll_fd_ctl_write: 0x55c1297d1cc0: pfd->events now 60 (POLLOUT:4)
0:00:00.025870368  2776 0x55ac640c5360 LOG   GST_REGISTRY gstregistrychunks.c:609:gst_registry_chunks_load_feature: Reading/casting for GstRegistryChunkElementFactory at address 0x55ac640ed200
0:00:00.020808231  2777 0x55c1297ad360 DEBUG   GST_POLL gstpoll.c:979:gst_poll_fd_ctl_write: 0x55c1297d1cc0: fd (fd:0, idx:1), active : 1
0:00:00.025877585  2776 0x55ac640c5360 TRACE   structure gststructure.c:292:gst_structure_new_id_empty_with_size: created structure 0x55ac640f9c50
0:00:00.020822731  2777 0x55c1297ad360 LOG   GST_POLL gstpoll.c:994:gst_poll_fd_ctl_write: 0x55c1297d1cc0: pfd->events now 60 (POLLOUT:4)
0:00:00.025889616  2776 0x55ac640c5360 DEBUG   structure gststructure.c:2258:gst_structure_parse_field: trying field name 'long-name'
0:00:00.020830528  2777 0x55c1297ad360 DEBUG   GST_POLL gstpoll.c:979:gst_poll_fd_ctl_write: 0x55c1297d1cc0: fd (fd:0, idx:1), active : 1
0:00:00.025896668  2776 0x55ac640c5360 DEBUG   default gstvalue.c:2776:_priv_gst_value_parse_value: trying type name 'string'
0:00:00.020840483  2777 0x55c1297ad360 LOG   GST_POLL gstpoll.c:994:gst_poll_fd_ctl_write: 0x55c1297d1cc0: pfd->events now 60 (POLLOUT:4)
0:00:00.025905956  2776 0x55ac640c5360 DEBUG   structure gststructure.c:2258:gst_structure_parse_field: trying field name 'klass'
0:00:00.020848779  2777 0x55c1297ad360 DEBUG   GST_POLL gstpoll.c:979:gst_poll_fd_ctl_write: 0x55c1297d1cc0: fd (fd:0, idx:1), active : 1
0:00:00.025913452  2776 0x55ac640c5360 DEBUG   default gstvalue.c:2776:_priv_gst_value_parse_value: trying type name 'string'
0:00:00.020856371  2777 0x55c1297ad360 LOG   GST_POLL gstpoll.c:994:gst_poll_fd_ctl_write: 0x55c1297d1cc0: pfd->events now 60 (POLLOUT:4)
0:00:00.025924207  2776 0x55ac640c5360 DEBUG   structure gststructure.c:2258:gst_structure_parse_field: trying field name 'description'
0:00:00.020864144  2777 0x55c1297ad360 DEBUG   GST_POLL gstpoll.c:979:gst_poll_fd_ctl_write: 0x55c1297d1cc0: fd (fd:0, idx:1), active : 1
0:00:00.025931645  2776 0x55ac640c5360 DEBUG   default gstvalue.c:2776:_priv_gst_value_parse_value: trying type name 'string'
0:00:00.020874185  2777 0x55c1297ad360 LOG   GST_POLL gstpoll.c:994:gst_poll_fd_ctl_write: 0x55c1297d1cc0: pfd->events now 60 (POLLOUT:4)
0:00:00.025940064  2776 0x55ac640c5360 DEBUG   structure gststructure.c:2258:gst_structure_parse_field: trying field name 'author'
0:00:00.020882067  2777 0x55c1297ad360 DEBUG   GST_POLL gstpoll.c:979:gst_poll_fd_ctl_write: 0x55c1297d1cc0: fd (fd:0, idx:1), active : 1
0:00:00.025946778  2776 0x55ac640c5360 DEBUG   default gstvalue.c:2776:_priv_gst_value_parse_value: trying type name 'string'
0:00:00.020889520  2777 0x55c1297ad360 LOG   GST_POLL gstpoll.c:994:gst_poll_fd_ctl_write: 0x55c1297d1cc0: pfd->events now 60 (POLLOUT:4)
0:00:00.025958264  2776 0x55ac640c5360 DEBUG   GST_REGISTRY gstregistrychunks.c:626:gst_registry_chunks_load_feature: Element factory : npadtemplates=2
0:00:00.020897306  2777 0x55c1297ad360 DEBUG   GST_POLL gstpoll.c:979:gst_poll_fd_ctl_write: 0x55c1297d1cc0: fd (fd:0, idx:1), active : 1
0:00:00.025965166  2776 0x55ac640c5360 DEBUG   GST_REGISTRY gstregistrychunks.c:525:gst_registry_chunks_load_pad_template: Reading/casting for GstRegistryChunkPadTemplate at address 0x55ac640ed2e0
0:00:00.020906923  2777 0x55c1297ad360 LOG   GST_POLL gstpoll.c:994:gst_poll_fd_ctl_write: 0x55c1297d1cc0: pfd->events now 60 (POLLOUT:4)
0:00:00.025971772  2776 0x55ac640c5360 DEBUG   GST_REGISTRY gstregistrychunks.c:539:gst_registry_chunks_load_pad_template: Added pad_template sink
0:00:00.020920830  2777 0x55c1297ad360 DEBUG   GST_POLL gstpoll.c:979:gst_poll_fd_ctl_write: 0x55c1297d1cc0: fd (fd:0, idx:1), active : 1
0:00:00.025985412  2776 0x55ac640c5360 DEBUG   GST_REGISTRY gstregistrychunks.c:525:gst_registry_chunks_load_pad_template: Reading/casting for GstRegistryChunkPadTemplate at address 0x55ac640ed2f8
0:00:00.020928460  2777 0x55c1297ad360 LOG   GST_POLL gstpoll.c:994:gst_poll_fd_ctl_write: 0x55c1297d1cc0: pfd->events now 60 (POLLOUT:4)
0:00:00.025995197  2776 0x55ac640c5360 DEBUG   GST_REGISTRY gstregistrychunks.c:539:gst_registry_chunks_load_pad_template: Added pad_template src
0:00:00.020936047  2777 0x55c1297ad360 DEBUG   GST_POLL gstpoll.c:979:gst_poll_fd_ctl_write: 0x55c1297d1cc0: fd (fd:0, idx:1), active : 1
0:00:00.020945984  2777 0x55c1297ad360 LOG   GST_POLL gstpoll.c:994:gst_poll_fd_ctl_write: 0x55c1297d1cc0: pfd->events now 60 (POLLOUT:4)
0:00:00.026009478  2776 0x55ac640c5360 DEBUG   GST_REGISTRY gstregistry.c:589:gst_registry_add_feature: adding feature 0x55ac640f9940 (capsfilter)
0:00:00.020953163  2777 0x55c1297ad360 DEBUG   GST_POLL gstpoll.c:979:gst_poll_fd_ctl_write: 0x55c1297d1cc0: fd (fd:0, idx:1), active : 1
0:00:00.026018428  2776 0x55ac640c5360 DEBUG   GST_REFCOUNTING gstobject.c:708:gst_object_set_parent: set parent (ref and sink)
0:00:00.020960182  2777 0x55c1297ad360 LOG   GST_POLL gstpoll.c:994:gst_poll_fd_ctl_write: 0x55c1297d1cc0: pfd->events now 60 (POLLOUT:4)
0:00:00.026029676  2776 0x55ac640c5360 TRACE   GST_REFCOUNTING gstobject.c:292:gst_object_ref_sink: 0x55ac640f9940 ref_sink 1->2
0:00:00.020967252  2777 0x55c1297ad360 DEBUG   GST_POLL gstpoll.c:979:gst_poll_fd_ctl_write: 0x55c1297d1cc0: fd (fd:0, idx:1), active : 1
0:00:00.026038252  2776 0x55ac640c5360 LOG   GST_REGISTRY gstregistry.c:607:gst_registry_add_feature: emitting feature-added for capsfilter
0:00:00.020978242  2777 0x55c1297ad360 LOG   GST_POLL gstpoll.c:994:gst_poll_fd_ctl_write: 0x55c1297d1cc0: pfd->events now 60 (POLLOUT:4)
0:00:00.026046147  2776 0x55ac640c5360 DEBUG   GST_REGISTRY gstregistrychunks.c:740:gst_registry_chunks_load_feature: Added feature capsfilter, plugin 0x55ac640f5ad0 coreelements
0:00:00.020986101  2777 0x55c1297ad360 DEBUG   GST_POLL gstpoll.c:979:gst_poll_fd_ctl_write: 0x55c1297d1cc0: fd (fd:0, idx:1), active : 1
0:00:00.026054327  2776 0x55ac640c5360 LOG   GST_PLUGIN_LOADING gstpluginloader.c:886:handle_rx_packet: marking plugin 0x55ac640f5ad0 as registered as /home/conan/w/prod/BuildSingleReference/.conan/data/gstreamer/1.19.1/_/_/package/d8cac73bce0dfdb14708c459db4ae84177c23223/lib/gstreamer-1.0/libgstcoreelements.so
0:00:00.020993160  2777 0x55c1297ad360 LOG   GST_POLL gstpoll.c:994:gst_poll_fd_ctl_write: 0x55c1297d1cc0: pfd->events now 60 (POLLOUT:4)
0:00:00.021001943  2777 0x55c1297ad360 DEBUG   GST_POLL gstpoll.c:979:gst_poll_fd_ctl_write: 0x55c1297d1cc0: fd (fd:0, idx:1), active : 1
0:00:00.026067979  2776 0x55ac640c5360 DEBUG   GST_POLL gstpoll.c:1414:gst_poll_wait: 0x55ac640ea7b0: timeout :0:00:01.000000000
0:00:00.021011688  2777 0x55c1297ad360 LOG   GST_POLL gstpoll.c:994:gst_poll_fd_ctl_write: 0x55c1297d1cc0: pfd->events now 60 (POLLOUT:4)
0:00:00.021029312  2777 0x55c1297ad360 DEBUG   GST_POLL gstpoll.c:979:gst_poll_fd_ctl_write: 0x55c1297d1cc0: fd (fd:0, idx:1), active : 1
0:00:00.021035973  2777 0x55c1297ad360 LOG   GST_POLL gstpoll.c:994:gst_poll_fd_ctl_write: 0x55c1297d1cc0: pfd->events now 60 (POLLOUT:4)
0:00:00.021042424  2777 0x55c1297ad360 DEBUG   GST_POLL gstpoll.c:979:gst_poll_fd_ctl_write: 0x55c1297d1cc0: fd (fd:0, idx:1), active : 1
0:00:00.021052179  2777 0x55c1297ad360 LOG   GST_POLL gstpoll.c:994:gst_poll_fd_ctl_write: 0x55c1297d1cc0: pfd->events now 60 (POLLOUT:4)
0:00:00.021059285  2777 0x55c1297ad360 DEBUG   GST_POLL gstpoll.c:979:gst_poll_fd_ctl_write: 0x55c1297d1cc0: fd (fd:0, idx:1), active : 1
0:00:00.021066179  2777 0x55c1297ad360 LOG   GST_POLL gstpoll.c:994:gst_poll_fd_ctl_write: 0x55c1297d1cc0: pfd->events now 60 (POLLOUT:4)
0:00:00.021079303  2777 0x55c1297ad360 TRACE   GST_REFCOUNTING gstobject.c:264:gst_object_unref: 0x55c1297d68f0 unref 2->1
0:00:00.021091830  2777 0x55c1297ad360 DEBUG   GST_POLL gstpoll.c:1241:gst_poll_fd_has_error: 0x55c1297d1cc0: fd (fd:0, idx:1) 0
0:00:00.021099901  2777 0x55c1297ad360 DEBUG   GST_POLL gstpoll.c:1335:gst_poll_fd_can_write: 0x55c1297d1cc0: fd (fd:0, idx:1) 1
0:00:00.021107243  2777 0x55c1297ad360 LOG   GST_PLUGIN_LOADING gstpluginloader.c:689:write_one: Writing packet of size 488 bytes to fd 0
0:00:00.021132791  2777 0x55c1297ad360 DEBUG   GST_POLL gstpoll.c:1414:gst_poll_wait: 0x55c1297d1cc0: timeout :0:00:01.000000000
0:00:00.021147884  2777 0x55c1297ad360 LOG   GST_PLUGIN_LOADING gstpluginloader.c:1026:exchange_packets: Poll res = 2. 6872 bytes pending for write
0:00:00.026215339  2776 0x55ac640c5360 LOG   GST_PLUGIN_LOADING gstpluginloader.c:1026:exchange_packets: Poll res = 1. 0 bytes pending for write
0:00:00.021155650  2777 0x55c1297ad360 DEBUG   GST_POLL gstpoll.c:1241:gst_poll_fd_has_error: 0x55c1297d1cc0: fd (fd:5, idx:2) 0
0:00:00.026227592  2776 0x55ac640c5360 DEBUG   GST_POLL gstpoll.c:1241:gst_poll_fd_has_error: 0x55ac640ea7b0: fd (fd:8, idx:2) 0
0:00:00.021165887  2777 0x55c1297ad360 DEBUG   GST_POLL gstpoll.c:1266:gst_poll_fd_can_read_unlocked: 0x55c1297d1cc0: fd (fd:5, idx:2) 1
0:00:00.026238435  2776 0x55ac640c5360 DEBUG   GST_POLL gstpoll.c:1266:gst_poll_fd_can_read_unlocked: 0x55ac640ea7b0: fd (fd:8, idx:2) 1
0:00:00.021180360  2777 0x55c1297ad360 LOG   GST_PLUGIN_LOADING gstpluginloader.c:1004:read_one: No payload to read for 0 length packet type 1 tag 0
0:00:00.021201608  2777 0x55c1297ad360 DEBUG   GST_POLL gstpoll.c:1014:gst_poll_fd_ctl_read_unlocked: 0x55c1297d1cc0: fd (fd:5, idx:2), active : 0
0:00:00.026266826  2776 0x55ac640c5360 DEBUG   GST_PLUGIN_LOADING gstpluginloader.c:847:handle_rx_packet: Received plugin details from child w/ tag 2. 476 bytes info
0:00:00.021213352  2777 0x55c1297ad360 DEBUG   GST_POLL gstpoll.c:979:gst_poll_fd_ctl_write: 0x55c1297d1cc0: fd (fd:0, idx:1), active : 1
0:00:00.026279740  2776 0x55ac640c5360 LOG   GST_REGISTRY gstregistrychunks.c:836:_priv_gst_registry_chunks_load_plugin: Reading/casting for GstRegistryChunkPluginElement at address 0x55ac640eb840
0:00:00.021221688  2777 0x55c1297ad360 LOG   GST_POLL gstpoll.c:994:gst_poll_fd_ctl_write: 0x55c1297d1cc0: pfd->events now 60 (POLLOUT:4)
0:00:00.021234969  2777 0x55c1297ad360 DEBUG   GST_POLL gstpoll.c:1241:gst_poll_fd_has_error: 0x55c1297d1cc0: fd (fd:0, idx:1) 0
0:00:00.026299055  2776 0x55ac640c5360 TRACE   GST_REFCOUNTING gstobject.c:208:gst_object_init: 0x55ac640fa0f0 new
0:00:00.021241843  2777 0x55c1297ad360 DEBUG   GST_POLL gstpoll.c:1335:gst_poll_fd_can_write: 0x55c1297d1cc0: fd (fd:0, idx:1) 1
0:00:00.026315269  2776 0x55ac640c5360 LOG   GST_REGISTRY gstregistrychunks.c:858:_priv_gst_registry_chunks_load_plugin: read strings for name='coretracers'
0:00:00.021251275  2777 0x55c1297ad360 LOG   GST_PLUGIN_LOADING gstpluginloader.c:689:write_one: Writing packet of size 6872 bytes to fd 0
0:00:00.026323013  2776 0x55ac640c5360 LOG   GST_REGISTRY gstregistrychunks.c:859:_priv_gst_registry_chunks_load_plugin: desc.description='GStreamer core tracers'
0:00:00.021268936  2777 0x55c1297ad360 DEBUG   GST_POLL gstpoll.c:1414:gst_poll_wait: 0x55c1297d1cc0: timeout :0:00:01.000000000
0:00:00.026331926  2776 0x55ac640c5360 LOG   GST_REGISTRY gstregistrychunks.c:860:_priv_gst_registry_chunks_load_plugin: filename='/home/conan/w/prod/BuildSingleReference/.conan/data/gstreamer/1.19.1/_/_/package/d8cac73bce0dfdb14708c459db4ae84177c23223/lib/gstreamer-1.0/libgstcoretracers.so'
0:00:00.026342766  2776 0x55ac640c5360 LOG   GST_REGISTRY gstregistrychunks.c:861:_priv_gst_registry_chunks_load_plugin: desc.version='1.19.1'
0:00:00.021280159  2777 0x55c1297ad360 LOG   GST_PLUGIN_LOADING gstpluginloader.c:1026:exchange_packets: Poll res = 1. 12 bytes pending for write
0:00:00.026349348  2776 0x55ac640c5360 LOG   GST_REGISTRY gstregistrychunks.c:862:_priv_gst_registry_chunks_load_plugin: desc.license='LGPL'
0:00:00.021290683  2777 0x55c1297ad360 DEBUG   GST_POLL gstpoll.c:1241:gst_poll_fd_has_error: 0x55c1297d1cc0: fd (fd:0, idx:1) 0
0:00:00.026355706  2776 0x55ac640c5360 LOG   GST_REGISTRY gstregistrychunks.c:863:_priv_gst_registry_chunks_load_plugin: desc.source='gstreamer'
0:00:00.021298739  2777 0x55c1297ad360 DEBUG   GST_POLL gstpoll.c:1335:gst_poll_fd_can_write: 0x55c1297d1cc0: fd (fd:0, idx:1) 1
0:00:00.026365355  2776 0x55ac640c5360 LOG   GST_REGISTRY gstregistrychunks.c:864:_priv_gst_registry_chunks_load_plugin: desc.package='GStreamer source release'
0:00:00.021305983  2777 0x55c1297ad360 LOG   GST_PLUGIN_LOADING gstpluginloader.c:689:write_one: Writing packet of size 12 bytes to fd 0
0:00:00.026373307  2776 0x55ac640c5360 LOG   GST_REGISTRY gstregistrychunks.c:865:_priv_gst_registry_chunks_load_plugin: desc.origin='Unknown package origin'
0:00:00.026380171  2776 0x55ac640c5360 LOG   GST_REGISTRY gstregistrychunks.c:866:_priv_gst_registry_chunks_load_plugin: desc.datetime=2021-06-01
0:00:00.021315910  2777 0x55c1297ad360 DEBUG   GST_POLL gstpoll.c:979:gst_poll_fd_ctl_write: 0x55c1297d1cc0: fd (fd:0, idx:1), active : 0
0:00:00.021327845  2777 0x55c1297ad360 LOG   GST_POLL gstpoll.c:994:gst_poll_fd_ctl_write: 0x55c1297d1cc0: pfd->events now 56 (POLLOUT:4)
0:00:00.026391179  2776 0x55ac640c5360 DEBUG   GST_REGISTRY gstregistry.c:446:gst_registry_add_plugin: Replacing existing plugin "/home/conan/w/prod/BuildSingleReference/.conan/data/gstreamer/1.19.1/_/_/package/d8cac73bce0dfdb14708c459db4ae84177c23223/lib/gstreamer-1.0/libgstcoretracers.so" 0x55ac640eae60 with new plugin 0x55ac640fa0f0 for filename "/home/conan/w/prod/BuildSingleReference/.conan/data/gstreamer/1.19.1/_/_/package/d8cac73bce0dfdb14708c459db4ae84177c23223/lib/gstreamer-1.0/libgstcoretracers.so"
0:00:00.026419748  2776 0x55ac640c5360 TRACE   GST_REFCOUNTING gstobject.c:264:gst_object_unref: 0x55ac640eae60 unref 1->0
0:00:00.021359246  2777 0x55c1297ad360 DEBUG   GST_POLL gstpoll.c:772:gst_poll_free: 0x55c1297d1cc0: freeing
0:00:00.026430874  2776 0x55ac640c5360 TRACE   GST_REFCOUNTING gstobject.c:381:gst_object_dispose: 0x55ac640eae60 dispose
0:00:00.026442158  2776 0x55ac640c5360 DEBUG   GST_PLUGIN_LOADING gstplugin.c:136:gst_plugin_finalize: finalizing plugin
0:00:00.026452946  2776 0x55ac640c5360 TRACE   GST_REFCOUNTING gstobject.c:423:gst_object_finalize: 0x55ac640eae60 finalize
0:00:00.026472496  2776 0x55ac640c5360 DEBUG   GST_REGISTRY gstregistry.c:473:gst_registry_add_plugin: adding plugin 0x55ac640fa0f0 for filename "/home/conan/w/prod/BuildSingleReference/.conan/data/gstreamer/1.19.1/_/_/package/d8cac73bce0dfdb14708c459db4ae84177c23223/lib/gstreamer-1.0/libgstcoretracers.so"
0:00:00.026482197  2776 0x55ac640c5360 TRACE   GST_REFCOUNTING gstobject.c:292:gst_object_ref_sink: 0x55ac640fa0f0 ref_sink 1->2
0:00:00.026490289  2776 0x55ac640c5360 LOG   GST_REGISTRY gstregistry.c:486:gst_registry_add_plugin: emitting plugin-added for filename "/home/conan/w/prod/BuildSingleReference/.conan/data/gstreamer/1.19.1/_/_/package/d8cac73bce0dfdb14708c459db4ae84177c23223/lib/gstreamer-1.0/libgstcoretracers.so"
0:00:00.026499120  2776 0x55ac640c5360 DEBUG   GST_REGISTRY gstregistrychunks.c:886:_priv_gst_registry_chunks_load_plugin: Added plugin 'coretracers' plugin with 5 features from binary registry
0:00:00.026509346  2776 0x55ac640c5360 DEBUG   GST_REGISTRY gstregistrychunks.c:582:gst_registry_chunks_load_feature: Plugin 'coretracers' feature 'leaks' typename : 'GstTracerFactory'
0:00:00.026534295  2776 0x55ac640c5360 TRACE   GST_REFCOUNTING gstobject.c:208:gst_object_init: 0x55ac640eae50 new
0:00:00.026546696  2776 0x55ac640c5360 DEBUG   GST_REGISTRY gstregistrychunks.c:716:gst_registry_chunks_load_feature: Reading/casting for GstRegistryChunkPluginFeature at address 0x55ac640eb988
0:00:00.026555944  2776 0x55ac640c5360 DEBUG   GST_REGISTRY gstregistry.c:580:gst_registry_add_feature: replacing existing feature 0x55ac640eb210 (leaks)
0:00:00.026567507  2776 0x55ac640c5360 DEBUG   GST_REGISTRY gstregistry.c:589:gst_registry_add_feature: adding feature 0x55ac640eae50 (leaks)
0:00:00.026575752  2776 0x55ac640c5360 TRACE   GST_REFCOUNTING gstobject.c:788:gst_object_unparent: unparent
0:00:00.026584324  2776 0x55ac640c5360 TRACE   GST_REFCOUNTING gstobject.c:264:gst_object_unref: 0x55ac640eb210 unref 1->0
0:00:00.026591906  2776 0x55ac640c5360 TRACE   GST_REFCOUNTING gstobject.c:381:gst_object_dispose: 0x55ac640eb210 dispose
0:00:00.026612221  2776 0x55ac640c5360 DEBUG   GST_PLUGIN_LOADING gstpluginfeature.c:67:gst_plugin_feature_finalize: finalizing feature 0x55ac640eb210: 'leaks'
0:00:00.026621723  2776 0x55ac640c5360 TRACE   GST_REFCOUNTING gstobject.c:423:gst_object_finalize: 0x55ac640eb210 finalize
0:00:00.026630004  2776 0x55ac640c5360 DEBUG   GST_REFCOUNTING gstobject.c:708:gst_object_set_parent: set parent (ref and sink)
0:00:00.026638246  2776 0x55ac640c5360 TRACE   GST_REFCOUNTING gstobject.c:292:gst_object_ref_sink: 0x55ac640eae50 ref_sink 1->2
0:00:00.026649306  2776 0x55ac640c5360 LOG   GST_REGISTRY gstregistry.c:607:gst_registry_add_feature: emitting feature-added for leaks
0:00:00.026658692  2776 0x55ac640c5360 DEBUG   GST_REGISTRY gstregistrychunks.c:740:gst_registry_chunks_load_feature: Added feature leaks, plugin 0x55ac640fa0f0 coretracers
0:00:00.026665989  2776 0x55ac640c5360 DEBUG   GST_REGISTRY gstregistrychunks.c:582:gst_registry_chunks_load_feature: Plugin 'coretracers' feature 'stats' typename : 'GstTracerFactory'
0:00:00.026675530  2776 0x55ac640c5360 TRACE   GST_REFCOUNTING gstobject.c:208:gst_object_init: 0x55ac640eb210 new
