0:00:00.021407865  2776 0x55ac640c5360 LOG   GST_REGISTRY gstregistrychunks.c:609:gst_registry_chunks_load_feature: Reading/casting for GstRegistryChunkElementFactory at address 0x55ac640eb998
0:00:00.016352172  2777 0x55c1297ad360 DEBUG   GST_REGISTRY gstregistrychunks.c:264:gst_registry_chunks_save_feature: saved 0 interfaces 0 pad templates
0:00:00.021417552  2776 0x55ac640c5360 TRACE   structure gststructure.c:292:gst_structure_new_id_empty_with_size: created structure 0x55ac640ed510
0:00:00.021427188  2776 0x55ac640c5360 DEBUG   structure gststructure.c:2258:gst_structure_parse_field: trying field name 'long-name'
0:00:00.016364465  2777 0x55c1297ad360 DEBUG   GST_REGISTRY gstregistrychunks.c:264:gst_registry_chunks_save_feature: saved 1 interfaces 0 pad templates
0:00:00.016379713  2777 0x55c1297ad360 DEBUG   GST_REGISTRY gstregistrychunks.c:284:gst_registry_chunks_save_feature: Saved 1 UriTypes
0:00:00.021443043  2776 0x55ac640c5360 DEBUG   default gstvalue.c:2776:_priv_gst_value_parse_value: trying type name 'string'
0:00:00.016391745  2777 0x55c1297ad360 DEBUG   GST_REGISTRY gstregistrychunks.c:264:gst_registry_chunks_save_feature: saved 0 interfaces 0 pad templates
0:00:00.021458464  2776 0x55ac640c5360 DEBUG   structure gststructure.c:2258:gst_structure_parse_field: trying field name 'klass'
0:00:00.021465477  2776 0x55ac640c5360 DEBUG   default gstvalue.c:2776:_priv_gst_value_parse_value: trying type name 'string'
0:00:00.016405830  2777 0x55c1297ad360 DEBUG   GST_REGISTRY gstregistrychunks.c:264:gst_registry_chunks_save_feature: saved 0 interfaces 0 pad templates
0:00:00.021475415  2776 0x55ac640c5360 DEBUG   structure gststructure.c:2258:gst_structure_parse_field: trying field name 'description'
0:00:00.016418022  2777 0x55c1297ad360 DEBUG   GST_REGISTRY gstregistrychunks.c:264:gst_registry_chunks_save_feature: saved 0 interfaces 0 pad templates
0:00:00.021483325  2776 0x55ac640c5360 DEBUG   default gstvalue.c:2776:_priv_gst_value_parse_value: trying type name 'string'
0:00:00.021497005  2776 0x55ac640c5360 DEBUG   structure gststructure.c:2258:gst_structure_parse_field: trying field name 'author'
0:00:00.016435449  2777 0x55c1297ad360 DEBUG   GST_REGISTRY gstregistrychunks.c:264:gst_registry_chunks_save_feature: saved 1 interfaces 0 pad templates
0:00:00.021502833  2776 0x55ac640c5360 DEBUG   default gstvalue.c:2776:_priv_gst_value_parse_value: trying type name 'string'
0:00:00.016442984  2777 0x55c1297ad360 DEBUG   GST_REGISTRY gstregistrychunks.c:284:gst_registry_chunks_save_feature: Saved 1 UriTypes
0:00:00.021513712  2776 0x55ac640c5360 DEBUG   GST_REGISTRY gstregistrychunks.c:626:gst_registry_chunks_load_feature: Element factory : npadtemplates=2
0:00:00.016456889  2777 0x55c1297ad360 DEBUG   GST_REGISTRY gstregistrychunks.c:264:gst_registry_chunks_save_feature: saved 1 interfaces 0 pad templates
0:00:00.021527530  2776 0x55ac640c5360 DEBUG   GST_REGISTRY gstregistrychunks.c:525:gst_registry_chunks_load_pad_template: Reading/casting for GstRegistryChunkPadTemplate at address 0x55ac640eba70
0:00:00.016466771  2777 0x55c1297ad360 DEBUG   GST_REGISTRY gstregistrychunks.c:284:gst_registry_chunks_save_feature: Saved 1 UriTypes
0:00:00.021535711  2776 0x55ac640c5360 DEBUG   GST_REGISTRY gstregistrychunks.c:539:gst_registry_chunks_load_pad_template: Added pad_template src_%u
0:00:00.016477833  2777 0x55c1297ad360 DEBUG   GST_REGISTRY gstregistrychunks.c:264:gst_registry_chunks_save_feature: saved 1 interfaces 0 pad templates
0:00:00.021542481  2776 0x55ac640c5360 DEBUG   GST_REGISTRY gstregistrychunks.c:525:gst_registry_chunks_load_pad_template: Reading/casting for GstRegistryChunkPadTemplate at address 0x55ac640eba88
0:00:00.016484931  2777 0x55c1297ad360 DEBUG   GST_REGISTRY gstregistrychunks.c:284:gst_registry_chunks_save_feature: Saved 1 UriTypes
0:00:00.021555072  2776 0x55ac640c5360 DEBUG   GST_REGISTRY gstregistrychunks.c:539:gst_registry_chunks_load_pad_template: Added pad_template sink
0:00:00.016498510  2777 0x55c1297ad360 DEBUG   GST_REGISTRY gstregistrychunks.c:264:gst_registry_chunks_save_feature: saved 0 interfaces 0 pad templates
0:00:00.021566380  2776 0x55ac640c5360 DEBUG   GST_REGISTRY gstregistry.c:589:gst_registry_add_feature: adding feature 0x55ac640f5350 (streamiddemux)
0:00:00.016510905  2777 0x55c1297ad360 DEBUG   GST_REGISTRY gstregistrychunks.c:264:gst_registry_chunks_save_feature: saved 0 interfaces 0 pad templates
0:00:00.021576019  2776 0x55ac640c5360 DEBUG   GST_REFCOUNTING gstobject.c:708:gst_object_set_parent: set parent (ref and sink)
0:00:00.016522065  2777 0x55c1297ad360 DEBUG   GST_REGISTRY gstregistrychunks.c:264:gst_registry_chunks_save_feature: saved 0 interfaces 0 pad templates
0:00:00.021585360  2776 0x55ac640c5360 TRACE   GST_REFCOUNTING gstobject.c:292:gst_object_ref_sink: 0x55ac640f5350 ref_sink 1->2
0:00:00.021597434  2776 0x55ac640c5360 LOG   GST_REGISTRY gstregistry.c:607:gst_registry_add_feature: emitting feature-added for streamiddemux
0:00:00.016534463  2777 0x55c1297ad360 DEBUG   GST_REGISTRY gstregistrychunks.c:264:gst_registry_chunks_save_feature: saved 0 interfaces 0 pad templates
0:00:00.021611535  2776 0x55ac640c5360 DEBUG   GST_REGISTRY gstregistrychunks.c:740:gst_registry_chunks_load_feature: Added feature streamiddemux, plugin 0x55ac640f5ad0 coreelements
0:00:00.021619676  2776 0x55ac640c5360 DEBUG   GST_REGISTRY gstregistrychunks.c:582:gst_registry_chunks_load_feature: Plugin 'coreelements' feature 'valve' typename : 'GstElementFactory'
0:00:00.016556063  2777 0x55c1297ad360 DEBUG   GST_REGISTRY gstregistrychunks.c:264:gst_registry_chunks_save_feature: saved 0 interfaces 0 pad templates
0:00:00.021629300  2776 0x55ac640c5360 TRACE   GST_REFCOUNTING gstobject.c:208:gst_object_init: 0x55ac640f4090 new
0:00:00.016569531  2777 0x55c1297ad360 DEBUG   GST_REGISTRY gstregistrychunks.c:264:gst_registry_chunks_save_feature: saved 0 interfaces 0 pad templates
0:00:00.021642022  2776 0x55ac640c5360 LOG   GST_REGISTRY gstregistrychunks.c:609:gst_registry_chunks_load_feature: Reading/casting for GstRegistryChunkElementFactory at address 0x55ac640ebab8
0:00:00.016581759  2777 0x55c1297ad360 DEBUG   GST_REGISTRY gstregistrychunks.c:264:gst_registry_chunks_save_feature: saved 1 interfaces 0 pad templates
0:00:00.021650358  2776 0x55ac640c5360 TRACE   structure gststructure.c:292:gst_structure_new_id_empty_with_size: created structure 0x55ac640ed7f0
0:00:00.016589022  2777 0x55c1297ad360 DEBUG   GST_REGISTRY gstregistrychunks.c:284:gst_registry_chunks_save_feature: Saved 1 UriTypes
0:00:00.021657484  2776 0x55ac640c5360 DEBUG   structure gststructure.c:2258:gst_structure_parse_field: trying field name 'long-name'
0:00:00.021664014  2776 0x55ac640c5360 DEBUG   default gstvalue.c:2776:_priv_gst_value_parse_value: trying type name 'string'
0:00:00.016603550  2777 0x55c1297ad360 DEBUG   GST_REGISTRY gstregistrychunks.c:264:gst_registry_chunks_save_feature: saved 0 interfaces 0 pad templates
0:00:00.021674596  2776 0x55ac640c5360 DEBUG   structure gststructure.c:2258:gst_structure_parse_field: trying field name 'klass'
0:00:00.021684513  2776 0x55ac640c5360 DEBUG   default gstvalue.c:2776:_priv_gst_value_parse_value: trying type name 'string'
0:00:00.016624136  2777 0x55c1297ad360 DEBUG   GST_REGISTRY gstregistrychunks.c:264:gst_registry_chunks_save_feature: saved 0 interfaces 0 pad templates
0:00:00.021691275  2776 0x55ac640c5360 DEBUG   structure gststructure.c:2258:gst_structure_parse_field: trying field name 'description'
0:00:00.021697586  2776 0x55ac640c5360 DEBUG   default gstvalue.c:2776:_priv_gst_value_parse_value: trying type name 'string'
0:00:00.016635592  2777 0x55c1297ad360 DEBUG   GST_REGISTRY gstregistrychunks.c:264:gst_registry_chunks_save_feature: saved 0 interfaces 0 pad templates
0:00:00.021708593  2776 0x55ac640c5360 DEBUG   structure gststructure.c:2258:gst_structure_parse_field: trying field name 'author'
0:00:00.016648817  2777 0x55c1297ad360 DEBUG   GST_REGISTRY gstregistrychunks.c:264:gst_registry_chunks_save_feature: saved 0 interfaces 0 pad templates
0:00:00.021715846  2776 0x55ac640c5360 DEBUG   default gstvalue.c:2776:_priv_gst_value_parse_value: trying type name 'string'
0:00:00.021730925  2776 0x55ac640c5360 DEBUG   GST_REGISTRY gstregistrychunks.c:626:gst_registry_chunks_load_feature: Element factory : npadtemplates=2
0:00:00.016669235  2777 0x55c1297ad360 DEBUG   GST_REGISTRY gstregistrychunks.c:264:gst_registry_chunks_save_feature: saved 0 interfaces 0 pad templates
0:00:00.021737504  2776 0x55ac640c5360 DEBUG   GST_REGISTRY gstregistrychunks.c:525:gst_registry_chunks_load_pad_template: Reading/casting for GstRegistryChunkPadTemplate at address 0x55ac640ebba8
0:00:00.021747149  2776 0x55ac640c5360 DEBUG   GST_REGISTRY gstregistrychunks.c:539:gst_registry_chunks_load_pad_template: Added pad_template sink
0:00:00.016686633  2777 0x55c1297ad360 TRACE   GST_REFCOUNTING gstobject.c:264:gst_object_unref: 0x55c1297d6fb0 unref 2->1
0:00:00.021753669  2776 0x55ac640c5360 DEBUG   GST_REGISTRY gstregistrychunks.c:525:gst_registry_chunks_load_pad_template: Reading/casting for GstRegistryChunkPadTemplate at address 0x55ac640ebbc0
0:00:00.016695495  2777 0x55c1297ad360 TRACE   GST_REFCOUNTING gstobject.c:264:gst_object_unref: 0x55c1297d8fd0 unref 2->1
0:00:00.021760784  2776 0x55ac640c5360 DEBUG   GST_REGISTRY gstregistrychunks.c:539:gst_registry_chunks_load_pad_template: Added pad_template src
0:00:00.016705932  2777 0x55c1297ad360 TRACE   GST_REFCOUNTING gstobject.c:264:gst_object_unref: 0x55c1297d9dc0 unref 2->1
0:00:00.021772056  2776 0x55ac640c5360 DEBUG   GST_REGISTRY gstregistry.c:589:gst_registry_add_feature: adding feature 0x55ac640f4090 (valve)
0:00:00.016714876  2777 0x55c1297ad360 TRACE   GST_REFCOUNTING gstobject.c:264:gst_object_unref: 0x55c1297daca0 unref 2->1
0:00:00.021781766  2776 0x55ac640c5360 DEBUG   GST_REFCOUNTING gstobject.c:708:gst_object_set_parent: set parent (ref and sink)
0:00:00.016723172  2777 0x55c1297ad360 TRACE   GST_REFCOUNTING gstobject.c:264:gst_object_unref: 0x55c1297dcab0 unref 2->1
0:00:00.021791175  2776 0x55ac640c5360 TRACE   GST_REFCOUNTING gstobject.c:292:gst_object_ref_sink: 0x55ac640f4090 ref_sink 1->2
0:00:00.016730991  2777 0x55c1297ad360 TRACE   GST_REFCOUNTING gstobject.c:264:gst_object_unref: 0x55c1297ddc80 unref 2->1
0:00:00.021799226  2776 0x55ac640c5360 LOG   GST_REGISTRY gstregistry.c:607:gst_registry_add_feature: emitting feature-added for valve
0:00:00.016741299  2777 0x55c1297ad360 TRACE   GST_REFCOUNTING gstobject.c:264:gst_object_unref: 0x55c1297df8f0 unref 2->1
0:00:00.021806971  2776 0x55ac640c5360 DEBUG   GST_REGISTRY gstregistrychunks.c:740:gst_registry_chunks_load_feature: Added feature valve, plugin 0x55ac640f5ad0 coreelements
0:00:00.016750422  2777 0x55c1297ad360 TRACE   GST_REFCOUNTING gstobject.c:264:gst_object_unref: 0x55c1297e1ef0 unref 2->1
0:00:00.021817919  2776 0x55ac640c5360 DEBUG   GST_REGISTRY gstregistrychunks.c:582:gst_registry_chunks_load_feature: Plugin 'coreelements' feature 'multiqueue' typename : 'GstElementFactory'
0:00:00.016758788  2777 0x55c1297ad360 TRACE   GST_REFCOUNTING gstobject.c:264:gst_object_unref: 0x55c1297e43a0 unref 2->1
0:00:00.021827939  2776 0x55ac640c5360 TRACE   GST_REFCOUNTING gstobject.c:208:gst_object_init: 0x55ac640ed9c0 new
0:00:00.016772200  2777 0x55c1297ad360 TRACE   GST_REFCOUNTING gstobject.c:264:gst_object_unref: 0x55c1297e5220 unref 2->1
0:00:00.021839445  2776 0x55ac640c5360 LOG   GST_REGISTRY gstregistrychunks.c:609:gst_registry_chunks_load_feature: Reading/casting for GstRegistryChunkElementFactory at address 0x55ac640ebbf0
0:00:00.016782862  2777 0x55c1297ad360 TRACE   GST_REFCOUNTING gstobject.c:264:gst_object_unref: 0x55c1297e6000 unref 2->1
0:00:00.021847172  2776 0x55ac640c5360 TRACE   structure gststructure.c:292:gst_structure_new_id_empty_with_size: created structure 0x55ac640edb40
0:00:00.016791794  2777 0x55c1297ad360 TRACE   GST_REFCOUNTING gstobject.c:264:gst_object_unref: 0x55c1297e6d70 unref 2->1
0:00:00.021858389  2776 0x55ac640c5360 DEBUG   structure gststructure.c:2258:gst_structure_parse_field: trying field name 'long-name'
0:00:00.016799640  2777 0x55c1297ad360 TRACE   GST_REFCOUNTING gstobject.c:264:gst_object_unref: 0x55c1297e82d0 unref 2->1
0:00:00.021865459  2776 0x55ac640c5360 DEBUG   default gstvalue.c:2776:_priv_gst_value_parse_value: trying type name 'string'
0:00:00.016807900  2777 0x55c1297ad360 TRACE   GST_REFCOUNTING gstobject.c:264:gst_object_unref: 0x55c1297e94f0 unref 2->1
0:00:00.021874127  2776 0x55ac640c5360 DEBUG   structure gststructure.c:2258:gst_structure_parse_field: trying field name 'klass'
0:00:00.021881350  2776 0x55ac640c5360 DEBUG   default gstvalue.c:2776:_priv_gst_value_parse_value: trying type name 'string'
0:00:00.016818283  2777 0x55c1297ad360 TRACE   GST_REFCOUNTING gstobject.c:264:gst_object_unref: 0x55c1297ea6b0 unref 2->1
0:00:00.021892089  2776 0x55ac640c5360 DEBUG   structure gststructure.c:2258:gst_structure_parse_field: trying field name 'description'
0:00:00.016829844  2777 0x55c1297ad360 TRACE   GST_REFCOUNTING gstobject.c:264:gst_object_unref: 0x55c1297ec990 unref 2->1
0:00:00.021899456  2776 0x55ac640c5360 DEBUG   default gstvalue.c:2776:_priv_gst_value_parse_value: trying type name 'string'
0:00:00.016838967  2777 0x55c1297ad360 TRACE   GST_REFCOUNTING gstobject.c:264:gst_object_unref: 0x55c1297ee230 unref 2->1
0:00:00.021907667  2776 0x55ac640c5360 DEBUG   structure gststructure.c:2258:gst_structure_parse_field: trying field name 'author'
0:00:00.016846647  2777 0x55c1297ad360 TRACE   GST_REFCOUNTING gstobject.c:264:gst_object_unref: 0x55c1297ef6b0 unref 2->1
0:00:00.021913899  2776 0x55ac640c5360 DEBUG   default gstvalue.c:2776:_priv_gst_value_parse_value: trying type name 'string'
0:00:00.016856740  2777 0x55c1297ad360 TRACE   GST_REFCOUNTING gstobject.c:264:gst_object_unref: 0x55c1297f0a90 unref 2->1
0:00:00.021925018  2776 0x55ac640c5360 DEBUG   GST_REGISTRY gstregistrychunks.c:626:gst_registry_chunks_load_feature: Element factory : npadtemplates=2
0:00:00.016865843  2777 0x55c1297ad360 TRACE   GST_REFCOUNTING gstobject.c:264:gst_object_unref: 0x55c1297f1a80 unref 2->1
0:00:00.021932253  2776 0x55ac640c5360 DEBUG   GST_REGISTRY gstregistrychunks.c:525:gst_registry_chunks_load_pad_template: Reading/casting for GstRegistryChunkPadTemplate at address 0x55ac640ebcb0
0:00:00.016879104  2777 0x55c1297ad360 TRACE   GST_REFCOUNTING gstobject.c:264:gst_object_unref: 0x55c1297f3560 unref 2->1
0:00:00.021944602  2776 0x55ac640c5360 DEBUG   GST_REGISTRY gstregistrychunks.c:539:gst_registry_chunks_load_pad_template: Added pad_template src_%u
0:00:00.016887584  2777 0x55c1297ad360 TRACE   GST_REFCOUNTING gstobject.c:264:gst_object_unref: 0x55c1297f4760 unref 2->1
0:00:00.021952605  2776 0x55ac640c5360 DEBUG   GST_REGISTRY gstregistrychunks.c:525:gst_registry_chunks_load_pad_template: Reading/casting for GstRegistryChunkPadTemplate at address 0x55ac640ebcc8
0:00:00.021963405  2776 0x55ac640c5360 DEBUG   GST_REGISTRY gstregistrychunks.c:539:gst_registry_chunks_load_pad_template: Added pad_template sink_%u
0:00:00.016899883  2777 0x55c1297ad360 DEBUG   GST_REGISTRY gstregistrychunks.c:497:_priv_gst_registry_chunks_save_plugin: Found 22 features in plugin 0x55c1297d68f0 (coreelements)
0:00:00.021972920  2776 0x55ac640c5360 DEBUG   GST_REGISTRY gstregistry.c:589:gst_registry_add_feature: adding feature 0x55ac640ed9c0 (multiqueue)
0:00:00.016910516  2777 0x55c1297ad360 DEBUG   GST_POLL gstpoll.c:979:gst_poll_fd_ctl_write: 0x55c1297d1cc0: fd (fd:0, idx:1), active : 1
0:00:00.021980307  2776 0x55ac640c5360 DEBUG   GST_REFCOUNTING gstobject.c:708:gst_object_set_parent: set parent (ref and sink)
0:00:00.016919546  2777 0x55c1297ad360 LOG   GST_POLL gstpoll.c:994:gst_poll_fd_ctl_write: 0x55c1297d1cc0: pfd->events now 60 (POLLOUT:4)
0:00:00.021988909  2776 0x55ac640c5360 TRACE   GST_REFCOUNTING gstobject.c:292:gst_object_ref_sink: 0x55ac640ed9c0 ref_sink 1->2
0:00:00.016927224  2777 0x55c1297ad360 DEBUG   GST_POLL gstpoll.c:979:gst_poll_fd_ctl_write: 0x55c1297d1cc0: fd (fd:0, idx:1), active : 1
0:00:00.021999569  2776 0x55ac640c5360 LOG   GST_REGISTRY gstregistry.c:607:gst_registry_add_feature: emitting feature-added for multiqueue
0:00:00.016939176  2777 0x55c1297ad360 LOG   GST_POLL gstpoll.c:994:gst_poll_fd_ctl_write: 0x55c1297d1cc0: pfd->events now 60 (POLLOUT:4)
0:00:00.022008033  2776 0x55ac640c5360 DEBUG   GST_REGISTRY gstregistrychunks.c:740:gst_registry_chunks_load_feature: Added feature multiqueue, plugin 0x55ac640f5ad0 coreelements
0:00:00.016947565  2777 0x55c1297ad360 DEBUG   GST_POLL gstpoll.c:979:gst_poll_fd_ctl_write: 0x55c1297d1cc0: fd (fd:0, idx:1), active : 1
0:00:00.022015694  2776 0x55ac640c5360 DEBUG   GST_REGISTRY gstregistrychunks.c:582:gst_registry_chunks_load_feature: Plugin 'coreelements' feature 'typefind' typename : 'GstElementFactory'
0:00:00.016954757  2777 0x55c1297ad360 LOG   GST_POLL gstpoll.c:994:gst_poll_fd_ctl_write: 0x55c1297d1cc0: pfd->events now 60 (POLLOUT:4)
0:00:00.016962154  2777 0x55c1297ad360 DEBUG   GST_POLL gstpoll.c:979:gst_poll_fd_ctl_write: 0x55c1297d1cc0: fd (fd:0, idx:1), active : 1
0:00:00.022030421  2776 0x55ac640c5360 TRACE   GST_REFCOUNTING gstobject.c:208:gst_object_init: 0x55ac640eddc0 new
0:00:00.016971728  2777 0x55c1297ad360 LOG   GST_POLL gstpoll.c:994:gst_poll_fd_ctl_write: 0x55c1297d1cc0: pfd->events now 60 (POLLOUT:4)
0:00:00.022048620  2776 0x55ac640c5360 LOG   GST_REGISTRY gstregistrychunks.c:609:gst_registry_chunks_load_feature: Reading/casting for GstRegistryChunkElementFactory at address 0x55ac640ebcf8
0:00:00.016985676  2777 0x55c1297ad360 DEBUG   GST_POLL gstpoll.c:979:gst_poll_fd_ctl_write: 0x55c1297d1cc0: fd (fd:0, idx:1), active : 1
0:00:00.022056853  2776 0x55ac640c5360 TRACE   structure gststructure.c:292:gst_structure_new_id_empty_with_size: created structure 0x55ac640ee0d0
0:00:00.016995128  2777 0x55c1297ad360 LOG   GST_POLL gstpoll.c:994:gst_poll_fd_ctl_write: 0x55c1297d1cc0: pfd->events now 60 (POLLOUT:4)
0:00:00.022063879  2776 0x55ac640c5360 DEBUG   structure gststructure.c:2258:gst_structure_parse_field: trying field name 'long-name'
0:00:00.017003023  2777 0x55c1297ad360 DEBUG   GST_POLL gstpoll.c:979:gst_poll_fd_ctl_write: 0x55c1297d1cc0: fd (fd:0, idx:1), active : 1
0:00:00.022072194  2776 0x55ac640c5360 DEBUG   default gstvalue.c:2776:_priv_gst_value_parse_value: trying type name 'string'
0:00:00.017012544  2777 0x55c1297ad360 LOG   GST_POLL gstpoll.c:994:gst_poll_fd_ctl_write: 0x55c1297d1cc0: pfd->events now 60 (POLLOUT:4)
0:00:00.022081432  2776 0x55ac640c5360 DEBUG   structure gststructure.c:2258:gst_structure_parse_field: trying field name 'klass'
0:00:00.017020964  2777 0x55c1297ad360 DEBUG   GST_POLL gstpoll.c:979:gst_poll_fd_ctl_write: 0x55c1297d1cc0: fd (fd:0, idx:1), active : 1
0:00:00.022088041  2776 0x55ac640c5360 DEBUG   default gstvalue.c:2776:_priv_gst_value_parse_value: trying type name 'string'
0:00:00.017028021  2777 0x55c1297ad360 LOG   GST_POLL gstpoll.c:994:gst_poll_fd_ctl_write: 0x55c1297d1cc0: pfd->events now 60 (POLLOUT:4)
0:00:00.022095430  2776 0x55ac640c5360 DEBUG   structure gststructure.c:2258:gst_structure_parse_field: trying field name 'description'
0:00:00.017035154  2777 0x55c1297ad360 DEBUG   GST_POLL gstpoll.c:979:gst_poll_fd_ctl_write: 0x55c1297d1cc0: fd (fd:0, idx:1), active : 1
0:00:00.022103962  2776 0x55ac640c5360 DEBUG   default gstvalue.c:2776:_priv_gst_value_parse_value: trying type name 'string'
0:00:00.017044203  2777 0x55c1297ad360 LOG   GST_POLL gstpoll.c:994:gst_poll_fd_ctl_write: 0x55c1297d1cc0: pfd->events now 60 (POLLOUT:4)
0:00:00.022113609  2776 0x55ac640c5360 DEBUG   structure gststructure.c:2258:gst_structure_parse_field: trying field name 'author'
0:00:00.017052605  2777 0x55c1297ad360 DEBUG   GST_POLL gstpoll.c:979:gst_poll_fd_ctl_write: 0x55c1297d1cc0: fd (fd:0, idx:1), active : 1
0:00:00.022120535  2776 0x55ac640c5360 DEBUG   default gstvalue.c:2776:_priv_gst_value_parse_value: trying type name 'string'
0:00:00.017060131  2777 0x55c1297ad360 LOG   GST_POLL gstpoll.c:994:gst_poll_fd_ctl_write: 0x55c1297d1cc0: pfd->events now 60 (POLLOUT:4)
0:00:00.022128908  2776 0x55ac640c5360 DEBUG   GST_REGISTRY gstregistrychunks.c:626:gst_registry_chunks_load_feature: Element factory : npadtemplates=2
0:00:00.017067575  2777 0x55c1297ad360 DEBUG   GST_POLL gstpoll.c:979:gst_poll_fd_ctl_write: 0x55c1297d1cc0: fd (fd:0, idx:1), active : 1
0:00:00.022142264  2776 0x55ac640c5360 DEBUG   GST_REGISTRY gstregistrychunks.c:525:gst_registry_chunks_load_pad_template: Reading/casting for GstRegistryChunkPadTemplate at address 0x55ac640ebdd0
0:00:00.017082222  2777 0x55c1297ad360 LOG   GST_POLL gstpoll.c:994:gst_poll_fd_ctl_write: 0x55c1297d1cc0: pfd->events now 60 (POLLOUT:4)
0:00:00.022150379  2776 0x55ac640c5360 DEBUG   GST_REGISTRY gstregistrychunks.c:539:gst_registry_chunks_load_pad_template: Added pad_template sink
0:00:00.017090245  2777 0x55c1297ad360 DEBUG   GST_POLL gstpoll.c:979:gst_poll_fd_ctl_write: 0x55c1297d1cc0: fd (fd:0, idx:1), active : 1
0:00:00.022157066  2776 0x55ac640c5360 DEBUG   GST_REGISTRY gstregistrychunks.c:525:gst_registry_chunks_load_pad_template: Reading/casting for GstRegistryChunkPadTemplate at address 0x55ac640ebde8
0:00:00.017097123  2777 0x55c1297ad360 LOG   GST_POLL gstpoll.c:994:gst_poll_fd_ctl_write: 0x55c1297d1cc0: pfd->events now 60 (POLLOUT:4)
0:00:00.022163469  2776 0x55ac640c5360 DEBUG   GST_REGISTRY gstregistrychunks.c:539:gst_registry_chunks_load_pad_template: Added pad_template src
0:00:00.017104294  2777 0x55c1297ad360 DEBUG   GST_POLL gstpoll.c:979:gst_poll_fd_ctl_write: 0x55c1297d1cc0: fd (fd:0, idx:1), active : 1
0:00:00.022175125  2776 0x55ac640c5360 DEBUG   GST_REGISTRY gstregistry.c:589:gst_registry_add_feature: adding feature 0x55ac640eddc0 (typefind)
0:00:00.017113112  2777 0x55c1297ad360 LOG   GST_POLL gstpoll.c:994:gst_poll_fd_ctl_write: 0x55c1297d1cc0: pfd->events now 60 (POLLOUT:4)
0:00:00.022183504  2776 0x55ac640c5360 DEBUG   GST_REFCOUNTING gstobject.c:708:gst_object_set_parent: set parent (ref and sink)
0:00:00.017122943  2777 0x55c1297ad360 DEBUG   GST_POLL gstpoll.c:979:gst_poll_fd_ctl_write: 0x55c1297d1cc0: fd (fd:0, idx:1), active : 1
0:00:00.022192186  2776 0x55ac640c5360 TRACE   GST_REFCOUNTING gstobject.c:292:gst_object_ref_sink: 0x55ac640eddc0 ref_sink 1->2
0:00:00.017130198  2777 0x55c1297ad360 LOG   GST_POLL gstpoll.c:994:gst_poll_fd_ctl_write: 0x55c1297d1cc0: pfd->events now 60 (POLLOUT:4)
0:00:00.022200279  2776 0x55ac640c5360 LOG   GST_REGISTRY gstregistry.c:607:gst_registry_add_feature: emitting feature-added for typefind
0:00:00.017138818  2777 0x55c1297ad360 DEBUG   GST_POLL gstpoll.c:979:gst_poll_fd_ctl_write: 0x55c1297d1cc0: fd (fd:0, idx:1), active : 1
0:00:00.022210592  2776 0x55ac640c5360 DEBUG   GST_REGISTRY gstregistrychunks.c:740:gst_registry_chunks_load_feature: Added feature typefind, plugin 0x55ac640f5ad0 coreelements
0:00:00.017148904  2777 0x55c1297ad360 LOG   GST_POLL gstpoll.c:994:gst_poll_fd_ctl_write: 0x55c1297d1cc0: pfd->events now 60 (POLLOUT:4)
0:00:00.022219130  2776 0x55ac640c5360 DEBUG   GST_REGISTRY gstregistrychunks.c:582:gst_registry_chunks_load_feature: Plugin 'coreelements' feature 'tee' typename : 'GstElementFactory'
0:00:00.017157781  2777 0x55c1297ad360 DEBUG   GST_POLL gstpoll.c:979:gst_poll_fd_ctl_write: 0x55c1297d1cc0: fd (fd:0, idx:1), active : 1
0:00:00.017164802  2777 0x55c1297ad360 LOG   GST_POLL gstpoll.c:994:gst_poll_fd_ctl_write: 0x55c1297d1cc0: pfd->events now 60 (POLLOUT:4)
0:00:00.022228486  2776 0x55ac640c5360 TRACE   GST_REFCOUNTING gstobject.c:208:gst_object_init: 0x55ac640ee320 new
0:00:00.017183713  2777 0x55c1297ad360 DEBUG   GST_POLL gstpoll.c:979:gst_poll_fd_ctl_write: 0x55c1297d1cc0: fd (fd:0, idx:1), active : 1
0:00:00.022263891  2776 0x55ac640c5360 LOG   GST_REGISTRY gstregistrychunks.c:609:gst_registry_chunks_load_feature: Reading/casting for GstRegistryChunkElementFactory at address 0x55ac640ebe10
0:00:00.017204835  2777 0x55c1297ad360 LOG   GST_POLL gstpoll.c:994:gst_poll_fd_ctl_write: 0x55c1297d1cc0: pfd->events now 60 (POLLOUT:4)
0:00:00.022275392  2776 0x55ac640c5360 TRACE   structure gststructure.c:292:gst_structure_new_id_empty_with_size: created structure 0x55ac640ee6a0
0:00:00.017213834  2777 0x55c1297ad360 DEBUG   GST_POLL gstpoll.c:979:gst_poll_fd_ctl_write: 0x55c1297d1cc0: fd (fd:0, idx:1), active : 1
0:00:00.022282730  2776 0x55ac640c5360 DEBUG   structure gststructure.c:2258:gst_structure_parse_field: trying field name 'long-name'
0:00:00.017221387  2777 0x55c1297ad360 LOG   GST_POLL gstpoll.c:994:gst_poll_fd_ctl_write: 0x55c1297d1cc0: pfd->events now 60 (POLLOUT:4)
0:00:00.022289287  2776 0x55ac640c5360 DEBUG   default gstvalue.c:2776:_priv_gst_value_parse_value: trying type name 'string'
0:00:00.017228812  2777 0x55c1297ad360 DEBUG   GST_POLL gstpoll.c:979:gst_poll_fd_ctl_write: 0x55c1297d1cc0: fd (fd:0, idx:1), active : 1
0:00:00.022299456  2776 0x55ac640c5360 DEBUG   structure gststructure.c:2258:gst_structure_parse_field: trying field name 'klass'
0:00:00.017238335  2777 0x55c1297ad360 LOG   GST_POLL gstpoll.c:994:gst_poll_fd_ctl_write: 0x55c1297d1cc0: pfd->events now 60 (POLLOUT:4)
0:00:00.022306966  2776 0x55ac640c5360 DEBUG   default gstvalue.c:2776:_priv_gst_value_parse_value: trying type name 'string'
0:00:00.017246927  2777 0x55c1297ad360 DEBUG   GST_POLL gstpoll.c:979:gst_poll_fd_ctl_write: 0x55c1297d1cc0: fd (fd:0, idx:1), active : 1
0:00:00.022314673  2776 0x55ac640c5360 DEBUG   structure gststructure.c:2258:gst_structure_parse_field: trying field name 'description'
0:00:00.017254114  2777 0x55c1297ad360 LOG   GST_POLL gstpoll.c:994:gst_poll_fd_ctl_write: 0x55c1297d1cc0: pfd->events now 60 (POLLOUT:4)
0:00:00.022321330  2776 0x55ac640c5360 DEBUG   default gstvalue.c:2776:_priv_gst_value_parse_value: trying type name 'string'
0:00:00.017261195  2777 0x55c1297ad360 DEBUG   GST_POLL gstpoll.c:979:gst_poll_fd_ctl_write: 0x55c1297d1cc0: fd (fd:0, idx:1), active : 1
0:00:00.022331828  2776 0x55ac640c5360 DEBUG   structure gststructure.c:2258:gst_structure_parse_field: trying field name 'author'
0:00:00.017270897  2777 0x55c1297ad360 LOG   GST_POLL gstpoll.c:994:gst_poll_fd_ctl_write: 0x55c1297d1cc0: pfd->events now 60 (POLLOUT:4)
0:00:00.022339585  2776 0x55ac640c5360 DEBUG   default gstvalue.c:2776:_priv_gst_value_parse_value: trying type name 'string'
0:00:00.017279261  2777 0x55c1297ad360 DEBUG   GST_POLL gstpoll.c:979:gst_poll_fd_ctl_write: 0x55c1297d1cc0: fd (fd:0, idx:1), active : 1
0:00:00.022349034  2776 0x55ac640c5360 DEBUG   GST_REGISTRY gstregistrychunks.c:626:gst_registry_chunks_load_feature: Element factory : npadtemplates=2
0:00:00.017291800  2777 0x55c1297ad360 LOG   GST_POLL gstpoll.c:994:gst_poll_fd_ctl_write: 0x55c1297d1cc0: pfd->events now 60 (POLLOUT:4)
0:00:00.022357624  2776 0x55ac640c5360 DEBUG   GST_REGISTRY gstregistrychunks.c:525:gst_registry_chunks_load_pad_template: Reading/casting for GstRegistryChunkPadTemplate at address 0x55ac640ebf00
0:00:00.017299191  2777 0x55c1297ad360 DEBUG   GST_POLL gstpoll.c:979:gst_poll_fd_ctl_write: 0x55c1297d1cc0: fd (fd:0, idx:1), active : 1
0:00:00.022366332  2776 0x55ac640c5360 DEBUG   GST_REGISTRY gstregistrychunks.c:539:gst_registry_chunks_load_pad_template: Added pad_template src_%u
0:00:00.017309060  2777 0x55c1297ad360 LOG   GST_POLL gstpoll.c:994:gst_poll_fd_ctl_write: 0x55c1297d1cc0: pfd->events now 60 (POLLOUT:4)
0:00:00.022374226  2776 0x55ac640c5360 DEBUG   GST_REGISTRY gstregistrychunks.c:525:gst_registry_chunks_load_pad_template: Reading/casting for GstRegistryChunkPadTemplate at address 0x55ac640ebf18
0:00:00.017317155  2777 0x55c1297ad360 DEBUG   GST_POLL gstpoll.c:979:gst_poll_fd_ctl_write: 0x55c1297d1cc0: fd (fd:0, idx:1), active : 1
0:00:00.022382085  2776 0x55ac640c5360 DEBUG   GST_REGISTRY gstregistrychunks.c:539:gst_registry_chunks_load_pad_template: Added pad_template sink
0:00:00.017323911  2777 0x55c1297ad360 LOG   GST_POLL gstpoll.c:994:gst_poll_fd_ctl_write: 0x55c1297d1cc0: pfd->events now 60 (POLLOUT:4)
0:00:00.022391805  2776 0x55ac640c5360 DEBUG   GST_REGISTRY gstregistry.c:589:gst_registry_add_feature: adding feature 0x55ac640ee320 (tee)
0:00:00.017331130  2777 0x55c1297ad360 DEBUG   GST_POLL gstpoll.c:979:gst_poll_fd_ctl_write: 0x55c1297d1cc0: fd (fd:0, idx:1), active : 1
0:00:00.022401084  2776 0x55ac640c5360 DEBUG   GST_REFCOUNTING gstobject.c:708:gst_object_set_parent: set parent (ref and sink)
0:00:00.017341077  2777 0x55c1297ad360 LOG   GST_POLL gstpoll.c:994:gst_poll_fd_ctl_write: 0x55c1297d1cc0: pfd->events now 60 (POLLOUT:4)
0:00:00.022411991  2776 0x55ac640c5360 TRACE   GST_REFCOUNTING gstobject.c:292:gst_object_ref_sink: 0x55ac640ee320 ref_sink 1->2
0:00:00.017349793  2777 0x55c1297ad360 DEBUG   GST_POLL gstpoll.c:979:gst_poll_fd_ctl_write: 0x55c1297d1cc0: fd (fd:0, idx:1), active : 1
0:00:00.022420372  2776 0x55ac640c5360 LOG   GST_REGISTRY gstregistry.c:607:gst_registry_add_feature: emitting feature-added for tee
0:00:00.017359105  2777 0x55c1297ad360 LOG   GST_POLL gstpoll.c:994:gst_poll_fd_ctl_write: 0x55c1297d1cc0: pfd->events now 60 (POLLOUT:4)
0:00:00.022428237  2776 0x55ac640c5360 DEBUG   GST_REGISTRY gstregistrychunks.c:740:gst_registry_chunks_load_feature: Added feature tee, plugin 0x55ac640f5ad0 coreelements
0:00:00.017366923  2777 0x55c1297ad360 DEBUG   GST_POLL gstpoll.c:979:gst_poll_fd_ctl_write: 0x55c1297d1cc0: fd (fd:0, idx:1), active : 1
0:00:00.022438453  2776 0x55ac640c5360 DEBUG   GST_REGISTRY gstregistrychunks.c:582:gst_registry_chunks_load_feature: Plugin 'coreelements' feature 'filesink' typename : 'GstElementFactory'
0:00:00.017382919  2777 0x55c1297ad360 LOG   GST_POLL gstpoll.c:994:gst_poll_fd_ctl_write: 0x55c1297d1cc0: pfd->events now 60 (POLLOUT:4)
0:00:00.022450936  2776 0x55ac640c5360 TRACE   GST_REFCOUNTING gstobject.c:208:gst_object_init: 0x55ac640ee8f0 new
0:00:00.017395556  2777 0x55c1297ad360 DEBUG   GST_POLL gstpoll.c:979:gst_poll_fd_ctl_write: 0x55c1297d1cc0: fd (fd:0, idx:1), active : 1
0:00:00.022462588  2776 0x55ac640c5360 LOG   GST_REGISTRY gstregistrychunks.c:609:gst_registry_chunks_load_feature: Reading/casting for GstRegistryChunkElementFactory at address 0x55ac640ebf48
0:00:00.017402707  2777 0x55c1297ad360 LOG   GST_POLL gstpoll.c:994:gst_poll_fd_ctl_write: 0x55c1297d1cc0: pfd->events now 60 (POLLOUT:4)
0:00:00.022469924  2776 0x55ac640c5360 TRACE   structure gststructure.c:292:gst_structure_new_id_empty_with_size: created structure 0x55ac640eebf0
0:00:00.017410438  2777 0x55c1297ad360 DEBUG   GST_POLL gstpoll.c:979:gst_poll_fd_ctl_write: 0x55c1297d1cc0: fd (fd:0, idx:1), active : 1
0:00:00.022479006  2776 0x55ac640c5360 DEBUG   structure gststructure.c:2258:gst_structure_parse_field: trying field name 'long-name'
0:00:00.017420410  2777 0x55c1297ad360 LOG   GST_POLL gstpoll.c:994:gst_poll_fd_ctl_write: 0x55c1297d1cc0: pfd->events now 60 (POLLOUT:4)
0:00:00.022486680  2776 0x55ac640c5360 DEBUG   default gstvalue.c:2776:_priv_gst_value_parse_value: trying type name 'string'
0:00:00.017428514  2777 0x55c1297ad360 DEBUG   GST_POLL gstpoll.c:979:gst_poll_fd_ctl_write: 0x55c1297d1cc0: fd (fd:0, idx:1), active : 1
0:00:00.022494604  2776 0x55ac640c5360 DEBUG   structure gststructure.c:2258:gst_structure_parse_field: trying field name 'klass'
0:00:00.017435791  2777 0x55c1297ad360 LOG   GST_POLL gstpoll.c:994:gst_poll_fd_ctl_write: 0x55c1297d1cc0: pfd->events now 60 (POLLOUT:4)
0:00:00.022501056  2776 0x55ac640c5360 DEBUG   default gstvalue.c:2776:_priv_gst_value_parse_value: trying type name 'string'
0:00:00.017443349  2777 0x55c1297ad360 DEBUG   GST_POLL gstpoll.c:979:gst_poll_fd_ctl_write: 0x55c1297d1cc0: fd (fd:0, idx:1), active : 1
0:00:00.017452978  2777 0x55c1297ad360 LOG   GST_POLL gstpoll.c:994:gst_poll_fd_ctl_write: 0x55c1297d1cc0: pfd->events now 60 (POLLOUT:4)
0:00:00.022511619  2776 0x55ac640c5360 DEBUG   structure gststructure.c:2258:gst_structure_parse_field: trying field name 'description'
0:00:00.017459828  2777 0x55c1297ad360 DEBUG   GST_POLL gstpoll.c:979:gst_poll_fd_ctl_write: 0x55c1297d1cc0: fd (fd:0, idx:1), active : 1
0:00:00.022525660  2776 0x55ac640c5360 DEBUG   default gstvalue.c:2776:_priv_gst_value_parse_value: trying type name 'string'
0:00:00.017467421  2777 0x55c1297ad360 LOG   GST_POLL gstpoll.c:994:gst_poll_fd_ctl_write: 0x55c1297d1cc0: pfd->events now 60 (POLLOUT:4)
0:00:00.022533764  2776 0x55ac640c5360 DEBUG   structure gststructure.c:2258:gst_structure_parse_field: trying field name 'author'
0:00:00.017474837  2777 0x55c1297ad360 DEBUG   GST_POLL gstpoll.c:979:gst_poll_fd_ctl_write: 0x55c1297d1cc0: fd (fd:0, idx:1), active : 1
0:00:00.022540180  2776 0x55ac640c5360 DEBUG   default gstvalue.c:2776:_priv_gst_value_parse_value: trying type name 'string'
0:00:00.017484815  2777 0x55c1297ad360 LOG   GST_POLL gstpoll.c:994:gst_poll_fd_ctl_write: 0x55c1297d1cc0: pfd->events now 60 (POLLOUT:4)
0:00:00.017496287  2777 0x55c1297ad360 DEBUG   GST_POLL gstpoll.c:979:gst_poll_fd_ctl_write: 0x55c1297d1cc0: fd (fd:0, idx:1), active : 1
0:00:00.022559799  2776 0x55ac640c5360 DEBUG   GST_REGISTRY gstregistrychunks.c:626:gst_registry_chunks_load_feature: Element factory : npadtemplates=1
0:00:00.017502758  2777 0x55c1297ad360 LOG   GST_POLL gstpoll.c:994:gst_poll_fd_ctl_write: 0x55c1297d1cc0: pfd->events now 60 (POLLOUT:4)
0:00:00.022568289  2776 0x55ac640c5360 DEBUG   GST_REGISTRY gstregistrychunks.c:525:gst_registry_chunks_load_pad_template: Reading/casting for GstRegistryChunkPadTemplate at address 0x55ac640ec028
0:00:00.017509923  2777 0x55c1297ad360 DEBUG   GST_POLL gstpoll.c:979:gst_poll_fd_ctl_write: 0x55c1297d1cc0: fd (fd:0, idx:1), active : 1
0:00:00.022575456  2776 0x55ac640c5360 DEBUG   GST_REGISTRY gstregistrychunks.c:539:gst_registry_chunks_load_pad_template: Added pad_template sink
0:00:00.017520785  2777 0x55c1297ad360 LOG   GST_POLL gstpoll.c:994:gst_poll_fd_ctl_write: 0x55c1297d1cc0: pfd->events now 60 (POLLOUT:4)
0:00:00.022586216  2776 0x55ac640c5360 DEBUG   GST_REGISTRY gstregistrychunks.c:639:gst_registry_chunks_load_feature: Reading 1 UriTypes at address 0x55ac640ec039
0:00:00.017529199  2777 0x55c1297ad360 DEBUG   GST_POLL gstpoll.c:979:gst_poll_fd_ctl_write: 0x55c1297d1cc0: fd (fd:0, idx:1), active : 1
0:00:00.022597629  2776 0x55ac640c5360 DEBUG   GST_REGISTRY gstregistrychunks.c:654:gst_registry_chunks_load_feature: Reading 1 Interfaces at address 0x55ac640ec049
0:00:00.017536463  2777 0x55c1297ad360 LOG   GST_POLL gstpoll.c:994:gst_poll_fd_ctl_write: 0x55c1297d1cc0: pfd->events now 60 (POLLOUT:4)
0:00:00.017544363  2777 0x55c1297ad360 DEBUG   GST_POLL gstpoll.c:979:gst_poll_fd_ctl_write: 0x55c1297d1cc0: fd (fd:0, idx:1), active : 1
0:00:00.022608918  2776 0x55ac640c5360 DEBUG   GST_REGISTRY gstregistry.c:589:gst_registry_add_feature: adding feature 0x55ac640ee8f0 (filesink)
0:00:00.017554390  2777 0x55c1297ad360 LOG   GST_POLL gstpoll.c:994:gst_poll_fd_ctl_write: 0x55c1297d1cc0: pfd->events now 60 (POLLOUT:4)
0:00:00.022619588  2776 0x55ac640c5360 DEBUG   GST_REFCOUNTING gstobject.c:708:gst_object_set_parent: set parent (ref and sink)
0:00:00.017562827  2777 0x55c1297ad360 DEBUG   GST_POLL gstpoll.c:979:gst_poll_fd_ctl_write: 0x55c1297d1cc0: fd (fd:0, idx:1), active : 1
0:00:00.022628636  2776 0x55ac640c5360 TRACE   GST_REFCOUNTING gstobject.c:292:gst_object_ref_sink: 0x55ac640ee8f0 ref_sink 1->2
0:00:00.017570407  2777 0x55c1297ad360 LOG   GST_POLL gstpoll.c:994:gst_poll_fd_ctl_write: 0x55c1297d1cc0: pfd->events now 60 (POLLOUT:4)
0:00:00.022639879  2776 0x55ac640c5360 LOG   GST_REGISTRY gstregistry.c:607:gst_registry_add_feature: emitting feature-added for filesink
0:00:00.017577943  2777 0x55c1297ad360 DEBUG   GST_POLL gstpoll.c:979:gst_poll_fd_ctl_write: 0x55c1297d1cc0: fd (fd:0, idx:1), active : 1
0:00:00.017588163  2777 0x55c1297ad360 LOG   GST_POLL gstpoll.c:994:gst_poll_fd_ctl_write: 0x55c1297d1cc0: pfd->events now 60 (POLLOUT:4)
0:00:00.022653182  2776 0x55ac640c5360 DEBUG   GST_REGISTRY gstregistrychunks.c:740:gst_registry_chunks_load_feature: Added feature filesink, plugin 0x55ac640f5ad0 coreelements
0:00:00.017601064  2777 0x55c1297ad360 DEBUG   GST_POLL gstpoll.c:979:gst_poll_fd_ctl_write: 0x55c1297d1cc0: fd (fd:0, idx:1), active : 1
0:00:00.022667165  2776 0x55ac640c5360 DEBUG   GST_REGISTRY gstregistrychunks.c:582:gst_registry_chunks_load_feature: Plugin 'coreelements' feature 'queue2' typename : 'GstElementFactory'
0:00:00.017608735  2777 0x55c1297ad360 LOG   GST_POLL gstpoll.c:994:gst_poll_fd_ctl_write: 0x55c1297d1cc0: pfd->events now 60 (POLLOUT:4)
0:00:00.017615773  2777 0x55c1297ad360 DEBUG   GST_POLL gstpoll.c:979:gst_poll_fd_ctl_write: 0x55c1297d1cc0: fd (fd:0, idx:1), active : 1
0:00:00.022679602  2776 0x55ac640c5360 TRACE   GST_REFCOUNTING gstobject.c:208:gst_object_init: 0x55ac640eee40 new
0:00:00.017625252  2777 0x55c1297ad360 LOG   GST_POLL gstpoll.c:994:gst_poll_fd_ctl_write: 0x55c1297d1cc0: pfd->events now 60 (POLLOUT:4)
0:00:00.022692384  2776 0x55ac640c5360 LOG   GST_REGISTRY gstregistrychunks.c:609:gst_registry_chunks_load_feature: Reading/casting for GstRegistryChunkElementFactory at address 0x55ac640ec070
0:00:00.017633282  2777 0x55c1297ad360 DEBUG   GST_POLL gstpoll.c:979:gst_poll_fd_ctl_write: 0x55c1297d1cc0: fd (fd:0, idx:1), active : 1
0:00:00.022700201  2776 0x55ac640c5360 TRACE   structure gststructure.c:292:gst_structure_new_id_empty_with_size: created structure 0x55ac640ef1a0
0:00:00.017640819  2777 0x55c1297ad360 LOG   GST_POLL gstpoll.c:994:gst_poll_fd_ctl_write: 0x55c1297d1cc0: pfd->events now 60 (POLLOUT:4)
0:00:00.022707304  2776 0x55ac640c5360 DEBUG   structure gststructure.c:2258:gst_structure_parse_field: trying field name 'long-name'
0:00:00.017647993  2777 0x55c1297ad360 DEBUG   GST_POLL gstpoll.c:979:gst_poll_fd_ctl_write: 0x55c1297d1cc0: fd (fd:0, idx:1), active : 1
0:00:00.022715428  2776 0x55ac640c5360 DEBUG   default gstvalue.c:2776:_priv_gst_value_parse_value: trying type name 'string'
0:00:00.017657801  2777 0x55c1297ad360 LOG   GST_POLL gstpoll.c:994:gst_poll_fd_ctl_write: 0x55c1297d1cc0: pfd->events now 60 (POLLOUT:4)
0:00:00.022724996  2776 0x55ac640c5360 DEBUG   structure gststructure.c:2258:gst_structure_parse_field: trying field name 'klass'
0:00:00.017665519  2777 0x55c1297ad360 DEBUG   GST_POLL gstpoll.c:979:gst_poll_fd_ctl_write: 0x55c1297d1cc0: fd (fd:0, idx:1), active : 1
0:00:00.022732521  2776 0x55ac640c5360 DEBUG   default gstvalue.c:2776:_priv_gst_value_parse_value: trying type name 'string'
0:00:00.017673418  2777 0x55c1297ad360 LOG   GST_POLL gstpoll.c:994:gst_poll_fd_ctl_write: 0x55c1297d1cc0: pfd->events now 60 (POLLOUT:4)
0:00:00.022740514  2776 0x55ac640c5360 DEBUG   structure gststructure.c:2258:gst_structure_parse_field: trying field name 'description'
0:00:00.017680720  2777 0x55c1297ad360 DEBUG   GST_POLL gstpoll.c:979:gst_poll_fd_ctl_write: 0x55c1297d1cc0: fd (fd:0, idx:1), active : 1
0:00:00.022749699  2776 0x55ac640c5360 DEBUG   default gstvalue.c:2776:_priv_gst_value_parse_value: trying type name 'string'
0:00:00.017691014  2777 0x55c1297ad360 LOG   GST_POLL gstpoll.c:994:gst_poll_fd_ctl_write: 0x55c1297d1cc0: pfd->events now 60 (POLLOUT:4)
0:00:00.022768858  2776 0x55ac640c5360 DEBUG   structure gststructure.c:2258:gst_structure_parse_field: trying field name 'author'
0:00:00.017706963  2777 0x55c1297ad360 DEBUG   GST_POLL gstpoll.c:979:gst_poll_fd_ctl_write: 0x55c1297d1cc0: fd (fd:0, idx:1), active : 1
0:00:00.022776693  2776 0x55ac640c5360 DEBUG   default gstvalue.c:2776:_priv_gst_value_parse_value: trying type name 'string'
0:00:00.017715836  2777 0x55c1297ad360 LOG   GST_POLL gstpoll.c:994:gst_poll_fd_ctl_write: 0x55c1297d1cc0: pfd->events now 60 (POLLOUT:4)
0:00:00.022786285  2776 0x55ac640c5360 DEBUG   GST_REGISTRY gstregistrychunks.c:626:gst_registry_chunks_load_feature: Element factory : npadtemplates=2
0:00:00.017723503  2777 0x55c1297ad360 DEBUG   GST_POLL gstpoll.c:979:gst_poll_fd_ctl_write: 0x55c1297d1cc0: fd (fd:0, idx:1), active : 1
0:00:00.022795678  2776 0x55ac640c5360 DEBUG   GST_REGISTRY gstregistrychunks.c:525:gst_registry_chunks_load_pad_template: Reading/casting for GstRegistryChunkPadTemplate at address 0x55ac640ec160
0:00:00.017735985  2777 0x55c1297ad360 LOG   GST_POLL gstpoll.c:994:gst_poll_fd_ctl_write: 0x55c1297d1cc0: pfd->events now 60 (POLLOUT:4)
0:00:00.022804276  2776 0x55ac640c5360 DEBUG   GST_REGISTRY gstregistrychunks.c:539:gst_registry_chunks_load_pad_template: Added pad_template sink
0:00:00.017744153  2777 0x55c1297ad360 DEBUG   GST_POLL gstpoll.c:979:gst_poll_fd_ctl_write: 0x55c1297d1cc0: fd (fd:0, idx:1), active : 1
0:00:00.022811264  2776 0x55ac640c5360 DEBUG   GST_REGISTRY gstregistrychunks.c:525:gst_registry_chunks_load_pad_template: Reading/casting for GstRegistryChunkPadTemplate at address 0x55ac640ec178
0:00:00.017751307  2777 0x55c1297ad360 LOG   GST_POLL gstpoll.c:994:gst_poll_fd_ctl_write: 0x55c1297d1cc0: pfd->events now 60 (POLLOUT:4)
0:00:00.022817930  2776 0x55ac640c5360 DEBUG   GST_REGISTRY gstregistrychunks.c:539:gst_registry_chunks_load_pad_template: Added pad_template src
0:00:00.017758831  2777 0x55c1297ad360 DEBUG   GST_POLL gstpoll.c:979:gst_poll_fd_ctl_write: 0x55c1297d1cc0: fd (fd:0, idx:1), active : 1
0:00:00.022830221  2776 0x55ac640c5360 DEBUG   GST_REGISTRY gstregistry.c:589:gst_registry_add_feature: adding feature 0x55ac640eee40 (queue2)
0:00:00.017769123  2777 0x55c1297ad360 LOG   GST_POLL gstpoll.c:994:gst_poll_fd_ctl_write: 0x55c1297d1cc0: pfd->events now 60 (POLLOUT:4)
0:00:00.022838279  2776 0x55ac640c5360 DEBUG   GST_REFCOUNTING gstobject.c:708:gst_object_set_parent: set parent (ref and sink)
0:00:00.017777839  2777 0x55c1297ad360 DEBUG   GST_POLL gstpoll.c:979:gst_poll_fd_ctl_write: 0x55c1297d1cc0: fd (fd:0, idx:1), active : 1
0:00:00.022846916  2776 0x55ac640c5360 TRACE   GST_REFCOUNTING gstobject.c:292:gst_object_ref_sink: 0x55ac640eee40 ref_sink 1->2
0:00:00.017785414  2777 0x55c1297ad360 LOG   GST_POLL gstpoll.c:994:gst_poll_fd_ctl_write: 0x55c1297d1cc0: pfd->events now 60 (POLLOUT:4)
0:00:00.022854467  2776 0x55ac640c5360 LOG   GST_REGISTRY gstregistry.c:607:gst_registry_add_feature: emitting feature-added for queue2
0:00:00.017793326  2777 0x55c1297ad360 DEBUG   GST_POLL gstpoll.c:979:gst_poll_fd_ctl_write: 0x55c1297d1cc0: fd (fd:0, idx:1), active : 1
0:00:00.022871101  2776 0x55ac640c5360 DEBUG   GST_REGISTRY gstregistrychunks.c:740:gst_registry_chunks_load_feature: Added feature queue2, plugin 0x55ac640f5ad0 coreelements
0:00:00.017809204  2777 0x55c1297ad360 LOG   GST_POLL gstpoll.c:994:gst_poll_fd_ctl_write: 0x55c1297d1cc0: pfd->events now 60 (POLLOUT:4)
0:00:00.022879415  2776 0x55ac640c5360 DEBUG   GST_REGISTRY gstregistrychunks.c:582:gst_registry_chunks_load_feature: Plugin 'coreelements' feature 'queue' typename : 'GstElementFactory'
0:00:00.017818591  2777 0x55c1297ad360 DEBUG   GST_POLL gstpoll.c:979:gst_poll_fd_ctl_write: 0x55c1297d1cc0: fd (fd:0, idx:1), active : 1
0:00:00.017826203  2777 0x55c1297ad360 LOG   GST_POLL gstpoll.c:994:gst_poll_fd_ctl_write: 0x55c1297d1cc0: pfd->events now 60 (POLLOUT:4)
0:00:00.022889603  2776 0x55ac640c5360 TRACE   GST_REFCOUNTING gstobject.c:208:gst_object_init: 0x55ac640ef4e0 new
0:00:00.017832870  2777 0x55c1297ad360 DEBUG   GST_POLL gstpoll.c:979:gst_poll_fd_ctl_write: 0x55c1297d1cc0: fd (fd:0, idx:1), active : 1
0:00:00.022900577  2776 0x55ac640c5360 LOG   GST_REGISTRY gstregistrychunks.c:609:gst_registry_chunks_load_feature: Reading/casting for GstRegistryChunkElementFactory at address 0x55ac640ec1a0
0:00:00.017843022  2777 0x55c1297ad360 LOG   GST_POLL gstpoll.c:994:gst_poll_fd_ctl_write: 0x55c1297d1cc0: pfd->events now 60 (POLLOUT:4)
0:00:00.022910529  2776 0x55ac640c5360 TRACE   structure gststructure.c:292:gst_structure_new_id_empty_with_size: created structure 0x55ac640ef830
0:00:00.017851058  2777 0x55c1297ad360 DEBUG   GST_POLL gstpoll.c:979:gst_poll_fd_ctl_write: 0x55c1297d1cc0: fd (fd:0, idx:1), active : 1
0:00:00.022918899  2776 0x55ac640c5360 DEBUG   structure gststructure.c:2258:gst_structure_parse_field: trying field name 'long-name'
0:00:00.017858483  2777 0x55c1297ad360 LOG   GST_POLL gstpoll.c:994:gst_poll_fd_ctl_write: 0x55c1297d1cc0: pfd->events now 60 (POLLOUT:4)
0:00:00.022925695  2776 0x55ac640c5360 DEBUG   default gstvalue.c:2776:_priv_gst_value_parse_value: trying type name 'string'
0:00:00.017866236  2777 0x55c1297ad360 DEBUG   GST_POLL gstpoll.c:979:gst_poll_fd_ctl_write: 0x55c1297d1cc0: fd (fd:0, idx:1), active : 1
0:00:00.022933716  2776 0x55ac640c5360 DEBUG   structure gststructure.c:2258:gst_structure_parse_field: trying field name 'klass'
0:00:00.017876745  2777 0x55c1297ad360 LOG   GST_POLL gstpoll.c:994:gst_poll_fd_ctl_write: 0x55c1297d1cc0: pfd->events now 60 (POLLOUT:4)
0:00:00.022942838  2776 0x55ac640c5360 DEBUG   default gstvalue.c:2776:_priv_gst_value_parse_value: trying type name 'string'
0:00:00.017884788  2777 0x55c1297ad360 DEBUG   GST_POLL gstpoll.c:979:gst_poll_fd_ctl_write: 0x55c1297d1cc0: fd (fd:0, idx:1), active : 1
0:00:00.022952184  2776 0x55ac640c5360 DEBUG   structure gststructure.c:2258:gst_structure_parse_field: trying field name 'description'
0:00:00.017891924  2777 0x55c1297ad360 LOG   GST_POLL gstpoll.c:994:gst_poll_fd_ctl_write: 0x55c1297d1cc0: pfd->events now 60 (POLLOUT:4)
0:00:00.022958668  2776 0x55ac640c5360 DEBUG   default gstvalue.c:2776:_priv_gst_value_parse_value: trying type name 'string'
0:00:00.017907874  2777 0x55c1297ad360 DEBUG   GST_POLL gstpoll.c:979:gst_poll_fd_ctl_write: 0x55c1297d1cc0: fd (fd:0, idx:1), active : 1
0:00:00.022973640  2776 0x55ac640c5360 DEBUG   structure gststructure.c:2258:gst_structure_parse_field: trying field name 'author'
0:00:00.017917700  2777 0x55c1297ad360 LOG   GST_POLL gstpoll.c:994:gst_poll_fd_ctl_write: 0x55c1297d1cc0: pfd->events now 60 (POLLOUT:4)
0:00:00.022983917  2776 0x55ac640c5360 DEBUG   default gstvalue.c:2776:_priv_gst_value_parse_value: trying type name 'string'
0:00:00.017925431  2777 0x55c1297ad360 DEBUG   GST_POLL gstpoll.c:979:gst_poll_fd_ctl_write: 0x55c1297d1cc0: fd (fd:0, idx:1), active : 1
0:00:00.022993619  2776 0x55ac640c5360 DEBUG   GST_REGISTRY gstregistrychunks.c:626:gst_registry_chunks_load_feature: Element factory : npadtemplates=2
0:00:00.017932387  2777 0x55c1297ad360 LOG   GST_POLL gstpoll.c:994:gst_poll_fd_ctl_write: 0x55c1297d1cc0: pfd->events now 60 (POLLOUT:4)
0:00:00.023000415  2776 0x55ac640c5360 DEBUG   GST_REGISTRY gstregistrychunks.c:525:gst_registry_chunks_load_pad_template: Reading/casting for GstRegistryChunkPadTemplate at address 0x55ac640ec258
0:00:00.017939791  2777 0x55c1297ad360 DEBUG   GST_POLL gstpoll.c:979:gst_poll_fd_ctl_write: 0x55c1297d1cc0: fd (fd:0, idx:1), active : 1
0:00:00.023007604  2776 0x55ac640c5360 DEBUG   GST_REGISTRY gstregistrychunks.c:539:gst_registry_chunks_load_pad_template: Added pad_template sink
0:00:00.017949110  2777 0x55c1297ad360 LOG   GST_POLL gstpoll.c:994:gst_poll_fd_ctl_write: 0x55c1297d1cc0: pfd->events now 60 (POLLOUT:4)
0:00:00.023015905  2776 0x55ac640c5360 DEBUG   GST_REGISTRY gstregistrychunks.c:525:gst_registry_chunks_load_pad_template: Reading/casting for GstRegistryChunkPadTemplate at address 0x55ac640ec270
0:00:00.017956714  2777 0x55c1297ad360 DEBUG   GST_POLL gstpoll.c:979:gst_poll_fd_ctl_write: 0x55c1297d1cc0: fd (fd:0, idx:1), active : 1
0:00:00.023023969  2776 0x55ac640c5360 DEBUG   GST_REGISTRY gstregistrychunks.c:539:gst_registry_chunks_load_pad_template: Added pad_template src
0:00:00.017963614  2777 0x55c1297ad360 LOG   GST_POLL gstpoll.c:994:gst_poll_fd_ctl_write: 0x55c1297d1cc0: pfd->events now 60 (POLLOUT:4)
0:00:00.023033867  2776 0x55ac640c5360 DEBUG   GST_REGISTRY gstregistry.c:589:gst_registry_add_feature: adding feature 0x55ac640ef4e0 (queue)
0:00:00.017970935  2777 0x55c1297ad360 DEBUG   GST_POLL gstpoll.c:979:gst_poll_fd_ctl_write: 0x55c1297d1cc0: fd (fd:0, idx:1), active : 1
0:00:00.023041046  2776 0x55ac640c5360 DEBUG   GST_REFCOUNTING gstobject.c:708:gst_object_set_parent: set parent (ref and sink)
0:00:00.017981454  2777 0x55c1297ad360 LOG   GST_POLL gstpoll.c:994:gst_poll_fd_ctl_write: 0x55c1297d1cc0: pfd->events now 60 (POLLOUT:4)
0:00:00.017989165  2777 0x55c1297ad360 DEBUG   GST_POLL gstpoll.c:979:gst_poll_fd_ctl_write: 0x55c1297d1cc0: fd (fd:0, idx:1), active : 1
0:00:00.023052122  2776 0x55ac640c5360 TRACE   GST_REFCOUNTING gstobject.c:292:gst_object_ref_sink: 0x55ac640ef4e0 ref_sink 1->2
0:00:00.017995375  2777 0x55c1297ad360 LOG   GST_POLL gstpoll.c:994:gst_poll_fd_ctl_write: 0x55c1297d1cc0: pfd->events now 60 (POLLOUT:4)
0:00:00.023068437  2776 0x55ac640c5360 LOG   GST_REGISTRY gstregistry.c:607:gst_registry_add_feature: emitting feature-added for queue
0:00:00.018006879  2777 0x55c1297ad360 DEBUG   GST_POLL gstpoll.c:979:gst_poll_fd_ctl_write: 0x55c1297d1cc0: fd (fd:0, idx:1), active : 1
0:00:00.023076655  2776 0x55ac640c5360 DEBUG   GST_REGISTRY gstregistrychunks.c:740:gst_registry_chunks_load_feature: Added feature queue, plugin 0x55ac640f5ad0 coreelements
0:00:00.018016728  2777 0x55c1297ad360 LOG   GST_POLL gstpoll.c:994:gst_poll_fd_ctl_write: 0x55c1297d1cc0: pfd->events now 60 (POLLOUT:4)
0:00:00.023084711  2776 0x55ac640c5360 DEBUG   GST_REGISTRY gstregistrychunks.c:582:gst_registry_chunks_load_feature: Plugin 'coreelements' feature 'output-selector' typename : 'GstElementFactory'
0:00:00.018024675  2777 0x55c1297ad360 DEBUG   GST_POLL gstpoll.c:979:gst_poll_fd_ctl_write: 0x55c1297d1cc0: fd (fd:0, idx:1), active : 1
0:00:00.018031825  2777 0x55c1297ad360 LOG   GST_POLL gstpoll.c:994:gst_poll_fd_ctl_write: 0x55c1297d1cc0: pfd->events now 60 (POLLOUT:4)
0:00:00.023096648  2776 0x55ac640c5360 TRACE   GST_REFCOUNTING gstobject.c:208:gst_object_init: 0x55ac640efc60 new
