0:00:00.007869025  2776 0x55ac640c5360 LOG   GST_PLUGIN_LOADING gstpluginloader.c:689:write_one: Writing packet of size 174 bytes to fd 7
0:00:00.007883130  2776 0x55ac640c5360 DEBUG   GST_POLL gstpoll.c:979:gst_poll_fd_ctl_write: 0x55ac640ea7b0: fd (fd:7, idx:1), active : 0
0:00:00.007892668  2776 0x55ac640c5360 LOG   GST_POLL gstpoll.c:994:gst_poll_fd_ctl_write: 0x55ac640ea7b0: pfd->events now 56 (POLLOUT:4)
0:00:00.007921188  2776 0x55ac640c5360 DEBUG   GST_REGISTRY gstregistry.c:1383:gst_registry_scan_path_internal: registry changed in path /home/conan/w/prod/BuildSingleReference/.conan/data/gstreamer/1.19.1/_/_/package/d8cac73bce0dfdb14708c459db4ae84177c23223/lib/gstreamer-1.0: 0
0:00:00.007934765  2776 0x55ac640c5360 DEBUG   GST_REGISTRY gstregistry.c:1659:scan_and_update_registry: GST_PLUGIN_SYSTEM_PATH not set
0:00:00.007951002  2776 0x55ac640c5360 DEBUG   GST_REGISTRY gstregistry.c:1666:scan_and_update_registry: scanning home plugins /home/conan/.local/share/gstreamer-1.0/plugins
0:00:00.007957750  2776 0x55ac640c5360 DEBUG   GST_REGISTRY gstregistry.c:1380:gst_registry_scan_path_internal: scanning path /home/conan/.local/share/gstreamer-1.0/plugins
0:00:00.002918425  2777 0x55c1297ad360 TRACE   GST_REFCOUNTING gstobject.c:208:gst_object_init: 0x55c1297d33c0 new
0:00:00.007985260  2776 0x55ac640c5360 DEBUG   GST_REGISTRY gstregistry.c:1383:gst_registry_scan_path_internal: registry changed in path /home/conan/.local/share/gstreamer-1.0/plugins: 0
0:00:00.007998388  2776 0x55ac640c5360 DEBUG   GST_REGISTRY gstregistry.c:1691:scan_and_update_registry: scanning main plugins /home/conan/w/prod/BuildSingleReference/.conan/data/gstreamer/1.19.1/_/_/package/d8cac73bce0dfdb14708c459db4ae84177c23223/lib/gstreamer-1.0
0:00:00.008005009  2776 0x55ac640c5360 DEBUG   GST_REGISTRY gstregistry.c:1380:gst_registry_scan_path_internal: scanning path /home/conan/w/prod/BuildSingleReference/.conan/data/gstreamer/1.19.1/_/_/package/d8cac73bce0dfdb14708c459db4ae84177c23223/lib/gstreamer-1.0
0:00:00.002952251  2777 0x55c1297ad360 LOG   GST_PLUGIN_LOADING gstplugin.c:889:_priv_gst_plugin_load_file_for_registry: Plugin 0x55c1297d33c0 for file "/home/conan/w/prod/BuildSingleReference/.conan/data/gstreamer/1.19.1/_/_/package/d8cac73bce0dfdb14708c459db4ae84177c23223/lib/gstreamer-1.0/libgstcoretracers.so" prepared, calling entry function...
0:00:00.002964100  2777 0x55c1297ad360 LOG   GST_PLUGIN_LOADING gstplugin.c:896:_priv_gst_plugin_load_file_for_registry: Plugin 0x55c1297d33c0 for file "/home/conan/w/prod/BuildSingleReference/.conan/data/gstreamer/1.19.1/_/_/package/d8cac73bce0dfdb14708c459db4ae84177c23223/lib/gstreamer-1.0/libgstcoretracers.so" prepared, registering...
0:00:00.002979940  2777 0x55c1297ad360 LOG   GST_PLUGIN_LOADING gstplugin.c:514:gst_plugin_register_func: plugin "/home/conan/w/prod/BuildSingleReference/.conan/data/gstreamer/1.19.1/_/_/package/d8cac73bce0dfdb14708c459db4ae84177c23223/lib/gstreamer-1.0/libgstcoretracers.so" looks good
0:00:00.008049755  2776 0x55ac640c5360 LOG   GST_REGISTRY gstregistry.c:1299:gst_registry_scan_path_level: file /home/conan/w/prod/BuildSingleReference/.conan/data/gstreamer/1.19.1/_/_/package/d8cac73bce0dfdb14708c459db4ae84177c23223/lib/gstreamer-1.0/libgstcoretracers.so looks like a possible module
0:00:00.008059453  2776 0x55ac640c5360 DEBUG   GST_REGISTRY gstregistry.c:1360:gst_registry_scan_path_level: file /home/conan/w/prod/BuildSingleReference/.conan/data/gstreamer/1.19.1/_/_/package/d8cac73bce0dfdb14708c459db4ae84177c23223/lib/gstreamer-1.0/libgstcoretracers.so not yet in registry
0:00:00.008068765  2776 0x55ac640c5360 DEBUG   GST_REGISTRY gstregistry.c:1172:gst_registry_scan_plugin_file: Using scan-helper to load plugin /home/conan/w/prod/BuildSingleReference/.conan/data/gstreamer/1.19.1/_/_/package/d8cac73bce0dfdb14708c459db4ae84177c23223/lib/gstreamer-1.0/libgstcoretracers.so
0:00:00.003005112  2777 0x55c1297ad360 TRACE   GST_REFCOUNTING gstobject.c:208:gst_object_init: 0x55c1297d4410 new
0:00:00.008077057  2776 0x55ac640c5360 LOG   GST_PLUGIN_LOADING gstpluginloader.c:235:plugin_loader_load: Sending file /home/conan/w/prod/BuildSingleReference/.conan/data/gstreamer/1.19.1/_/_/package/d8cac73bce0dfdb14708c459db4ae84177c23223/lib/gstreamer-1.0/libgstcoretracers.so to child. tag 2
0:00:00.003018820  2777 0x55c1297ad360 DEBUG   GST_TRACER gsttracer.c:169:gst_tracer_register: new tracer factory for latency
0:00:00.008086331  2776 0x55ac640c5360 DEBUG   GST_POLL gstpoll.c:979:gst_poll_fd_ctl_write: 0x55ac640ea7b0: fd (fd:7, idx:1), active : 1
0:00:00.008093723  2776 0x55ac640c5360 LOG   GST_POLL gstpoll.c:994:gst_poll_fd_ctl_write: 0x55ac640ea7b0: pfd->events now 60 (POLLOUT:4)
0:00:00.003032067  2777 0x55c1297ad360 DEBUG   GST_TRACER gsttracer.c:176:gst_tracer_register: tracer factory for 696056112:GstLatencyTracer
0:00:00.008104717  2776 0x55ac640c5360 DEBUG   GST_POLL gstpoll.c:1414:gst_poll_wait: 0x55ac640ea7b0: timeout :0:00:01.000000000
0:00:00.003043352  2777 0x55c1297ad360 DEBUG   GST_REGISTRY gstregistry.c:589:gst_registry_add_feature: adding feature 0x55c1297d4410 (latency)
0:00:00.003051393  2777 0x55c1297ad360 DEBUG   GST_REFCOUNTING gstobject.c:708:gst_object_set_parent: set parent (ref and sink)
0:00:00.008115386  2776 0x55ac640c5360 LOG   GST_PLUGIN_LOADING gstpluginloader.c:1026:exchange_packets: Poll res = 1. 173 bytes pending for write
0:00:00.003059354  2777 0x55c1297ad360 TRACE   GST_REFCOUNTING gstobject.c:292:gst_object_ref_sink: 0x55c1297d4410 ref_sink 1->2
0:00:00.008124307  2776 0x55ac640c5360 DEBUG   GST_POLL gstpoll.c:1241:gst_poll_fd_has_error: 0x55ac640ea7b0: fd (fd:8, idx:2) 0
0:00:00.003069457  2777 0x55c1297ad360 LOG   GST_REGISTRY gstregistry.c:607:gst_registry_add_feature: emitting feature-added for latency
0:00:00.008136077  2776 0x55ac640c5360 DEBUG   GST_POLL gstpoll.c:1266:gst_poll_fd_can_read_unlocked: 0x55ac640ea7b0: fd (fd:8, idx:2) 0
0:00:00.008149847  2776 0x55ac640c5360 DEBUG   GST_POLL gstpoll.c:1195:gst_poll_fd_has_closed: 0x55ac640ea7b0: fd (fd:8, idx:2) 0
0:00:00.003088694  2777 0x55c1297ad360 TRACE   GST_REFCOUNTING gstobject.c:208:gst_object_init: 0x55c1297d4920 new
0:00:00.008156551  2776 0x55ac640c5360 DEBUG   GST_POLL gstpoll.c:1241:gst_poll_fd_has_error: 0x55ac640ea7b0: fd (fd:7, idx:1) 0
0:00:00.003099300  2777 0x55c1297ad360 DEBUG   GST_TRACER gsttracer.c:169:gst_tracer_register: new tracer factory for log
0:00:00.008163977  2776 0x55ac640c5360 DEBUG   GST_POLL gstpoll.c:1335:gst_poll_fd_can_write: 0x55ac640ea7b0: fd (fd:7, idx:1) 1
0:00:00.003108513  2777 0x55c1297ad360 DEBUG   GST_TRACER gsttracer.c:176:gst_tracer_register: tracer factory for 696076208:GstLogTracer
0:00:00.008175661  2776 0x55ac640c5360 LOG   GST_PLUGIN_LOADING gstpluginloader.c:689:write_one: Writing packet of size 173 bytes to fd 7
0:00:00.003120265  2777 0x55c1297ad360 DEBUG   GST_REGISTRY gstregistry.c:589:gst_registry_add_feature: adding feature 0x55c1297d4920 (log)
0:00:00.003127576  2777 0x55c1297ad360 DEBUG   GST_REFCOUNTING gstobject.c:708:gst_object_set_parent: set parent (ref and sink)
0:00:00.008190491  2776 0x55ac640c5360 DEBUG   GST_POLL gstpoll.c:979:gst_poll_fd_ctl_write: 0x55ac640ea7b0: fd (fd:7, idx:1), active : 0
0:00:00.003135348  2777 0x55c1297ad360 TRACE   GST_REFCOUNTING gstobject.c:292:gst_object_ref_sink: 0x55c1297d4920 ref_sink 1->2
0:00:00.008202301  2776 0x55ac640c5360 LOG   GST_POLL gstpoll.c:994:gst_poll_fd_ctl_write: 0x55ac640ea7b0: pfd->events now 56 (POLLOUT:4)
0:00:00.003142649  2777 0x55c1297ad360 LOG   GST_REGISTRY gstregistry.c:607:gst_registry_add_feature: emitting feature-added for log
0:00:00.003160264  2777 0x55c1297ad360 TRACE   GST_REFCOUNTING gstobject.c:208:gst_object_init: 0x55c1297d4bf0 new
0:00:00.008223606  2776 0x55ac640c5360 LOG   GST_REGISTRY gstregistry.c:1299:gst_registry_scan_path_level: file /home/conan/w/prod/BuildSingleReference/.conan/data/gstreamer/1.19.1/_/_/package/d8cac73bce0dfdb14708c459db4ae84177c23223/lib/gstreamer-1.0/libgstcoreelements.so looks like a possible module
0:00:00.003171820  2777 0x55c1297ad360 DEBUG   GST_TRACER gsttracer.c:169:gst_tracer_register: new tracer factory for rusage
0:00:00.008237703  2776 0x55ac640c5360 DEBUG   GST_REGISTRY gstregistry.c:1360:gst_registry_scan_path_level: file /home/conan/w/prod/BuildSingleReference/.conan/data/gstreamer/1.19.1/_/_/package/d8cac73bce0dfdb14708c459db4ae84177c23223/lib/gstreamer-1.0/libgstcoreelements.so not yet in registry
0:00:00.008249529  2776 0x55ac640c5360 DEBUG   GST_REGISTRY gstregistry.c:1172:gst_registry_scan_plugin_file: Using scan-helper to load plugin /home/conan/w/prod/BuildSingleReference/.conan/data/gstreamer/1.19.1/_/_/package/d8cac73bce0dfdb14708c459db4ae84177c23223/lib/gstreamer-1.0/libgstcoreelements.so
0:00:00.003185471  2777 0x55c1297ad360 DEBUG   GST_TRACER gsttracer.c:176:gst_tracer_register: tracer factory for 696076768:GstRUsageTracer
0:00:00.008279902  2776 0x55ac640c5360 LOG   GST_PLUGIN_LOADING gstpluginloader.c:235:plugin_loader_load: Sending file /home/conan/w/prod/BuildSingleReference/.conan/data/gstreamer/1.19.1/_/_/package/d8cac73bce0dfdb14708c459db4ae84177c23223/lib/gstreamer-1.0/libgstcoreelements.so to child. tag 3
0:00:00.003222037  2777 0x55c1297ad360 DEBUG   GST_REGISTRY gstregistry.c:589:gst_registry_add_feature: adding feature 0x55c1297d4bf0 (rusage)
0:00:00.008297817  2776 0x55ac640c5360 DEBUG   GST_POLL gstpoll.c:979:gst_poll_fd_ctl_write: 0x55ac640ea7b0: fd (fd:7, idx:1), active : 1
0:00:00.003237012  2777 0x55c1297ad360 DEBUG   GST_REFCOUNTING gstobject.c:708:gst_object_set_parent: set parent (ref and sink)
0:00:00.008307929  2776 0x55ac640c5360 LOG   GST_POLL gstpoll.c:994:gst_poll_fd_ctl_write: 0x55ac640ea7b0: pfd->events now 60 (POLLOUT:4)
0:00:00.003249366  2777 0x55c1297ad360 TRACE   GST_REFCOUNTING gstobject.c:292:gst_object_ref_sink: 0x55c1297d4bf0 ref_sink 1->2
0:00:00.008319012  2776 0x55ac640c5360 DEBUG   GST_POLL gstpoll.c:1414:gst_poll_wait: 0x55ac640ea7b0: timeout :0:00:01.000000000
0:00:00.003259661  2777 0x55c1297ad360 LOG   GST_REGISTRY gstregistry.c:607:gst_registry_add_feature: emitting feature-added for rusage
0:00:00.008333466  2776 0x55ac640c5360 LOG   GST_PLUGIN_LOADING gstpluginloader.c:1026:exchange_packets: Poll res = 1. 174 bytes pending for write
0:00:00.003280809  2777 0x55c1297ad360 TRACE   GST_REFCOUNTING gstobject.c:208:gst_object_init: 0x55c1297d4f10 new
0:00:00.008345343  2776 0x55ac640c5360 DEBUG   GST_POLL gstpoll.c:1241:gst_poll_fd_has_error: 0x55ac640ea7b0: fd (fd:8, idx:2) 0
0:00:00.003292001  2777 0x55c1297ad360 DEBUG   GST_TRACER gsttracer.c:169:gst_tracer_register: new tracer factory for stats
0:00:00.008357597  2776 0x55ac640c5360 DEBUG   GST_POLL gstpoll.c:1266:gst_poll_fd_can_read_unlocked: 0x55ac640ea7b0: fd (fd:8, idx:2) 0
0:00:00.003303878  2777 0x55c1297ad360 DEBUG   GST_TRACER gsttracer.c:176:gst_tracer_register: tracer factory for 696077568:GstStatsTracer
0:00:00.003313607  2777 0x55c1297ad360 DEBUG   GST_REGISTRY gstregistry.c:589:gst_registry_add_feature: adding feature 0x55c1297d4f10 (stats)
0:00:00.008368716  2776 0x55ac640c5360 DEBUG   GST_POLL gstpoll.c:1195:gst_poll_fd_has_closed: 0x55ac640ea7b0: fd (fd:8, idx:2) 0
0:00:00.003320225  2777 0x55c1297ad360 DEBUG   GST_REFCOUNTING gstobject.c:708:gst_object_set_parent: set parent (ref and sink)
0:00:00.008388369  2776 0x55ac640c5360 DEBUG   GST_POLL gstpoll.c:1241:gst_poll_fd_has_error: 0x55ac640ea7b0: fd (fd:7, idx:1) 0
0:00:00.003328135  2777 0x55c1297ad360 TRACE   GST_REFCOUNTING gstobject.c:292:gst_object_ref_sink: 0x55c1297d4f10 ref_sink 1->2
0:00:00.008396025  2776 0x55ac640c5360 DEBUG   GST_POLL gstpoll.c:1335:gst_poll_fd_can_write: 0x55ac640ea7b0: fd (fd:7, idx:1) 1
0:00:00.003337834  2777 0x55c1297ad360 LOG   GST_REGISTRY gstregistry.c:607:gst_registry_add_feature: emitting feature-added for stats
0:00:00.008403089  2776 0x55ac640c5360 LOG   GST_PLUGIN_LOADING gstpluginloader.c:689:write_one: Writing packet of size 174 bytes to fd 7
0:00:00.008416233  2776 0x55ac640c5360 DEBUG   GST_POLL gstpoll.c:979:gst_poll_fd_ctl_write: 0x55ac640ea7b0: fd (fd:7, idx:1), active : 0
0:00:00.003353817  2777 0x55c1297ad360 TRACE   GST_REFCOUNTING gstobject.c:208:gst_object_init: 0x55c1297d5190 new
0:00:00.008429809  2776 0x55ac640c5360 LOG   GST_POLL gstpoll.c:994:gst_poll_fd_ctl_write: 0x55ac640ea7b0: pfd->events now 56 (POLLOUT:4)
0:00:00.008444306  2776 0x55ac640c5360 DEBUG   GST_REGISTRY gstregistry.c:1383:gst_registry_scan_path_internal: registry changed in path /home/conan/w/prod/BuildSingleReference/.conan/data/gstreamer/1.19.1/_/_/package/d8cac73bce0dfdb14708c459db4ae84177c23223/lib/gstreamer-1.0: 0
0:00:00.003391032  2777 0x55c1297ad360 DEBUG   GST_TRACER gsttracer.c:169:gst_tracer_register: new tracer factory for leaks
0:00:00.008458571  2776 0x55ac640c5360 DEBUG   GST_POLL gstpoll.c:979:gst_poll_fd_ctl_write: 0x55ac640ea7b0: fd (fd:7, idx:1), active : 1
0:00:00.008466106  2776 0x55ac640c5360 LOG   GST_POLL gstpoll.c:994:gst_poll_fd_ctl_write: 0x55ac640ea7b0: pfd->events now 60 (POLLOUT:4)
0:00:00.003403015  2777 0x55c1297ad360 DEBUG   GST_TRACER gsttracer.c:176:gst_tracer_register: tracer factory for 696078288:GstLeaksTracer
0:00:00.008473946  2776 0x55ac640c5360 DEBUG   GST_POLL gstpoll.c:1414:gst_poll_wait: 0x55ac640ea7b0: timeout :0:00:01.000000000
0:00:00.003412583  2777 0x55c1297ad360 DEBUG   GST_REGISTRY gstregistry.c:589:gst_registry_add_feature: adding feature 0x55c1297d5190 (leaks)
0:00:00.003420470  2777 0x55c1297ad360 DEBUG   GST_REFCOUNTING gstobject.c:708:gst_object_set_parent: set parent (ref and sink)
0:00:00.008485411  2776 0x55ac640c5360 LOG   GST_PLUGIN_LOADING gstpluginloader.c:1026:exchange_packets: Poll res = 1. 12 bytes pending for write
0:00:00.003427792  2777 0x55c1297ad360 TRACE   GST_REFCOUNTING gstobject.c:292:gst_object_ref_sink: 0x55c1297d5190 ref_sink 1->2
0:00:00.008494153  2776 0x55ac640c5360 DEBUG   GST_POLL gstpoll.c:1241:gst_poll_fd_has_error: 0x55ac640ea7b0: fd (fd:8, idx:2) 0
0:00:00.003437204  2777 0x55c1297ad360 LOG   GST_REGISTRY gstregistry.c:607:gst_registry_add_feature: emitting feature-added for leaks
0:00:00.008502075  2776 0x55ac640c5360 DEBUG   GST_POLL gstpoll.c:1266:gst_poll_fd_can_read_unlocked: 0x55ac640ea7b0: fd (fd:8, idx:2) 0
0:00:00.003445988  2777 0x55c1297ad360 LOG   GST_PLUGIN_LOADING gstplugin.c:541:gst_plugin_register_func: plugin "/home/conan/w/prod/BuildSingleReference/.conan/data/gstreamer/1.19.1/_/_/package/d8cac73bce0dfdb14708c459db4ae84177c23223/lib/gstreamer-1.0/libgstcoretracers.so" initialised
0:00:00.008511133  2776 0x55ac640c5360 DEBUG   GST_POLL gstpoll.c:1195:gst_poll_fd_has_closed: 0x55ac640ea7b0: fd (fd:8, idx:2) 0
0:00:00.003455521  2777 0x55c1297ad360 INFO   GST_PLUGIN_LOADING gstplugin.c:915:_priv_gst_plugin_load_file_for_registry: plugin "/home/conan/w/prod/BuildSingleReference/.conan/data/gstreamer/1.19.1/_/_/package/d8cac73bce0dfdb14708c459db4ae84177c23223/lib/gstreamer-1.0/libgstcoretracers.so" loaded
0:00:00.008521048  2776 0x55ac640c5360 DEBUG   GST_POLL gstpoll.c:1241:gst_poll_fd_has_error: 0x55ac640ea7b0: fd (fd:7, idx:1) 0
0:00:00.008529133  2776 0x55ac640c5360 DEBUG   GST_POLL gstpoll.c:1335:gst_poll_fd_can_write: 0x55ac640ea7b0: fd (fd:7, idx:1) 1
0:00:00.003464191  2777 0x55c1297ad360 TRACE   GST_REFCOUNTING gstobject.c:237:gst_object_ref: 0x55c1297d33c0 ref 1->2
0:00:00.008542421  2776 0x55ac640c5360 LOG   GST_PLUGIN_LOADING gstpluginloader.c:689:write_one: Writing packet of size 12 bytes to fd 7
0:00:00.003484625  2777 0x55c1297ad360 DEBUG   GST_REGISTRY gstregistry.c:473:gst_registry_add_plugin: adding plugin 0x55c1297d33c0 for filename "/home/conan/w/prod/BuildSingleReference/.conan/data/gstreamer/1.19.1/_/_/package/d8cac73bce0dfdb14708c459db4ae84177c23223/lib/gstreamer-1.0/libgstcoretracers.so"
0:00:00.008552843  2776 0x55ac640c5360 DEBUG   GST_POLL gstpoll.c:979:gst_poll_fd_ctl_write: 0x55ac640ea7b0: fd (fd:7, idx:1), active : 0
0:00:00.003493623  2777 0x55c1297ad360 TRACE   GST_REFCOUNTING gstobject.c:292:gst_object_ref_sink: 0x55c1297d33c0 ref_sink 2->3
0:00:00.008561328  2776 0x55ac640c5360 LOG   GST_POLL gstpoll.c:994:gst_poll_fd_ctl_write: 0x55ac640ea7b0: pfd->events now 56 (POLLOUT:4)
0:00:00.003502099  2777 0x55c1297ad360 LOG   GST_REGISTRY gstregistry.c:486:gst_registry_add_plugin: emitting plugin-added for filename "/home/conan/w/prod/BuildSingleReference/.conan/data/gstreamer/1.19.1/_/_/package/d8cac73bce0dfdb14708c459db4ae84177c23223/lib/gstreamer-1.0/libgstcoretracers.so"
0:00:00.008569907  2776 0x55ac640c5360 DEBUG   GST_POLL gstpoll.c:1414:gst_poll_wait: 0x55ac640ea7b0: timeout :0:00:01.000000000
0:00:00.003511503  2777 0x55c1297ad360 TRACE   GST_REFCOUNTING gstobject.c:237:gst_object_ref: 0x55c1297d5190 ref 1->2
0:00:00.003523501  2777 0x55c1297ad360 TRACE   GST_REFCOUNTING gstobject.c:237:gst_object_ref: 0x55c1297d4f10 ref 1->2
0:00:00.003531620  2777 0x55c1297ad360 TRACE   GST_REFCOUNTING gstobject.c:237:gst_object_ref: 0x55c1297d4bf0 ref 1->2
0:00:00.003539076  2777 0x55c1297ad360 TRACE   GST_REFCOUNTING gstobject.c:237:gst_object_ref: 0x55c1297d4920 ref 1->2
0:00:00.003546316  2777 0x55c1297ad360 TRACE   GST_REFCOUNTING gstobject.c:237:gst_object_ref: 0x55c1297d4410 ref 1->2
0:00:00.003567692  2777 0x55c1297ad360 TRACE   GST_REFCOUNTING gstobject.c:264:gst_object_unref: 0x55c1297d4410 unref 2->1
0:00:00.003577871  2777 0x55c1297ad360 TRACE   GST_REFCOUNTING gstobject.c:264:gst_object_unref: 0x55c1297d4920 unref 2->1
0:00:00.003585588  2777 0x55c1297ad360 TRACE   GST_REFCOUNTING gstobject.c:264:gst_object_unref: 0x55c1297d4bf0 unref 2->1
0:00:00.003595582  2777 0x55c1297ad360 TRACE   GST_REFCOUNTING gstobject.c:264:gst_object_unref: 0x55c1297d4f10 unref 2->1
0:00:00.003603751  2777 0x55c1297ad360 TRACE   GST_REFCOUNTING gstobject.c:264:gst_object_unref: 0x55c1297d5190 unref 2->1
0:00:00.003613804  2777 0x55c1297ad360 DEBUG   GST_REGISTRY gstregistrychunks.c:497:_priv_gst_registry_chunks_save_plugin: Found 5 features in plugin 0x55c1297d33c0 (coretracers)
0:00:00.003625755  2777 0x55c1297ad360 DEBUG   GST_POLL gstpoll.c:979:gst_poll_fd_ctl_write: 0x55c1297d1cc0: fd (fd:0, idx:1), active : 1
0:00:00.003636260  2777 0x55c1297ad360 LOG   GST_POLL gstpoll.c:994:gst_poll_fd_ctl_write: 0x55c1297d1cc0: pfd->events now 60 (POLLOUT:4)
0:00:00.003649986  2777 0x55c1297ad360 DEBUG   GST_POLL gstpoll.c:979:gst_poll_fd_ctl_write: 0x55c1297d1cc0: fd (fd:0, idx:1), active : 1
0:00:00.003656575  2777 0x55c1297ad360 LOG   GST_POLL gstpoll.c:994:gst_poll_fd_ctl_write: 0x55c1297d1cc0: pfd->events now 60 (POLLOUT:4)
0:00:00.003664455  2777 0x55c1297ad360 DEBUG   GST_POLL gstpoll.c:979:gst_poll_fd_ctl_write: 0x55c1297d1cc0: fd (fd:0, idx:1), active : 1
0:00:00.003673884  2777 0x55c1297ad360 LOG   GST_POLL gstpoll.c:994:gst_poll_fd_ctl_write: 0x55c1297d1cc0: pfd->events now 60 (POLLOUT:4)
0:00:00.003681055  2777 0x55c1297ad360 DEBUG   GST_POLL gstpoll.c:979:gst_poll_fd_ctl_write: 0x55c1297d1cc0: fd (fd:0, idx:1), active : 1
0:00:00.003687124  2777 0x55c1297ad360 LOG   GST_POLL gstpoll.c:994:gst_poll_fd_ctl_write: 0x55c1297d1cc0: pfd->events now 60 (POLLOUT:4)
0:00:00.003693843  2777 0x55c1297ad360 DEBUG   GST_POLL gstpoll.c:979:gst_poll_fd_ctl_write: 0x55c1297d1cc0: fd (fd:0, idx:1), active : 1
0:00:00.003703059  2777 0x55c1297ad360 LOG   GST_POLL gstpoll.c:994:gst_poll_fd_ctl_write: 0x55c1297d1cc0: pfd->events now 60 (POLLOUT:4)
0:00:00.003710272  2777 0x55c1297ad360 DEBUG   GST_POLL gstpoll.c:979:gst_poll_fd_ctl_write: 0x55c1297d1cc0: fd (fd:0, idx:1), active : 1
0:00:00.003716328  2777 0x55c1297ad360 LOG   GST_POLL gstpoll.c:994:gst_poll_fd_ctl_write: 0x55c1297d1cc0: pfd->events now 60 (POLLOUT:4)
0:00:00.003722676  2777 0x55c1297ad360 DEBUG   GST_POLL gstpoll.c:979:gst_poll_fd_ctl_write: 0x55c1297d1cc0: fd (fd:0, idx:1), active : 1
0:00:00.003731814  2777 0x55c1297ad360 LOG   GST_POLL gstpoll.c:994:gst_poll_fd_ctl_write: 0x55c1297d1cc0: pfd->events now 60 (POLLOUT:4)
0:00:00.003739068  2777 0x55c1297ad360 DEBUG   GST_POLL gstpoll.c:979:gst_poll_fd_ctl_write: 0x55c1297d1cc0: fd (fd:0, idx:1), active : 1
0:00:00.003745246  2777 0x55c1297ad360 LOG   GST_POLL gstpoll.c:994:gst_poll_fd_ctl_write: 0x55c1297d1cc0: pfd->events now 60 (POLLOUT:4)
0:00:00.003751908  2777 0x55c1297ad360 DEBUG   GST_POLL gstpoll.c:979:gst_poll_fd_ctl_write: 0x55c1297d1cc0: fd (fd:0, idx:1), active : 1
0:00:00.003761267  2777 0x55c1297ad360 LOG   GST_POLL gstpoll.c:994:gst_poll_fd_ctl_write: 0x55c1297d1cc0: pfd->events now 60 (POLLOUT:4)
0:00:00.003768484  2777 0x55c1297ad360 DEBUG   GST_POLL gstpoll.c:979:gst_poll_fd_ctl_write: 0x55c1297d1cc0: fd (fd:0, idx:1), active : 1
0:00:00.003775047  2777 0x55c1297ad360 LOG   GST_POLL gstpoll.c:994:gst_poll_fd_ctl_write: 0x55c1297d1cc0: pfd->events now 60 (POLLOUT:4)
0:00:00.003781476  2777 0x55c1297ad360 DEBUG   GST_POLL gstpoll.c:979:gst_poll_fd_ctl_write: 0x55c1297d1cc0: fd (fd:0, idx:1), active : 1
0:00:00.003790428  2777 0x55c1297ad360 LOG   GST_POLL gstpoll.c:994:gst_poll_fd_ctl_write: 0x55c1297d1cc0: pfd->events now 60 (POLLOUT:4)
0:00:00.003797809  2777 0x55c1297ad360 DEBUG   GST_POLL gstpoll.c:979:gst_poll_fd_ctl_write: 0x55c1297d1cc0: fd (fd:0, idx:1), active : 1
0:00:00.003804224  2777 0x55c1297ad360 LOG   GST_POLL gstpoll.c:994:gst_poll_fd_ctl_write: 0x55c1297d1cc0: pfd->events now 60 (POLLOUT:4)
0:00:00.003810636  2777 0x55c1297ad360 DEBUG   GST_POLL gstpoll.c:979:gst_poll_fd_ctl_write: 0x55c1297d1cc0: fd (fd:0, idx:1), active : 1
0:00:00.003824769  2777 0x55c1297ad360 LOG   GST_POLL gstpoll.c:994:gst_poll_fd_ctl_write: 0x55c1297d1cc0: pfd->events now 60 (POLLOUT:4)
0:00:00.003831870  2777 0x55c1297ad360 DEBUG   GST_POLL gstpoll.c:979:gst_poll_fd_ctl_write: 0x55c1297d1cc0: fd (fd:0, idx:1), active : 1
0:00:00.003838217  2777 0x55c1297ad360 LOG   GST_POLL gstpoll.c:994:gst_poll_fd_ctl_write: 0x55c1297d1cc0: pfd->events now 60 (POLLOUT:4)
0:00:00.003844767  2777 0x55c1297ad360 DEBUG   GST_POLL gstpoll.c:979:gst_poll_fd_ctl_write: 0x55c1297d1cc0: fd (fd:0, idx:1), active : 1
0:00:00.003853907  2777 0x55c1297ad360 LOG   GST_POLL gstpoll.c:994:gst_poll_fd_ctl_write: 0x55c1297d1cc0: pfd->events now 60 (POLLOUT:4)
0:00:00.003861172  2777 0x55c1297ad360 DEBUG   GST_POLL gstpoll.c:979:gst_poll_fd_ctl_write: 0x55c1297d1cc0: fd (fd:0, idx:1), active : 1
0:00:00.003867238  2777 0x55c1297ad360 LOG   GST_POLL gstpoll.c:994:gst_poll_fd_ctl_write: 0x55c1297d1cc0: pfd->events now 60 (POLLOUT:4)
0:00:00.003873932  2777 0x55c1297ad360 DEBUG   GST_POLL gstpoll.c:979:gst_poll_fd_ctl_write: 0x55c1297d1cc0: fd (fd:0, idx:1), active : 1
0:00:00.003883215  2777 0x55c1297ad360 LOG   GST_POLL gstpoll.c:994:gst_poll_fd_ctl_write: 0x55c1297d1cc0: pfd->events now 60 (POLLOUT:4)
0:00:00.003890481  2777 0x55c1297ad360 DEBUG   GST_POLL gstpoll.c:979:gst_poll_fd_ctl_write: 0x55c1297d1cc0: fd (fd:0, idx:1), active : 1
0:00:00.003896646  2777 0x55c1297ad360 LOG   GST_POLL gstpoll.c:994:gst_poll_fd_ctl_write: 0x55c1297d1cc0: pfd->events now 60 (POLLOUT:4)
0:00:00.003903509  2777 0x55c1297ad360 DEBUG   GST_POLL gstpoll.c:979:gst_poll_fd_ctl_write: 0x55c1297d1cc0: fd (fd:0, idx:1), active : 1
0:00:00.003912646  2777 0x55c1297ad360 LOG   GST_POLL gstpoll.c:994:gst_poll_fd_ctl_write: 0x55c1297d1cc0: pfd->events now 60 (POLLOUT:4)
0:00:00.003919704  2777 0x55c1297ad360 DEBUG   GST_POLL gstpoll.c:979:gst_poll_fd_ctl_write: 0x55c1297d1cc0: fd (fd:0, idx:1), active : 1
0:00:00.003925746  2777 0x55c1297ad360 LOG   GST_POLL gstpoll.c:994:gst_poll_fd_ctl_write: 0x55c1297d1cc0: pfd->events now 60 (POLLOUT:4)
0:00:00.003932024  2777 0x55c1297ad360 DEBUG   GST_POLL gstpoll.c:979:gst_poll_fd_ctl_write: 0x55c1297d1cc0: fd (fd:0, idx:1), active : 1
0:00:00.003941098  2777 0x55c1297ad360 LOG   GST_POLL gstpoll.c:994:gst_poll_fd_ctl_write: 0x55c1297d1cc0: pfd->events now 60 (POLLOUT:4)
0:00:00.003948226  2777 0x55c1297ad360 DEBUG   GST_POLL gstpoll.c:979:gst_poll_fd_ctl_write: 0x55c1297d1cc0: fd (fd:0, idx:1), active : 1
0:00:00.003954398  2777 0x55c1297ad360 LOG   GST_POLL gstpoll.c:994:gst_poll_fd_ctl_write: 0x55c1297d1cc0: pfd->events now 60 (POLLOUT:4)
0:00:00.003960679  2777 0x55c1297ad360 DEBUG   GST_POLL gstpoll.c:979:gst_poll_fd_ctl_write: 0x55c1297d1cc0: fd (fd:0, idx:1), active : 1
0:00:00.003969635  2777 0x55c1297ad360 LOG   GST_POLL gstpoll.c:994:gst_poll_fd_ctl_write: 0x55c1297d1cc0: pfd->events now 60 (POLLOUT:4)
0:00:00.003976699  2777 0x55c1297ad360 DEBUG   GST_POLL gstpoll.c:979:gst_poll_fd_ctl_write: 0x55c1297d1cc0: fd (fd:0, idx:1), active : 1
0:00:00.003986891  2777 0x55c1297ad360 LOG   GST_POLL gstpoll.c:994:gst_poll_fd_ctl_write: 0x55c1297d1cc0: pfd->events now 60 (POLLOUT:4)
0:00:00.003993395  2777 0x55c1297ad360 DEBUG   GST_POLL gstpoll.c:979:gst_poll_fd_ctl_write: 0x55c1297d1cc0: fd (fd:0, idx:1), active : 1
0:00:00.004002491  2777 0x55c1297ad360 LOG   GST_POLL gstpoll.c:994:gst_poll_fd_ctl_write: 0x55c1297d1cc0: pfd->events now 60 (POLLOUT:4)
0:00:00.004009628  2777 0x55c1297ad360 DEBUG   GST_POLL gstpoll.c:979:gst_poll_fd_ctl_write: 0x55c1297d1cc0: fd (fd:0, idx:1), active : 1
0:00:00.004015984  2777 0x55c1297ad360 LOG   GST_POLL gstpoll.c:994:gst_poll_fd_ctl_write: 0x55c1297d1cc0: pfd->events now 60 (POLLOUT:4)
0:00:00.004022223  2777 0x55c1297ad360 DEBUG   GST_POLL gstpoll.c:979:gst_poll_fd_ctl_write: 0x55c1297d1cc0: fd (fd:0, idx:1), active : 1
0:00:00.004031533  2777 0x55c1297ad360 LOG   GST_POLL gstpoll.c:994:gst_poll_fd_ctl_write: 0x55c1297d1cc0: pfd->events now 60 (POLLOUT:4)
0:00:00.004040369  2777 0x55c1297ad360 TRACE   GST_REFCOUNTING gstobject.c:264:gst_object_unref: 0x55c1297d33c0 unref 2->1
0:00:00.004049134  2777 0x55c1297ad360 DEBUG   GST_POLL gstpoll.c:1241:gst_poll_fd_has_error: 0x55c1297d1cc0: fd (fd:0, idx:1) 0
0:00:00.004056706  2777 0x55c1297ad360 DEBUG   GST_POLL gstpoll.c:1335:gst_poll_fd_can_write: 0x55c1297d1cc0: fd (fd:0, idx:1) 0
0:00:00.004066773  2777 0x55c1297ad360 DEBUG   GST_POLL gstpoll.c:1195:gst_poll_fd_has_closed: 0x55c1297d1cc0: fd (fd:0, idx:1) 0
0:00:00.004077467  2777 0x55c1297ad360 DEBUG   GST_POLL gstpoll.c:1414:gst_poll_wait: 0x55c1297d1cc0: timeout :0:00:01.000000000
0:00:00.004089075  2777 0x55c1297ad360 LOG   GST_PLUGIN_LOADING gstpluginloader.c:1026:exchange_packets: Poll res = 2. 488 bytes pending for write
0:00:00.004099278  2777 0x55c1297ad360 DEBUG   GST_POLL gstpoll.c:1241:gst_poll_fd_has_error: 0x55c1297d1cc0: fd (fd:5, idx:2) 0
0:00:00.004106859  2777 0x55c1297ad360 DEBUG   GST_POLL gstpoll.c:1266:gst_poll_fd_can_read_unlocked: 0x55c1297d1cc0: fd (fd:5, idx:2) 1
0:00:00.004117535  2777 0x55c1297ad360 DEBUG   GST_PLUGIN_LOADING gstpluginloader.c:721:do_plugin_load: Plugin scanner loading file /home/conan/w/prod/BuildSingleReference/.conan/data/gstreamer/1.19.1/_/_/package/d8cac73bce0dfdb14708c459db4ae84177c23223/lib/gstreamer-1.0/libgstcoreelements.so. tag 1
0:00:00.004127938  2777 0x55c1297ad360 DEBUG   GST_PLUGIN_LOADING gstplugin.c:767:_priv_gst_plugin_load_file_for_registry: attempt to load plugin "/home/conan/w/prod/BuildSingleReference/.conan/data/gstreamer/1.19.1/_/_/package/d8cac73bce0dfdb14708c459db4ae84177c23223/lib/gstreamer-1.0/libgstcoreelements.so"
0:00:00.004654738  2777 0x55c1297ad360 TRACE   GST_REFCOUNTING gstobject.c:208:gst_object_init: 0x55c1297d68f0 new
0:00:00.004687634  2777 0x55c1297ad360 LOG   GST_PLUGIN_LOADING gstplugin.c:889:_priv_gst_plugin_load_file_for_registry: Plugin 0x55c1297d68f0 for file "/home/conan/w/prod/BuildSingleReference/.conan/data/gstreamer/1.19.1/_/_/package/d8cac73bce0dfdb14708c459db4ae84177c23223/lib/gstreamer-1.0/libgstcoreelements.so" prepared, calling entry function...
0:00:00.004700010  2777 0x55c1297ad360 LOG   GST_PLUGIN_LOADING gstplugin.c:896:_priv_gst_plugin_load_file_for_registry: Plugin 0x55c1297d68f0 for file "/home/conan/w/prod/BuildSingleReference/.conan/data/gstreamer/1.19.1/_/_/package/d8cac73bce0dfdb14708c459db4ae84177c23223/lib/gstreamer-1.0/libgstcoreelements.so" prepared, registering...
0:00:00.004714890  2777 0x55c1297ad360 LOG   GST_PLUGIN_LOADING gstplugin.c:514:gst_plugin_register_func: plugin "/home/conan/w/prod/BuildSingleReference/.conan/data/gstreamer/1.19.1/_/_/package/d8cac73bce0dfdb14708c459db4ae84177c23223/lib/gstreamer-1.0/libgstcoreelements.so" looks good
0:00:00.004753379  2777 0x55c1297ad360 TRACE   GST_REFCOUNTING gstobject.c:208:gst_object_init: 0x55c1297d6fb0 new
0:00:00.004767746  2777 0x55c1297ad360 LOG   GST_ELEMENT_FACTORY gstelementfactory.c:237:gst_element_register: Created new elementfactory for type GstCapsFilter
0:00:00.004780063  2777 0x55c1297ad360 TRACE   structure gststructure.c:292:gst_structure_new_id_empty_with_size: created structure 0x55c1297d7620
0:00:00.004788420  2777 0x55c1297ad360 TRACE   GST_PERFORMANCE gststructure.c:511:gst_structure_copy: doing copy 0x55c1297bc290 -> 0x55c1297d7620
0:00:00.004797147  2777 0x55c1297ad360 DEBUG   GST_ELEMENT_PADS gstelement.c:311:gst_element_base_class_init: type GstBaseTransform : factory (nil)
0:00:00.004805606  2777 0x55c1297ad360 DEBUG   basetransform gstbasetransform.c:333:gst_base_transform_class_init: gst_base_transform_class_init
0:00:00.004822933  2777 0x55c1297ad360 TRACE   structure gststructure.c:292:gst_structure_new_id_empty_with_size: created structure 0x55c1297d7c30
0:00:00.004830983  2777 0x55c1297ad360 TRACE   GST_PERFORMANCE gststructure.c:511:gst_structure_copy: doing copy 0x55c1297d7620 -> 0x55c1297d7c30
0:00:00.004842788  2777 0x55c1297ad360 DEBUG   GST_ELEMENT_PADS gstelement.c:311:gst_element_base_class_init: type GstCapsFilter : factory 0x55c1297d6fb0
0:00:00.004866694  2777 0x55c1297ad360 TRACE   GST_CAPS gstcaps.c:263:gst_caps_new_empty: created caps 0x55c1297d5d40
0:00:00.004877575  2777 0x55c1297ad360 TRACE   GST_CAPS gstcaps.c:439:gst_static_caps_get: created 0x7f50bb9f3f70 from string ANY
0:00:00.004885421  2777 0x55c1297ad360 TRACE   GST_REFCOUNTING gstminiobject.c:478:gst_mini_object_ref: 0x55c1297d5d40 ref 1->2
0:00:00.004917513  2777 0x55c1297ad360 TRACE   GST_REFCOUNTING gstobject.c:208:gst_object_init: 0x55c1297d85d0 new
0:00:00.004931232  2777 0x55c1297ad360 TRACE   GST_REFCOUNTING gstminiobject.c:478:gst_mini_object_ref: 0x55c1297d5d40 ref 2->3
0:00:00.004948860  2777 0x55c1297ad360 TRACE   GST_REFCOUNTING gstminiobject.c:660:gst_mini_object_unref: 0x55c1297d5d40 unref 3->2
0:00:00.004958010  2777 0x55c1297ad360 TRACE   GST_REFCOUNTING gstobject.c:292:gst_object_ref_sink: 0x55c1297d85d0 ref_sink 1->2
0:00:00.004965641  2777 0x55c1297ad360 TRACE   GST_CAPS gstcaps.c:263:gst_caps_new_empty: created caps 0x55c1297d4ba0
0:00:00.004975187  2777 0x55c1297ad360 TRACE   GST_CAPS gstcaps.c:439:gst_static_caps_get: created 0x7f50bb9f3f30 from string ANY
0:00:00.004983028  2777 0x55c1297ad360 TRACE   GST_REFCOUNTING gstminiobject.c:478:gst_mini_object_ref: 0x55c1297d4ba0 ref 1->2
0:00:00.004998933  2777 0x55c1297ad360 TRACE   GST_REFCOUNTING gstobject.c:208:gst_object_init: 0x55c1297d8970 new
0:00:00.005008126  2777 0x55c1297ad360 TRACE   GST_REFCOUNTING gstminiobject.c:478:gst_mini_object_ref: 0x55c1297d4ba0 ref 2->3
0:00:00.005020605  2777 0x55c1297ad360 TRACE   GST_REFCOUNTING gstminiobject.c:660:gst_mini_object_unref: 0x55c1297d4ba0 unref 3->2
0:00:00.005029414  2777 0x55c1297ad360 TRACE   GST_REFCOUNTING gstobject.c:292:gst_object_ref_sink: 0x55c1297d8970 ref_sink 1->2
0:00:00.005040938  2777 0x55c1297ad360 TRACE   structure gststructure.c:292:gst_structure_new_id_empty_with_size: created structure 0x55c1297d8a90
0:00:00.005048687  2777 0x55c1297ad360 TRACE   GST_PERFORMANCE gststructure.c:511:gst_structure_copy: doing copy 0x55c1297d7c30 -> 0x55c1297d8a90
0:00:00.005063246  2777 0x55c1297ad360 DEBUG   GST_REGISTRY gstregistry.c:589:gst_registry_add_feature: adding feature 0x55c1297d6fb0 (capsfilter)
0:00:00.005073150  2777 0x55c1297ad360 DEBUG   GST_REFCOUNTING gstobject.c:708:gst_object_set_parent: set parent (ref and sink)
0:00:00.005080960  2777 0x55c1297ad360 TRACE   GST_REFCOUNTING gstobject.c:292:gst_object_ref_sink: 0x55c1297d6fb0 ref_sink 1->2
0:00:00.005088050  2777 0x55c1297ad360 LOG   GST_REGISTRY gstregistry.c:607:gst_registry_add_feature: emitting feature-added for capsfilter
0:00:00.005108798  2777 0x55c1297ad360 TRACE   GST_REFCOUNTING gstobject.c:208:gst_object_init: 0x55c1297d8fd0 new
0:00:00.005120906  2777 0x55c1297ad360 LOG   GST_ELEMENT_FACTORY gstelementfactory.c:237:gst_element_register: Created new elementfactory for type GstClockSync
0:00:00.005129276  2777 0x55c1297ad360 TRACE   structure gststructure.c:292:gst_structure_new_id_empty_with_size: created structure 0x55c1297d93b0
0:00:00.005138218  2777 0x55c1297ad360 TRACE   GST_PERFORMANCE gststructure.c:511:gst_structure_copy: doing copy 0x55c1297bc290 -> 0x55c1297d93b0
0:00:00.005146334  2777 0x55c1297ad360 DEBUG   GST_ELEMENT_PADS gstelement.c:311:gst_element_base_class_init: type GstClockSync : factory 0x55c1297d8fd0
0:00:00.005164561  2777 0x55c1297ad360 TRACE   GST_CAPS gstcaps.c:263:gst_caps_new_empty: created caps 0x55c1297ad660
0:00:00.005171569  2777 0x55c1297ad360 TRACE   GST_CAPS gstcaps.c:439:gst_static_caps_get: created 0x7f50bb9f3ff0 from string ANY
0:00:00.005180790  2777 0x55c1297ad360 TRACE   GST_REFCOUNTING gstminiobject.c:478:gst_mini_object_ref: 0x55c1297ad660 ref 1->2
0:00:00.005214759  2777 0x55c1297ad360 TRACE   GST_REFCOUNTING gstobject.c:208:gst_object_init: 0x55c1297d96d0 new
0:00:00.005230724  2777 0x55c1297ad360 TRACE   GST_REFCOUNTING gstminiobject.c:478:gst_mini_object_ref: 0x55c1297ad660 ref 2->3
0:00:00.005246354  2777 0x55c1297ad360 TRACE   GST_REFCOUNTING gstminiobject.c:660:gst_mini_object_unref: 0x55c1297ad660 unref 3->2
0:00:00.005255403  2777 0x55c1297ad360 TRACE   GST_REFCOUNTING gstobject.c:292:gst_object_ref_sink: 0x55c1297d96d0 ref_sink 1->2
0:00:00.005263040  2777 0x55c1297ad360 TRACE   GST_CAPS gstcaps.c:263:gst_caps_new_empty: created caps 0x55c1297c05c0
0:00:00.005275002  2777 0x55c1297ad360 TRACE   GST_CAPS gstcaps.c:439:gst_static_caps_get: created 0x7f50bb9f3fb0 from string ANY
0:00:00.005284263  2777 0x55c1297ad360 TRACE   GST_REFCOUNTING gstminiobject.c:478:gst_mini_object_ref: 0x55c1297c05c0 ref 1->2
0:00:00.005295533  2777 0x55c1297ad360 TRACE   GST_REFCOUNTING gstobject.c:208:gst_object_init: 0x55c1297d9970 new
0:00:00.005304881  2777 0x55c1297ad360 TRACE   GST_REFCOUNTING gstminiobject.c:478:gst_mini_object_ref: 0x55c1297c05c0 ref 2->3
0:00:00.005314184  2777 0x55c1297ad360 TRACE   GST_REFCOUNTING gstminiobject.c:660:gst_mini_object_unref: 0x55c1297c05c0 unref 3->2
0:00:00.005324482  2777 0x55c1297ad360 TRACE   GST_REFCOUNTING gstobject.c:292:gst_object_ref_sink: 0x55c1297d9970 ref_sink 1->2
0:00:00.005333940  2777 0x55c1297ad360 TRACE   structure gststructure.c:292:gst_structure_new_id_empty_with_size: created structure 0x55c1297d9ac0
0:00:00.005341494  2777 0x55c1297ad360 TRACE   GST_PERFORMANCE gststructure.c:511:gst_structure_copy: doing copy 0x55c1297d93b0 -> 0x55c1297d9ac0
0:00:00.005352113  2777 0x55c1297ad360 DEBUG   GST_REGISTRY gstregistry.c:589:gst_registry_add_feature: adding feature 0x55c1297d8fd0 (clocksync)
0:00:00.005361079  2777 0x55c1297ad360 DEBUG   GST_REFCOUNTING gstobject.c:708:gst_object_set_parent: set parent (ref and sink)
0:00:00.005376670  2777 0x55c1297ad360 TRACE   GST_REFCOUNTING gstobject.c:292:gst_object_ref_sink: 0x55c1297d8fd0 ref_sink 1->2
0:00:00.005387275  2777 0x55c1297ad360 LOG   GST_REGISTRY gstregistry.c:607:gst_registry_add_feature: emitting feature-added for clocksync
0:00:00.005403675  2777 0x55c1297ad360 TRACE   GST_REFCOUNTING gstobject.c:208:gst_object_init: 0x55c1297d9dc0 new
0:00:00.005421165  2777 0x55c1297ad360 LOG   GST_ELEMENT_FACTORY gstelementfactory.c:237:gst_element_register: Created new elementfactory for type GstConcat
0:00:00.005430404  2777 0x55c1297ad360 TRACE   structure gststructure.c:292:gst_structure_new_id_empty_with_size: created structure 0x55c1297da1a0
0:00:00.005436786  2777 0x55c1297ad360 TRACE   GST_PERFORMANCE gststructure.c:511:gst_structure_copy: doing copy 0x55c1297bc290 -> 0x55c1297da1a0
0:00:00.005447013  2777 0x55c1297ad360 DEBUG   GST_ELEMENT_PADS gstelement.c:311:gst_element_base_class_init: type GstConcat : factory 0x55c1297d9dc0
0:00:00.005463636  2777 0x55c1297ad360 TRACE   GST_CAPS gstcaps.c:263:gst_caps_new_empty: created caps 0x55c1297d9ef0
0:00:00.005470802  2777 0x55c1297ad360 TRACE   GST_CAPS gstcaps.c:439:gst_static_caps_get: created 0x7f50bb9f4030 from string ANY
0:00:00.005477388  2777 0x55c1297ad360 TRACE   GST_REFCOUNTING gstminiobject.c:478:gst_mini_object_ref: 0x55c1297d9ef0 ref 1->2
0:00:00.005490608  2777 0x55c1297ad360 TRACE   GST_REFCOUNTING gstobject.c:208:gst_object_init: 0x55c1297da430 new
0:00:00.005500683  2777 0x55c1297ad360 TRACE   GST_REFCOUNTING gstminiobject.c:478:gst_mini_object_ref: 0x55c1297d9ef0 ref 2->3
0:00:00.005515564  2777 0x55c1297ad360 TRACE   GST_REFCOUNTING gstminiobject.c:660:gst_mini_object_unref: 0x55c1297d9ef0 unref 3->2
0:00:00.005523582  2777 0x55c1297ad360 TRACE   GST_REFCOUNTING gstobject.c:292:gst_object_ref_sink: 0x55c1297da430 ref_sink 1->2
0:00:00.005533635  2777 0x55c1297ad360 TRACE   GST_CAPS gstcaps.c:263:gst_caps_new_empty: created caps 0x55c1297d9100
0:00:00.005540634  2777 0x55c1297ad360 TRACE   GST_CAPS gstcaps.c:439:gst_static_caps_get: created 0x7f50bb9f4070 from string ANY
0:00:00.005547033  2777 0x55c1297ad360 TRACE   GST_REFCOUNTING gstminiobject.c:478:gst_mini_object_ref: 0x55c1297d9100 ref 1->2
0:00:00.005556549  2777 0x55c1297ad360 TRACE   GST_REFCOUNTING gstobject.c:208:gst_object_init: 0x55c1297da620 new
0:00:00.005568791  2777 0x55c1297ad360 TRACE   GST_REFCOUNTING gstminiobject.c:478:gst_mini_object_ref: 0x55c1297d9100 ref 2->3
0:00:00.005578493  2777 0x55c1297ad360 TRACE   GST_REFCOUNTING gstminiobject.c:660:gst_mini_object_unref: 0x55c1297d9100 unref 3->2
0:00:00.005586306  2777 0x55c1297ad360 TRACE   GST_REFCOUNTING gstobject.c:292:gst_object_ref_sink: 0x55c1297da620 ref_sink 1->2
0:00:00.005595719  2777 0x55c1297ad360 TRACE   structure gststructure.c:292:gst_structure_new_id_empty_with_size: created structure 0x55c1297da900
0:00:00.005606477  2777 0x55c1297ad360 TRACE   GST_PERFORMANCE gststructure.c:511:gst_structure_copy: doing copy 0x55c1297da1a0 -> 0x55c1297da900
0:00:00.005617472  2777 0x55c1297ad360 DEBUG   GST_REGISTRY gstregistry.c:589:gst_registry_add_feature: adding feature 0x55c1297d9dc0 (concat)
0:00:00.005624208  2777 0x55c1297ad360 DEBUG   GST_REFCOUNTING gstobject.c:708:gst_object_set_parent: set parent (ref and sink)
0:00:00.005631361  2777 0x55c1297ad360 TRACE   GST_REFCOUNTING gstobject.c:292:gst_object_ref_sink: 0x55c1297d9dc0 ref_sink 1->2
0:00:00.005641437  2777 0x55c1297ad360 LOG   GST_REGISTRY gstregistry.c:607:gst_registry_add_feature: emitting feature-added for concat
0:00:00.005664405  2777 0x55c1297ad360 TRACE   GST_REFCOUNTING gstobject.c:208:gst_object_init: 0x55c1297daca0 new
0:00:00.005678289  2777 0x55c1297ad360 LOG   GST_ELEMENT_FACTORY gstelementfactory.c:237:gst_element_register: Created new elementfactory for type GstDataURISrc
0:00:00.005691111  2777 0x55c1297ad360 TRACE   structure gststructure.c:292:gst_structure_new_id_empty_with_size: created structure 0x55c1297db1c0
0:00:00.005697577  2777 0x55c1297ad360 TRACE   GST_PERFORMANCE gststructure.c:511:gst_structure_copy: doing copy 0x55c1297bc290 -> 0x55c1297db1c0
0:00:00.005704624  2777 0x55c1297ad360 DEBUG   GST_ELEMENT_PADS gstelement.c:311:gst_element_base_class_init: type GstBaseSrc : factory (nil)
0:00:00.005742902  2777 0x55c1297ad360 TRACE   structure gststructure.c:292:gst_structure_new_id_empty_with_size: created structure 0x55c1297dc3f0
0:00:00.005750426  2777 0x55c1297ad360 TRACE   GST_PERFORMANCE gststructure.c:511:gst_structure_copy: doing copy 0x55c1297db1c0 -> 0x55c1297dc3f0
0:00:00.005762478  2777 0x55c1297ad360 DEBUG   GST_ELEMENT_PADS gstelement.c:311:gst_element_base_class_init: type GstDataURISrc : factory 0x55c1297daca0
0:00:00.005776412  2777 0x55c1297ad360 TRACE   GST_CAPS gstcaps.c:263:gst_caps_new_empty: created caps 0x55c1297dadd0
0:00:00.005785009  2777 0x55c1297ad360 TRACE   GST_CAPS gstcaps.c:439:gst_static_caps_get: created 0x7f50bb9f40b0 from string ANY
0:00:00.005791737  2777 0x55c1297ad360 TRACE   GST_REFCOUNTING gstminiobject.c:478:gst_mini_object_ref: 0x55c1297dadd0 ref 1->2
0:00:00.005801377  2777 0x55c1297ad360 TRACE   GST_REFCOUNTING gstobject.c:208:gst_object_init: 0x55c1297d14e0 new
0:00:00.005813767  2777 0x55c1297ad360 TRACE   GST_REFCOUNTING gstminiobject.c:478:gst_mini_object_ref: 0x55c1297dadd0 ref 2->3
0:00:00.005824029  2777 0x55c1297ad360 TRACE   GST_REFCOUNTING gstminiobject.c:660:gst_mini_object_unref: 0x55c1297dadd0 unref 3->2
0:00:00.005831767  2777 0x55c1297ad360 TRACE   GST_REFCOUNTING gstobject.c:292:gst_object_ref_sink: 0x55c1297d14e0 ref_sink 1->2
0:00:00.005848158  2777 0x55c1297ad360 TRACE   structure gststructure.c:292:gst_structure_new_id_empty_with_size: created structure 0x55c1297dc630
0:00:00.005858208  2777 0x55c1297ad360 TRACE   GST_PERFORMANCE gststructure.c:511:gst_structure_copy: doing copy 0x55c1297dc3f0 -> 0x55c1297dc630
0:00:00.005872937  2777 0x55c1297ad360 DEBUG   GST_REGISTRY gstregistry.c:589:gst_registry_add_feature: adding feature 0x55c1297daca0 (dataurisrc)
0:00:00.005879967  2777 0x55c1297ad360 DEBUG   GST_REFCOUNTING gstobject.c:708:gst_object_set_parent: set parent (ref and sink)
0:00:00.005887121  2777 0x55c1297ad360 TRACE   GST_REFCOUNTING gstobject.c:292:gst_object_ref_sink: 0x55c1297daca0 ref_sink 1->2
0:00:00.005896484  2777 0x55c1297ad360 LOG   GST_REGISTRY gstregistry.c:607:gst_registry_add_feature: emitting feature-added for dataurisrc
0:00:00.005911038  2777 0x55c1297ad360 TRACE   GST_REFCOUNTING gstobject.c:208:gst_object_init: 0x55c1297dcab0 new
0:00:00.005922035  2777 0x55c1297ad360 LOG   GST_ELEMENT_FACTORY gstelementfactory.c:237:gst_element_register: Created new elementfactory for type GstDownloadBuffer
0:00:00.005936682  2777 0x55c1297ad360 TRACE   structure gststructure.c:292:gst_structure_new_id_empty_with_size: created structure 0x55c1297dce90
0:00:00.005945373  2777 0x55c1297ad360 TRACE   GST_PERFORMANCE gststructure.c:511:gst_structure_copy: doing copy 0x55c1297bc290 -> 0x55c1297dce90
0:00:00.005952969  2777 0x55c1297ad360 DEBUG   GST_ELEMENT_PADS gstelement.c:311:gst_element_base_class_init: type GstDownloadBuffer : factory 0x55c1297dcab0
0:00:00.005976761  2777 0x55c1297ad360 TRACE   GST_CAPS gstcaps.c:263:gst_caps_new_empty: created caps 0x55c1297dcbe0
0:00:00.005986145  2777 0x55c1297ad360 TRACE   GST_CAPS gstcaps.c:439:gst_static_caps_get: created 0x7f50bb9f4150 from string ANY
0:00:00.005993825  2777 0x55c1297ad360 TRACE   GST_REFCOUNTING gstminiobject.c:478:gst_mini_object_ref: 0x55c1297dcbe0 ref 1->2
0:00:00.006008157  2777 0x55c1297ad360 TRACE   GST_REFCOUNTING gstobject.c:208:gst_object_init: 0x55c1297dd3f0 new
0:00:00.006017432  2777 0x55c1297ad360 TRACE   GST_REFCOUNTING gstminiobject.c:478:gst_mini_object_ref: 0x55c1297dcbe0 ref 2->3
0:00:00.006029146  2777 0x55c1297ad360 TRACE   GST_REFCOUNTING gstminiobject.c:660:gst_mini_object_unref: 0x55c1297dcbe0 unref 3->2
0:00:00.006037805  2777 0x55c1297ad360 TRACE   GST_REFCOUNTING gstobject.c:292:gst_object_ref_sink: 0x55c1297dd3f0 ref_sink 1->2
0:00:00.006044833  2777 0x55c1297ad360 TRACE   GST_CAPS gstcaps.c:263:gst_caps_new_empty: created caps 0x55c1297dd560
0:00:00.006051171  2777 0x55c1297ad360 TRACE   GST_CAPS gstcaps.c:439:gst_static_caps_get: created 0x7f50bb9f4110 from string ANY
0:00:00.006059976  2777 0x55c1297ad360 TRACE   GST_REFCOUNTING gstminiobject.c:478:gst_mini_object_ref: 0x55c1297dd560 ref 1->2
0:00:00.006070441  2777 0x55c1297ad360 TRACE   GST_REFCOUNTING gstobject.c:208:gst_object_init: 0x55c1297dd5d0 new
0:00:00.006079841  2777 0x55c1297ad360 TRACE   GST_REFCOUNTING gstminiobject.c:478:gst_mini_object_ref: 0x55c1297dd560 ref 2->3
0:00:00.006089089  2777 0x55c1297ad360 TRACE   GST_REFCOUNTING gstminiobject.c:660:gst_mini_object_unref: 0x55c1297dd560 unref 3->2
0:00:00.006099504  2777 0x55c1297ad360 TRACE   GST_REFCOUNTING gstobject.c:292:gst_object_ref_sink: 0x55c1297dd5d0 ref_sink 1->2
0:00:00.006111445  2777 0x55c1297ad360 TRACE   structure gststructure.c:292:gst_structure_new_id_empty_with_size: created structure 0x55c1297dd8d0
0:00:00.006118849  2777 0x55c1297ad360 TRACE   GST_PERFORMANCE gststructure.c:511:gst_structure_copy: doing copy 0x55c1297dce90 -> 0x55c1297dd8d0
0:00:00.006128567  2777 0x55c1297ad360 DEBUG   GST_REGISTRY gstregistry.c:589:gst_registry_add_feature: adding feature 0x55c1297dcab0 (downloadbuffer)
0:00:00.006137489  2777 0x55c1297ad360 DEBUG   GST_REFCOUNTING gstobject.c:708:gst_object_set_parent: set parent (ref and sink)
0:00:00.006146426  2777 0x55c1297ad360 TRACE   GST_REFCOUNTING gstobject.c:292:gst_object_ref_sink: 0x55c1297dcab0 ref_sink 1->2
0:00:00.006153642  2777 0x55c1297ad360 LOG   GST_REGISTRY gstregistry.c:607:gst_registry_add_feature: emitting feature-added for downloadbuffer
0:00:00.006173493  2777 0x55c1297ad360 TRACE   GST_REFCOUNTING gstobject.c:208:gst_object_init: 0x55c1297ddc80 new
0:00:00.006186185  2777 0x55c1297ad360 LOG   GST_ELEMENT_FACTORY gstelementfactory.c:237:gst_element_register: Created new elementfactory for type GstFakeSrc
0:00:00.006219421  2777 0x55c1297ad360 TRACE   structure gststructure.c:292:gst_structure_new_id_empty_with_size: created structure 0x55c1297de1a0
0:00:00.006232251  2777 0x55c1297ad360 TRACE   GST_PERFORMANCE gststructure.c:511:gst_structure_copy: doing copy 0x55c1297db1c0 -> 0x55c1297de1a0
0:00:00.006241012  2777 0x55c1297ad360 DEBUG   GST_ELEMENT_PADS gstelement.c:311:gst_element_base_class_init: type GstFakeSrc : factory 0x55c1297ddc80
0:00:00.006304646  2777 0x55c1297ad360 TRACE   GST_CAPS gstcaps.c:263:gst_caps_new_empty: created caps 0x55c1297dddb0
0:00:00.006320508  2777 0x55c1297ad360 TRACE   GST_CAPS gstcaps.c:439:gst_static_caps_get: created 0x7f50bb9f41d0 from string ANY
0:00:00.006328114  2777 0x55c1297ad360 TRACE   GST_REFCOUNTING gstminiobject.c:478:gst_mini_object_ref: 0x55c1297dddb0 ref 1->2
0:00:00.006338846  2777 0x55c1297ad360 TRACE   GST_REFCOUNTING gstobject.c:208:gst_object_init: 0x55c1297df100 new
0:00:00.006348128  2777 0x55c1297ad360 TRACE   GST_REFCOUNTING gstminiobject.c:478:gst_mini_object_ref: 0x55c1297dddb0 ref 2->3
0:00:00.006360344  2777 0x55c1297ad360 TRACE   GST_REFCOUNTING gstminiobject.c:660:gst_mini_object_unref: 0x55c1297dddb0 unref 3->2
0:00:00.006369209  2777 0x55c1297ad360 TRACE   GST_REFCOUNTING gstobject.c:292:gst_object_ref_sink: 0x55c1297df100 ref_sink 1->2
0:00:00.006386986  2777 0x55c1297ad360 TRACE   structure gststructure.c:292:gst_structure_new_id_empty_with_size: created structure 0x55c1297df360
0:00:00.006394913  2777 0x55c1297ad360 TRACE   GST_PERFORMANCE gststructure.c:511:gst_structure_copy: doing copy 0x55c1297de1a0 -> 0x55c1297df360
0:00:00.006408018  2777 0x55c1297ad360 DEBUG   GST_REGISTRY gstregistry.c:589:gst_registry_add_feature: adding feature 0x55c1297ddc80 (fakesrc)
0:00:00.006415248  2777 0x55c1297ad360 DEBUG   GST_REFCOUNTING gstobject.c:708:gst_object_set_parent: set parent (ref and sink)
0:00:00.006422847  2777 0x55c1297ad360 TRACE   GST_REFCOUNTING gstobject.c:292:gst_object_ref_sink: 0x55c1297ddc80 ref_sink 1->2
0:00:00.006429600  2777 0x55c1297ad360 LOG   GST_REGISTRY gstregistry.c:607:gst_registry_add_feature: emitting feature-added for fakesrc
0:00:00.006454668  2777 0x55c1297ad360 TRACE   GST_REFCOUNTING gstobject.c:208:gst_object_init: 0x55c1297df8f0 new
0:00:00.006466322  2777 0x55c1297ad360 LOG   GST_ELEMENT_FACTORY gstelementfactory.c:237:gst_element_register: Created new elementfactory for type GstFakeSink
0:00:00.006476788  2777 0x55c1297ad360 TRACE   structure gststructure.c:292:gst_structure_new_id_empty_with_size: created structure 0x55c1297dfe00
0:00:00.006487051  2777 0x55c1297ad360 TRACE   GST_PERFORMANCE gststructure.c:511:gst_structure_copy: doing copy 0x55c1297bc290 -> 0x55c1297dfe00
0:00:00.006494788  2777 0x55c1297ad360 DEBUG   GST_ELEMENT_PADS gstelement.c:311:gst_element_base_class_init: type GstBaseSink : factory (nil)
0:00:00.006546176  2777 0x55c1297ad360 TRACE   structure gststructure.c:292:gst_structure_new_id_empty_with_size: created structure 0x55c1297e0ad0
0:00:00.006555427  2777 0x55c1297ad360 TRACE   GST_PERFORMANCE gststructure.c:511:gst_structure_copy: doing copy 0x55c1297dfe00 -> 0x55c1297e0ad0
0:00:00.006563052  2777 0x55c1297ad360 DEBUG   GST_ELEMENT_PADS gstelement.c:311:gst_element_base_class_init: type GstFakeSink : factory 0x55c1297df8f0
0:00:00.006603952  2777 0x55c1297ad360 TRACE   GST_CAPS gstcaps.c:263:gst_caps_new_empty: created caps 0x55c1297dfa20
0:00:00.006614208  2777 0x55c1297ad360 TRACE   GST_CAPS gstcaps.c:439:gst_static_caps_get: created 0x7f50bb9f4190 from string ANY
0:00:00.006626708  2777 0x55c1297ad360 TRACE   GST_REFCOUNTING gstminiobject.c:478:gst_mini_object_ref: 0x55c1297dfa20 ref 1->2
0:00:00.006637232  2777 0x55c1297ad360 TRACE   GST_REFCOUNTING gstobject.c:208:gst_object_init: 0x55c1297e15d0 new
0:00:00.006646426  2777 0x55c1297ad360 TRACE   GST_REFCOUNTING gstminiobject.c:478:gst_mini_object_ref: 0x55c1297dfa20 ref 2->3
0:00:00.006659348  2777 0x55c1297ad360 TRACE   GST_REFCOUNTING gstminiobject.c:660:gst_mini_object_unref: 0x55c1297dfa20 unref 3->2
0:00:00.006667867  2777 0x55c1297ad360 TRACE   GST_REFCOUNTING gstobject.c:292:gst_object_ref_sink: 0x55c1297e15d0 ref_sink 1->2
0:00:00.006678428  2777 0x55c1297ad360 TRACE   structure gststructure.c:292:gst_structure_new_id_empty_with_size: created structure 0x55c1297e19d0
0:00:00.006685907  2777 0x55c1297ad360 TRACE   GST_PERFORMANCE gststructure.c:511:gst_structure_copy: doing copy 0x55c1297e0ad0 -> 0x55c1297e19d0
0:00:00.006699020  2777 0x55c1297ad360 DEBUG   GST_REGISTRY gstregistry.c:589:gst_registry_add_feature: adding feature 0x55c1297df8f0 (fakesink)
