0:00:00.018038400  2777 0x55c1297ad360 DEBUG   GST_POLL gstpoll.c:979:gst_poll_fd_ctl_write: 0x55c1297d1cc0: fd (fd:0, idx:1), active : 1
0:00:00.023107313  2776 0x55ac640c5360 LOG   GST_REGISTRY gstregistrychunks.c:609:gst_registry_chunks_load_feature: Reading/casting for GstRegistryChunkElementFactory at address 0x55ac640ec2a8
0:00:00.018048173  2777 0x55c1297ad360 LOG   GST_POLL gstpoll.c:994:gst_poll_fd_ctl_write: 0x55c1297d1cc0: pfd->events now 60 (POLLOUT:4)
0:00:00.023118576  2776 0x55ac640c5360 TRACE   structure gststructure.c:292:gst_structure_new_id_empty_with_size: created structure 0x55ac640eff60
0:00:00.018056105  2777 0x55c1297ad360 DEBUG   GST_POLL gstpoll.c:979:gst_poll_fd_ctl_write: 0x55c1297d1cc0: fd (fd:0, idx:1), active : 1
0:00:00.023125416  2776 0x55ac640c5360 DEBUG   structure gststructure.c:2258:gst_structure_parse_field: trying field name 'long-name'
0:00:00.018064454  2777 0x55c1297ad360 LOG   GST_POLL gstpoll.c:994:gst_poll_fd_ctl_write: 0x55c1297d1cc0: pfd->events now 60 (POLLOUT:4)
0:00:00.023134797  2776 0x55ac640c5360 DEBUG   default gstvalue.c:2776:_priv_gst_value_parse_value: trying type name 'string'
0:00:00.018073979  2777 0x55c1297ad360 DEBUG   GST_POLL gstpoll.c:979:gst_poll_fd_ctl_write: 0x55c1297d1cc0: fd (fd:0, idx:1), active : 1
0:00:00.023143740  2776 0x55ac640c5360 DEBUG   structure gststructure.c:2258:gst_structure_parse_field: trying field name 'klass'
0:00:00.018084383  2777 0x55c1297ad360 LOG   GST_POLL gstpoll.c:994:gst_poll_fd_ctl_write: 0x55c1297d1cc0: pfd->events now 60 (POLLOUT:4)
0:00:00.023150275  2776 0x55ac640c5360 DEBUG   default gstvalue.c:2776:_priv_gst_value_parse_value: trying type name 'string'
0:00:00.018092109  2777 0x55c1297ad360 DEBUG   GST_POLL gstpoll.c:979:gst_poll_fd_ctl_write: 0x55c1297d1cc0: fd (fd:0, idx:1), active : 1
0:00:00.023157499  2776 0x55ac640c5360 DEBUG   structure gststructure.c:2258:gst_structure_parse_field: trying field name 'description'
0:00:00.018104937  2777 0x55c1297ad360 LOG   GST_POLL gstpoll.c:994:gst_poll_fd_ctl_write: 0x55c1297d1cc0: pfd->events now 60 (POLLOUT:4)
0:00:00.023171966  2776 0x55ac640c5360 DEBUG   default gstvalue.c:2776:_priv_gst_value_parse_value: trying type name 'string'
0:00:00.018112480  2777 0x55c1297ad360 DEBUG   GST_POLL gstpoll.c:979:gst_poll_fd_ctl_write: 0x55c1297d1cc0: fd (fd:0, idx:1), active : 1
0:00:00.023180874  2776 0x55ac640c5360 DEBUG   structure gststructure.c:2258:gst_structure_parse_field: trying field name 'author'
0:00:00.018122145  2777 0x55c1297ad360 LOG   GST_POLL gstpoll.c:994:gst_poll_fd_ctl_write: 0x55c1297d1cc0: pfd->events now 60 (POLLOUT:4)
0:00:00.023187892  2776 0x55ac640c5360 DEBUG   default gstvalue.c:2776:_priv_gst_value_parse_value: trying type name 'string'
0:00:00.018130159  2777 0x55c1297ad360 DEBUG   GST_POLL gstpoll.c:979:gst_poll_fd_ctl_write: 0x55c1297d1cc0: fd (fd:0, idx:1), active : 1
0:00:00.023196625  2776 0x55ac640c5360 DEBUG   GST_REGISTRY gstregistrychunks.c:626:gst_registry_chunks_load_feature: Element factory : npadtemplates=2
0:00:00.018137205  2777 0x55c1297ad360 LOG   GST_POLL gstpoll.c:994:gst_poll_fd_ctl_write: 0x55c1297d1cc0: pfd->events now 60 (POLLOUT:4)
0:00:00.023206049  2776 0x55ac640c5360 DEBUG   GST_REGISTRY gstregistrychunks.c:525:gst_registry_chunks_load_pad_template: Reading/casting for GstRegistryChunkPadTemplate at address 0x55ac640ec380
0:00:00.018144550  2777 0x55c1297ad360 DEBUG   GST_POLL gstpoll.c:979:gst_poll_fd_ctl_write: 0x55c1297d1cc0: fd (fd:0, idx:1), active : 1
0:00:00.023213423  2776 0x55ac640c5360 DEBUG   GST_REGISTRY gstregistrychunks.c:539:gst_registry_chunks_load_pad_template: Added pad_template src_%u
0:00:00.018154037  2777 0x55c1297ad360 LOG   GST_POLL gstpoll.c:994:gst_poll_fd_ctl_write: 0x55c1297d1cc0: pfd->events now 60 (POLLOUT:4)
0:00:00.023219661  2776 0x55ac640c5360 DEBUG   GST_REGISTRY gstregistrychunks.c:525:gst_registry_chunks_load_pad_template: Reading/casting for GstRegistryChunkPadTemplate at address 0x55ac640ec398
0:00:00.018161716  2777 0x55c1297ad360 DEBUG   GST_POLL gstpoll.c:979:gst_poll_fd_ctl_write: 0x55c1297d1cc0: fd (fd:0, idx:1), active : 1
0:00:00.023226328  2776 0x55ac640c5360 DEBUG   GST_REGISTRY gstregistrychunks.c:539:gst_registry_chunks_load_pad_template: Added pad_template sink
0:00:00.018168885  2777 0x55c1297ad360 LOG   GST_POLL gstpoll.c:994:gst_poll_fd_ctl_write: 0x55c1297d1cc0: pfd->events now 60 (POLLOUT:4)
0:00:00.023238579  2776 0x55ac640c5360 DEBUG   GST_REGISTRY gstregistry.c:589:gst_registry_add_feature: adding feature 0x55ac640efc60 (output-selector)
0:00:00.018176204  2777 0x55c1297ad360 DEBUG   GST_POLL gstpoll.c:979:gst_poll_fd_ctl_write: 0x55c1297d1cc0: fd (fd:0, idx:1), active : 1
0:00:00.023249195  2776 0x55ac640c5360 DEBUG   GST_REFCOUNTING gstobject.c:708:gst_object_set_parent: set parent (ref and sink)
0:00:00.018187009  2777 0x55c1297ad360 LOG   GST_POLL gstpoll.c:994:gst_poll_fd_ctl_write: 0x55c1297d1cc0: pfd->events now 60 (POLLOUT:4)
0:00:00.023278119  2776 0x55ac640c5360 TRACE   GST_REFCOUNTING gstobject.c:292:gst_object_ref_sink: 0x55ac640efc60 ref_sink 1->2
0:00:00.018216846  2777 0x55c1297ad360 DEBUG   GST_POLL gstpoll.c:979:gst_poll_fd_ctl_write: 0x55c1297d1cc0: fd (fd:0, idx:1), active : 1
0:00:00.023289095  2776 0x55ac640c5360 LOG   GST_REGISTRY gstregistry.c:607:gst_registry_add_feature: emitting feature-added for output-selector
0:00:00.018226332  2777 0x55c1297ad360 LOG   GST_POLL gstpoll.c:994:gst_poll_fd_ctl_write: 0x55c1297d1cc0: pfd->events now 60 (POLLOUT:4)
0:00:00.023297572  2776 0x55ac640c5360 DEBUG   GST_REGISTRY gstregistrychunks.c:740:gst_registry_chunks_load_feature: Added feature output-selector, plugin 0x55ac640f5ad0 coreelements
0:00:00.018237137  2777 0x55c1297ad360 DEBUG   GST_POLL gstpoll.c:979:gst_poll_fd_ctl_write: 0x55c1297d1cc0: fd (fd:0, idx:1), active : 1
0:00:00.023305013  2776 0x55ac640c5360 DEBUG   GST_REGISTRY gstregistrychunks.c:582:gst_registry_chunks_load_feature: Plugin 'coreelements' feature 'input-selector' typename : 'GstElementFactory'
0:00:00.018244323  2777 0x55c1297ad360 LOG   GST_POLL gstpoll.c:994:gst_poll_fd_ctl_write: 0x55c1297d1cc0: pfd->events now 60 (POLLOUT:4)
0:00:00.018251591  2777 0x55c1297ad360 DEBUG   GST_POLL gstpoll.c:979:gst_poll_fd_ctl_write: 0x55c1297d1cc0: fd (fd:0, idx:1), active : 1
0:00:00.023313982  2776 0x55ac640c5360 TRACE   GST_REFCOUNTING gstobject.c:208:gst_object_init: 0x55ac640f0620 new
0:00:00.018257739  2777 0x55c1297ad360 LOG   GST_POLL gstpoll.c:994:gst_poll_fd_ctl_write: 0x55c1297d1cc0: pfd->events now 60 (POLLOUT:4)
0:00:00.023327059  2776 0x55ac640c5360 LOG   GST_REGISTRY gstregistrychunks.c:609:gst_registry_chunks_load_feature: Reading/casting for GstRegistryChunkElementFactory at address 0x55ac640ec3d0
0:00:00.018268118  2777 0x55c1297ad360 LOG   GST_PLUGIN_LOADING gstpluginloader.c:644:put_chunk: Expanding tx buf from 10158 to 13209 for chunk of size 209
0:00:00.023337452  2776 0x55ac640c5360 TRACE   structure gststructure.c:292:gst_structure_new_id_empty_with_size: created structure 0x55ac640f0710
0:00:00.018277452  2777 0x55c1297ad360 DEBUG   GST_POLL gstpoll.c:979:gst_poll_fd_ctl_write: 0x55c1297d1cc0: fd (fd:0, idx:1), active : 1
0:00:00.023344719  2776 0x55ac640c5360 DEBUG   structure gststructure.c:2258:gst_structure_parse_field: trying field name 'long-name'
0:00:00.018284610  2777 0x55c1297ad360 LOG   GST_POLL gstpoll.c:994:gst_poll_fd_ctl_write: 0x55c1297d1cc0: pfd->events now 60 (POLLOUT:4)
0:00:00.023353381  2776 0x55ac640c5360 DEBUG   default gstvalue.c:2776:_priv_gst_value_parse_value: trying type name 'string'
0:00:00.018291909  2777 0x55c1297ad360 DEBUG   GST_POLL gstpoll.c:979:gst_poll_fd_ctl_write: 0x55c1297d1cc0: fd (fd:0, idx:1), active : 1
0:00:00.023363031  2776 0x55ac640c5360 DEBUG   structure gststructure.c:2258:gst_structure_parse_field: trying field name 'klass'
0:00:00.018302699  2777 0x55c1297ad360 LOG   GST_POLL gstpoll.c:994:gst_poll_fd_ctl_write: 0x55c1297d1cc0: pfd->events now 60 (POLLOUT:4)
0:00:00.023369912  2776 0x55ac640c5360 DEBUG   default gstvalue.c:2776:_priv_gst_value_parse_value: trying type name 'string'
0:00:00.018317170  2777 0x55c1297ad360 DEBUG   GST_POLL gstpoll.c:979:gst_poll_fd_ctl_write: 0x55c1297d1cc0: fd (fd:0, idx:1), active : 1
0:00:00.023382727  2776 0x55ac640c5360 DEBUG   structure gststructure.c:2258:gst_structure_parse_field: trying field name 'description'
0:00:00.018324726  2777 0x55c1297ad360 LOG   GST_POLL gstpoll.c:994:gst_poll_fd_ctl_write: 0x55c1297d1cc0: pfd->events now 60 (POLLOUT:4)
0:00:00.023392443  2776 0x55ac640c5360 DEBUG   default gstvalue.c:2776:_priv_gst_value_parse_value: trying type name 'string'
0:00:00.018331986  2777 0x55c1297ad360 DEBUG   GST_POLL gstpoll.c:979:gst_poll_fd_ctl_write: 0x55c1297d1cc0: fd (fd:0, idx:1), active : 1
0:00:00.023402365  2776 0x55ac640c5360 DEBUG   structure gststructure.c:2258:gst_structure_parse_field: trying field name 'author'
0:00:00.018341963  2777 0x55c1297ad360 LOG   GST_POLL gstpoll.c:994:gst_poll_fd_ctl_write: 0x55c1297d1cc0: pfd->events now 60 (POLLOUT:4)
0:00:00.023409440  2776 0x55ac640c5360 DEBUG   default gstvalue.c:2776:_priv_gst_value_parse_value: trying type name 'string'
0:00:00.018350265  2777 0x55c1297ad360 DEBUG   GST_POLL gstpoll.c:979:gst_poll_fd_ctl_write: 0x55c1297d1cc0: fd (fd:0, idx:1), active : 1
0:00:00.023419008  2776 0x55ac640c5360 DEBUG   GST_REGISTRY gstregistrychunks.c:626:gst_registry_chunks_load_feature: Element factory : npadtemplates=2
0:00:00.018357280  2777 0x55c1297ad360 LOG   GST_POLL gstpoll.c:994:gst_poll_fd_ctl_write: 0x55c1297d1cc0: pfd->events now 60 (POLLOUT:4)
0:00:00.023427668  2776 0x55ac640c5360 DEBUG   GST_REGISTRY gstregistrychunks.c:525:gst_registry_chunks_load_pad_template: Reading/casting for GstRegistryChunkPadTemplate at address 0x55ac640ec500
0:00:00.018366329  2777 0x55c1297ad360 DEBUG   GST_POLL gstpoll.c:979:gst_poll_fd_ctl_write: 0x55c1297d1cc0: fd (fd:0, idx:1), active : 1
0:00:00.023435553  2776 0x55ac640c5360 DEBUG   GST_REGISTRY gstregistrychunks.c:539:gst_registry_chunks_load_pad_template: Added pad_template src
0:00:00.018381801  2777 0x55c1297ad360 LOG   GST_POLL gstpoll.c:994:gst_poll_fd_ctl_write: 0x55c1297d1cc0: pfd->events now 60 (POLLOUT:4)
0:00:00.023445780  2776 0x55ac640c5360 DEBUG   GST_REGISTRY gstregistrychunks.c:525:gst_registry_chunks_load_pad_template: Reading/casting for GstRegistryChunkPadTemplate at address 0x55ac640ec510
0:00:00.018390057  2777 0x55c1297ad360 DEBUG   GST_POLL gstpoll.c:979:gst_poll_fd_ctl_write: 0x55c1297d1cc0: fd (fd:0, idx:1), active : 1
0:00:00.023455029  2776 0x55ac640c5360 DEBUG   GST_REGISTRY gstregistrychunks.c:539:gst_registry_chunks_load_pad_template: Added pad_template sink_%u
0:00:00.018397607  2777 0x55c1297ad360 LOG   GST_POLL gstpoll.c:994:gst_poll_fd_ctl_write: 0x55c1297d1cc0: pfd->events now 60 (POLLOUT:4)
0:00:00.023468187  2776 0x55ac640c5360 DEBUG   GST_REGISTRY gstregistry.c:589:gst_registry_add_feature: adding feature 0x55ac640f0620 (input-selector)
0:00:00.018405247  2777 0x55c1297ad360 DEBUG   GST_POLL gstpoll.c:979:gst_poll_fd_ctl_write: 0x55c1297d1cc0: fd (fd:0, idx:1), active : 1
0:00:00.023477640  2776 0x55ac640c5360 DEBUG   GST_REFCOUNTING gstobject.c:708:gst_object_set_parent: set parent (ref and sink)
0:00:00.018423656  2777 0x55c1297ad360 LOG   GST_POLL gstpoll.c:994:gst_poll_fd_ctl_write: 0x55c1297d1cc0: pfd->events now 60 (POLLOUT:4)
0:00:00.023489518  2776 0x55ac640c5360 TRACE   GST_REFCOUNTING gstobject.c:292:gst_object_ref_sink: 0x55ac640f0620 ref_sink 1->2
0:00:00.018431396  2777 0x55c1297ad360 DEBUG   GST_POLL gstpoll.c:979:gst_poll_fd_ctl_write: 0x55c1297d1cc0: fd (fd:0, idx:1), active : 1
0:00:00.023497231  2776 0x55ac640c5360 LOG   GST_REGISTRY gstregistry.c:607:gst_registry_add_feature: emitting feature-added for input-selector
0:00:00.018438185  2777 0x55c1297ad360 LOG   GST_POLL gstpoll.c:994:gst_poll_fd_ctl_write: 0x55c1297d1cc0: pfd->events now 60 (POLLOUT:4)
0:00:00.023507250  2776 0x55ac640c5360 DEBUG   GST_REGISTRY gstregistrychunks.c:740:gst_registry_chunks_load_feature: Added feature input-selector, plugin 0x55ac640f5ad0 coreelements
0:00:00.018445353  2777 0x55c1297ad360 DEBUG   GST_POLL gstpoll.c:979:gst_poll_fd_ctl_write: 0x55c1297d1cc0: fd (fd:0, idx:1), active : 1
0:00:00.018455598  2777 0x55c1297ad360 LOG   GST_POLL gstpoll.c:994:gst_poll_fd_ctl_write: 0x55c1297d1cc0: pfd->events now 60 (POLLOUT:4)
0:00:00.023520548  2776 0x55ac640c5360 DEBUG   GST_REGISTRY gstregistrychunks.c:582:gst_registry_chunks_load_feature: Plugin 'coreelements' feature 'identity' typename : 'GstElementFactory'
0:00:00.018463091  2777 0x55c1297ad360 DEBUG   GST_POLL gstpoll.c:979:gst_poll_fd_ctl_write: 0x55c1297d1cc0: fd (fd:0, idx:1), active : 1
0:00:00.023531328  2776 0x55ac640c5360 TRACE   GST_REFCOUNTING gstobject.c:208:gst_object_init: 0x55ac640f0ca0 new
0:00:00.018470464  2777 0x55c1297ad360 LOG   GST_POLL gstpoll.c:994:gst_poll_fd_ctl_write: 0x55c1297d1cc0: pfd->events now 60 (POLLOUT:4)
0:00:00.023541107  2776 0x55ac640c5360 LOG   GST_REGISTRY gstregistrychunks.c:609:gst_registry_chunks_load_feature: Reading/casting for GstRegistryChunkElementFactory at address 0x55ac640ec540
0:00:00.018478177  2777 0x55c1297ad360 DEBUG   GST_POLL gstpoll.c:979:gst_poll_fd_ctl_write: 0x55c1297d1cc0: fd (fd:0, idx:1), active : 1
0:00:00.018490886  2777 0x55c1297ad360 LOG   GST_POLL gstpoll.c:994:gst_poll_fd_ctl_write: 0x55c1297d1cc0: pfd->events now 60 (POLLOUT:4)
0:00:00.023555438  2776 0x55ac640c5360 TRACE   structure gststructure.c:292:gst_structure_new_id_empty_with_size: created structure 0x55ac640f0ed0
0:00:00.018498678  2777 0x55c1297ad360 DEBUG   GST_POLL gstpoll.c:979:gst_poll_fd_ctl_write: 0x55c1297d1cc0: fd (fd:0, idx:1), active : 1
0:00:00.023563879  2776 0x55ac640c5360 DEBUG   structure gststructure.c:2258:gst_structure_parse_field: trying field name 'long-name'
0:00:00.018506424  2777 0x55c1297ad360 LOG   GST_POLL gstpoll.c:994:gst_poll_fd_ctl_write: 0x55c1297d1cc0: pfd->events now 60 (POLLOUT:4)
0:00:00.023571631  2776 0x55ac640c5360 DEBUG   default gstvalue.c:2776:_priv_gst_value_parse_value: trying type name 'string'
0:00:00.018513962  2777 0x55c1297ad360 DEBUG   GST_POLL gstpoll.c:979:gst_poll_fd_ctl_write: 0x55c1297d1cc0: fd (fd:0, idx:1), active : 1
0:00:00.023592531  2776 0x55ac640c5360 DEBUG   structure gststructure.c:2258:gst_structure_parse_field: trying field name 'klass'
0:00:00.018530669  2777 0x55c1297ad360 LOG   GST_POLL gstpoll.c:994:gst_poll_fd_ctl_write: 0x55c1297d1cc0: pfd->events now 60 (POLLOUT:4)
0:00:00.023601031  2776 0x55ac640c5360 DEBUG   default gstvalue.c:2776:_priv_gst_value_parse_value: trying type name 'string'
0:00:00.018540535  2777 0x55c1297ad360 DEBUG   GST_POLL gstpoll.c:979:gst_poll_fd_ctl_write: 0x55c1297d1cc0: fd (fd:0, idx:1), active : 1
0:00:00.023609314  2776 0x55ac640c5360 DEBUG   structure gststructure.c:2258:gst_structure_parse_field: trying field name 'description'
0:00:00.018548118  2777 0x55c1297ad360 LOG   GST_POLL gstpoll.c:994:gst_poll_fd_ctl_write: 0x55c1297d1cc0: pfd->events now 60 (POLLOUT:4)
0:00:00.023615815  2776 0x55ac640c5360 DEBUG   default gstvalue.c:2776:_priv_gst_value_parse_value: trying type name 'string'
0:00:00.018556098  2777 0x55c1297ad360 DEBUG   GST_POLL gstpoll.c:979:gst_poll_fd_ctl_write: 0x55c1297d1cc0: fd (fd:0, idx:1), active : 1
0:00:00.023626943  2776 0x55ac640c5360 DEBUG   structure gststructure.c:2258:gst_structure_parse_field: trying field name 'author'
0:00:00.018565950  2777 0x55c1297ad360 LOG   GST_POLL gstpoll.c:994:gst_poll_fd_ctl_write: 0x55c1297d1cc0: pfd->events now 60 (POLLOUT:4)
0:00:00.023634654  2776 0x55ac640c5360 DEBUG   default gstvalue.c:2776:_priv_gst_value_parse_value: trying type name 'string'
0:00:00.018574373  2777 0x55c1297ad360 DEBUG   GST_POLL gstpoll.c:979:gst_poll_fd_ctl_write: 0x55c1297d1cc0: fd (fd:0, idx:1), active : 1
0:00:00.023642652  2776 0x55ac640c5360 DEBUG   GST_REGISTRY gstregistrychunks.c:626:gst_registry_chunks_load_feature: Element factory : npadtemplates=2
0:00:00.018581998  2777 0x55c1297ad360 LOG   GST_POLL gstpoll.c:994:gst_poll_fd_ctl_write: 0x55c1297d1cc0: pfd->events now 60 (POLLOUT:4)
0:00:00.023649444  2776 0x55ac640c5360 DEBUG   GST_REGISTRY gstregistrychunks.c:525:gst_registry_chunks_load_pad_template: Reading/casting for GstRegistryChunkPadTemplate at address 0x55ac640ec610
0:00:00.018589564  2777 0x55c1297ad360 DEBUG   GST_POLL gstpoll.c:979:gst_poll_fd_ctl_write: 0x55c1297d1cc0: fd (fd:0, idx:1), active : 1
0:00:00.023658385  2776 0x55ac640c5360 DEBUG   GST_REGISTRY gstregistrychunks.c:539:gst_registry_chunks_load_pad_template: Added pad_template sink
0:00:00.018599282  2777 0x55c1297ad360 LOG   GST_POLL gstpoll.c:994:gst_poll_fd_ctl_write: 0x55c1297d1cc0: pfd->events now 60 (POLLOUT:4)
0:00:00.023666155  2776 0x55ac640c5360 DEBUG   GST_REGISTRY gstregistrychunks.c:525:gst_registry_chunks_load_pad_template: Reading/casting for GstRegistryChunkPadTemplate at address 0x55ac640ec628
0:00:00.018607165  2777 0x55c1297ad360 DEBUG   GST_POLL gstpoll.c:979:gst_poll_fd_ctl_write: 0x55c1297d1cc0: fd (fd:0, idx:1), active : 1
0:00:00.023672888  2776 0x55ac640c5360 DEBUG   GST_REGISTRY gstregistrychunks.c:539:gst_registry_chunks_load_pad_template: Added pad_template src
0:00:00.018614859  2777 0x55c1297ad360 LOG   GST_POLL gstpoll.c:994:gst_poll_fd_ctl_write: 0x55c1297d1cc0: pfd->events now 60 (POLLOUT:4)
0:00:00.023682847  2776 0x55ac640c5360 DEBUG   GST_REGISTRY gstregistry.c:589:gst_registry_add_feature: adding feature 0x55ac640f0ca0 (identity)
0:00:00.018631588  2777 0x55c1297ad360 DEBUG   GST_POLL gstpoll.c:979:gst_poll_fd_ctl_write: 0x55c1297d1cc0: fd (fd:0, idx:1), active : 1
0:00:00.023699082  2776 0x55ac640c5360 DEBUG   GST_REFCOUNTING gstobject.c:708:gst_object_set_parent: set parent (ref and sink)
0:00:00.018641518  2777 0x55c1297ad360 LOG   GST_POLL gstpoll.c:994:gst_poll_fd_ctl_write: 0x55c1297d1cc0: pfd->events now 60 (POLLOUT:4)
0:00:00.023708917  2776 0x55ac640c5360 TRACE   GST_REFCOUNTING gstobject.c:292:gst_object_ref_sink: 0x55ac640f0ca0 ref_sink 1->2
0:00:00.018649373  2777 0x55c1297ad360 DEBUG   GST_POLL gstpoll.c:979:gst_poll_fd_ctl_write: 0x55c1297d1cc0: fd (fd:0, idx:1), active : 1
0:00:00.023716948  2776 0x55ac640c5360 LOG   GST_REGISTRY gstregistry.c:607:gst_registry_add_feature: emitting feature-added for identity
0:00:00.018656485  2777 0x55c1297ad360 LOG   GST_POLL gstpoll.c:994:gst_poll_fd_ctl_write: 0x55c1297d1cc0: pfd->events now 60 (POLLOUT:4)
0:00:00.023724625  2776 0x55ac640c5360 DEBUG   GST_REGISTRY gstregistrychunks.c:740:gst_registry_chunks_load_feature: Added feature identity, plugin 0x55ac640f5ad0 coreelements
0:00:00.018663654  2777 0x55c1297ad360 DEBUG   GST_POLL gstpoll.c:979:gst_poll_fd_ctl_write: 0x55c1297d1cc0: fd (fd:0, idx:1), active : 1
0:00:00.023734460  2776 0x55ac640c5360 DEBUG   GST_REGISTRY gstregistrychunks.c:582:gst_registry_chunks_load_feature: Plugin 'coreelements' feature 'funnel' typename : 'GstElementFactory'
0:00:00.018673403  2777 0x55c1297ad360 LOG   GST_POLL gstpoll.c:994:gst_poll_fd_ctl_write: 0x55c1297d1cc0: pfd->events now 60 (POLLOUT:4)
0:00:00.018681872  2777 0x55c1297ad360 DEBUG   GST_POLL gstpoll.c:979:gst_poll_fd_ctl_write: 0x55c1297d1cc0: fd (fd:0, idx:1), active : 1
0:00:00.023745140  2776 0x55ac640c5360 TRACE   GST_REFCOUNTING gstobject.c:208:gst_object_init: 0x55ac640f1310 new
0:00:00.018689126  2777 0x55c1297ad360 LOG   GST_POLL gstpoll.c:994:gst_poll_fd_ctl_write: 0x55c1297d1cc0: pfd->events now 60 (POLLOUT:4)
0:00:00.023756493  2776 0x55ac640c5360 LOG   GST_REGISTRY gstregistrychunks.c:609:gst_registry_chunks_load_feature: Reading/casting for GstRegistryChunkElementFactory at address 0x55ac640ec658
0:00:00.018696941  2777 0x55c1297ad360 DEBUG   GST_POLL gstpoll.c:979:gst_poll_fd_ctl_write: 0x55c1297d1cc0: fd (fd:0, idx:1), active : 1
0:00:00.023763827  2776 0x55ac640c5360 TRACE   structure gststructure.c:292:gst_structure_new_id_empty_with_size: created structure 0x55ac640f1610
0:00:00.018707168  2777 0x55c1297ad360 LOG   GST_POLL gstpoll.c:994:gst_poll_fd_ctl_write: 0x55c1297d1cc0: pfd->events now 60 (POLLOUT:4)
0:00:00.023773398  2776 0x55ac640c5360 DEBUG   structure gststructure.c:2258:gst_structure_parse_field: trying field name 'long-name'
0:00:00.018714883  2777 0x55c1297ad360 DEBUG   GST_POLL gstpoll.c:979:gst_poll_fd_ctl_write: 0x55c1297d1cc0: fd (fd:0, idx:1), active : 1
0:00:00.023780751  2776 0x55ac640c5360 DEBUG   default gstvalue.c:2776:_priv_gst_value_parse_value: trying type name 'string'
0:00:00.018726982  2777 0x55c1297ad360 LOG   GST_POLL gstpoll.c:994:gst_poll_fd_ctl_write: 0x55c1297d1cc0: pfd->events now 60 (POLLOUT:4)
0:00:00.023793660  2776 0x55ac640c5360 DEBUG   structure gststructure.c:2258:gst_structure_parse_field: trying field name 'klass'
0:00:00.018734052  2777 0x55c1297ad360 DEBUG   GST_POLL gstpoll.c:979:gst_poll_fd_ctl_write: 0x55c1297d1cc0: fd (fd:0, idx:1), active : 1
0:00:00.023799793  2776 0x55ac640c5360 DEBUG   default gstvalue.c:2776:_priv_gst_value_parse_value: trying type name 'string'
0:00:00.018744000  2777 0x55c1297ad360 LOG   GST_POLL gstpoll.c:994:gst_poll_fd_ctl_write: 0x55c1297d1cc0: pfd->events now 60 (POLLOUT:4)
0:00:00.023811691  2776 0x55ac640c5360 DEBUG   structure gststructure.c:2258:gst_structure_parse_field: trying field name 'description'
0:00:00.018751739  2777 0x55c1297ad360 DEBUG   GST_POLL gstpoll.c:979:gst_poll_fd_ctl_write: 0x55c1297d1cc0: fd (fd:0, idx:1), active : 1
0:00:00.023820092  2776 0x55ac640c5360 DEBUG   default gstvalue.c:2776:_priv_gst_value_parse_value: trying type name 'string'
0:00:00.018759142  2777 0x55c1297ad360 LOG   GST_POLL gstpoll.c:994:gst_poll_fd_ctl_write: 0x55c1297d1cc0: pfd->events now 60 (POLLOUT:4)
0:00:00.023827911  2776 0x55ac640c5360 DEBUG   structure gststructure.c:2258:gst_structure_parse_field: trying field name 'author'
0:00:00.018766147  2777 0x55c1297ad360 DEBUG   GST_POLL gstpoll.c:979:gst_poll_fd_ctl_write: 0x55c1297d1cc0: fd (fd:0, idx:1), active : 1
0:00:00.023834366  2776 0x55ac640c5360 DEBUG   default gstvalue.c:2776:_priv_gst_value_parse_value: trying type name 'string'
0:00:00.018775623  2777 0x55c1297ad360 LOG   GST_POLL gstpoll.c:994:gst_poll_fd_ctl_write: 0x55c1297d1cc0: pfd->events now 60 (POLLOUT:4)
0:00:00.023844626  2776 0x55ac640c5360 DEBUG   GST_REGISTRY gstregistrychunks.c:626:gst_registry_chunks_load_feature: Element factory : npadtemplates=2
0:00:00.018783301  2777 0x55c1297ad360 DEBUG   GST_POLL gstpoll.c:979:gst_poll_fd_ctl_write: 0x55c1297d1cc0: fd (fd:0, idx:1), active : 1
0:00:00.023852418  2776 0x55ac640c5360 DEBUG   GST_REGISTRY gstregistrychunks.c:525:gst_registry_chunks_load_pad_template: Reading/casting for GstRegistryChunkPadTemplate at address 0x55ac640ec730
0:00:00.018791374  2777 0x55c1297ad360 LOG   GST_POLL gstpoll.c:994:gst_poll_fd_ctl_write: 0x55c1297d1cc0: pfd->events now 60 (POLLOUT:4)
0:00:00.023859323  2776 0x55ac640c5360 DEBUG   GST_REGISTRY gstregistrychunks.c:539:gst_registry_chunks_load_pad_template: Added pad_template src
0:00:00.018798918  2777 0x55c1297ad360 DEBUG   GST_POLL gstpoll.c:979:gst_poll_fd_ctl_write: 0x55c1297d1cc0: fd (fd:0, idx:1), active : 1
0:00:00.023866053  2776 0x55ac640c5360 DEBUG   GST_REGISTRY gstregistrychunks.c:525:gst_registry_chunks_load_pad_template: Reading/casting for GstRegistryChunkPadTemplate at address 0x55ac640ec740
0:00:00.018808790  2777 0x55c1297ad360 LOG   GST_POLL gstpoll.c:994:gst_poll_fd_ctl_write: 0x55c1297d1cc0: pfd->events now 60 (POLLOUT:4)
0:00:00.023874973  2776 0x55ac640c5360 DEBUG   GST_REGISTRY gstregistrychunks.c:539:gst_registry_chunks_load_pad_template: Added pad_template sink_%u
0:00:00.018821339  2777 0x55c1297ad360 DEBUG   GST_POLL gstpoll.c:979:gst_poll_fd_ctl_write: 0x55c1297d1cc0: fd (fd:0, idx:1), active : 1
0:00:00.023888807  2776 0x55ac640c5360 DEBUG   GST_REGISTRY gstregistry.c:589:gst_registry_add_feature: adding feature 0x55ac640f1310 (funnel)
0:00:00.018828540  2777 0x55c1297ad360 LOG   GST_POLL gstpoll.c:994:gst_poll_fd_ctl_write: 0x55c1297d1cc0: pfd->events now 60 (POLLOUT:4)
0:00:00.023895941  2776 0x55ac640c5360 DEBUG   GST_REFCOUNTING gstobject.c:708:gst_object_set_parent: set parent (ref and sink)
0:00:00.018836038  2777 0x55c1297ad360 DEBUG   GST_POLL gstpoll.c:979:gst_poll_fd_ctl_write: 0x55c1297d1cc0: fd (fd:0, idx:1), active : 1
0:00:00.023904425  2776 0x55ac640c5360 TRACE   GST_REFCOUNTING gstobject.c:292:gst_object_ref_sink: 0x55ac640f1310 ref_sink 1->2
0:00:00.018845872  2777 0x55c1297ad360 LOG   GST_POLL gstpoll.c:994:gst_poll_fd_ctl_write: 0x55c1297d1cc0: pfd->events now 60 (POLLOUT:4)
0:00:00.023914287  2776 0x55ac640c5360 LOG   GST_REGISTRY gstregistry.c:607:gst_registry_add_feature: emitting feature-added for funnel
0:00:00.018853930  2777 0x55c1297ad360 DEBUG   GST_POLL gstpoll.c:979:gst_poll_fd_ctl_write: 0x55c1297d1cc0: fd (fd:0, idx:1), active : 1
0:00:00.023923207  2776 0x55ac640c5360 DEBUG   GST_REGISTRY gstregistrychunks.c:740:gst_registry_chunks_load_feature: Added feature funnel, plugin 0x55ac640f5ad0 coreelements
0:00:00.018860934  2777 0x55c1297ad360 LOG   GST_POLL gstpoll.c:994:gst_poll_fd_ctl_write: 0x55c1297d1cc0: pfd->events now 60 (POLLOUT:4)
0:00:00.023931090  2776 0x55ac640c5360 DEBUG   GST_REGISTRY gstregistrychunks.c:582:gst_registry_chunks_load_feature: Plugin 'coreelements' feature 'filesrc' typename : 'GstElementFactory'
0:00:00.018869377  2777 0x55c1297ad360 DEBUG   GST_POLL gstpoll.c:979:gst_poll_fd_ctl_write: 0x55c1297d1cc0: fd (fd:0, idx:1), active : 1
0:00:00.023939990  2776 0x55ac640c5360 TRACE   GST_REFCOUNTING gstobject.c:208:gst_object_init: 0x55ac640f1a30 new
0:00:00.018878830  2777 0x55c1297ad360 LOG   GST_POLL gstpoll.c:994:gst_poll_fd_ctl_write: 0x55c1297d1cc0: pfd->events now 60 (POLLOUT:4)
0:00:00.018888778  2777 0x55c1297ad360 DEBUG   GST_POLL gstpoll.c:979:gst_poll_fd_ctl_write: 0x55c1297d1cc0: fd (fd:0, idx:1), active : 1
0:00:00.023952051  2776 0x55ac640c5360 LOG   GST_REGISTRY gstregistrychunks.c:609:gst_registry_chunks_load_feature: Reading/casting for GstRegistryChunkElementFactory at address 0x55ac640ec770
0:00:00.018895227  2777 0x55c1297ad360 LOG   GST_POLL gstpoll.c:994:gst_poll_fd_ctl_write: 0x55c1297d1cc0: pfd->events now 60 (POLLOUT:4)
0:00:00.023961438  2776 0x55ac640c5360 TRACE   structure gststructure.c:292:gst_structure_new_id_empty_with_size: created structure 0x55ac640f1d30
0:00:00.018902460  2777 0x55c1297ad360 DEBUG   GST_POLL gstpoll.c:979:gst_poll_fd_ctl_write: 0x55c1297d1cc0: fd (fd:0, idx:1), active : 1
0:00:00.023968190  2776 0x55ac640c5360 DEBUG   structure gststructure.c:2258:gst_structure_parse_field: trying field name 'long-name'
0:00:00.018912077  2777 0x55c1297ad360 LOG   GST_POLL gstpoll.c:994:gst_poll_fd_ctl_write: 0x55c1297d1cc0: pfd->events now 60 (POLLOUT:4)
0:00:00.023982664  2776 0x55ac640c5360 DEBUG   default gstvalue.c:2776:_priv_gst_value_parse_value: trying type name 'string'
0:00:00.018922635  2777 0x55c1297ad360 DEBUG   GST_POLL gstpoll.c:979:gst_poll_fd_ctl_write: 0x55c1297d1cc0: fd (fd:0, idx:1), active : 1
0:00:00.018930008  2777 0x55c1297ad360 LOG   GST_POLL gstpoll.c:994:gst_poll_fd_ctl_write: 0x55c1297d1cc0: pfd->events now 60 (POLLOUT:4)
0:00:00.023992790  2776 0x55ac640c5360 DEBUG   structure gststructure.c:2258:gst_structure_parse_field: trying field name 'klass'
0:00:00.018936877  2777 0x55c1297ad360 DEBUG   GST_POLL gstpoll.c:979:gst_poll_fd_ctl_write: 0x55c1297d1cc0: fd (fd:0, idx:1), active : 1
0:00:00.024001848  2776 0x55ac640c5360 DEBUG   default gstvalue.c:2776:_priv_gst_value_parse_value: trying type name 'string'
0:00:00.018946605  2777 0x55c1297ad360 LOG   GST_POLL gstpoll.c:994:gst_poll_fd_ctl_write: 0x55c1297d1cc0: pfd->events now 60 (POLLOUT:4)
0:00:00.024011571  2776 0x55ac640c5360 DEBUG   structure gststructure.c:2258:gst_structure_parse_field: trying field name 'description'
0:00:00.018954314  2777 0x55c1297ad360 DEBUG   GST_POLL gstpoll.c:979:gst_poll_fd_ctl_write: 0x55c1297d1cc0: fd (fd:0, idx:1), active : 1
0:00:00.024019068  2776 0x55ac640c5360 DEBUG   default gstvalue.c:2776:_priv_gst_value_parse_value: trying type name 'string'
0:00:00.018961324  2777 0x55c1297ad360 LOG   GST_POLL gstpoll.c:994:gst_poll_fd_ctl_write: 0x55c1297d1cc0: pfd->events now 60 (POLLOUT:4)
0:00:00.024030283  2776 0x55ac640c5360 DEBUG   structure gststructure.c:2258:gst_structure_parse_field: trying field name 'author'
0:00:00.018968680  2777 0x55c1297ad360 DEBUG   GST_POLL gstpoll.c:979:gst_poll_fd_ctl_write: 0x55c1297d1cc0: fd (fd:0, idx:1), active : 1
0:00:00.024038062  2776 0x55ac640c5360 DEBUG   default gstvalue.c:2776:_priv_gst_value_parse_value: trying type name 'string'
0:00:00.018978733  2777 0x55c1297ad360 LOG   GST_POLL gstpoll.c:994:gst_poll_fd_ctl_write: 0x55c1297d1cc0: pfd->events now 60 (POLLOUT:4)
0:00:00.024046094  2776 0x55ac640c5360 DEBUG   GST_REGISTRY gstregistrychunks.c:626:gst_registry_chunks_load_feature: Element factory : npadtemplates=1
0:00:00.018986487  2777 0x55c1297ad360 DEBUG   GST_POLL gstpoll.c:979:gst_poll_fd_ctl_write: 0x55c1297d1cc0: fd (fd:0, idx:1), active : 1
0:00:00.024052480  2776 0x55ac640c5360 DEBUG   GST_REGISTRY gstregistrychunks.c:525:gst_registry_chunks_load_pad_template: Reading/casting for GstRegistryChunkPadTemplate at address 0x55ac640ec850
0:00:00.018993951  2777 0x55c1297ad360 LOG   GST_POLL gstpoll.c:994:gst_poll_fd_ctl_write: 0x55c1297d1cc0: pfd->events now 60 (POLLOUT:4)
0:00:00.024061367  2776 0x55ac640c5360 DEBUG   GST_REGISTRY gstregistrychunks.c:539:gst_registry_chunks_load_pad_template: Added pad_template src
0:00:00.019001360  2777 0x55c1297ad360 DEBUG   GST_POLL gstpoll.c:979:gst_poll_fd_ctl_write: 0x55c1297d1cc0: fd (fd:0, idx:1), active : 1
0:00:00.024070009  2776 0x55ac640c5360 DEBUG   GST_REGISTRY gstregistrychunks.c:639:gst_registry_chunks_load_feature: Reading 1 UriTypes at address 0x55ac640ec860
0:00:00.019011113  2777 0x55c1297ad360 LOG   GST_POLL gstpoll.c:994:gst_poll_fd_ctl_write: 0x55c1297d1cc0: pfd->events now 60 (POLLOUT:4)
0:00:00.024083183  2776 0x55ac640c5360 DEBUG   GST_REGISTRY gstregistrychunks.c:654:gst_registry_chunks_load_feature: Reading 1 Interfaces at address 0x55ac640ec869
0:00:00.019021884  2777 0x55c1297ad360 DEBUG   GST_POLL gstpoll.c:979:gst_poll_fd_ctl_write: 0x55c1297d1cc0: fd (fd:0, idx:1), active : 1
0:00:00.019029663  2777 0x55c1297ad360 LOG   GST_POLL gstpoll.c:994:gst_poll_fd_ctl_write: 0x55c1297d1cc0: pfd->events now 60 (POLLOUT:4)
0:00:00.024093210  2776 0x55ac640c5360 DEBUG   GST_REGISTRY gstregistry.c:589:gst_registry_add_feature: adding feature 0x55ac640f1a30 (filesrc)
0:00:00.019036151  2777 0x55c1297ad360 DEBUG   GST_POLL gstpoll.c:979:gst_poll_fd_ctl_write: 0x55c1297d1cc0: fd (fd:0, idx:1), active : 1
0:00:00.024103651  2776 0x55ac640c5360 DEBUG   GST_REFCOUNTING gstobject.c:708:gst_object_set_parent: set parent (ref and sink)
0:00:00.019045761  2777 0x55c1297ad360 LOG   GST_POLL gstpoll.c:994:gst_poll_fd_ctl_write: 0x55c1297d1cc0: pfd->events now 60 (POLLOUT:4)
0:00:00.024113943  2776 0x55ac640c5360 TRACE   GST_REFCOUNTING gstobject.c:292:gst_object_ref_sink: 0x55ac640f1a30 ref_sink 1->2
0:00:00.019053956  2777 0x55c1297ad360 DEBUG   GST_POLL gstpoll.c:979:gst_poll_fd_ctl_write: 0x55c1297d1cc0: fd (fd:0, idx:1), active : 1
0:00:00.024122355  2776 0x55ac640c5360 LOG   GST_REGISTRY gstregistry.c:607:gst_registry_add_feature: emitting feature-added for filesrc
0:00:00.019061401  2777 0x55c1297ad360 LOG   GST_POLL gstpoll.c:994:gst_poll_fd_ctl_write: 0x55c1297d1cc0: pfd->events now 60 (POLLOUT:4)
0:00:00.024130036  2776 0x55ac640c5360 DEBUG   GST_REGISTRY gstregistrychunks.c:740:gst_registry_chunks_load_feature: Added feature filesrc, plugin 0x55ac640f5ad0 coreelements
0:00:00.019068697  2777 0x55c1297ad360 DEBUG   GST_POLL gstpoll.c:979:gst_poll_fd_ctl_write: 0x55c1297d1cc0: fd (fd:0, idx:1), active : 1
0:00:00.024140621  2776 0x55ac640c5360 DEBUG   GST_REGISTRY gstregistrychunks.c:582:gst_registry_chunks_load_feature: Plugin 'coreelements' feature 'fdsink' typename : 'GstElementFactory'
0:00:00.019080359  2777 0x55c1297ad360 LOG   GST_POLL gstpoll.c:994:gst_poll_fd_ctl_write: 0x55c1297d1cc0: pfd->events now 60 (POLLOUT:4)
0:00:00.019089346  2777 0x55c1297ad360 DEBUG   GST_POLL gstpoll.c:979:gst_poll_fd_ctl_write: 0x55c1297d1cc0: fd (fd:0, idx:1), active : 1
0:00:00.024152929  2776 0x55ac640c5360 TRACE   GST_REFCOUNTING gstobject.c:208:gst_object_init: 0x55ac640f21e0 new
0:00:00.019096084  2777 0x55c1297ad360 LOG   GST_POLL gstpoll.c:994:gst_poll_fd_ctl_write: 0x55c1297d1cc0: pfd->events now 60 (POLLOUT:4)
0:00:00.024163549  2776 0x55ac640c5360 LOG   GST_REGISTRY gstregistrychunks.c:609:gst_registry_chunks_load_feature: Reading/casting for GstRegistryChunkElementFactory at address 0x55ac640ec890
0:00:00.019103494  2777 0x55c1297ad360 DEBUG   GST_POLL gstpoll.c:979:gst_poll_fd_ctl_write: 0x55c1297d1cc0: fd (fd:0, idx:1), active : 1
0:00:00.024171053  2776 0x55ac640c5360 TRACE   structure gststructure.c:292:gst_structure_new_id_empty_with_size: created structure 0x55ac640f2560
0:00:00.019119863  2777 0x55c1297ad360 LOG   GST_POLL gstpoll.c:994:gst_poll_fd_ctl_write: 0x55c1297d1cc0: pfd->events now 60 (POLLOUT:4)
0:00:00.024185929  2776 0x55ac640c5360 DEBUG   structure gststructure.c:2258:gst_structure_parse_field: trying field name 'long-name'
0:00:00.019128142  2777 0x55c1297ad360 DEBUG   GST_POLL gstpoll.c:979:gst_poll_fd_ctl_write: 0x55c1297d1cc0: fd (fd:0, idx:1), active : 1
0:00:00.024193742  2776 0x55ac640c5360 DEBUG   default gstvalue.c:2776:_priv_gst_value_parse_value: trying type name 'string'
0:00:00.019135527  2777 0x55c1297ad360 LOG   GST_POLL gstpoll.c:994:gst_poll_fd_ctl_write: 0x55c1297d1cc0: pfd->events now 60 (POLLOUT:4)
0:00:00.024202475  2776 0x55ac640c5360 DEBUG   structure gststructure.c:2258:gst_structure_parse_field: trying field name 'klass'
0:00:00.019142996  2777 0x55c1297ad360 DEBUG   GST_POLL gstpoll.c:979:gst_poll_fd_ctl_write: 0x55c1297d1cc0: fd (fd:0, idx:1), active : 1
0:00:00.024208794  2776 0x55ac640c5360 DEBUG   default gstvalue.c:2776:_priv_gst_value_parse_value: trying type name 'string'
0:00:00.019153902  2777 0x55c1297ad360 LOG   GST_POLL gstpoll.c:994:gst_poll_fd_ctl_write: 0x55c1297d1cc0: pfd->events now 60 (POLLOUT:4)
0:00:00.024221472  2776 0x55ac640c5360 DEBUG   structure gststructure.c:2258:gst_structure_parse_field: trying field name 'description'
0:00:00.019162097  2777 0x55c1297ad360 DEBUG   GST_POLL gstpoll.c:979:gst_poll_fd_ctl_write: 0x55c1297d1cc0: fd (fd:0, idx:1), active : 1
0:00:00.024229150  2776 0x55ac640c5360 DEBUG   default gstvalue.c:2776:_priv_gst_value_parse_value: trying type name 'string'
0:00:00.019169155  2777 0x55c1297ad360 LOG   GST_POLL gstpoll.c:994:gst_poll_fd_ctl_write: 0x55c1297d1cc0: pfd->events now 60 (POLLOUT:4)
0:00:00.024237192  2776 0x55ac640c5360 DEBUG   structure gststructure.c:2258:gst_structure_parse_field: trying field name 'author'
0:00:00.019176589  2777 0x55c1297ad360 DEBUG   GST_POLL gstpoll.c:979:gst_poll_fd_ctl_write: 0x55c1297d1cc0: fd (fd:0, idx:1), active : 1
0:00:00.024244003  2776 0x55ac640c5360 DEBUG   default gstvalue.c:2776:_priv_gst_value_parse_value: trying type name 'string'
0:00:00.019186173  2777 0x55c1297ad360 LOG   GST_POLL gstpoll.c:994:gst_poll_fd_ctl_write: 0x55c1297d1cc0: pfd->events now 60 (POLLOUT:4)
0:00:00.024265412  2776 0x55ac640c5360 DEBUG   GST_REGISTRY gstregistrychunks.c:626:gst_registry_chunks_load_feature: Element factory : npadtemplates=1
0:00:00.019207866  2777 0x55c1297ad360 DEBUG   GST_POLL gstpoll.c:979:gst_poll_fd_ctl_write: 0x55c1297d1cc0: fd (fd:0, idx:1), active : 1
0:00:00.024273710  2776 0x55ac640c5360 DEBUG   GST_REGISTRY gstregistrychunks.c:525:gst_registry_chunks_load_pad_template: Reading/casting for GstRegistryChunkPadTemplate at address 0x55ac640ec970
0:00:00.019215097  2777 0x55c1297ad360 LOG   GST_POLL gstpoll.c:994:gst_poll_fd_ctl_write: 0x55c1297d1cc0: pfd->events now 60 (POLLOUT:4)
0:00:00.024281014  2776 0x55ac640c5360 DEBUG   GST_REGISTRY gstregistrychunks.c:539:gst_registry_chunks_load_pad_template: Added pad_template sink
0:00:00.019232012  2777 0x55c1297ad360 DEBUG   GST_POLL gstpoll.c:979:gst_poll_fd_ctl_write: 0x55c1297d1cc0: fd (fd:0, idx:1), active : 1
0:00:00.024299337  2776 0x55ac640c5360 DEBUG   GST_REGISTRY gstregistrychunks.c:639:gst_registry_chunks_load_feature: Reading 1 UriTypes at address 0x55ac640ec981
0:00:00.019239302  2777 0x55c1297ad360 LOG   GST_POLL gstpoll.c:994:gst_poll_fd_ctl_write: 0x55c1297d1cc0: pfd->events now 60 (POLLOUT:4)
0:00:00.024308164  2776 0x55ac640c5360 DEBUG   GST_REGISTRY gstregistrychunks.c:654:gst_registry_chunks_load_feature: Reading 1 Interfaces at address 0x55ac640ec98f
0:00:00.019246544  2777 0x55c1297ad360 DEBUG   GST_POLL gstpoll.c:979:gst_poll_fd_ctl_write: 0x55c1297d1cc0: fd (fd:0, idx:1), active : 1
0:00:00.019253749  2777 0x55c1297ad360 LOG   GST_POLL gstpoll.c:994:gst_poll_fd_ctl_write: 0x55c1297d1cc0: pfd->events now 60 (POLLOUT:4)
0:00:00.024318058  2776 0x55ac640c5360 DEBUG   GST_REGISTRY gstregistry.c:589:gst_registry_add_feature: adding feature 0x55ac640f21e0 (fdsink)
0:00:00.019263839  2777 0x55c1297ad360 DEBUG   GST_POLL gstpoll.c:979:gst_poll_fd_ctl_write: 0x55c1297d1cc0: fd (fd:0, idx:1), active : 1
0:00:00.024327626  2776 0x55ac640c5360 DEBUG   GST_REFCOUNTING gstobject.c:708:gst_object_set_parent: set parent (ref and sink)
0:00:00.019271538  2777 0x55c1297ad360 LOG   GST_POLL gstpoll.c:994:gst_poll_fd_ctl_write: 0x55c1297d1cc0: pfd->events now 60 (POLLOUT:4)
0:00:00.024340345  2776 0x55ac640c5360 TRACE   GST_REFCOUNTING gstobject.c:292:gst_object_ref_sink: 0x55ac640f21e0 ref_sink 1->2
0:00:00.019279217  2777 0x55c1297ad360 DEBUG   GST_POLL gstpoll.c:979:gst_poll_fd_ctl_write: 0x55c1297d1cc0: fd (fd:0, idx:1), active : 1
0:00:00.024349449  2776 0x55ac640c5360 LOG   GST_REGISTRY gstregistry.c:607:gst_registry_add_feature: emitting feature-added for fdsink
0:00:00.019287876  2777 0x55c1297ad360 LOG   GST_POLL gstpoll.c:994:gst_poll_fd_ctl_write: 0x55c1297d1cc0: pfd->events now 60 (POLLOUT:4)
0:00:00.024357374  2776 0x55ac640c5360 DEBUG   GST_REGISTRY gstregistrychunks.c:740:gst_registry_chunks_load_feature: Added feature fdsink, plugin 0x55ac640f5ad0 coreelements
0:00:00.019297909  2777 0x55c1297ad360 DEBUG   GST_POLL gstpoll.c:979:gst_poll_fd_ctl_write: 0x55c1297d1cc0: fd (fd:0, idx:1), active : 1
0:00:00.024364884  2776 0x55ac640c5360 DEBUG   GST_REGISTRY gstregistrychunks.c:582:gst_registry_chunks_load_feature: Plugin 'coreelements' feature 'fdsrc' typename : 'GstElementFactory'
0:00:00.019305421  2777 0x55c1297ad360 LOG   GST_POLL gstpoll.c:994:gst_poll_fd_ctl_write: 0x55c1297d1cc0: pfd->events now 60 (POLLOUT:4)
0:00:00.019313141  2777 0x55c1297ad360 DEBUG   GST_POLL gstpoll.c:979:gst_poll_fd_ctl_write: 0x55c1297d1cc0: fd (fd:0, idx:1), active : 1
0:00:00.024376353  2776 0x55ac640c5360 TRACE   GST_REFCOUNTING gstobject.c:208:gst_object_init: 0x55ac640f6830 new
0:00:00.019319161  2777 0x55c1297ad360 LOG   GST_POLL gstpoll.c:994:gst_poll_fd_ctl_write: 0x55c1297d1cc0: pfd->events now 60 (POLLOUT:4)
0:00:00.024387552  2776 0x55ac640c5360 LOG   GST_REGISTRY gstregistrychunks.c:609:gst_registry_chunks_load_feature: Reading/casting for GstRegistryChunkElementFactory at address 0x55ac640ec9b8
0:00:00.019335502  2777 0x55c1297ad360 DEBUG   GST_POLL gstpoll.c:979:gst_poll_fd_ctl_write: 0x55c1297d1cc0: fd (fd:0, idx:1), active : 1
0:00:00.024400282  2776 0x55ac640c5360 TRACE   structure gststructure.c:292:gst_structure_new_id_empty_with_size: created structure 0x55ac640f6a60
0:00:00.019342992  2777 0x55c1297ad360 LOG   GST_POLL gstpoll.c:994:gst_poll_fd_ctl_write: 0x55c1297d1cc0: pfd->events now 60 (POLLOUT:4)
0:00:00.024408145  2776 0x55ac640c5360 DEBUG   structure gststructure.c:2258:gst_structure_parse_field: trying field name 'long-name'
0:00:00.019350590  2777 0x55c1297ad360 DEBUG   GST_POLL gstpoll.c:979:gst_poll_fd_ctl_write: 0x55c1297d1cc0: fd (fd:0, idx:1), active : 1
0:00:00.024417148  2776 0x55ac640c5360 DEBUG   default gstvalue.c:2776:_priv_gst_value_parse_value: trying type name 'string'
0:00:00.019357627  2777 0x55c1297ad360 LOG   GST_POLL gstpoll.c:994:gst_poll_fd_ctl_write: 0x55c1297d1cc0: pfd->events now 60 (POLLOUT:4)
0:00:00.024427101  2776 0x55ac640c5360 DEBUG   structure gststructure.c:2258:gst_structure_parse_field: trying field name 'klass'
0:00:00.024434034  2776 0x55ac640c5360 DEBUG   default gstvalue.c:2776:_priv_gst_value_parse_value: trying type name 'string'
0:00:00.019368056  2777 0x55c1297ad360 DEBUG   GST_POLL gstpoll.c:979:gst_poll_fd_ctl_write: 0x55c1297d1cc0: fd (fd:0, idx:1), active : 1
0:00:00.024440627  2776 0x55ac640c5360 DEBUG   structure gststructure.c:2258:gst_structure_parse_field: trying field name 'description'
0:00:00.019381102  2777 0x55c1297ad360 LOG   GST_POLL gstpoll.c:994:gst_poll_fd_ctl_write: 0x55c1297d1cc0: pfd->events now 60 (POLLOUT:4)
0:00:00.024449107  2776 0x55ac640c5360 DEBUG   default gstvalue.c:2776:_priv_gst_value_parse_value: trying type name 'string'
0:00:00.019388852  2777 0x55c1297ad360 DEBUG   GST_POLL gstpoll.c:979:gst_poll_fd_ctl_write: 0x55c1297d1cc0: fd (fd:0, idx:1), active : 1
0:00:00.024458593  2776 0x55ac640c5360 DEBUG   structure gststructure.c:2258:gst_structure_parse_field: trying field name 'author'
0:00:00.019398176  2777 0x55c1297ad360 LOG   GST_POLL gstpoll.c:994:gst_poll_fd_ctl_write: 0x55c1297d1cc0: pfd->events now 60 (POLLOUT:4)
0:00:00.024465378  2776 0x55ac640c5360 DEBUG   default gstvalue.c:2776:_priv_gst_value_parse_value: trying type name 'string'
0:00:00.019406495  2777 0x55c1297ad360 DEBUG   GST_POLL gstpoll.c:979:gst_poll_fd_ctl_write: 0x55c1297d1cc0: fd (fd:0, idx:1), active : 1
0:00:00.024472918  2776 0x55ac640c5360 DEBUG   GST_REGISTRY gstregistrychunks.c:626:gst_registry_chunks_load_feature: Element factory : npadtemplates=1
0:00:00.019413793  2777 0x55c1297ad360 LOG   GST_POLL gstpoll.c:994:gst_poll_fd_ctl_write: 0x55c1297d1cc0: pfd->events now 60 (POLLOUT:4)
0:00:00.024481767  2776 0x55ac640c5360 DEBUG   GST_REGISTRY gstregistrychunks.c:525:gst_registry_chunks_load_pad_template: Reading/casting for GstRegistryChunkPadTemplate at address 0x55ac640eca98
0:00:00.019421462  2777 0x55c1297ad360 DEBUG   GST_POLL gstpoll.c:979:gst_poll_fd_ctl_write: 0x55c1297d1cc0: fd (fd:0, idx:1), active : 1
0:00:00.024497838  2776 0x55ac640c5360 DEBUG   GST_REGISTRY gstregistrychunks.c:539:gst_registry_chunks_load_pad_template: Added pad_template src
0:00:00.019438281  2777 0x55c1297ad360 LOG   GST_POLL gstpoll.c:994:gst_poll_fd_ctl_write: 0x55c1297d1cc0: pfd->events now 60 (POLLOUT:4)
0:00:00.024505574  2776 0x55ac640c5360 DEBUG   GST_REGISTRY gstregistrychunks.c:639:gst_registry_chunks_load_feature: Reading 1 UriTypes at address 0x55ac640ecaa8
0:00:00.019446917  2777 0x55c1297ad360 DEBUG   GST_POLL gstpoll.c:979:gst_poll_fd_ctl_write: 0x55c1297d1cc0: fd (fd:0, idx:1), active : 1
0:00:00.019454252  2777 0x55c1297ad360 LOG   GST_POLL gstpoll.c:994:gst_poll_fd_ctl_write: 0x55c1297d1cc0: pfd->events now 60 (POLLOUT:4)
0:00:00.024512826  2776 0x55ac640c5360 DEBUG   GST_REGISTRY gstregistrychunks.c:654:gst_registry_chunks_load_feature: Reading 1 Interfaces at address 0x55ac640ecaaf
0:00:00.019461020  2777 0x55c1297ad360 DEBUG   GST_POLL gstpoll.c:979:gst_poll_fd_ctl_write: 0x55c1297d1cc0: fd (fd:0, idx:1), active : 1
0:00:00.024530907  2776 0x55ac640c5360 DEBUG   GST_REGISTRY gstregistry.c:589:gst_registry_add_feature: adding feature 0x55ac640f6830 (fdsrc)
0:00:00.019470260  2777 0x55c1297ad360 LOG   GST_POLL gstpoll.c:994:gst_poll_fd_ctl_write: 0x55c1297d1cc0: pfd->events now 60 (POLLOUT:4)
0:00:00.024539400  2776 0x55ac640c5360 DEBUG   GST_REFCOUNTING gstobject.c:708:gst_object_set_parent: set parent (ref and sink)
0:00:00.019478703  2777 0x55c1297ad360 DEBUG   GST_POLL gstpoll.c:979:gst_poll_fd_ctl_write: 0x55c1297d1cc0: fd (fd:0, idx:1), active : 1
0:00:00.019486999  2777 0x55c1297ad360 LOG   GST_POLL gstpoll.c:994:gst_poll_fd_ctl_write: 0x55c1297d1cc0: pfd->events now 60 (POLLOUT:4)
0:00:00.024552906  2776 0x55ac640c5360 TRACE   GST_REFCOUNTING gstobject.c:292:gst_object_ref_sink: 0x55ac640f6830 ref_sink 1->2
0:00:00.019493291  2777 0x55c1297ad360 DEBUG   GST_POLL gstpoll.c:979:gst_poll_fd_ctl_write: 0x55c1297d1cc0: fd (fd:0, idx:1), active : 1
0:00:00.024563282  2776 0x55ac640c5360 LOG   GST_REGISTRY gstregistry.c:607:gst_registry_add_feature: emitting feature-added for fdsrc
0:00:00.019502656  2777 0x55c1297ad360 LOG   GST_POLL gstpoll.c:994:gst_poll_fd_ctl_write: 0x55c1297d1cc0: pfd->events now 60 (POLLOUT:4)
0:00:00.024590238  2776 0x55ac640c5360 DEBUG   GST_REGISTRY gstregistrychunks.c:740:gst_registry_chunks_load_feature: Added feature fdsrc, plugin 0x55ac640f5ad0 coreelements
0:00:00.019530868  2777 0x55c1297ad360 DEBUG   GST_POLL gstpoll.c:979:gst_poll_fd_ctl_write: 0x55c1297d1cc0: fd (fd:0, idx:1), active : 1
0:00:00.024598550  2776 0x55ac640c5360 DEBUG   GST_REGISTRY gstregistrychunks.c:582:gst_registry_chunks_load_feature: Plugin 'coreelements' feature 'fakesink' typename : 'GstElementFactory'
0:00:00.019538132  2777 0x55c1297ad360 LOG   GST_POLL gstpoll.c:994:gst_poll_fd_ctl_write: 0x55c1297d1cc0: pfd->events now 60 (POLLOUT:4)
0:00:00.024608134  2776 0x55ac640c5360 TRACE   GST_REFCOUNTING gstobject.c:208:gst_object_init: 0x55ac640f6ee0 new
0:00:00.019545979  2777 0x55c1297ad360 DEBUG   GST_POLL gstpoll.c:979:gst_poll_fd_ctl_write: 0x55c1297d1cc0: fd (fd:0, idx:1), active : 1
0:00:00.024626259  2776 0x55ac640c5360 LOG   GST_REGISTRY gstregistrychunks.c:609:gst_registry_chunks_load_feature: Reading/casting for GstRegistryChunkElementFactory at address 0x55ac640ecad8
0:00:00.019563851  2777 0x55c1297ad360 LOG   GST_POLL gstpoll.c:994:gst_poll_fd_ctl_write: 0x55c1297d1cc0: pfd->events now 60 (POLLOUT:4)
0:00:00.024635457  2776 0x55ac640c5360 TRACE   structure gststructure.c:292:gst_structure_new_id_empty_with_size: created structure 0x55ac640f7110
0:00:00.019574642  2777 0x55c1297ad360 DEBUG   GST_POLL gstpoll.c:979:gst_poll_fd_ctl_write: 0x55c1297d1cc0: fd (fd:0, idx:1), active : 1
0:00:00.024642577  2776 0x55ac640c5360 DEBUG   structure gststructure.c:2258:gst_structure_parse_field: trying field name 'long-name'
0:00:00.019582053  2777 0x55c1297ad360 LOG   GST_POLL gstpoll.c:994:gst_poll_fd_ctl_write: 0x55c1297d1cc0: pfd->events now 60 (POLLOUT:4)
0:00:00.024649300  2776 0x55ac640c5360 DEBUG   default gstvalue.c:2776:_priv_gst_value_parse_value: trying type name 'string'
0:00:00.019589877  2777 0x55c1297ad360 DEBUG   GST_POLL gstpoll.c:979:gst_poll_fd_ctl_write: 0x55c1297d1cc0: fd (fd:0, idx:1), active : 1
0:00:00.024659845  2776 0x55ac640c5360 DEBUG   structure gststructure.c:2258:gst_structure_parse_field: trying field name 'klass'
0:00:00.019599844  2777 0x55c1297ad360 LOG   GST_POLL gstpoll.c:994:gst_poll_fd_ctl_write: 0x55c1297d1cc0: pfd->events now 60 (POLLOUT:4)
0:00:00.024667466  2776 0x55ac640c5360 DEBUG   default gstvalue.c:2776:_priv_gst_value_parse_value: trying type name 'string'
0:00:00.019608045  2777 0x55c1297ad360 DEBUG   GST_POLL gstpoll.c:979:gst_poll_fd_ctl_write: 0x55c1297d1cc0: fd (fd:0, idx:1), active : 1
0:00:00.024675066  2776 0x55ac640c5360 DEBUG   structure gststructure.c:2258:gst_structure_parse_field: trying field name 'description'
0:00:00.019615341  2777 0x55c1297ad360 LOG   GST_POLL gstpoll.c:994:gst_poll_fd_ctl_write: 0x55c1297d1cc0: pfd->events now 60 (POLLOUT:4)
0:00:00.024681171  2776 0x55ac640c5360 DEBUG   default gstvalue.c:2776:_priv_gst_value_parse_value: trying type name 'string'
0:00:00.019622737  2777 0x55c1297ad360 DEBUG   GST_POLL gstpoll.c:979:gst_poll_fd_ctl_write: 0x55c1297d1cc0: fd (fd:0, idx:1), active : 1
0:00:00.024691119  2776 0x55ac640c5360 DEBUG   structure gststructure.c:2258:gst_structure_parse_field: trying field name 'author'
0:00:00.019632403  2777 0x55c1297ad360 LOG   GST_POLL gstpoll.c:994:gst_poll_fd_ctl_write: 0x55c1297d1cc0: pfd->events now 60 (POLLOUT:4)
0:00:00.024698862  2776 0x55ac640c5360 DEBUG   default gstvalue.c:2776:_priv_gst_value_parse_value: trying type name 'string'
0:00:00.019640518  2777 0x55c1297ad360 DEBUG   GST_POLL gstpoll.c:979:gst_poll_fd_ctl_write: 0x55c1297d1cc0: fd (fd:0, idx:1), active : 1
0:00:00.024709046  2776 0x55ac640c5360 DEBUG   GST_REGISTRY gstregistrychunks.c:626:gst_registry_chunks_load_feature: Element factory : npadtemplates=1
0:00:00.019648038  2777 0x55c1297ad360 LOG   GST_POLL gstpoll.c:994:gst_poll_fd_ctl_write: 0x55c1297d1cc0: pfd->events now 60 (POLLOUT:4)
0:00:00.024715846  2776 0x55ac640c5360 DEBUG   GST_REGISTRY gstregistrychunks.c:525:gst_registry_chunks_load_pad_template: Reading/casting for GstRegistryChunkPadTemplate at address 0x55ac640ecc00
0:00:00.019663330  2777 0x55c1297ad360 DEBUG   GST_POLL gstpoll.c:979:gst_poll_fd_ctl_write: 0x55c1297d1cc0: fd (fd:0, idx:1), active : 1
0:00:00.024730313  2776 0x55ac640c5360 DEBUG   GST_REGISTRY gstregistrychunks.c:539:gst_registry_chunks_load_pad_template: Added pad_template sink
0:00:00.019673391  2777 0x55c1297ad360 LOG   GST_POLL gstpoll.c:994:gst_poll_fd_ctl_write: 0x55c1297d1cc0: pfd->events now 60 (POLLOUT:4)
0:00:00.024741002  2776 0x55ac640c5360 DEBUG   GST_REGISTRY gstregistry.c:589:gst_registry_add_feature: adding feature 0x55ac640f6ee0 (fakesink)
0:00:00.019681898  2777 0x55c1297ad360 DEBUG   GST_POLL gstpoll.c:979:gst_poll_fd_ctl_write: 0x55c1297d1cc0: fd (fd:0, idx:1), active : 1
0:00:00.024748383  2776 0x55ac640c5360 DEBUG   GST_REFCOUNTING gstobject.c:708:gst_object_set_parent: set parent (ref and sink)
0:00:00.019689283  2777 0x55c1297ad360 LOG   GST_POLL gstpoll.c:994:gst_poll_fd_ctl_write: 0x55c1297d1cc0: pfd->events now 60 (POLLOUT:4)
0:00:00.024757333  2776 0x55ac640c5360 TRACE   GST_REFCOUNTING gstobject.c:292:gst_object_ref_sink: 0x55ac640f6ee0 ref_sink 1->2
