0:00:00.014088998  2777 0x55c1297ad360 DEBUG   GST_POLL gstpoll.c:979:gst_poll_fd_ctl_write: 0x55c1297d1cc0: fd (fd:0, idx:1), active : 1
0:00:00.014098108  2777 0x55c1297ad360 LOG   GST_POLL gstpoll.c:994:gst_poll_fd_ctl_write: 0x55c1297d1cc0: pfd->events now 60 (POLLOUT:4)
0:00:00.014105204  2777 0x55c1297ad360 DEBUG   GST_POLL gstpoll.c:979:gst_poll_fd_ctl_write: 0x55c1297d1cc0: fd (fd:0, idx:1), active : 1
0:00:00.014111239  2777 0x55c1297ad360 LOG   GST_POLL gstpoll.c:994:gst_poll_fd_ctl_write: 0x55c1297d1cc0: pfd->events now 60 (POLLOUT:4)
0:00:00.014117423  2777 0x55c1297ad360 DEBUG   GST_POLL gstpoll.c:979:gst_poll_fd_ctl_write: 0x55c1297d1cc0: fd (fd:0, idx:1), active : 1
0:00:00.014126459  2777 0x55c1297ad360 LOG   GST_POLL gstpoll.c:994:gst_poll_fd_ctl_write: 0x55c1297d1cc0: pfd->events now 60 (POLLOUT:4)
0:00:00.014133975  2777 0x55c1297ad360 DEBUG   GST_POLL gstpoll.c:979:gst_poll_fd_ctl_write: 0x55c1297d1cc0: fd (fd:0, idx:1), active : 1
0:00:00.014140115  2777 0x55c1297ad360 LOG   GST_POLL gstpoll.c:994:gst_poll_fd_ctl_write: 0x55c1297d1cc0: pfd->events now 60 (POLLOUT:4)
0:00:00.014146351  2777 0x55c1297ad360 DEBUG   GST_POLL gstpoll.c:979:gst_poll_fd_ctl_write: 0x55c1297d1cc0: fd (fd:0, idx:1), active : 1
0:00:00.014155454  2777 0x55c1297ad360 LOG   GST_POLL gstpoll.c:994:gst_poll_fd_ctl_write: 0x55c1297d1cc0: pfd->events now 60 (POLLOUT:4)
0:00:00.014162626  2777 0x55c1297ad360 DEBUG   GST_POLL gstpoll.c:979:gst_poll_fd_ctl_write: 0x55c1297d1cc0: fd (fd:0, idx:1), active : 1
0:00:00.014168719  2777 0x55c1297ad360 LOG   GST_POLL gstpoll.c:994:gst_poll_fd_ctl_write: 0x55c1297d1cc0: pfd->events now 60 (POLLOUT:4)
0:00:00.014174918  2777 0x55c1297ad360 DEBUG   GST_POLL gstpoll.c:979:gst_poll_fd_ctl_write: 0x55c1297d1cc0: fd (fd:0, idx:1), active : 1
0:00:00.014184007  2777 0x55c1297ad360 LOG   GST_POLL gstpoll.c:994:gst_poll_fd_ctl_write: 0x55c1297d1cc0: pfd->events now 60 (POLLOUT:4)
0:00:00.014202047  2777 0x55c1297ad360 DEBUG   GST_POLL gstpoll.c:979:gst_poll_fd_ctl_write: 0x55c1297d1cc0: fd (fd:0, idx:1), active : 1
0:00:00.014209552  2777 0x55c1297ad360 LOG   GST_POLL gstpoll.c:994:gst_poll_fd_ctl_write: 0x55c1297d1cc0: pfd->events now 60 (POLLOUT:4)
0:00:00.014223607  2777 0x55c1297ad360 DEBUG   GST_POLL gstpoll.c:979:gst_poll_fd_ctl_write: 0x55c1297d1cc0: fd (fd:0, idx:1), active : 1
0:00:00.014230498  2777 0x55c1297ad360 LOG   GST_POLL gstpoll.c:994:gst_poll_fd_ctl_write: 0x55c1297d1cc0: pfd->events now 60 (POLLOUT:4)
0:00:00.014236714  2777 0x55c1297ad360 DEBUG   GST_POLL gstpoll.c:979:gst_poll_fd_ctl_write: 0x55c1297d1cc0: fd (fd:0, idx:1), active : 1
0:00:00.014242538  2777 0x55c1297ad360 LOG   GST_POLL gstpoll.c:994:gst_poll_fd_ctl_write: 0x55c1297d1cc0: pfd->events now 60 (POLLOUT:4)
0:00:00.014251929  2777 0x55c1297ad360 DEBUG   GST_POLL gstpoll.c:979:gst_poll_fd_ctl_write: 0x55c1297d1cc0: fd (fd:0, idx:1), active : 1
0:00:00.014259026  2777 0x55c1297ad360 LOG   GST_POLL gstpoll.c:994:gst_poll_fd_ctl_write: 0x55c1297d1cc0: pfd->events now 60 (POLLOUT:4)
0:00:00.014265528  2777 0x55c1297ad360 DEBUG   GST_POLL gstpoll.c:979:gst_poll_fd_ctl_write: 0x55c1297d1cc0: fd (fd:0, idx:1), active : 1
0:00:00.014271492  2777 0x55c1297ad360 LOG   GST_POLL gstpoll.c:994:gst_poll_fd_ctl_write: 0x55c1297d1cc0: pfd->events now 60 (POLLOUT:4)
0:00:00.014280442  2777 0x55c1297ad360 DEBUG   GST_POLL gstpoll.c:979:gst_poll_fd_ctl_write: 0x55c1297d1cc0: fd (fd:0, idx:1), active : 1
0:00:00.014287314  2777 0x55c1297ad360 LOG   GST_POLL gstpoll.c:994:gst_poll_fd_ctl_write: 0x55c1297d1cc0: pfd->events now 60 (POLLOUT:4)
0:00:00.014293627  2777 0x55c1297ad360 DEBUG   GST_POLL gstpoll.c:979:gst_poll_fd_ctl_write: 0x55c1297d1cc0: fd (fd:0, idx:1), active : 1
0:00:00.014299427  2777 0x55c1297ad360 LOG   GST_POLL gstpoll.c:994:gst_poll_fd_ctl_write: 0x55c1297d1cc0: pfd->events now 60 (POLLOUT:4)
0:00:00.014308417  2777 0x55c1297ad360 DEBUG   GST_POLL gstpoll.c:979:gst_poll_fd_ctl_write: 0x55c1297d1cc0: fd (fd:0, idx:1), active : 1
0:00:00.014315552  2777 0x55c1297ad360 LOG   GST_POLL gstpoll.c:994:gst_poll_fd_ctl_write: 0x55c1297d1cc0: pfd->events now 60 (POLLOUT:4)
0:00:00.014322079  2777 0x55c1297ad360 DEBUG   GST_POLL gstpoll.c:979:gst_poll_fd_ctl_write: 0x55c1297d1cc0: fd (fd:0, idx:1), active : 1
0:00:00.014328040  2777 0x55c1297ad360 LOG   GST_POLL gstpoll.c:994:gst_poll_fd_ctl_write: 0x55c1297d1cc0: pfd->events now 60 (POLLOUT:4)
0:00:00.014337117  2777 0x55c1297ad360 DEBUG   GST_POLL gstpoll.c:979:gst_poll_fd_ctl_write: 0x55c1297d1cc0: fd (fd:0, idx:1), active : 1
0:00:00.014344032  2777 0x55c1297ad360 LOG   GST_POLL gstpoll.c:994:gst_poll_fd_ctl_write: 0x55c1297d1cc0: pfd->events now 60 (POLLOUT:4)
0:00:00.014350355  2777 0x55c1297ad360 DEBUG   GST_POLL gstpoll.c:979:gst_poll_fd_ctl_write: 0x55c1297d1cc0: fd (fd:0, idx:1), active : 1
0:00:00.014356158  2777 0x55c1297ad360 LOG   GST_POLL gstpoll.c:994:gst_poll_fd_ctl_write: 0x55c1297d1cc0: pfd->events now 60 (POLLOUT:4)
0:00:00.014365113  2777 0x55c1297ad360 DEBUG   GST_POLL gstpoll.c:979:gst_poll_fd_ctl_write: 0x55c1297d1cc0: fd (fd:0, idx:1), active : 1
0:00:00.014377343  2777 0x55c1297ad360 LOG   GST_POLL gstpoll.c:994:gst_poll_fd_ctl_write: 0x55c1297d1cc0: pfd->events now 60 (POLLOUT:4)
0:00:00.014389738  2777 0x55c1297ad360 DEBUG   GST_POLL gstpoll.c:979:gst_poll_fd_ctl_write: 0x55c1297d1cc0: fd (fd:0, idx:1), active : 1
0:00:00.014395883  2777 0x55c1297ad360 LOG   GST_POLL gstpoll.c:994:gst_poll_fd_ctl_write: 0x55c1297d1cc0: pfd->events now 60 (POLLOUT:4)
0:00:00.014405399  2777 0x55c1297ad360 DEBUG   GST_POLL gstpoll.c:979:gst_poll_fd_ctl_write: 0x55c1297d1cc0: fd (fd:0, idx:1), active : 1
0:00:00.014411926  2777 0x55c1297ad360 LOG   GST_POLL gstpoll.c:994:gst_poll_fd_ctl_write: 0x55c1297d1cc0: pfd->events now 60 (POLLOUT:4)
0:00:00.014418215  2777 0x55c1297ad360 DEBUG   GST_POLL gstpoll.c:979:gst_poll_fd_ctl_write: 0x55c1297d1cc0: fd (fd:0, idx:1), active : 1
0:00:00.014424028  2777 0x55c1297ad360 LOG   GST_POLL gstpoll.c:994:gst_poll_fd_ctl_write: 0x55c1297d1cc0: pfd->events now 60 (POLLOUT:4)
0:00:00.014433509  2777 0x55c1297ad360 DEBUG   GST_POLL gstpoll.c:979:gst_poll_fd_ctl_write: 0x55c1297d1cc0: fd (fd:0, idx:1), active : 1
0:00:00.014440180  2777 0x55c1297ad360 LOG   GST_POLL gstpoll.c:994:gst_poll_fd_ctl_write: 0x55c1297d1cc0: pfd->events now 60 (POLLOUT:4)
0:00:00.014446632  2777 0x55c1297ad360 LOG   GST_PLUGIN_LOADING gstpluginloader.c:644:put_chunk: Expanding tx buf from 5764 to 7717 for chunk of size 229
0:00:00.014458091  2777 0x55c1297ad360 DEBUG   GST_POLL gstpoll.c:979:gst_poll_fd_ctl_write: 0x55c1297d1cc0: fd (fd:0, idx:1), active : 1
0:00:00.014466373  2777 0x55c1297ad360 LOG   GST_POLL gstpoll.c:994:gst_poll_fd_ctl_write: 0x55c1297d1cc0: pfd->events now 60 (POLLOUT:4)
0:00:00.014473047  2777 0x55c1297ad360 DEBUG   GST_POLL gstpoll.c:979:gst_poll_fd_ctl_write: 0x55c1297d1cc0: fd (fd:0, idx:1), active : 1
0:00:00.014478915  2777 0x55c1297ad360 LOG   GST_POLL gstpoll.c:994:gst_poll_fd_ctl_write: 0x55c1297d1cc0: pfd->events now 60 (POLLOUT:4)
0:00:00.014487876  2777 0x55c1297ad360 DEBUG   GST_POLL gstpoll.c:979:gst_poll_fd_ctl_write: 0x55c1297d1cc0: fd (fd:0, idx:1), active : 1
0:00:00.014495007  2777 0x55c1297ad360 LOG   GST_POLL gstpoll.c:994:gst_poll_fd_ctl_write: 0x55c1297d1cc0: pfd->events now 60 (POLLOUT:4)
0:00:00.014501688  2777 0x55c1297ad360 DEBUG   GST_POLL gstpoll.c:979:gst_poll_fd_ctl_write: 0x55c1297d1cc0: fd (fd:0, idx:1), active : 1
0:00:00.014507644  2777 0x55c1297ad360 LOG   GST_POLL gstpoll.c:994:gst_poll_fd_ctl_write: 0x55c1297d1cc0: pfd->events now 60 (POLLOUT:4)
0:00:00.014516755  2777 0x55c1297ad360 DEBUG   GST_POLL gstpoll.c:979:gst_poll_fd_ctl_write: 0x55c1297d1cc0: fd (fd:0, idx:1), active : 1
0:00:00.014524100  2777 0x55c1297ad360 LOG   GST_POLL gstpoll.c:994:gst_poll_fd_ctl_write: 0x55c1297d1cc0: pfd->events now 60 (POLLOUT:4)
0:00:00.014530511  2777 0x55c1297ad360 DEBUG   GST_POLL gstpoll.c:979:gst_poll_fd_ctl_write: 0x55c1297d1cc0: fd (fd:0, idx:1), active : 1
0:00:00.014536312  2777 0x55c1297ad360 LOG   GST_POLL gstpoll.c:994:gst_poll_fd_ctl_write: 0x55c1297d1cc0: pfd->events now 60 (POLLOUT:4)
0:00:00.014545391  2777 0x55c1297ad360 DEBUG   GST_POLL gstpoll.c:979:gst_poll_fd_ctl_write: 0x55c1297d1cc0: fd (fd:0, idx:1), active : 1
0:00:00.014557115  2777 0x55c1297ad360 LOG   GST_POLL gstpoll.c:994:gst_poll_fd_ctl_write: 0x55c1297d1cc0: pfd->events now 60 (POLLOUT:4)
0:00:00.014563841  2777 0x55c1297ad360 DEBUG   GST_POLL gstpoll.c:979:gst_poll_fd_ctl_write: 0x55c1297d1cc0: fd (fd:0, idx:1), active : 1
0:00:00.014569756  2777 0x55c1297ad360 LOG   GST_POLL gstpoll.c:994:gst_poll_fd_ctl_write: 0x55c1297d1cc0: pfd->events now 60 (POLLOUT:4)
0:00:00.014578779  2777 0x55c1297ad360 DEBUG   GST_POLL gstpoll.c:979:gst_poll_fd_ctl_write: 0x55c1297d1cc0: fd (fd:0, idx:1), active : 1
0:00:00.014585887  2777 0x55c1297ad360 LOG   GST_POLL gstpoll.c:994:gst_poll_fd_ctl_write: 0x55c1297d1cc0: pfd->events now 60 (POLLOUT:4)
0:00:00.014592376  2777 0x55c1297ad360 DEBUG   GST_POLL gstpoll.c:979:gst_poll_fd_ctl_write: 0x55c1297d1cc0: fd (fd:0, idx:1), active : 1
0:00:00.014598250  2777 0x55c1297ad360 LOG   GST_POLL gstpoll.c:994:gst_poll_fd_ctl_write: 0x55c1297d1cc0: pfd->events now 60 (POLLOUT:4)
0:00:00.014607200  2777 0x55c1297ad360 DEBUG   GST_POLL gstpoll.c:979:gst_poll_fd_ctl_write: 0x55c1297d1cc0: fd (fd:0, idx:1), active : 1
0:00:00.014614291  2777 0x55c1297ad360 LOG   GST_POLL gstpoll.c:994:gst_poll_fd_ctl_write: 0x55c1297d1cc0: pfd->events now 60 (POLLOUT:4)
0:00:00.014620868  2777 0x55c1297ad360 DEBUG   GST_POLL gstpoll.c:979:gst_poll_fd_ctl_write: 0x55c1297d1cc0: fd (fd:0, idx:1), active : 1
0:00:00.014626773  2777 0x55c1297ad360 LOG   GST_POLL gstpoll.c:994:gst_poll_fd_ctl_write: 0x55c1297d1cc0: pfd->events now 60 (POLLOUT:4)
0:00:00.014635809  2777 0x55c1297ad360 DEBUG   GST_POLL gstpoll.c:979:gst_poll_fd_ctl_write: 0x55c1297d1cc0: fd (fd:0, idx:1), active : 1
0:00:00.014643040  2777 0x55c1297ad360 LOG   GST_POLL gstpoll.c:994:gst_poll_fd_ctl_write: 0x55c1297d1cc0: pfd->events now 60 (POLLOUT:4)
0:00:00.014649537  2777 0x55c1297ad360 DEBUG   GST_POLL gstpoll.c:979:gst_poll_fd_ctl_write: 0x55c1297d1cc0: fd (fd:0, idx:1), active : 1
0:00:00.014655411  2777 0x55c1297ad360 LOG   GST_POLL gstpoll.c:994:gst_poll_fd_ctl_write: 0x55c1297d1cc0: pfd->events now 60 (POLLOUT:4)
0:00:00.014664356  2777 0x55c1297ad360 DEBUG   GST_POLL gstpoll.c:979:gst_poll_fd_ctl_write: 0x55c1297d1cc0: fd (fd:0, idx:1), active : 1
0:00:00.014671420  2777 0x55c1297ad360 LOG   GST_POLL gstpoll.c:994:gst_poll_fd_ctl_write: 0x55c1297d1cc0: pfd->events now 60 (POLLOUT:4)
0:00:00.014677703  2777 0x55c1297ad360 DEBUG   GST_POLL gstpoll.c:979:gst_poll_fd_ctl_write: 0x55c1297d1cc0: fd (fd:0, idx:1), active : 1
0:00:00.014683507  2777 0x55c1297ad360 LOG   GST_POLL gstpoll.c:994:gst_poll_fd_ctl_write: 0x55c1297d1cc0: pfd->events now 60 (POLLOUT:4)
0:00:00.014692517  2777 0x55c1297ad360 DEBUG   GST_POLL gstpoll.c:979:gst_poll_fd_ctl_write: 0x55c1297d1cc0: fd (fd:0, idx:1), active : 1
0:00:00.014699667  2777 0x55c1297ad360 LOG   GST_POLL gstpoll.c:994:gst_poll_fd_ctl_write: 0x55c1297d1cc0: pfd->events now 60 (POLLOUT:4)
0:00:00.014706274  2777 0x55c1297ad360 DEBUG   GST_POLL gstpoll.c:979:gst_poll_fd_ctl_write: 0x55c1297d1cc0: fd (fd:0, idx:1), active : 1
0:00:00.014712170  2777 0x55c1297ad360 LOG   GST_POLL gstpoll.c:994:gst_poll_fd_ctl_write: 0x55c1297d1cc0: pfd->events now 60 (POLLOUT:4)
0:00:00.014727588  2777 0x55c1297ad360 DEBUG   GST_POLL gstpoll.c:979:gst_poll_fd_ctl_write: 0x55c1297d1cc0: fd (fd:0, idx:1), active : 1
0:00:00.014734514  2777 0x55c1297ad360 LOG   GST_POLL gstpoll.c:994:gst_poll_fd_ctl_write: 0x55c1297d1cc0: pfd->events now 60 (POLLOUT:4)
0:00:00.014740909  2777 0x55c1297ad360 DEBUG   GST_POLL gstpoll.c:979:gst_poll_fd_ctl_write: 0x55c1297d1cc0: fd (fd:0, idx:1), active : 1
0:00:00.014746809  2777 0x55c1297ad360 LOG   GST_POLL gstpoll.c:994:gst_poll_fd_ctl_write: 0x55c1297d1cc0: pfd->events now 60 (POLLOUT:4)
0:00:00.014755834  2777 0x55c1297ad360 DEBUG   GST_POLL gstpoll.c:979:gst_poll_fd_ctl_write: 0x55c1297d1cc0: fd (fd:0, idx:1), active : 1
0:00:00.014763042  2777 0x55c1297ad360 LOG   GST_POLL gstpoll.c:994:gst_poll_fd_ctl_write: 0x55c1297d1cc0: pfd->events now 60 (POLLOUT:4)
0:00:00.014769686  2777 0x55c1297ad360 DEBUG   GST_POLL gstpoll.c:979:gst_poll_fd_ctl_write: 0x55c1297d1cc0: fd (fd:0, idx:1), active : 1
0:00:00.014775575  2777 0x55c1297ad360 LOG   GST_POLL gstpoll.c:994:gst_poll_fd_ctl_write: 0x55c1297d1cc0: pfd->events now 60 (POLLOUT:4)
0:00:00.014784558  2777 0x55c1297ad360 DEBUG   GST_POLL gstpoll.c:979:gst_poll_fd_ctl_write: 0x55c1297d1cc0: fd (fd:0, idx:1), active : 1
0:00:00.014791542  2777 0x55c1297ad360 LOG   GST_POLL gstpoll.c:994:gst_poll_fd_ctl_write: 0x55c1297d1cc0: pfd->events now 60 (POLLOUT:4)
0:00:00.014797949  2777 0x55c1297ad360 DEBUG   GST_POLL gstpoll.c:979:gst_poll_fd_ctl_write: 0x55c1297d1cc0: fd (fd:0, idx:1), active : 1
0:00:00.014803743  2777 0x55c1297ad360 LOG   GST_POLL gstpoll.c:994:gst_poll_fd_ctl_write: 0x55c1297d1cc0: pfd->events now 60 (POLLOUT:4)
0:00:00.014812703  2777 0x55c1297ad360 DEBUG   GST_POLL gstpoll.c:979:gst_poll_fd_ctl_write: 0x55c1297d1cc0: fd (fd:0, idx:1), active : 1
0:00:00.014819914  2777 0x55c1297ad360 LOG   GST_POLL gstpoll.c:994:gst_poll_fd_ctl_write: 0x55c1297d1cc0: pfd->events now 60 (POLLOUT:4)
0:00:00.014826405  2777 0x55c1297ad360 DEBUG   GST_POLL gstpoll.c:979:gst_poll_fd_ctl_write: 0x55c1297d1cc0: fd (fd:0, idx:1), active : 1
0:00:00.014832377  2777 0x55c1297ad360 LOG   GST_POLL gstpoll.c:994:gst_poll_fd_ctl_write: 0x55c1297d1cc0: pfd->events now 60 (POLLOUT:4)
0:00:00.014841391  2777 0x55c1297ad360 DEBUG   GST_POLL gstpoll.c:979:gst_poll_fd_ctl_write: 0x55c1297d1cc0: fd (fd:0, idx:1), active : 1
0:00:00.014848302  2777 0x55c1297ad360 LOG   GST_POLL gstpoll.c:994:gst_poll_fd_ctl_write: 0x55c1297d1cc0: pfd->events now 60 (POLLOUT:4)
0:00:00.014854729  2777 0x55c1297ad360 DEBUG   GST_POLL gstpoll.c:979:gst_poll_fd_ctl_write: 0x55c1297d1cc0: fd (fd:0, idx:1), active : 1
0:00:00.014860549  2777 0x55c1297ad360 LOG   GST_POLL gstpoll.c:994:gst_poll_fd_ctl_write: 0x55c1297d1cc0: pfd->events now 60 (POLLOUT:4)
0:00:00.014869632  2777 0x55c1297ad360 DEBUG   GST_POLL gstpoll.c:979:gst_poll_fd_ctl_write: 0x55c1297d1cc0: fd (fd:0, idx:1), active : 1
0:00:00.014876763  2777 0x55c1297ad360 LOG   GST_POLL gstpoll.c:994:gst_poll_fd_ctl_write: 0x55c1297d1cc0: pfd->events now 60 (POLLOUT:4)
0:00:00.014888109  2777 0x55c1297ad360 DEBUG   GST_POLL gstpoll.c:979:gst_poll_fd_ctl_write: 0x55c1297d1cc0: fd (fd:0, idx:1), active : 1
0:00:00.014894203  2777 0x55c1297ad360 LOG   GST_POLL gstpoll.c:994:gst_poll_fd_ctl_write: 0x55c1297d1cc0: pfd->events now 60 (POLLOUT:4)
0:00:00.014903262  2777 0x55c1297ad360 DEBUG   GST_POLL gstpoll.c:979:gst_poll_fd_ctl_write: 0x55c1297d1cc0: fd (fd:0, idx:1), active : 1
0:00:00.014910300  2777 0x55c1297ad360 LOG   GST_POLL gstpoll.c:994:gst_poll_fd_ctl_write: 0x55c1297d1cc0: pfd->events now 60 (POLLOUT:4)
0:00:00.014916728  2777 0x55c1297ad360 DEBUG   GST_POLL gstpoll.c:979:gst_poll_fd_ctl_write: 0x55c1297d1cc0: fd (fd:0, idx:1), active : 1
0:00:00.014922524  2777 0x55c1297ad360 LOG   GST_POLL gstpoll.c:994:gst_poll_fd_ctl_write: 0x55c1297d1cc0: pfd->events now 60 (POLLOUT:4)
0:00:00.014931661  2777 0x55c1297ad360 DEBUG   GST_POLL gstpoll.c:979:gst_poll_fd_ctl_write: 0x55c1297d1cc0: fd (fd:0, idx:1), active : 1
0:00:00.014938850  2777 0x55c1297ad360 LOG   GST_POLL gstpoll.c:994:gst_poll_fd_ctl_write: 0x55c1297d1cc0: pfd->events now 60 (POLLOUT:4)
0:00:00.014945482  2777 0x55c1297ad360 DEBUG   GST_POLL gstpoll.c:979:gst_poll_fd_ctl_write: 0x55c1297d1cc0: fd (fd:0, idx:1), active : 1
0:00:00.014951558  2777 0x55c1297ad360 LOG   GST_POLL gstpoll.c:994:gst_poll_fd_ctl_write: 0x55c1297d1cc0: pfd->events now 60 (POLLOUT:4)
0:00:00.014960607  2777 0x55c1297ad360 DEBUG   GST_POLL gstpoll.c:979:gst_poll_fd_ctl_write: 0x55c1297d1cc0: fd (fd:0, idx:1), active : 1
0:00:00.014967584  2777 0x55c1297ad360 LOG   GST_POLL gstpoll.c:994:gst_poll_fd_ctl_write: 0x55c1297d1cc0: pfd->events now 60 (POLLOUT:4)
0:00:00.014974011  2777 0x55c1297ad360 DEBUG   GST_POLL gstpoll.c:979:gst_poll_fd_ctl_write: 0x55c1297d1cc0: fd (fd:0, idx:1), active : 1
0:00:00.014980085  2777 0x55c1297ad360 LOG   GST_POLL gstpoll.c:994:gst_poll_fd_ctl_write: 0x55c1297d1cc0: pfd->events now 60 (POLLOUT:4)
0:00:00.014989110  2777 0x55c1297ad360 DEBUG   GST_POLL gstpoll.c:979:gst_poll_fd_ctl_write: 0x55c1297d1cc0: fd (fd:0, idx:1), active : 1
0:00:00.014996299  2777 0x55c1297ad360 LOG   GST_POLL gstpoll.c:994:gst_poll_fd_ctl_write: 0x55c1297d1cc0: pfd->events now 60 (POLLOUT:4)
0:00:00.015002929  2777 0x55c1297ad360 DEBUG   GST_POLL gstpoll.c:979:gst_poll_fd_ctl_write: 0x55c1297d1cc0: fd (fd:0, idx:1), active : 1
0:00:00.015009021  2777 0x55c1297ad360 LOG   GST_POLL gstpoll.c:994:gst_poll_fd_ctl_write: 0x55c1297d1cc0: pfd->events now 60 (POLLOUT:4)
0:00:00.015018157  2777 0x55c1297ad360 DEBUG   GST_POLL gstpoll.c:979:gst_poll_fd_ctl_write: 0x55c1297d1cc0: fd (fd:0, idx:1), active : 1
0:00:00.015025152  2777 0x55c1297ad360 LOG   GST_POLL gstpoll.c:994:gst_poll_fd_ctl_write: 0x55c1297d1cc0: pfd->events now 60 (POLLOUT:4)
0:00:00.015031558  2777 0x55c1297ad360 DEBUG   GST_POLL gstpoll.c:979:gst_poll_fd_ctl_write: 0x55c1297d1cc0: fd (fd:0, idx:1), active : 1
0:00:00.015037467  2777 0x55c1297ad360 LOG   GST_POLL gstpoll.c:994:gst_poll_fd_ctl_write: 0x55c1297d1cc0: pfd->events now 60 (POLLOUT:4)
0:00:00.015046511  2777 0x55c1297ad360 DEBUG   GST_POLL gstpoll.c:979:gst_poll_fd_ctl_write: 0x55c1297d1cc0: fd (fd:0, idx:1), active : 1
0:00:00.015058356  2777 0x55c1297ad360 LOG   GST_POLL gstpoll.c:994:gst_poll_fd_ctl_write: 0x55c1297d1cc0: pfd->events now 60 (POLLOUT:4)
0:00:00.015065156  2777 0x55c1297ad360 DEBUG   GST_POLL gstpoll.c:979:gst_poll_fd_ctl_write: 0x55c1297d1cc0: fd (fd:0, idx:1), active : 1
0:00:00.015071171  2777 0x55c1297ad360 LOG   GST_POLL gstpoll.c:994:gst_poll_fd_ctl_write: 0x55c1297d1cc0: pfd->events now 60 (POLLOUT:4)
0:00:00.015080286  2777 0x55c1297ad360 DEBUG   GST_POLL gstpoll.c:979:gst_poll_fd_ctl_write: 0x55c1297d1cc0: fd (fd:0, idx:1), active : 1
0:00:00.015087325  2777 0x55c1297ad360 LOG   GST_POLL gstpoll.c:994:gst_poll_fd_ctl_write: 0x55c1297d1cc0: pfd->events now 60 (POLLOUT:4)
0:00:00.015093665  2777 0x55c1297ad360 DEBUG   GST_POLL gstpoll.c:979:gst_poll_fd_ctl_write: 0x55c1297d1cc0: fd (fd:0, idx:1), active : 1
0:00:00.015099452  2777 0x55c1297ad360 LOG   GST_POLL gstpoll.c:994:gst_poll_fd_ctl_write: 0x55c1297d1cc0: pfd->events now 60 (POLLOUT:4)
0:00:00.015108482  2777 0x55c1297ad360 DEBUG   GST_POLL gstpoll.c:979:gst_poll_fd_ctl_write: 0x55c1297d1cc0: fd (fd:0, idx:1), active : 1
0:00:00.015115615  2777 0x55c1297ad360 LOG   GST_POLL gstpoll.c:994:gst_poll_fd_ctl_write: 0x55c1297d1cc0: pfd->events now 60 (POLLOUT:4)
0:00:00.015122159  2777 0x55c1297ad360 DEBUG   GST_POLL gstpoll.c:979:gst_poll_fd_ctl_write: 0x55c1297d1cc0: fd (fd:0, idx:1), active : 1
0:00:00.015128098  2777 0x55c1297ad360 LOG   GST_POLL gstpoll.c:994:gst_poll_fd_ctl_write: 0x55c1297d1cc0: pfd->events now 60 (POLLOUT:4)
0:00:00.015137285  2777 0x55c1297ad360 DEBUG   GST_POLL gstpoll.c:979:gst_poll_fd_ctl_write: 0x55c1297d1cc0: fd (fd:0, idx:1), active : 1
0:00:00.015144285  2777 0x55c1297ad360 LOG   GST_POLL gstpoll.c:994:gst_poll_fd_ctl_write: 0x55c1297d1cc0: pfd->events now 60 (POLLOUT:4)
0:00:00.015150827  2777 0x55c1297ad360 DEBUG   GST_POLL gstpoll.c:979:gst_poll_fd_ctl_write: 0x55c1297d1cc0: fd (fd:0, idx:1), active : 1
0:00:00.015156640  2777 0x55c1297ad360 LOG   GST_POLL gstpoll.c:994:gst_poll_fd_ctl_write: 0x55c1297d1cc0: pfd->events now 60 (POLLOUT:4)
0:00:00.015165674  2777 0x55c1297ad360 DEBUG   GST_POLL gstpoll.c:979:gst_poll_fd_ctl_write: 0x55c1297d1cc0: fd (fd:0, idx:1), active : 1
0:00:00.015172814  2777 0x55c1297ad360 LOG   GST_POLL gstpoll.c:994:gst_poll_fd_ctl_write: 0x55c1297d1cc0: pfd->events now 60 (POLLOUT:4)
0:00:00.015179369  2777 0x55c1297ad360 DEBUG   GST_POLL gstpoll.c:979:gst_poll_fd_ctl_write: 0x55c1297d1cc0: fd (fd:0, idx:1), active : 1
0:00:00.015185217  2777 0x55c1297ad360 LOG   GST_POLL gstpoll.c:994:gst_poll_fd_ctl_write: 0x55c1297d1cc0: pfd->events now 60 (POLLOUT:4)
0:00:00.015203662  2777 0x55c1297ad360 DEBUG   GST_POLL gstpoll.c:979:gst_poll_fd_ctl_write: 0x55c1297d1cc0: fd (fd:0, idx:1), active : 1
0:00:00.015211785  2777 0x55c1297ad360 LOG   GST_POLL gstpoll.c:994:gst_poll_fd_ctl_write: 0x55c1297d1cc0: pfd->events now 60 (POLLOUT:4)
0:00:00.015218223  2777 0x55c1297ad360 DEBUG   GST_POLL gstpoll.c:979:gst_poll_fd_ctl_write: 0x55c1297d1cc0: fd (fd:0, idx:1), active : 1
0:00:00.015228587  2777 0x55c1297ad360 LOG   GST_POLL gstpoll.c:994:gst_poll_fd_ctl_write: 0x55c1297d1cc0: pfd->events now 60 (POLLOUT:4)
0:00:00.015238115  2777 0x55c1297ad360 DEBUG   GST_POLL gstpoll.c:979:gst_poll_fd_ctl_write: 0x55c1297d1cc0: fd (fd:0, idx:1), active : 1
0:00:00.015244764  2777 0x55c1297ad360 LOG   GST_POLL gstpoll.c:994:gst_poll_fd_ctl_write: 0x55c1297d1cc0: pfd->events now 60 (POLLOUT:4)
0:00:00.015251150  2777 0x55c1297ad360 DEBUG   GST_POLL gstpoll.c:979:gst_poll_fd_ctl_write: 0x55c1297d1cc0: fd (fd:0, idx:1), active : 1
0:00:00.015256999  2777 0x55c1297ad360 LOG   GST_POLL gstpoll.c:994:gst_poll_fd_ctl_write: 0x55c1297d1cc0: pfd->events now 60 (POLLOUT:4)
0:00:00.015272045  2777 0x55c1297ad360 TRACE   GST_REFCOUNTING gstobject.c:264:gst_object_unref: 0x55c1297d68f0 unref 2->1
0:00:00.015281907  2777 0x55c1297ad360 DEBUG   GST_POLL gstpoll.c:1241:gst_poll_fd_has_error: 0x55c1297d1cc0: fd (fd:0, idx:1) 0
0:00:00.015289054  2777 0x55c1297ad360 DEBUG   GST_POLL gstpoll.c:1335:gst_poll_fd_can_write: 0x55c1297d1cc0: fd (fd:0, idx:1) 1
0:00:00.015295373  2777 0x55c1297ad360 LOG   GST_PLUGIN_LOADING gstpluginloader.c:689:write_one: Writing packet of size 488 bytes to fd 0
0:00:00.015320275  2777 0x55c1297ad360 DEBUG   GST_POLL gstpoll.c:1414:gst_poll_wait: 0x55c1297d1cc0: timeout :0:00:01.000000000
0:00:00.015333565  2777 0x55c1297ad360 LOG   GST_PLUGIN_LOADING gstpluginloader.c:1026:exchange_packets: Poll res = 2. 6872 bytes pending for write
0:00:00.015341025  2777 0x55c1297ad360 DEBUG   GST_POLL gstpoll.c:1241:gst_poll_fd_has_error: 0x55c1297d1cc0: fd (fd:5, idx:2) 0
0:00:00.015350707  2777 0x55c1297ad360 DEBUG   GST_POLL gstpoll.c:1266:gst_poll_fd_can_read_unlocked: 0x55c1297d1cc0: fd (fd:5, idx:2) 1
0:00:00.015362201  2777 0x55c1297ad360 DEBUG   GST_PLUGIN_LOADING gstpluginloader.c:721:do_plugin_load: Plugin scanner loading file /home/conan/w/prod/BuildSingleReference/.conan/data/gstreamer/1.19.1/_/_/package/d8cac73bce0dfdb14708c459db4ae84177c23223/lib/gstreamer-1.0/libgstcoretracers.so. tag 2
0:00:00.020428797  2776 0x55ac640c5360 LOG   GST_PLUGIN_LOADING gstpluginloader.c:1026:exchange_packets: Poll res = 1. 0 bytes pending for write
0:00:00.015378792  2777 0x55c1297ad360 TRACE   GST_REFCOUNTING gstobject.c:237:gst_object_ref: 0x55c1297d33c0 ref 1->2
0:00:00.020462055  2776 0x55ac640c5360 DEBUG   GST_POLL gstpoll.c:1241:gst_poll_fd_has_error: 0x55ac640ea7b0: fd (fd:8, idx:2) 0
0:00:00.015401547  2777 0x55c1297ad360 TRACE   GST_REFCOUNTING gstobject.c:237:gst_object_ref: 0x55c1297d5190 ref 1->2
0:00:00.020471519  2776 0x55ac640c5360 DEBUG   GST_POLL gstpoll.c:1266:gst_poll_fd_can_read_unlocked: 0x55ac640ea7b0: fd (fd:8, idx:2) 1
0:00:00.015409866  2777 0x55c1297ad360 TRACE   GST_REFCOUNTING gstobject.c:237:gst_object_ref: 0x55c1297d4f10 ref 1->2
0:00:00.015418684  2777 0x55c1297ad360 TRACE   GST_REFCOUNTING gstobject.c:237:gst_object_ref: 0x55c1297d4bf0 ref 1->2
0:00:00.020490959  2776 0x55ac640c5360 DEBUG   GST_PLUGIN_LOADING gstpluginloader.c:847:handle_rx_packet: Received plugin details from child w/ tag 0. 476 bytes info
0:00:00.015428529  2777 0x55c1297ad360 TRACE   GST_REFCOUNTING gstobject.c:237:gst_object_ref: 0x55c1297d4920 ref 1->2
0:00:00.015450326  2777 0x55c1297ad360 TRACE   GST_REFCOUNTING gstobject.c:237:gst_object_ref: 0x55c1297d4410 ref 1->2
0:00:00.020511891  2776 0x55ac640c5360 LOG   GST_REGISTRY gstregistrychunks.c:836:_priv_gst_registry_chunks_load_plugin: Reading/casting for GstRegistryChunkPluginElement at address 0x55ac640e5e90
0:00:00.015461636  2777 0x55c1297ad360 TRACE   GST_REFCOUNTING gstobject.c:264:gst_object_unref: 0x55c1297d4410 unref 2->1
0:00:00.015469712  2777 0x55c1297ad360 TRACE   GST_REFCOUNTING gstobject.c:264:gst_object_unref: 0x55c1297d4920 unref 2->1
0:00:00.015479605  2777 0x55c1297ad360 TRACE   GST_REFCOUNTING gstobject.c:264:gst_object_unref: 0x55c1297d4bf0 unref 2->1
0:00:00.015487525  2777 0x55c1297ad360 TRACE   GST_REFCOUNTING gstobject.c:264:gst_object_unref: 0x55c1297d4f10 unref 2->1
0:00:00.020551113  2776 0x55ac640c5360 TRACE   GST_REFCOUNTING gstobject.c:208:gst_object_init: 0x55ac640eae60 new
0:00:00.015494375  2777 0x55c1297ad360 TRACE   GST_REFCOUNTING gstobject.c:264:gst_object_unref: 0x55c1297d5190 unref 2->1
0:00:00.015504247  2777 0x55c1297ad360 DEBUG   GST_REGISTRY gstregistrychunks.c:497:_priv_gst_registry_chunks_save_plugin: Found 5 features in plugin 0x55c1297d33c0 (coretracers)
0:00:00.015514158  2777 0x55c1297ad360 DEBUG   GST_POLL gstpoll.c:979:gst_poll_fd_ctl_write: 0x55c1297d1cc0: fd (fd:0, idx:1), active : 1
0:00:00.015521670  2777 0x55c1297ad360 LOG   GST_POLL gstpoll.c:994:gst_poll_fd_ctl_write: 0x55c1297d1cc0: pfd->events now 60 (POLLOUT:4)
0:00:00.015528370  2777 0x55c1297ad360 DEBUG   GST_POLL gstpoll.c:979:gst_poll_fd_ctl_write: 0x55c1297d1cc0: fd (fd:0, idx:1), active : 1
0:00:00.015534702  2777 0x55c1297ad360 LOG   GST_POLL gstpoll.c:994:gst_poll_fd_ctl_write: 0x55c1297d1cc0: pfd->events now 60 (POLLOUT:4)
0:00:00.020597491  2776 0x55ac640c5360 LOG   GST_REGISTRY gstregistrychunks.c:858:_priv_gst_registry_chunks_load_plugin: read strings for name='coretracers'
0:00:00.015543950  2777 0x55c1297ad360 DEBUG   GST_POLL gstpoll.c:979:gst_poll_fd_ctl_write: 0x55c1297d1cc0: fd (fd:0, idx:1), active : 1
0:00:00.020609810  2776 0x55ac640c5360 LOG   GST_REGISTRY gstregistrychunks.c:859:_priv_gst_registry_chunks_load_plugin: desc.description='GStreamer core tracers'
0:00:00.015551637  2777 0x55c1297ad360 LOG   GST_POLL gstpoll.c:994:gst_poll_fd_ctl_write: 0x55c1297d1cc0: pfd->events now 60 (POLLOUT:4)
0:00:00.020619700  2776 0x55ac640c5360 LOG   GST_REGISTRY gstregistrychunks.c:860:_priv_gst_registry_chunks_load_plugin: filename='/home/conan/w/prod/BuildSingleReference/.conan/data/gstreamer/1.19.1/_/_/package/d8cac73bce0dfdb14708c459db4ae84177c23223/lib/gstreamer-1.0/libgstcoretracers.so'
0:00:00.015559232  2777 0x55c1297ad360 DEBUG   GST_POLL gstpoll.c:979:gst_poll_fd_ctl_write: 0x55c1297d1cc0: fd (fd:0, idx:1), active : 1
0:00:00.020627373  2776 0x55ac640c5360 LOG   GST_REGISTRY gstregistrychunks.c:861:_priv_gst_registry_chunks_load_plugin: desc.version='1.19.1'
0:00:00.015566548  2777 0x55c1297ad360 LOG   GST_POLL gstpoll.c:994:gst_poll_fd_ctl_write: 0x55c1297d1cc0: pfd->events now 60 (POLLOUT:4)
0:00:00.020639291  2776 0x55ac640c5360 LOG   GST_REGISTRY gstregistrychunks.c:862:_priv_gst_registry_chunks_load_plugin: desc.license='LGPL'
0:00:00.015581022  2777 0x55c1297ad360 DEBUG   GST_POLL gstpoll.c:979:gst_poll_fd_ctl_write: 0x55c1297d1cc0: fd (fd:0, idx:1), active : 1
0:00:00.020645515  2776 0x55ac640c5360 LOG   GST_REGISTRY gstregistrychunks.c:863:_priv_gst_registry_chunks_load_plugin: desc.source='gstreamer'
0:00:00.015588993  2777 0x55c1297ad360 LOG   GST_POLL gstpoll.c:994:gst_poll_fd_ctl_write: 0x55c1297d1cc0: pfd->events now 60 (POLLOUT:4)
0:00:00.020656019  2776 0x55ac640c5360 LOG   GST_REGISTRY gstregistrychunks.c:864:_priv_gst_registry_chunks_load_plugin: desc.package='GStreamer source release'
0:00:00.015596301  2777 0x55c1297ad360 DEBUG   GST_POLL gstpoll.c:979:gst_poll_fd_ctl_write: 0x55c1297d1cc0: fd (fd:0, idx:1), active : 1
0:00:00.020663488  2776 0x55ac640c5360 LOG   GST_REGISTRY gstregistrychunks.c:865:_priv_gst_registry_chunks_load_plugin: desc.origin='Unknown package origin'
0:00:00.015602962  2777 0x55c1297ad360 LOG   GST_POLL gstpoll.c:994:gst_poll_fd_ctl_write: 0x55c1297d1cc0: pfd->events now 60 (POLLOUT:4)
0:00:00.020670024  2776 0x55ac640c5360 LOG   GST_REGISTRY gstregistrychunks.c:866:_priv_gst_registry_chunks_load_plugin: desc.datetime=2021-06-01
0:00:00.015612255  2777 0x55c1297ad360 DEBUG   GST_POLL gstpoll.c:979:gst_poll_fd_ctl_write: 0x55c1297d1cc0: fd (fd:0, idx:1), active : 1
0:00:00.020682003  2776 0x55ac640c5360 DEBUG   GST_REGISTRY gstregistry.c:473:gst_registry_add_plugin: adding plugin 0x55ac640eae60 for filename "/home/conan/w/prod/BuildSingleReference/.conan/data/gstreamer/1.19.1/_/_/package/d8cac73bce0dfdb14708c459db4ae84177c23223/lib/gstreamer-1.0/libgstcoretracers.so"
0:00:00.015620045  2777 0x55c1297ad360 LOG   GST_POLL gstpoll.c:994:gst_poll_fd_ctl_write: 0x55c1297d1cc0: pfd->events now 60 (POLLOUT:4)
0:00:00.015629647  2777 0x55c1297ad360 DEBUG   GST_POLL gstpoll.c:979:gst_poll_fd_ctl_write: 0x55c1297d1cc0: fd (fd:0, idx:1), active : 1
0:00:00.020696606  2776 0x55ac640c5360 TRACE   GST_REFCOUNTING gstobject.c:292:gst_object_ref_sink: 0x55ac640eae60 ref_sink 1->2
0:00:00.015635475  2777 0x55c1297ad360 LOG   GST_POLL gstpoll.c:994:gst_poll_fd_ctl_write: 0x55c1297d1cc0: pfd->events now 60 (POLLOUT:4)
0:00:00.020706753  2776 0x55ac640c5360 LOG   GST_REGISTRY gstregistry.c:486:gst_registry_add_plugin: emitting plugin-added for filename "/home/conan/w/prod/BuildSingleReference/.conan/data/gstreamer/1.19.1/_/_/package/d8cac73bce0dfdb14708c459db4ae84177c23223/lib/gstreamer-1.0/libgstcoretracers.so"
0:00:00.015646764  2777 0x55c1297ad360 DEBUG   GST_POLL gstpoll.c:979:gst_poll_fd_ctl_write: 0x55c1297d1cc0: fd (fd:0, idx:1), active : 1
0:00:00.020715123  2776 0x55ac640c5360 DEBUG   GST_REGISTRY gstregistrychunks.c:886:_priv_gst_registry_chunks_load_plugin: Added plugin 'coretracers' plugin with 5 features from binary registry
0:00:00.015654401  2777 0x55c1297ad360 LOG   GST_POLL gstpoll.c:994:gst_poll_fd_ctl_write: 0x55c1297d1cc0: pfd->events now 60 (POLLOUT:4)
0:00:00.020723128  2776 0x55ac640c5360 DEBUG   GST_REGISTRY gstregistrychunks.c:582:gst_registry_chunks_load_feature: Plugin 'coretracers' feature 'leaks' typename : 'GstTracerFactory'
0:00:00.015667075  2777 0x55c1297ad360 DEBUG   GST_POLL gstpoll.c:979:gst_poll_fd_ctl_write: 0x55c1297d1cc0: fd (fd:0, idx:1), active : 1
0:00:00.015673681  2777 0x55c1297ad360 LOG   GST_POLL gstpoll.c:994:gst_poll_fd_ctl_write: 0x55c1297d1cc0: pfd->events now 60 (POLLOUT:4)
0:00:00.020742040  2776 0x55ac640c5360 TRACE   GST_REFCOUNTING gstobject.c:208:gst_object_init: 0x55ac640eb210 new
0:00:00.015682646  2777 0x55c1297ad360 DEBUG   GST_POLL gstpoll.c:979:gst_poll_fd_ctl_write: 0x55c1297d1cc0: fd (fd:0, idx:1), active : 1
0:00:00.015690162  2777 0x55c1297ad360 LOG   GST_POLL gstpoll.c:994:gst_poll_fd_ctl_write: 0x55c1297d1cc0: pfd->events now 60 (POLLOUT:4)
0:00:00.020755432  2776 0x55ac640c5360 DEBUG   GST_REGISTRY gstregistrychunks.c:716:gst_registry_chunks_load_feature: Reading/casting for GstRegistryChunkPluginFeature at address 0x55ac640e5fd8
0:00:00.015696705  2777 0x55c1297ad360 DEBUG   GST_POLL gstpoll.c:979:gst_poll_fd_ctl_write: 0x55c1297d1cc0: fd (fd:0, idx:1), active : 1
0:00:00.020765004  2776 0x55ac640c5360 DEBUG   GST_REGISTRY gstregistry.c:589:gst_registry_add_feature: adding feature 0x55ac640eb210 (leaks)
0:00:00.015703292  2777 0x55c1297ad360 LOG   GST_POLL gstpoll.c:994:gst_poll_fd_ctl_write: 0x55c1297d1cc0: pfd->events now 60 (POLLOUT:4)
0:00:00.015714026  2777 0x55c1297ad360 DEBUG   GST_POLL gstpoll.c:979:gst_poll_fd_ctl_write: 0x55c1297d1cc0: fd (fd:0, idx:1), active : 1
0:00:00.020777578  2776 0x55ac640c5360 DEBUG   GST_REFCOUNTING gstobject.c:708:gst_object_set_parent: set parent (ref and sink)
0:00:00.015721124  2777 0x55c1297ad360 LOG   GST_POLL gstpoll.c:994:gst_poll_fd_ctl_write: 0x55c1297d1cc0: pfd->events now 60 (POLLOUT:4)
0:00:00.020788237  2776 0x55ac640c5360 TRACE   GST_REFCOUNTING gstobject.c:292:gst_object_ref_sink: 0x55ac640eb210 ref_sink 1->2
0:00:00.015728443  2777 0x55c1297ad360 DEBUG   GST_POLL gstpoll.c:979:gst_poll_fd_ctl_write: 0x55c1297d1cc0: fd (fd:0, idx:1), active : 1
0:00:00.020796071  2776 0x55ac640c5360 LOG   GST_REGISTRY gstregistry.c:607:gst_registry_add_feature: emitting feature-added for leaks
0:00:00.015735153  2777 0x55c1297ad360 LOG   GST_POLL gstpoll.c:994:gst_poll_fd_ctl_write: 0x55c1297d1cc0: pfd->events now 60 (POLLOUT:4)
0:00:00.020806554  2776 0x55ac640c5360 DEBUG   GST_REGISTRY gstregistrychunks.c:740:gst_registry_chunks_load_feature: Added feature leaks, plugin 0x55ac640eae60 coretracers
0:00:00.015745341  2777 0x55c1297ad360 DEBUG   GST_POLL gstpoll.c:979:gst_poll_fd_ctl_write: 0x55c1297d1cc0: fd (fd:0, idx:1), active : 1
0:00:00.020815241  2776 0x55ac640c5360 DEBUG   GST_REGISTRY gstregistrychunks.c:582:gst_registry_chunks_load_feature: Plugin 'coretracers' feature 'stats' typename : 'GstTracerFactory'
0:00:00.015753440  2777 0x55c1297ad360 LOG   GST_POLL gstpoll.c:994:gst_poll_fd_ctl_write: 0x55c1297d1cc0: pfd->events now 60 (POLLOUT:4)
0:00:00.015761633  2777 0x55c1297ad360 LOG   GST_PLUGIN_LOADING gstpluginloader.c:644:put_chunk: Expanding tx buf from 7717 to 10158 for chunk of size 17
0:00:00.020824786  2776 0x55ac640c5360 TRACE   GST_REFCOUNTING gstobject.c:208:gst_object_init: 0x55ac640eb360 new
0:00:00.015773223  2777 0x55c1297ad360 DEBUG   GST_POLL gstpoll.c:979:gst_poll_fd_ctl_write: 0x55c1297d1cc0: fd (fd:0, idx:1), active : 1
0:00:00.020840520  2776 0x55ac640c5360 DEBUG   GST_REGISTRY gstregistrychunks.c:716:gst_registry_chunks_load_feature: Reading/casting for GstRegistryChunkPluginFeature at address 0x55ac640e5ff8
0:00:00.015782610  2777 0x55c1297ad360 LOG   GST_POLL gstpoll.c:994:gst_poll_fd_ctl_write: 0x55c1297d1cc0: pfd->events now 60 (POLLOUT:4)
0:00:00.020851624  2776 0x55ac640c5360 DEBUG   GST_REGISTRY gstregistry.c:589:gst_registry_add_feature: adding feature 0x55ac640eb360 (stats)
0:00:00.015791068  2777 0x55c1297ad360 DEBUG   GST_POLL gstpoll.c:979:gst_poll_fd_ctl_write: 0x55c1297d1cc0: fd (fd:0, idx:1), active : 1
0:00:00.020859504  2776 0x55ac640c5360 DEBUG   GST_REFCOUNTING gstobject.c:708:gst_object_set_parent: set parent (ref and sink)
0:00:00.015798201  2777 0x55c1297ad360 LOG   GST_POLL gstpoll.c:994:gst_poll_fd_ctl_write: 0x55c1297d1cc0: pfd->events now 60 (POLLOUT:4)
0:00:00.020867870  2776 0x55ac640c5360 TRACE   GST_REFCOUNTING gstobject.c:292:gst_object_ref_sink: 0x55ac640eb360 ref_sink 1->2
0:00:00.015806336  2777 0x55c1297ad360 DEBUG   GST_POLL gstpoll.c:979:gst_poll_fd_ctl_write: 0x55c1297d1cc0: fd (fd:0, idx:1), active : 1
0:00:00.020875292  2776 0x55ac640c5360 LOG   GST_REGISTRY gstregistry.c:607:gst_registry_add_feature: emitting feature-added for stats
0:00:00.015815826  2777 0x55c1297ad360 LOG   GST_POLL gstpoll.c:994:gst_poll_fd_ctl_write: 0x55c1297d1cc0: pfd->events now 60 (POLLOUT:4)
0:00:00.020885144  2776 0x55ac640c5360 DEBUG   GST_REGISTRY gstregistrychunks.c:740:gst_registry_chunks_load_feature: Added feature stats, plugin 0x55ac640eae60 coretracers
0:00:00.015824117  2777 0x55c1297ad360 DEBUG   GST_POLL gstpoll.c:979:gst_poll_fd_ctl_write: 0x55c1297d1cc0: fd (fd:0, idx:1), active : 1
0:00:00.020893326  2776 0x55ac640c5360 DEBUG   GST_REGISTRY gstregistrychunks.c:582:gst_registry_chunks_load_feature: Plugin 'coretracers' feature 'rusage' typename : 'GstTracerFactory'
0:00:00.015831596  2777 0x55c1297ad360 LOG   GST_POLL gstpoll.c:994:gst_poll_fd_ctl_write: 0x55c1297d1cc0: pfd->events now 60 (POLLOUT:4)
0:00:00.015839453  2777 0x55c1297ad360 DEBUG   GST_POLL gstpoll.c:979:gst_poll_fd_ctl_write: 0x55c1297d1cc0: fd (fd:0, idx:1), active : 1
0:00:00.020902586  2776 0x55ac640c5360 TRACE   GST_REFCOUNTING gstobject.c:208:gst_object_init: 0x55ac640eb4b0 new
0:00:00.015848169  2777 0x55c1297ad360 LOG   GST_POLL gstpoll.c:994:gst_poll_fd_ctl_write: 0x55c1297d1cc0: pfd->events now 60 (POLLOUT:4)
0:00:00.020914349  2776 0x55ac640c5360 DEBUG   GST_REGISTRY gstregistrychunks.c:716:gst_registry_chunks_load_feature: Reading/casting for GstRegistryChunkPluginFeature at address 0x55ac640e6018
0:00:00.015856501  2777 0x55c1297ad360 DEBUG   GST_POLL gstpoll.c:979:gst_poll_fd_ctl_write: 0x55c1297d1cc0: fd (fd:0, idx:1), active : 1
0:00:00.020925238  2776 0x55ac640c5360 DEBUG   GST_REGISTRY gstregistry.c:589:gst_registry_add_feature: adding feature 0x55ac640eb4b0 (rusage)
0:00:00.015870708  2777 0x55c1297ad360 LOG   GST_POLL gstpoll.c:994:gst_poll_fd_ctl_write: 0x55c1297d1cc0: pfd->events now 60 (POLLOUT:4)
0:00:00.020936522  2776 0x55ac640c5360 DEBUG   GST_REFCOUNTING gstobject.c:708:gst_object_set_parent: set parent (ref and sink)
0:00:00.015877957  2777 0x55c1297ad360 DEBUG   GST_POLL gstpoll.c:979:gst_poll_fd_ctl_write: 0x55c1297d1cc0: fd (fd:0, idx:1), active : 1
0:00:00.020944691  2776 0x55ac640c5360 TRACE   GST_REFCOUNTING gstobject.c:292:gst_object_ref_sink: 0x55ac640eb4b0 ref_sink 1->2
0:00:00.015887054  2777 0x55c1297ad360 LOG   GST_POLL gstpoll.c:994:gst_poll_fd_ctl_write: 0x55c1297d1cc0: pfd->events now 60 (POLLOUT:4)
0:00:00.020952323  2776 0x55ac640c5360 LOG   GST_REGISTRY gstregistry.c:607:gst_registry_add_feature: emitting feature-added for rusage
0:00:00.015895556  2777 0x55c1297ad360 DEBUG   GST_POLL gstpoll.c:979:gst_poll_fd_ctl_write: 0x55c1297d1cc0: fd (fd:0, idx:1), active : 1
0:00:00.020963341  2776 0x55ac640c5360 DEBUG   GST_REGISTRY gstregistrychunks.c:740:gst_registry_chunks_load_feature: Added feature rusage, plugin 0x55ac640eae60 coretracers
0:00:00.015902377  2777 0x55c1297ad360 LOG   GST_POLL gstpoll.c:994:gst_poll_fd_ctl_write: 0x55c1297d1cc0: pfd->events now 60 (POLLOUT:4)
0:00:00.020971441  2776 0x55ac640c5360 DEBUG   GST_REGISTRY gstregistrychunks.c:582:gst_registry_chunks_load_feature: Plugin 'coretracers' feature 'log' typename : 'GstTracerFactory'
0:00:00.015910320  2777 0x55c1297ad360 DEBUG   GST_POLL gstpoll.c:979:gst_poll_fd_ctl_write: 0x55c1297d1cc0: fd (fd:0, idx:1), active : 1
0:00:00.020980346  2776 0x55ac640c5360 TRACE   GST_REFCOUNTING gstobject.c:208:gst_object_init: 0x55ac640eb610 new
0:00:00.015919129  2777 0x55c1297ad360 LOG   GST_POLL gstpoll.c:994:gst_poll_fd_ctl_write: 0x55c1297d1cc0: pfd->events now 60 (POLLOUT:4)
0:00:00.020989630  2776 0x55ac640c5360 DEBUG   GST_REGISTRY gstregistrychunks.c:716:gst_registry_chunks_load_feature: Reading/casting for GstRegistryChunkPluginFeature at address 0x55ac640e6038
0:00:00.015927573  2777 0x55c1297ad360 DEBUG   GST_POLL gstpoll.c:979:gst_poll_fd_ctl_write: 0x55c1297d1cc0: fd (fd:0, idx:1), active : 1
0:00:00.015936702  2777 0x55c1297ad360 LOG   GST_POLL gstpoll.c:994:gst_poll_fd_ctl_write: 0x55c1297d1cc0: pfd->events now 60 (POLLOUT:4)
0:00:00.021000628  2776 0x55ac640c5360 DEBUG   GST_REGISTRY gstregistry.c:589:gst_registry_add_feature: adding feature 0x55ac640eb610 (log)
0:00:00.015943130  2777 0x55c1297ad360 DEBUG   GST_POLL gstpoll.c:979:gst_poll_fd_ctl_write: 0x55c1297d1cc0: fd (fd:0, idx:1), active : 1
0:00:00.021008645  2776 0x55ac640c5360 DEBUG   GST_REFCOUNTING gstobject.c:708:gst_object_set_parent: set parent (ref and sink)
0:00:00.015952145  2777 0x55c1297ad360 LOG   GST_POLL gstpoll.c:994:gst_poll_fd_ctl_write: 0x55c1297d1cc0: pfd->events now 60 (POLLOUT:4)
0:00:00.021017248  2776 0x55ac640c5360 TRACE   GST_REFCOUNTING gstobject.c:292:gst_object_ref_sink: 0x55ac640eb610 ref_sink 1->2
0:00:00.015960598  2777 0x55c1297ad360 DEBUG   GST_POLL gstpoll.c:979:gst_poll_fd_ctl_write: 0x55c1297d1cc0: fd (fd:0, idx:1), active : 1
0:00:00.021030898  2776 0x55ac640c5360 LOG   GST_REGISTRY gstregistry.c:607:gst_registry_add_feature: emitting feature-added for log
0:00:00.015969889  2777 0x55c1297ad360 LOG   GST_POLL gstpoll.c:994:gst_poll_fd_ctl_write: 0x55c1297d1cc0: pfd->events now 60 (POLLOUT:4)
0:00:00.021041906  2776 0x55ac640c5360 DEBUG   GST_REGISTRY gstregistrychunks.c:740:gst_registry_chunks_load_feature: Added feature log, plugin 0x55ac640eae60 coretracers
0:00:00.015980393  2777 0x55c1297ad360 TRACE   GST_REFCOUNTING gstobject.c:264:gst_object_unref: 0x55c1297d33c0 unref 2->1
0:00:00.021050025  2776 0x55ac640c5360 DEBUG   GST_REGISTRY gstregistrychunks.c:582:gst_registry_chunks_load_feature: Plugin 'coretracers' feature 'latency' typename : 'GstTracerFactory'
0:00:00.015991289  2777 0x55c1297ad360 DEBUG   GST_POLL gstpoll.c:1241:gst_poll_fd_has_error: 0x55c1297d1cc0: fd (fd:0, idx:1) 0
0:00:00.021059045  2776 0x55ac640c5360 TRACE   GST_REFCOUNTING gstobject.c:208:gst_object_init: 0x55ac640eb770 new
0:00:00.015999781  2777 0x55c1297ad360 DEBUG   GST_POLL gstpoll.c:1335:gst_poll_fd_can_write: 0x55c1297d1cc0: fd (fd:0, idx:1) 1
0:00:00.021068312  2776 0x55ac640c5360 DEBUG   GST_REGISTRY gstregistrychunks.c:716:gst_registry_chunks_load_feature: Reading/casting for GstRegistryChunkPluginFeature at address 0x55ac640e6060
0:00:00.016007397  2777 0x55c1297ad360 LOG   GST_PLUGIN_LOADING gstpluginloader.c:689:write_one: Writing packet of size 6872 bytes to fd 0
0:00:00.021079214  2776 0x55ac640c5360 DEBUG   GST_REGISTRY gstregistry.c:589:gst_registry_add_feature: adding feature 0x55ac640eb770 (latency)
0:00:00.016021169  2777 0x55c1297ad360 DEBUG   GST_POLL gstpoll.c:1414:gst_poll_wait: 0x55c1297d1cc0: timeout :0:00:01.000000000
0:00:00.021087178  2776 0x55ac640c5360 DEBUG   GST_REFCOUNTING gstobject.c:708:gst_object_set_parent: set parent (ref and sink)
0:00:00.021096492  2776 0x55ac640c5360 TRACE   GST_REFCOUNTING gstobject.c:292:gst_object_ref_sink: 0x55ac640eb770 ref_sink 1->2
0:00:00.016033980  2777 0x55c1297ad360 LOG   GST_PLUGIN_LOADING gstpluginloader.c:1026:exchange_packets: Poll res = 2. 488 bytes pending for write
0:00:00.021103548  2776 0x55ac640c5360 LOG   GST_REGISTRY gstregistry.c:607:gst_registry_add_feature: emitting feature-added for latency
0:00:00.016043133  2777 0x55c1297ad360 DEBUG   GST_POLL gstpoll.c:1241:gst_poll_fd_has_error: 0x55c1297d1cc0: fd (fd:5, idx:2) 0
0:00:00.016050790  2777 0x55c1297ad360 DEBUG   GST_POLL gstpoll.c:1266:gst_poll_fd_can_read_unlocked: 0x55c1297d1cc0: fd (fd:5, idx:2) 1
0:00:00.021113454  2776 0x55ac640c5360 DEBUG   GST_REGISTRY gstregistrychunks.c:740:gst_registry_chunks_load_feature: Added feature latency, plugin 0x55ac640eae60 coretracers
0:00:00.021125415  2776 0x55ac640c5360 LOG   GST_PLUGIN_LOADING gstpluginloader.c:886:handle_rx_packet: marking plugin 0x55ac640eae60 as registered as /home/conan/w/prod/BuildSingleReference/.conan/data/gstreamer/1.19.1/_/_/package/d8cac73bce0dfdb14708c459db4ae84177c23223/lib/gstreamer-1.0/libgstcoretracers.so
0:00:00.016062753  2777 0x55c1297ad360 DEBUG   GST_PLUGIN_LOADING gstpluginloader.c:721:do_plugin_load: Plugin scanner loading file /home/conan/w/prod/BuildSingleReference/.conan/data/gstreamer/1.19.1/_/_/package/d8cac73bce0dfdb14708c459db4ae84177c23223/lib/gstreamer-1.0/libgstcoreelements.so. tag 3
0:00:00.016078544  2777 0x55c1297ad360 TRACE   GST_REFCOUNTING gstobject.c:237:gst_object_ref: 0x55c1297d68f0 ref 1->2
0:00:00.021142866  2776 0x55ac640c5360 DEBUG   GST_POLL gstpoll.c:1414:gst_poll_wait: 0x55ac640ea7b0: timeout :0:00:01.000000000
0:00:00.016087216  2777 0x55c1297ad360 TRACE   GST_REFCOUNTING gstobject.c:237:gst_object_ref: 0x55c1297f4760 ref 1->2
0:00:00.021155801  2776 0x55ac640c5360 LOG   GST_PLUGIN_LOADING gstpluginloader.c:1026:exchange_packets: Poll res = 1. 0 bytes pending for write
0:00:00.016097753  2777 0x55c1297ad360 TRACE   GST_REFCOUNTING gstobject.c:237:gst_object_ref: 0x55c1297f3560 ref 1->2
0:00:00.021166725  2776 0x55ac640c5360 DEBUG   GST_POLL gstpoll.c:1241:gst_poll_fd_has_error: 0x55ac640ea7b0: fd (fd:8, idx:2) 0
0:00:00.016106646  2777 0x55c1297ad360 TRACE   GST_REFCOUNTING gstobject.c:237:gst_object_ref: 0x55c1297f1a80 ref 1->2
0:00:00.021174778  2776 0x55ac640c5360 DEBUG   GST_POLL gstpoll.c:1266:gst_poll_fd_can_read_unlocked: 0x55ac640ea7b0: fd (fd:8, idx:2) 1
0:00:00.016114636  2777 0x55c1297ad360 TRACE   GST_REFCOUNTING gstobject.c:237:gst_object_ref: 0x55c1297f0a90 ref 1->2
0:00:00.021183899  2776 0x55ac640c5360 LOG   GST_PLUGIN_LOADING gstpluginloader.c:984:read_one: Expanding rx buf from 512 to 7384
0:00:00.016122761  2777 0x55c1297ad360 TRACE   GST_REFCOUNTING gstobject.c:237:gst_object_ref: 0x55c1297ef6b0 ref 1->2
0:00:00.016134566  2777 0x55c1297ad360 TRACE   GST_REFCOUNTING gstobject.c:237:gst_object_ref: 0x55c1297ee230 ref 1->2
0:00:00.016142832  2777 0x55c1297ad360 TRACE   GST_REFCOUNTING gstobject.c:237:gst_object_ref: 0x55c1297ec990 ref 1->2
0:00:00.021208399  2776 0x55ac640c5360 DEBUG   GST_PLUGIN_LOADING gstpluginloader.c:847:handle_rx_packet: Received plugin details from child w/ tag 1. 6860 bytes info
0:00:00.016149970  2777 0x55c1297ad360 TRACE   GST_REFCOUNTING gstobject.c:237:gst_object_ref: 0x55c1297ea6b0 ref 1->2
0:00:00.021216711  2776 0x55ac640c5360 LOG   GST_REGISTRY gstregistrychunks.c:836:_priv_gst_registry_chunks_load_plugin: Reading/casting for GstRegistryChunkPluginElement at address 0x55ac640eb840
0:00:00.016158050  2777 0x55c1297ad360 TRACE   GST_REFCOUNTING gstobject.c:237:gst_object_ref: 0x55c1297e94f0 ref 1->2
0:00:00.021225466  2776 0x55ac640c5360 TRACE   GST_REFCOUNTING gstobject.c:208:gst_object_init: 0x55ac640f5ad0 new
0:00:00.016168225  2777 0x55c1297ad360 TRACE   GST_REFCOUNTING gstobject.c:237:gst_object_ref: 0x55c1297e82d0 ref 1->2
0:00:00.016177292  2777 0x55c1297ad360 TRACE   GST_REFCOUNTING gstobject.c:237:gst_object_ref: 0x55c1297e6d70 ref 1->2
0:00:00.021243465  2776 0x55ac640c5360 LOG   GST_REGISTRY gstregistrychunks.c:858:_priv_gst_registry_chunks_load_plugin: read strings for name='coreelements'
0:00:00.016201554  2777 0x55c1297ad360 TRACE   GST_REFCOUNTING gstobject.c:237:gst_object_ref: 0x55c1297e6000 ref 1->2
0:00:00.021281474  2776 0x55ac640c5360 LOG   GST_REGISTRY gstregistrychunks.c:859:_priv_gst_registry_chunks_load_plugin: desc.description='GStreamer core elements'
0:00:00.021289010  2776 0x55ac640c5360 LOG   GST_REGISTRY gstregistrychunks.c:860:_priv_gst_registry_chunks_load_plugin: filename='/home/conan/w/prod/BuildSingleReference/.conan/data/gstreamer/1.19.1/_/_/package/d8cac73bce0dfdb14708c459db4ae84177c23223/lib/gstreamer-1.0/libgstcoreelements.so'
0:00:00.016226667  2777 0x55c1297ad360 TRACE   GST_REFCOUNTING gstobject.c:237:gst_object_ref: 0x55c1297e5220 ref 1->2
0:00:00.021297696  2776 0x55ac640c5360 LOG   GST_REGISTRY gstregistrychunks.c:861:_priv_gst_registry_chunks_load_plugin: desc.version='1.19.1'
0:00:00.021304251  2776 0x55ac640c5360 LOG   GST_REGISTRY gstregistrychunks.c:862:_priv_gst_registry_chunks_load_plugin: desc.license='LGPL'
0:00:00.016239676  2777 0x55c1297ad360 TRACE   GST_REFCOUNTING gstobject.c:237:gst_object_ref: 0x55c1297e43a0 ref 1->2
0:00:00.021309994  2776 0x55ac640c5360 LOG   GST_REGISTRY gstregistrychunks.c:863:_priv_gst_registry_chunks_load_plugin: desc.source='gstreamer'
0:00:00.016250951  2777 0x55c1297ad360 TRACE   GST_REFCOUNTING gstobject.c:237:gst_object_ref: 0x55c1297e1ef0 ref 1->2
0:00:00.021316092  2776 0x55ac640c5360 LOG   GST_REGISTRY gstregistrychunks.c:864:_priv_gst_registry_chunks_load_plugin: desc.package='GStreamer source release'
0:00:00.016258925  2777 0x55c1297ad360 TRACE   GST_REFCOUNTING gstobject.c:237:gst_object_ref: 0x55c1297df8f0 ref 1->2
0:00:00.021324964  2776 0x55ac640c5360 LOG   GST_REGISTRY gstregistrychunks.c:865:_priv_gst_registry_chunks_load_plugin: desc.origin='Unknown package origin'
0:00:00.021332264  2776 0x55ac640c5360 LOG   GST_REGISTRY gstregistrychunks.c:866:_priv_gst_registry_chunks_load_plugin: desc.datetime=2021-06-01
0:00:00.016268914  2777 0x55c1297ad360 TRACE   GST_REFCOUNTING gstobject.c:237:gst_object_ref: 0x55c1297ddc80 ref 1->2
0:00:00.021340908  2776 0x55ac640c5360 DEBUG   GST_REGISTRY gstregistry.c:473:gst_registry_add_plugin: adding plugin 0x55ac640f5ad0 for filename "/home/conan/w/prod/BuildSingleReference/.conan/data/gstreamer/1.19.1/_/_/package/d8cac73bce0dfdb14708c459db4ae84177c23223/lib/gstreamer-1.0/libgstcoreelements.so"
0:00:00.016277856  2777 0x55c1297ad360 TRACE   GST_REFCOUNTING gstobject.c:237:gst_object_ref: 0x55c1297dcab0 ref 1->2
0:00:00.016287072  2777 0x55c1297ad360 TRACE   GST_REFCOUNTING gstobject.c:237:gst_object_ref: 0x55c1297daca0 ref 1->2
0:00:00.021349285  2776 0x55ac640c5360 TRACE   GST_REFCOUNTING gstobject.c:292:gst_object_ref_sink: 0x55ac640f5ad0 ref_sink 1->2
0:00:00.016293936  2777 0x55c1297ad360 TRACE   GST_REFCOUNTING gstobject.c:237:gst_object_ref: 0x55c1297d9dc0 ref 1->2
0:00:00.021361682  2776 0x55ac640c5360 LOG   GST_REGISTRY gstregistry.c:486:gst_registry_add_plugin: emitting plugin-added for filename "/home/conan/w/prod/BuildSingleReference/.conan/data/gstreamer/1.19.1/_/_/package/d8cac73bce0dfdb14708c459db4ae84177c23223/lib/gstreamer-1.0/libgstcoreelements.so"
0:00:00.016304024  2777 0x55c1297ad360 TRACE   GST_REFCOUNTING gstobject.c:237:gst_object_ref: 0x55c1297d8fd0 ref 1->2
0:00:00.021375264  2776 0x55ac640c5360 DEBUG   GST_REGISTRY gstregistrychunks.c:886:_priv_gst_registry_chunks_load_plugin: Added plugin 'coreelements' plugin with 22 features from binary registry
0:00:00.016313705  2777 0x55c1297ad360 TRACE   GST_REFCOUNTING gstobject.c:237:gst_object_ref: 0x55c1297d6fb0 ref 1->2
0:00:00.021383174  2776 0x55ac640c5360 DEBUG   GST_REGISTRY gstregistrychunks.c:582:gst_registry_chunks_load_feature: Plugin 'coreelements' feature 'streamiddemux' typename : 'GstElementFactory'
0:00:00.016322864  2777 0x55c1297ad360 DEBUG   GST_REGISTRY gstregistrychunks.c:264:gst_registry_chunks_save_feature: saved 0 interfaces 0 pad templates
0:00:00.021396152  2776 0x55ac640c5360 TRACE   GST_REFCOUNTING gstobject.c:208:gst_object_init: 0x55ac640f5350 new
0:00:00.016337601  2777 0x55c1297ad360 DEBUG   GST_REGISTRY gstregistrychunks.c:264:gst_registry_chunks_save_feature: saved 0 interfaces 0 pad templates
