0:00:00.013545701  2476 0x1f7a320 DEBUG   GST_POLL gstpoll.c:979:gst_poll_fd_ctl_write: 0x1f829c0: fd (fd:0, idx:1), active : 1
0:00:00.018295485  2475 0xb93370 DEBUG   GST_REGISTRY gstregistrychunks.c:526:gst_registry_chunks_load_pad_template: Reading/casting for GstRegistryChunkPadTemplate at address 0xbaeeb0
0:00:00.013551724  2476 0x1f7a320 LOG   GST_POLL gstpoll.c:994:gst_poll_fd_ctl_write: 0x1f829c0: pfd->events now 60 (POLLOUT:4)
0:00:00.018315474  2475 0xb93370 DEBUG   GST_REGISTRY gstregistrychunks.c:540:gst_registry_chunks_load_pad_template: Added pad_template src
0:00:00.013566203  2476 0x1f7a320 DEBUG   GST_POLL gstpoll.c:979:gst_poll_fd_ctl_write: 0x1f829c0: fd (fd:0, idx:1), active : 1
0:00:00.013573166  2476 0x1f7a320 LOG   GST_POLL gstpoll.c:994:gst_poll_fd_ctl_write: 0x1f829c0: pfd->events now 60 (POLLOUT:4)
0:00:00.018324591  2475 0xb93370 DEBUG   GST_REGISTRY gstregistry.c:589:gst_registry_add_feature: adding feature 0xbb0880 (valve)
0:00:00.013579647  2476 0x1f7a320 DEBUG   GST_POLL gstpoll.c:979:gst_poll_fd_ctl_write: 0x1f829c0: fd (fd:0, idx:1), active : 1
0:00:00.018333354  2475 0xb93370 DEBUG   GST_REFCOUNTING gstobject.c:708:gst_object_set_parent: set parent (ref and sink)
0:00:00.013585796  2476 0x1f7a320 LOG   GST_POLL gstpoll.c:994:gst_poll_fd_ctl_write: 0x1f829c0: pfd->events now 60 (POLLOUT:4)
0:00:00.018341697  2475 0xb93370 TRACE   GST_REFCOUNTING gstobject.c:292:gst_object_ref_sink: 0xbb0880 ref_sink 1->2
0:00:00.013592410  2476 0x1f7a320 DEBUG   GST_POLL gstpoll.c:979:gst_poll_fd_ctl_write: 0x1f829c0: fd (fd:0, idx:1), active : 1
0:00:00.018349765  2475 0xb93370 LOG   GST_REGISTRY gstregistry.c:607:gst_registry_add_feature: emitting feature-added for valve
0:00:00.013600495  2476 0x1f7a320 LOG   GST_POLL gstpoll.c:994:gst_poll_fd_ctl_write: 0x1f829c0: pfd->events now 60 (POLLOUT:4)
0:00:00.018357412  2475 0xb93370 DEBUG   GST_REGISTRY gstregistrychunks.c:741:gst_registry_chunks_load_feature: Added feature valve, plugin 0xbae780 coreelements
0:00:00.013607518  2476 0x1f7a320 DEBUG   GST_POLL gstpoll.c:979:gst_poll_fd_ctl_write: 0x1f829c0: fd (fd:0, idx:1), active : 1
0:00:00.018364722  2475 0xb93370 DEBUG   GST_REGISTRY gstregistrychunks.c:583:gst_registry_chunks_load_feature: Plugin 'coreelements' feature 'multiqueue' typename : 'GstElementFactory'
0:00:00.013614896  2476 0x1f7a320 LOG   GST_POLL gstpoll.c:994:gst_poll_fd_ctl_write: 0x1f829c0: pfd->events now 60 (POLLOUT:4)
0:00:00.018373722  2475 0xb93370 TRACE   GST_REFCOUNTING gstobject.c:208:gst_object_init: 0xbb0b80 new
0:00:00.013622873  2476 0x1f7a320 DEBUG   GST_POLL gstpoll.c:979:gst_poll_fd_ctl_write: 0x1f829c0: fd (fd:0, idx:1), active : 1
0:00:00.018383091  2475 0xb93370 LOG   GST_REGISTRY gstregistrychunks.c:610:gst_registry_chunks_load_feature: Reading/casting for GstRegistryChunkElementFactory at address 0xbaeee0
0:00:00.013632156  2476 0x1f7a320 LOG   GST_POLL gstpoll.c:994:gst_poll_fd_ctl_write: 0x1f829c0: pfd->events now 60 (POLLOUT:4)
0:00:00.018391503  2475 0xb93370 TRACE   structure gststructure.c:292:gst_structure_new_id_empty_with_size: created structure 0xbb0c70
0:00:00.013641560  2476 0x1f7a320 DEBUG   GST_POLL gstpoll.c:979:gst_poll_fd_ctl_write: 0x1f829c0: fd (fd:0, idx:1), active : 1
0:00:00.018398615  2475 0xb93370 DEBUG   structure gststructure.c:2258:gst_structure_parse_field: trying field name 'long-name'
0:00:00.013649581  2476 0x1f7a320 LOG   GST_POLL gstpoll.c:994:gst_poll_fd_ctl_write: 0x1f829c0: pfd->events now 60 (POLLOUT:4)
0:00:00.018411411  2475 0xb93370 DEBUG   default gstvalue.c:2776:_priv_gst_value_parse_value: trying type name 'string'
0:00:00.013662463  2476 0x1f7a320 DEBUG   GST_POLL gstpoll.c:979:gst_poll_fd_ctl_write: 0x1f829c0: fd (fd:0, idx:1), active : 1
0:00:00.018424659  2475 0xb93370 DEBUG   structure gststructure.c:2258:gst_structure_parse_field: trying field name 'klass'
0:00:00.013675360  2476 0x1f7a320 LOG   GST_POLL gstpoll.c:994:gst_poll_fd_ctl_write: 0x1f829c0: pfd->events now 60 (POLLOUT:4)
0:00:00.018430892  2475 0xb93370 DEBUG   default gstvalue.c:2776:_priv_gst_value_parse_value: trying type name 'string'
0:00:00.013682338  2476 0x1f7a320 DEBUG   GST_POLL gstpoll.c:979:gst_poll_fd_ctl_write: 0x1f829c0: fd (fd:0, idx:1), active : 1
0:00:00.018437448  2475 0xb93370 DEBUG   structure gststructure.c:2258:gst_structure_parse_field: trying field name 'description'
0:00:00.013688486  2476 0x1f7a320 LOG   GST_POLL gstpoll.c:994:gst_poll_fd_ctl_write: 0x1f829c0: pfd->events now 60 (POLLOUT:4)
0:00:00.018443623  2475 0xb93370 DEBUG   default gstvalue.c:2776:_priv_gst_value_parse_value: trying type name 'string'
0:00:00.013695121  2476 0x1f7a320 DEBUG   GST_POLL gstpoll.c:979:gst_poll_fd_ctl_write: 0x1f829c0: fd (fd:0, idx:1), active : 1
0:00:00.018450156  2475 0xb93370 DEBUG   structure gststructure.c:2258:gst_structure_parse_field: trying field name 'author'
0:00:00.013701198  2476 0x1f7a320 LOG   GST_POLL gstpoll.c:994:gst_poll_fd_ctl_write: 0x1f829c0: pfd->events now 60 (POLLOUT:4)
0:00:00.018456188  2475 0xb93370 DEBUG   default gstvalue.c:2776:_priv_gst_value_parse_value: trying type name 'string'
0:00:00.013707464  2476 0x1f7a320 DEBUG   GST_POLL gstpoll.c:979:gst_poll_fd_ctl_write: 0x1f829c0: fd (fd:0, idx:1), active : 1
0:00:00.018463181  2475 0xb93370 DEBUG   GST_REGISTRY gstregistrychunks.c:627:gst_registry_chunks_load_feature: Element factory : npadtemplates=2
0:00:00.013713479  2476 0x1f7a320 LOG   GST_POLL gstpoll.c:994:gst_poll_fd_ctl_write: 0x1f829c0: pfd->events now 60 (POLLOUT:4)
0:00:00.018469636  2475 0xb93370 DEBUG   GST_REGISTRY gstregistrychunks.c:526:gst_registry_chunks_load_pad_template: Reading/casting for GstRegistryChunkPadTemplate at address 0xbaefa0
0:00:00.013720986  2476 0x1f7a320 DEBUG   GST_POLL gstpoll.c:979:gst_poll_fd_ctl_write: 0x1f829c0: fd (fd:0, idx:1), active : 1
0:00:00.018475908  2475 0xb93370 DEBUG   GST_REGISTRY gstregistrychunks.c:540:gst_registry_chunks_load_pad_template: Added pad_template src_%u
0:00:00.013726936  2476 0x1f7a320 LOG   GST_POLL gstpoll.c:994:gst_poll_fd_ctl_write: 0x1f829c0: pfd->events now 60 (POLLOUT:4)
0:00:00.018482387  2475 0xb93370 DEBUG   GST_REGISTRY gstregistrychunks.c:526:gst_registry_chunks_load_pad_template: Reading/casting for GstRegistryChunkPadTemplate at address 0xbaefb8
0:00:00.013733847  2476 0x1f7a320 DEBUG   GST_POLL gstpoll.c:979:gst_poll_fd_ctl_write: 0x1f829c0: fd (fd:0, idx:1), active : 1
0:00:00.018494482  2475 0xb93370 DEBUG   GST_REGISTRY gstregistrychunks.c:540:gst_registry_chunks_load_pad_template: Added pad_template sink_%u
0:00:00.013744859  2476 0x1f7a320 LOG   GST_POLL gstpoll.c:994:gst_poll_fd_ctl_write: 0x1f829c0: pfd->events now 60 (POLLOUT:4)
0:00:00.018503028  2475 0xb93370 DEBUG   GST_REGISTRY gstregistry.c:589:gst_registry_add_feature: adding feature 0xbb0b80 (multiqueue)
0:00:00.013752475  2476 0x1f7a320 DEBUG   GST_POLL gstpoll.c:979:gst_poll_fd_ctl_write: 0x1f829c0: fd (fd:0, idx:1), active : 1
0:00:00.018509983  2475 0xb93370 DEBUG   GST_REFCOUNTING gstobject.c:708:gst_object_set_parent: set parent (ref and sink)
0:00:00.013760484  2476 0x1f7a320 LOG   GST_POLL gstpoll.c:994:gst_poll_fd_ctl_write: 0x1f829c0: pfd->events now 60 (POLLOUT:4)
0:00:00.018517871  2475 0xb93370 TRACE   GST_REFCOUNTING gstobject.c:292:gst_object_ref_sink: 0xbb0b80 ref_sink 1->2
0:00:00.013767964  2476 0x1f7a320 DEBUG   GST_POLL gstpoll.c:979:gst_poll_fd_ctl_write: 0x1f829c0: fd (fd:0, idx:1), active : 1
0:00:00.018525744  2475 0xb93370 LOG   GST_REGISTRY gstregistry.c:607:gst_registry_add_feature: emitting feature-added for multiqueue
0:00:00.013775941  2476 0x1f7a320 LOG   GST_POLL gstpoll.c:994:gst_poll_fd_ctl_write: 0x1f829c0: pfd->events now 60 (POLLOUT:4)
0:00:00.018533079  2475 0xb93370 DEBUG   GST_REGISTRY gstregistrychunks.c:741:gst_registry_chunks_load_feature: Added feature multiqueue, plugin 0xbae780 coreelements
0:00:00.013783321  2476 0x1f7a320 DEBUG   GST_POLL gstpoll.c:979:gst_poll_fd_ctl_write: 0x1f829c0: fd (fd:0, idx:1), active : 1
0:00:00.018541513  2475 0xb93370 DEBUG   GST_REGISTRY gstregistrychunks.c:583:gst_registry_chunks_load_feature: Plugin 'coreelements' feature 'typefind' typename : 'GstElementFactory'
0:00:00.013791302  2476 0x1f7a320 LOG   GST_POLL gstpoll.c:994:gst_poll_fd_ctl_write: 0x1f829c0: pfd->events now 60 (POLLOUT:4)
0:00:00.018549567  2475 0xb93370 TRACE   GST_REFCOUNTING gstobject.c:208:gst_object_init: 0xbb0df0 new
0:00:00.013799486  2476 0x1f7a320 DEBUG   GST_POLL gstpoll.c:979:gst_poll_fd_ctl_write: 0x1f829c0: fd (fd:0, idx:1), active : 1
0:00:00.018557508  2475 0xb93370 LOG   GST_REGISTRY gstregistrychunks.c:610:gst_registry_chunks_load_feature: Reading/casting for GstRegistryChunkElementFactory at address 0xbaefe8
0:00:00.013807016  2476 0x1f7a320 LOG   GST_POLL gstpoll.c:994:gst_poll_fd_ctl_write: 0x1f829c0: pfd->events now 60 (POLLOUT:4)
0:00:00.013815670  2476 0x1f7a320 DEBUG   GST_POLL gstpoll.c:979:gst_poll_fd_ctl_write: 0x1f829c0: fd (fd:0, idx:1), active : 1
0:00:00.018569596  2475 0xb93370 TRACE   structure gststructure.c:292:gst_structure_new_id_empty_with_size: created structure 0xbb0fb0
0:00:00.013821676  2476 0x1f7a320 LOG   GST_POLL gstpoll.c:994:gst_poll_fd_ctl_write: 0x1f829c0: pfd->events now 60 (POLLOUT:4)
0:00:00.018576442  2475 0xb93370 DEBUG   structure gststructure.c:2258:gst_structure_parse_field: trying field name 'long-name'
0:00:00.013834798  2476 0x1f7a320 DEBUG   GST_POLL gstpoll.c:979:gst_poll_fd_ctl_write: 0x1f829c0: fd (fd:0, idx:1), active : 1
0:00:00.018591062  2475 0xb93370 DEBUG   default gstvalue.c:2776:_priv_gst_value_parse_value: trying type name 'string'
0:00:00.013841582  2476 0x1f7a320 LOG   GST_POLL gstpoll.c:994:gst_poll_fd_ctl_write: 0x1f829c0: pfd->events now 60 (POLLOUT:4)
0:00:00.018599165  2475 0xb93370 DEBUG   structure gststructure.c:2258:gst_structure_parse_field: trying field name 'klass'
0:00:00.013849616  2476 0x1f7a320 DEBUG   GST_POLL gstpoll.c:979:gst_poll_fd_ctl_write: 0x1f829c0: fd (fd:0, idx:1), active : 1
0:00:00.018605634  2475 0xb93370 DEBUG   default gstvalue.c:2776:_priv_gst_value_parse_value: trying type name 'string'
0:00:00.013856756  2476 0x1f7a320 LOG   GST_POLL gstpoll.c:994:gst_poll_fd_ctl_write: 0x1f829c0: pfd->events now 60 (POLLOUT:4)
0:00:00.018612419  2475 0xb93370 DEBUG   structure gststructure.c:2258:gst_structure_parse_field: trying field name 'description'
0:00:00.013863577  2476 0x1f7a320 DEBUG   GST_POLL gstpoll.c:979:gst_poll_fd_ctl_write: 0x1f829c0: fd (fd:0, idx:1), active : 1
0:00:00.018619544  2475 0xb93370 DEBUG   default gstvalue.c:2776:_priv_gst_value_parse_value: trying type name 'string'
0:00:00.013870084  2476 0x1f7a320 LOG   GST_POLL gstpoll.c:994:gst_poll_fd_ctl_write: 0x1f829c0: pfd->events now 60 (POLLOUT:4)
0:00:00.018626854  2475 0xb93370 DEBUG   structure gststructure.c:2258:gst_structure_parse_field: trying field name 'author'
0:00:00.013877444  2476 0x1f7a320 DEBUG   GST_POLL gstpoll.c:979:gst_poll_fd_ctl_write: 0x1f829c0: fd (fd:0, idx:1), active : 1
0:00:00.018633352  2475 0xb93370 DEBUG   default gstvalue.c:2776:_priv_gst_value_parse_value: trying type name 'string'
0:00:00.013884617  2476 0x1f7a320 LOG   GST_POLL gstpoll.c:994:gst_poll_fd_ctl_write: 0x1f829c0: pfd->events now 60 (POLLOUT:4)
0:00:00.018640601  2475 0xb93370 DEBUG   GST_REGISTRY gstregistrychunks.c:627:gst_registry_chunks_load_feature: Element factory : npadtemplates=2
0:00:00.013891324  2476 0x1f7a320 DEBUG   GST_POLL gstpoll.c:979:gst_poll_fd_ctl_write: 0x1f829c0: fd (fd:0, idx:1), active : 1
0:00:00.018647060  2475 0xb93370 DEBUG   GST_REGISTRY gstregistrychunks.c:526:gst_registry_chunks_load_pad_template: Reading/casting for GstRegistryChunkPadTemplate at address 0xbaf0c0
0:00:00.018728032  2475 0xb93370 DEBUG   GST_REGISTRY gstregistrychunks.c:540:gst_registry_chunks_load_pad_template: Added pad_template sink
0:00:00.018734466  2475 0xb93370 DEBUG   GST_REGISTRY gstregistrychunks.c:526:gst_registry_chunks_load_pad_template: Reading/casting for GstRegistryChunkPadTemplate at address 0xbaf0d8
0:00:00.018740380  2475 0xb93370 DEBUG   GST_REGISTRY gstregistrychunks.c:540:gst_registry_chunks_load_pad_template: Added pad_template src
0:00:00.013982573  2476 0x1f7a320 LOG   GST_POLL gstpoll.c:994:gst_poll_fd_ctl_write: 0x1f829c0: pfd->events now 60 (POLLOUT:4)
0:00:00.018748077  2475 0xb93370 DEBUG   GST_REGISTRY gstregistry.c:589:gst_registry_add_feature: adding feature 0xbb0df0 (typefind)
0:00:00.014021563  2476 0x1f7a320 DEBUG   GST_POLL gstpoll.c:979:gst_poll_fd_ctl_write: 0x1f829c0: fd (fd:0, idx:1), active : 1
0:00:00.018773654  2475 0xb93370 DEBUG   GST_REFCOUNTING gstobject.c:708:gst_object_set_parent: set parent (ref and sink)
0:00:00.014029903  2476 0x1f7a320 LOG   GST_POLL gstpoll.c:994:gst_poll_fd_ctl_write: 0x1f829c0: pfd->events now 60 (POLLOUT:4)
0:00:00.018784007  2475 0xb93370 TRACE   GST_REFCOUNTING gstobject.c:292:gst_object_ref_sink: 0xbb0df0 ref_sink 1->2
0:00:00.014037488  2476 0x1f7a320 DEBUG   GST_POLL gstpoll.c:979:gst_poll_fd_ctl_write: 0x1f829c0: fd (fd:0, idx:1), active : 1
0:00:00.018791342  2475 0xb93370 LOG   GST_REGISTRY gstregistry.c:607:gst_registry_add_feature: emitting feature-added for typefind
0:00:00.014044173  2476 0x1f7a320 LOG   GST_POLL gstpoll.c:994:gst_poll_fd_ctl_write: 0x1f829c0: pfd->events now 60 (POLLOUT:4)
0:00:00.018798263  2475 0xb93370 DEBUG   GST_REGISTRY gstregistrychunks.c:741:gst_registry_chunks_load_feature: Added feature typefind, plugin 0xbae780 coreelements
0:00:00.014051116  2476 0x1f7a320 DEBUG   GST_POLL gstpoll.c:979:gst_poll_fd_ctl_write: 0x1f829c0: fd (fd:0, idx:1), active : 1
0:00:00.018805320  2475 0xb93370 DEBUG   GST_REGISTRY gstregistrychunks.c:583:gst_registry_chunks_load_feature: Plugin 'coreelements' feature 'tee' typename : 'GstElementFactory'
0:00:00.014057541  2476 0x1f7a320 LOG   GST_POLL gstpoll.c:994:gst_poll_fd_ctl_write: 0x1f829c0: pfd->events now 60 (POLLOUT:4)
0:00:00.018814521  2475 0xb93370 TRACE   GST_REFCOUNTING gstobject.c:208:gst_object_init: 0xbb1130 new
0:00:00.014065465  2476 0x1f7a320 DEBUG   GST_POLL gstpoll.c:979:gst_poll_fd_ctl_write: 0x1f829c0: fd (fd:0, idx:1), active : 1
0:00:00.018822289  2475 0xb93370 LOG   GST_REGISTRY gstregistrychunks.c:610:gst_registry_chunks_load_feature: Reading/casting for GstRegistryChunkElementFactory at address 0xbaf100
0:00:00.014072096  2476 0x1f7a320 LOG   GST_POLL gstpoll.c:994:gst_poll_fd_ctl_write: 0x1f829c0: pfd->events now 60 (POLLOUT:4)
0:00:00.018829026  2475 0xb93370 TRACE   structure gststructure.c:292:gst_structure_new_id_empty_with_size: created structure 0xbb1390
0:00:00.014080018  2476 0x1f7a320 DEBUG   GST_POLL gstpoll.c:979:gst_poll_fd_ctl_write: 0x1f829c0: fd (fd:0, idx:1), active : 1
0:00:00.018835515  2475 0xb93370 DEBUG   structure gststructure.c:2258:gst_structure_parse_field: trying field name 'long-name'
0:00:00.014086326  2476 0x1f7a320 LOG   GST_POLL gstpoll.c:994:gst_poll_fd_ctl_write: 0x1f829c0: pfd->events now 60 (POLLOUT:4)
0:00:00.018841427  2475 0xb93370 DEBUG   default gstvalue.c:2776:_priv_gst_value_parse_value: trying type name 'string'
0:00:00.014092645  2476 0x1f7a320 DEBUG   GST_POLL gstpoll.c:979:gst_poll_fd_ctl_write: 0x1f829c0: fd (fd:0, idx:1), active : 1
0:00:00.018847994  2475 0xb93370 DEBUG   structure gststructure.c:2258:gst_structure_parse_field: trying field name 'klass'
0:00:00.014104326  2476 0x1f7a320 LOG   GST_POLL gstpoll.c:994:gst_poll_fd_ctl_write: 0x1f829c0: pfd->events now 60 (POLLOUT:4)
0:00:00.018857522  2475 0xb93370 DEBUG   default gstvalue.c:2776:_priv_gst_value_parse_value: trying type name 'string'
0:00:00.014111015  2476 0x1f7a320 DEBUG   GST_POLL gstpoll.c:979:gst_poll_fd_ctl_write: 0x1f829c0: fd (fd:0, idx:1), active : 1
0:00:00.018864479  2475 0xb93370 DEBUG   structure gststructure.c:2258:gst_structure_parse_field: trying field name 'description'
0:00:00.014117276  2476 0x1f7a320 LOG   GST_POLL gstpoll.c:994:gst_poll_fd_ctl_write: 0x1f829c0: pfd->events now 60 (POLLOUT:4)
0:00:00.018870620  2475 0xb93370 DEBUG   default gstvalue.c:2776:_priv_gst_value_parse_value: trying type name 'string'
0:00:00.014123661  2476 0x1f7a320 DEBUG   GST_POLL gstpoll.c:979:gst_poll_fd_ctl_write: 0x1f829c0: fd (fd:0, idx:1), active : 1
0:00:00.018877694  2475 0xb93370 DEBUG   structure gststructure.c:2258:gst_structure_parse_field: trying field name 'author'
0:00:00.014129647  2476 0x1f7a320 LOG   GST_POLL gstpoll.c:994:gst_poll_fd_ctl_write: 0x1f829c0: pfd->events now 60 (POLLOUT:4)
0:00:00.018883880  2475 0xb93370 DEBUG   default gstvalue.c:2776:_priv_gst_value_parse_value: trying type name 'string'
0:00:00.014135922  2476 0x1f7a320 DEBUG   GST_POLL gstpoll.c:979:gst_poll_fd_ctl_write: 0x1f829c0: fd (fd:0, idx:1), active : 1
0:00:00.018891142  2475 0xb93370 DEBUG   GST_REGISTRY gstregistrychunks.c:627:gst_registry_chunks_load_feature: Element factory : npadtemplates=2
0:00:00.014142147  2476 0x1f7a320 LOG   GST_POLL gstpoll.c:994:gst_poll_fd_ctl_write: 0x1f829c0: pfd->events now 60 (POLLOUT:4)
0:00:00.018896900  2475 0xb93370 DEBUG   GST_REGISTRY gstregistrychunks.c:526:gst_registry_chunks_load_pad_template: Reading/casting for GstRegistryChunkPadTemplate at address 0xbaf1f0
0:00:00.014148579  2476 0x1f7a320 DEBUG   GST_POLL gstpoll.c:979:gst_poll_fd_ctl_write: 0x1f829c0: fd (fd:0, idx:1), active : 1
0:00:00.018902999  2475 0xb93370 DEBUG   GST_REGISTRY gstregistrychunks.c:540:gst_registry_chunks_load_pad_template: Added pad_template src_%u
0:00:00.014154730  2476 0x1f7a320 LOG   GST_POLL gstpoll.c:994:gst_poll_fd_ctl_write: 0x1f829c0: pfd->events now 60 (POLLOUT:4)
0:00:00.018908868  2475 0xb93370 DEBUG   GST_REGISTRY gstregistrychunks.c:526:gst_registry_chunks_load_pad_template: Reading/casting for GstRegistryChunkPadTemplate at address 0xbaf208
0:00:00.014161444  2476 0x1f7a320 DEBUG   GST_POLL gstpoll.c:979:gst_poll_fd_ctl_write: 0x1f829c0: fd (fd:0, idx:1), active : 1
0:00:00.018914819  2475 0xb93370 DEBUG   GST_REGISTRY gstregistrychunks.c:540:gst_registry_chunks_load_pad_template: Added pad_template sink
0:00:00.014167258  2476 0x1f7a320 LOG   GST_POLL gstpoll.c:994:gst_poll_fd_ctl_write: 0x1f829c0: pfd->events now 60 (POLLOUT:4)
0:00:00.018922085  2475 0xb93370 DEBUG   GST_REGISTRY gstregistry.c:589:gst_registry_add_feature: adding feature 0xbb1130 (tee)
0:00:00.014173673  2476 0x1f7a320 DEBUG   GST_POLL gstpoll.c:979:gst_poll_fd_ctl_write: 0x1f829c0: fd (fd:0, idx:1), active : 1
0:00:00.018934611  2475 0xb93370 DEBUG   GST_REFCOUNTING gstobject.c:708:gst_object_set_parent: set parent (ref and sink)
0:00:00.014185343  2476 0x1f7a320 LOG   GST_POLL gstpoll.c:994:gst_poll_fd_ctl_write: 0x1f829c0: pfd->events now 60 (POLLOUT:4)
0:00:00.018942288  2475 0xb93370 TRACE   GST_REFCOUNTING gstobject.c:292:gst_object_ref_sink: 0xbb1130 ref_sink 1->2
0:00:00.014193247  2476 0x1f7a320 DEBUG   GST_POLL gstpoll.c:979:gst_poll_fd_ctl_write: 0x1f829c0: fd (fd:0, idx:1), active : 1
0:00:00.018949542  2475 0xb93370 LOG   GST_REGISTRY gstregistry.c:607:gst_registry_add_feature: emitting feature-added for tee
0:00:00.014199967  2476 0x1f7a320 LOG   GST_POLL gstpoll.c:994:gst_poll_fd_ctl_write: 0x1f829c0: pfd->events now 60 (POLLOUT:4)
0:00:00.018956394  2475 0xb93370 DEBUG   GST_REGISTRY gstregistrychunks.c:741:gst_registry_chunks_load_feature: Added feature tee, plugin 0xbae780 coreelements
0:00:00.014207150  2476 0x1f7a320 DEBUG   GST_POLL gstpoll.c:979:gst_poll_fd_ctl_write: 0x1f829c0: fd (fd:0, idx:1), active : 1
0:00:00.018963513  2475 0xb93370 DEBUG   GST_REGISTRY gstregistrychunks.c:583:gst_registry_chunks_load_feature: Plugin 'coreelements' feature 'filesink' typename : 'GstElementFactory'
0:00:00.014213701  2476 0x1f7a320 LOG   GST_POLL gstpoll.c:994:gst_poll_fd_ctl_write: 0x1f829c0: pfd->events now 60 (POLLOUT:4)
0:00:00.018971322  2475 0xb93370 TRACE   GST_REFCOUNTING gstobject.c:208:gst_object_init: 0xbb14c0 new
0:00:00.014220978  2476 0x1f7a320 DEBUG   GST_POLL gstpoll.c:979:gst_poll_fd_ctl_write: 0x1f829c0: fd (fd:0, idx:1), active : 1
0:00:00.018979031  2475 0xb93370 LOG   GST_REGISTRY gstregistrychunks.c:610:gst_registry_chunks_load_feature: Reading/casting for GstRegistryChunkElementFactory at address 0xbaf238
0:00:00.014228739  2476 0x1f7a320 LOG   GST_POLL gstpoll.c:994:gst_poll_fd_ctl_write: 0x1f829c0: pfd->events now 60 (POLLOUT:4)
0:00:00.018985723  2475 0xb93370 TRACE   structure gststructure.c:292:gst_structure_new_id_empty_with_size: created structure 0xbb1890
0:00:00.014236547  2476 0x1f7a320 DEBUG   GST_POLL gstpoll.c:979:gst_poll_fd_ctl_write: 0x1f829c0: fd (fd:0, idx:1), active : 1
0:00:00.018991602  2475 0xb93370 DEBUG   structure gststructure.c:2258:gst_structure_parse_field: trying field name 'long-name'
0:00:00.014242739  2476 0x1f7a320 LOG   GST_POLL gstpoll.c:994:gst_poll_fd_ctl_write: 0x1f829c0: pfd->events now 60 (POLLOUT:4)
0:00:00.018997517  2475 0xb93370 DEBUG   default gstvalue.c:2776:_priv_gst_value_parse_value: trying type name 'string'
0:00:00.014249180  2476 0x1f7a320 DEBUG   GST_POLL gstpoll.c:979:gst_poll_fd_ctl_write: 0x1f829c0: fd (fd:0, idx:1), active : 1
0:00:00.019004268  2475 0xb93370 DEBUG   structure gststructure.c:2258:gst_structure_parse_field: trying field name 'klass'
0:00:00.014255064  2476 0x1f7a320 LOG   GST_POLL gstpoll.c:994:gst_poll_fd_ctl_write: 0x1f829c0: pfd->events now 60 (POLLOUT:4)
0:00:00.019015234  2475 0xb93370 DEBUG   default gstvalue.c:2776:_priv_gst_value_parse_value: trying type name 'string'
0:00:00.014266637  2476 0x1f7a320 DEBUG   GST_POLL gstpoll.c:979:gst_poll_fd_ctl_write: 0x1f829c0: fd (fd:0, idx:1), active : 1
0:00:00.019021691  2475 0xb93370 DEBUG   structure gststructure.c:2258:gst_structure_parse_field: trying field name 'description'
0:00:00.014272699  2476 0x1f7a320 LOG   GST_POLL gstpoll.c:994:gst_poll_fd_ctl_write: 0x1f829c0: pfd->events now 60 (POLLOUT:4)
0:00:00.019027545  2475 0xb93370 DEBUG   default gstvalue.c:2776:_priv_gst_value_parse_value: trying type name 'string'
0:00:00.014279085  2476 0x1f7a320 DEBUG   GST_POLL gstpoll.c:979:gst_poll_fd_ctl_write: 0x1f829c0: fd (fd:0, idx:1), active : 1
0:00:00.019034058  2475 0xb93370 DEBUG   structure gststructure.c:2258:gst_structure_parse_field: trying field name 'author'
0:00:00.014284980  2476 0x1f7a320 LOG   GST_POLL gstpoll.c:994:gst_poll_fd_ctl_write: 0x1f829c0: pfd->events now 60 (POLLOUT:4)
0:00:00.019039782  2475 0xb93370 DEBUG   default gstvalue.c:2776:_priv_gst_value_parse_value: trying type name 'string'
0:00:00.014291447  2476 0x1f7a320 DEBUG   GST_POLL gstpoll.c:979:gst_poll_fd_ctl_write: 0x1f829c0: fd (fd:0, idx:1), active : 1
0:00:00.019046556  2475 0xb93370 DEBUG   GST_REGISTRY gstregistrychunks.c:627:gst_registry_chunks_load_feature: Element factory : npadtemplates=1
0:00:00.014297247  2476 0x1f7a320 LOG   GST_POLL gstpoll.c:994:gst_poll_fd_ctl_write: 0x1f829c0: pfd->events now 60 (POLLOUT:4)
0:00:00.019052531  2475 0xb93370 DEBUG   GST_REGISTRY gstregistrychunks.c:526:gst_registry_chunks_load_pad_template: Reading/casting for GstRegistryChunkPadTemplate at address 0xbaf318
0:00:00.014303758  2476 0x1f7a320 DEBUG   GST_POLL gstpoll.c:979:gst_poll_fd_ctl_write: 0x1f829c0: fd (fd:0, idx:1), active : 1
0:00:00.019058699  2475 0xb93370 DEBUG   GST_REGISTRY gstregistrychunks.c:540:gst_registry_chunks_load_pad_template: Added pad_template sink
0:00:00.014309607  2476 0x1f7a320 LOG   GST_POLL gstpoll.c:994:gst_poll_fd_ctl_write: 0x1f829c0: pfd->events now 60 (POLLOUT:4)
0:00:00.019065497  2475 0xb93370 DEBUG   GST_REGISTRY gstregistrychunks.c:640:gst_registry_chunks_load_feature: Reading 1 UriTypes at address 0xbaf329
0:00:00.014316150  2476 0x1f7a320 DEBUG   GST_POLL gstpoll.c:979:gst_poll_fd_ctl_write: 0x1f829c0: fd (fd:0, idx:1), active : 1
0:00:00.014322400  2476 0x1f7a320 LOG   GST_POLL gstpoll.c:994:gst_poll_fd_ctl_write: 0x1f829c0: pfd->events now 60 (POLLOUT:4)
0:00:00.019075834  2475 0xb93370 DEBUG   GST_REGISTRY gstregistrychunks.c:655:gst_registry_chunks_load_feature: Reading 1 Interfaces at address 0xbaf339
0:00:00.014328407  2476 0x1f7a320 DEBUG   GST_POLL gstpoll.c:979:gst_poll_fd_ctl_write: 0x1f829c0: fd (fd:0, idx:1), active : 1
0:00:00.019084088  2475 0xb93370 DEBUG   GST_REGISTRY gstregistry.c:589:gst_registry_add_feature: adding feature 0xbb14c0 (filesink)
0:00:00.014334108  2476 0x1f7a320 LOG   GST_POLL gstpoll.c:994:gst_poll_fd_ctl_write: 0x1f829c0: pfd->events now 60 (POLLOUT:4)
0:00:00.019095378  2475 0xb93370 DEBUG   GST_REFCOUNTING gstobject.c:708:gst_object_set_parent: set parent (ref and sink)
0:00:00.014346687  2476 0x1f7a320 DEBUG   GST_POLL gstpoll.c:979:gst_poll_fd_ctl_write: 0x1f829c0: fd (fd:0, idx:1), active : 1
0:00:00.019103192  2475 0xb93370 TRACE   GST_REFCOUNTING gstobject.c:292:gst_object_ref_sink: 0xbb14c0 ref_sink 1->2
0:00:00.014352795  2476 0x1f7a320 LOG   GST_POLL gstpoll.c:994:gst_poll_fd_ctl_write: 0x1f829c0: pfd->events now 60 (POLLOUT:4)
0:00:00.019110694  2475 0xb93370 LOG   GST_REGISTRY gstregistry.c:607:gst_registry_add_feature: emitting feature-added for filesink
0:00:00.014361313  2476 0x1f7a320 DEBUG   GST_POLL gstpoll.c:979:gst_poll_fd_ctl_write: 0x1f829c0: fd (fd:0, idx:1), active : 1
0:00:00.019117582  2475 0xb93370 DEBUG   GST_REGISTRY gstregistrychunks.c:741:gst_registry_chunks_load_feature: Added feature filesink, plugin 0xbae780 coreelements
0:00:00.014367679  2476 0x1f7a320 LOG   GST_POLL gstpoll.c:994:gst_poll_fd_ctl_write: 0x1f829c0: pfd->events now 60 (POLLOUT:4)
0:00:00.019124538  2475 0xb93370 DEBUG   GST_REGISTRY gstregistrychunks.c:583:gst_registry_chunks_load_feature: Plugin 'coreelements' feature 'queue2' typename : 'GstElementFactory'
0:00:00.014375075  2476 0x1f7a320 DEBUG   GST_POLL gstpoll.c:979:gst_poll_fd_ctl_write: 0x1f829c0: fd (fd:0, idx:1), active : 1
0:00:00.014381431  2476 0x1f7a320 LOG   GST_POLL gstpoll.c:994:gst_poll_fd_ctl_write: 0x1f829c0: pfd->events now 60 (POLLOUT:4)
0:00:00.019132277  2475 0xb93370 TRACE   GST_REFCOUNTING gstobject.c:208:gst_object_init: 0xbb16d0 new
0:00:00.014387607  2476 0x1f7a320 DEBUG   GST_POLL gstpoll.c:979:gst_poll_fd_ctl_write: 0x1f829c0: fd (fd:0, idx:1), active : 1
0:00:00.019142164  2475 0xb93370 LOG   GST_REGISTRY gstregistrychunks.c:610:gst_registry_chunks_load_feature: Reading/casting for GstRegistryChunkElementFactory at address 0xbaf360
0:00:00.014393450  2476 0x1f7a320 LOG   GST_POLL gstpoll.c:994:gst_poll_fd_ctl_write: 0x1f829c0: pfd->events now 60 (POLLOUT:4)
0:00:00.019148831  2475 0xb93370 TRACE   structure gststructure.c:292:gst_structure_new_id_empty_with_size: created structure 0xbb1b80
0:00:00.014399833  2476 0x1f7a320 DEBUG   GST_POLL gstpoll.c:979:gst_poll_fd_ctl_write: 0x1f829c0: fd (fd:0, idx:1), active : 1
0:00:00.019154857  2475 0xb93370 DEBUG   structure gststructure.c:2258:gst_structure_parse_field: trying field name 'long-name'
0:00:00.014405595  2476 0x1f7a320 LOG   GST_POLL gstpoll.c:994:gst_poll_fd_ctl_write: 0x1f829c0: pfd->events now 60 (POLLOUT:4)
0:00:00.019160746  2475 0xb93370 DEBUG   default gstvalue.c:2776:_priv_gst_value_parse_value: trying type name 'string'
0:00:00.014412083  2476 0x1f7a320 DEBUG   GST_POLL gstpoll.c:979:gst_poll_fd_ctl_write: 0x1f829c0: fd (fd:0, idx:1), active : 1
0:00:00.019167208  2475 0xb93370 DEBUG   structure gststructure.c:2258:gst_structure_parse_field: trying field name 'klass'
0:00:00.014426622  2476 0x1f7a320 LOG   GST_POLL gstpoll.c:994:gst_poll_fd_ctl_write: 0x1f829c0: pfd->events now 60 (POLLOUT:4)
0:00:00.019180234  2475 0xb93370 DEBUG   default gstvalue.c:2776:_priv_gst_value_parse_value: trying type name 'string'
0:00:00.014432951  2476 0x1f7a320 DEBUG   GST_POLL gstpoll.c:979:gst_poll_fd_ctl_write: 0x1f829c0: fd (fd:0, idx:1), active : 1
0:00:00.019186674  2475 0xb93370 DEBUG   structure gststructure.c:2258:gst_structure_parse_field: trying field name 'description'
0:00:00.014438950  2476 0x1f7a320 LOG   GST_POLL gstpoll.c:994:gst_poll_fd_ctl_write: 0x1f829c0: pfd->events now 60 (POLLOUT:4)
0:00:00.019192476  2475 0xb93370 DEBUG   default gstvalue.c:2776:_priv_gst_value_parse_value: trying type name 'string'
0:00:00.014445217  2476 0x1f7a320 DEBUG   GST_POLL gstpoll.c:979:gst_poll_fd_ctl_write: 0x1f829c0: fd (fd:0, idx:1), active : 1
0:00:00.019198673  2475 0xb93370 DEBUG   structure gststructure.c:2258:gst_structure_parse_field: trying field name 'author'
0:00:00.014450958  2476 0x1f7a320 LOG   GST_POLL gstpoll.c:994:gst_poll_fd_ctl_write: 0x1f829c0: pfd->events now 60 (POLLOUT:4)
0:00:00.019204545  2475 0xb93370 DEBUG   default gstvalue.c:2776:_priv_gst_value_parse_value: trying type name 'string'
0:00:00.014457476  2476 0x1f7a320 DEBUG   GST_POLL gstpoll.c:979:gst_poll_fd_ctl_write: 0x1f829c0: fd (fd:0, idx:1), active : 1
0:00:00.019211614  2475 0xb93370 DEBUG   GST_REGISTRY gstregistrychunks.c:627:gst_registry_chunks_load_feature: Element factory : npadtemplates=2
0:00:00.014463291  2476 0x1f7a320 LOG   GST_POLL gstpoll.c:994:gst_poll_fd_ctl_write: 0x1f829c0: pfd->events now 60 (POLLOUT:4)
0:00:00.019217705  2475 0xb93370 DEBUG   GST_REGISTRY gstregistrychunks.c:526:gst_registry_chunks_load_pad_template: Reading/casting for GstRegistryChunkPadTemplate at address 0xbaf450
0:00:00.014469579  2476 0x1f7a320 DEBUG   GST_POLL gstpoll.c:979:gst_poll_fd_ctl_write: 0x1f829c0: fd (fd:0, idx:1), active : 1
0:00:00.019223768  2475 0xb93370 DEBUG   GST_REGISTRY gstregistrychunks.c:540:gst_registry_chunks_load_pad_template: Added pad_template sink
0:00:00.014475281  2476 0x1f7a320 LOG   GST_POLL gstpoll.c:994:gst_poll_fd_ctl_write: 0x1f829c0: pfd->events now 60 (POLLOUT:4)
0:00:00.019229994  2475 0xb93370 DEBUG   GST_REGISTRY gstregistrychunks.c:526:gst_registry_chunks_load_pad_template: Reading/casting for GstRegistryChunkPadTemplate at address 0xbaf468
0:00:00.014481651  2476 0x1f7a320 DEBUG   GST_POLL gstpoll.c:979:gst_poll_fd_ctl_write: 0x1f829c0: fd (fd:0, idx:1), active : 1
0:00:00.019236031  2475 0xb93370 DEBUG   GST_REGISTRY gstregistrychunks.c:540:gst_registry_chunks_load_pad_template: Added pad_template src
0:00:00.014487439  2476 0x1f7a320 LOG   GST_POLL gstpoll.c:994:gst_poll_fd_ctl_write: 0x1f829c0: pfd->events now 60 (POLLOUT:4)
0:00:00.019243852  2475 0xb93370 DEBUG   GST_REGISTRY gstregistry.c:589:gst_registry_add_feature: adding feature 0xbb16d0 (queue2)
0:00:00.014499853  2476 0x1f7a320 DEBUG   GST_POLL gstpoll.c:979:gst_poll_fd_ctl_write: 0x1f829c0: fd (fd:0, idx:1), active : 1
0:00:00.019253277  2475 0xb93370 DEBUG   GST_REFCOUNTING gstobject.c:708:gst_object_set_parent: set parent (ref and sink)
0:00:00.019271952  2475 0xb93370 TRACE   GST_REFCOUNTING gstobject.c:292:gst_object_ref_sink: 0xbb16d0 ref_sink 1->2
0:00:00.014523076  2476 0x1f7a320 LOG   GST_POLL gstpoll.c:994:gst_poll_fd_ctl_write: 0x1f829c0: pfd->events now 60 (POLLOUT:4)
0:00:00.019280362  2475 0xb93370 LOG   GST_REGISTRY gstregistry.c:607:gst_registry_add_feature: emitting feature-added for queue2
0:00:00.014531653  2476 0x1f7a320 DEBUG   GST_POLL gstpoll.c:979:gst_poll_fd_ctl_write: 0x1f829c0: fd (fd:0, idx:1), active : 1
0:00:00.019287225  2475 0xb93370 DEBUG   GST_REGISTRY gstregistrychunks.c:741:gst_registry_chunks_load_feature: Added feature queue2, plugin 0xbae780 coreelements
0:00:00.014537752  2476 0x1f7a320 LOG   GST_POLL gstpoll.c:994:gst_poll_fd_ctl_write: 0x1f829c0: pfd->events now 60 (POLLOUT:4)
0:00:00.019294302  2475 0xb93370 DEBUG   GST_REGISTRY gstregistrychunks.c:583:gst_registry_chunks_load_feature: Plugin 'coreelements' feature 'queue' typename : 'GstElementFactory'
0:00:00.014546827  2476 0x1f7a320 DEBUG   GST_POLL gstpoll.c:979:gst_poll_fd_ctl_write: 0x1f829c0: fd (fd:0, idx:1), active : 1
0:00:00.019302085  2475 0xb93370 TRACE   GST_REFCOUNTING gstobject.c:208:gst_object_init: 0xbb1d80 new
0:00:00.014553039  2476 0x1f7a320 LOG   GST_POLL gstpoll.c:994:gst_poll_fd_ctl_write: 0x1f829c0: pfd->events now 60 (POLLOUT:4)
0:00:00.019310169  2475 0xb93370 LOG   GST_REGISTRY gstregistrychunks.c:610:gst_registry_chunks_load_feature: Reading/casting for GstRegistryChunkElementFactory at address 0xbaf490
0:00:00.014559975  2476 0x1f7a320 DEBUG   GST_POLL gstpoll.c:979:gst_poll_fd_ctl_write: 0x1f829c0: fd (fd:0, idx:1), active : 1
0:00:00.014567261  2476 0x1f7a320 LOG   GST_POLL gstpoll.c:994:gst_poll_fd_ctl_write: 0x1f829c0: pfd->events now 60 (POLLOUT:4)
0:00:00.019321865  2475 0xb93370 TRACE   structure gststructure.c:292:gst_structure_new_id_empty_with_size: created structure 0xbb1f20
0:00:00.014573041  2476 0x1f7a320 DEBUG   GST_POLL gstpoll.c:979:gst_poll_fd_ctl_write: 0x1f829c0: fd (fd:0, idx:1), active : 1
0:00:00.019328271  2475 0xb93370 DEBUG   structure gststructure.c:2258:gst_structure_parse_field: trying field name 'long-name'
0:00:00.014578949  2476 0x1f7a320 LOG   GST_POLL gstpoll.c:994:gst_poll_fd_ctl_write: 0x1f829c0: pfd->events now 60 (POLLOUT:4)
0:00:00.019334607  2475 0xb93370 DEBUG   default gstvalue.c:2776:_priv_gst_value_parse_value: trying type name 'string'
0:00:00.014585755  2476 0x1f7a320 DEBUG   GST_POLL gstpoll.c:979:gst_poll_fd_ctl_write: 0x1f829c0: fd (fd:0, idx:1), active : 1
0:00:00.019341066  2475 0xb93370 DEBUG   structure gststructure.c:2258:gst_structure_parse_field: trying field name 'klass'
0:00:00.014591718  2476 0x1f7a320 LOG   GST_POLL gstpoll.c:994:gst_poll_fd_ctl_write: 0x1f829c0: pfd->events now 60 (POLLOUT:4)
0:00:00.019350812  2475 0xb93370 DEBUG   default gstvalue.c:2776:_priv_gst_value_parse_value: trying type name 'string'
0:00:00.014602282  2476 0x1f7a320 DEBUG   GST_POLL gstpoll.c:979:gst_poll_fd_ctl_write: 0x1f829c0: fd (fd:0, idx:1), active : 1
0:00:00.019357339  2475 0xb93370 DEBUG   structure gststructure.c:2258:gst_structure_parse_field: trying field name 'description'
0:00:00.014608499  2476 0x1f7a320 LOG   GST_POLL gstpoll.c:994:gst_poll_fd_ctl_write: 0x1f829c0: pfd->events now 60 (POLLOUT:4)
0:00:00.019363294  2475 0xb93370 DEBUG   default gstvalue.c:2776:_priv_gst_value_parse_value: trying type name 'string'
0:00:00.014614876  2476 0x1f7a320 DEBUG   GST_POLL gstpoll.c:979:gst_poll_fd_ctl_write: 0x1f829c0: fd (fd:0, idx:1), active : 1
0:00:00.019370076  2475 0xb93370 DEBUG   structure gststructure.c:2258:gst_structure_parse_field: trying field name 'author'
0:00:00.014620769  2476 0x1f7a320 LOG   GST_POLL gstpoll.c:994:gst_poll_fd_ctl_write: 0x1f829c0: pfd->events now 60 (POLLOUT:4)
0:00:00.019376303  2475 0xb93370 DEBUG   default gstvalue.c:2776:_priv_gst_value_parse_value: trying type name 'string'
0:00:00.014627743  2476 0x1f7a320 DEBUG   GST_POLL gstpoll.c:979:gst_poll_fd_ctl_write: 0x1f829c0: fd (fd:0, idx:1), active : 1
0:00:00.019383063  2475 0xb93370 DEBUG   GST_REGISTRY gstregistrychunks.c:627:gst_registry_chunks_load_feature: Element factory : npadtemplates=2
0:00:00.014633848  2476 0x1f7a320 LOG   GST_POLL gstpoll.c:994:gst_poll_fd_ctl_write: 0x1f829c0: pfd->events now 60 (POLLOUT:4)
0:00:00.019389114  2475 0xb93370 DEBUG   GST_REGISTRY gstregistrychunks.c:526:gst_registry_chunks_load_pad_template: Reading/casting for GstRegistryChunkPadTemplate at address 0xbaf548
0:00:00.014640355  2476 0x1f7a320 DEBUG   GST_POLL gstpoll.c:979:gst_poll_fd_ctl_write: 0x1f829c0: fd (fd:0, idx:1), active : 1
0:00:00.019395337  2475 0xb93370 DEBUG   GST_REGISTRY gstregistrychunks.c:540:gst_registry_chunks_load_pad_template: Added pad_template sink
0:00:00.014646480  2476 0x1f7a320 LOG   GST_POLL gstpoll.c:994:gst_poll_fd_ctl_write: 0x1f829c0: pfd->events now 60 (POLLOUT:4)
0:00:00.019401270  2475 0xb93370 DEBUG   GST_REGISTRY gstregistrychunks.c:526:gst_registry_chunks_load_pad_template: Reading/casting for GstRegistryChunkPadTemplate at address 0xbaf560
0:00:00.014652681  2476 0x1f7a320 DEBUG   GST_POLL gstpoll.c:979:gst_poll_fd_ctl_write: 0x1f829c0: fd (fd:0, idx:1), active : 1
0:00:00.019407250  2475 0xb93370 DEBUG   GST_REGISTRY gstregistrychunks.c:540:gst_registry_chunks_load_pad_template: Added pad_template src
0:00:00.014658667  2476 0x1f7a320 LOG   GST_POLL gstpoll.c:994:gst_poll_fd_ctl_write: 0x1f829c0: pfd->events now 60 (POLLOUT:4)
0:00:00.019414868  2475 0xb93370 DEBUG   GST_REGISTRY gstregistry.c:589:gst_registry_add_feature: adding feature 0xbb1d80 (queue)
0:00:00.014664998  2476 0x1f7a320 DEBUG   GST_POLL gstpoll.c:979:gst_poll_fd_ctl_write: 0x1f829c0: fd (fd:0, idx:1), active : 1
0:00:00.019427472  2475 0xb93370 DEBUG   GST_REFCOUNTING gstobject.c:708:gst_object_set_parent: set parent (ref and sink)
0:00:00.014676738  2476 0x1f7a320 LOG   GST_POLL gstpoll.c:994:gst_poll_fd_ctl_write: 0x1f829c0: pfd->events now 60 (POLLOUT:4)
0:00:00.019435401  2475 0xb93370 TRACE   GST_REFCOUNTING gstobject.c:292:gst_object_ref_sink: 0xbb1d80 ref_sink 1->2
0:00:00.014685724  2476 0x1f7a320 DEBUG   GST_POLL gstpoll.c:979:gst_poll_fd_ctl_write: 0x1f829c0: fd (fd:0, idx:1), active : 1
0:00:00.019442477  2475 0xb93370 LOG   GST_REGISTRY gstregistry.c:607:gst_registry_add_feature: emitting feature-added for queue
0:00:00.014692766  2476 0x1f7a320 LOG   GST_POLL gstpoll.c:994:gst_poll_fd_ctl_write: 0x1f829c0: pfd->events now 60 (POLLOUT:4)
0:00:00.019449518  2475 0xb93370 DEBUG   GST_REGISTRY gstregistrychunks.c:741:gst_registry_chunks_load_feature: Added feature queue, plugin 0xbae780 coreelements
0:00:00.014699904  2476 0x1f7a320 DEBUG   GST_POLL gstpoll.c:979:gst_poll_fd_ctl_write: 0x1f829c0: fd (fd:0, idx:1), active : 1
0:00:00.019456698  2475 0xb93370 DEBUG   GST_REGISTRY gstregistrychunks.c:583:gst_registry_chunks_load_feature: Plugin 'coreelements' feature 'output-selector' typename : 'GstElementFactory'
0:00:00.014706598  2476 0x1f7a320 LOG   GST_POLL gstpoll.c:994:gst_poll_fd_ctl_write: 0x1f829c0: pfd->events now 60 (POLLOUT:4)
0:00:00.019464463  2475 0xb93370 TRACE   GST_REFCOUNTING gstobject.c:208:gst_object_init: 0xbb2250 new
0:00:00.014714242  2476 0x1f7a320 DEBUG   GST_POLL gstpoll.c:979:gst_poll_fd_ctl_write: 0x1f829c0: fd (fd:0, idx:1), active : 1
0:00:00.019472167  2475 0xb93370 LOG   GST_REGISTRY gstregistrychunks.c:610:gst_registry_chunks_load_feature: Reading/casting for GstRegistryChunkElementFactory at address 0xbaf598
0:00:00.014721926  2476 0x1f7a320 LOG   GST_POLL gstpoll.c:994:gst_poll_fd_ctl_write: 0x1f829c0: pfd->events now 60 (POLLOUT:4)
0:00:00.019479117  2475 0xb93370 TRACE   structure gststructure.c:292:gst_structure_new_id_empty_with_size: created structure 0xbb2550
0:00:00.014737521  2476 0x1f7a320 DEBUG   GST_POLL gstpoll.c:979:gst_poll_fd_ctl_write: 0x1f829c0: fd (fd:0, idx:1), active : 1
0:00:00.019490492  2475 0xb93370 DEBUG   structure gststructure.c:2258:gst_structure_parse_field: trying field name 'long-name'
0:00:00.014743960  2476 0x1f7a320 LOG   GST_POLL gstpoll.c:994:gst_poll_fd_ctl_write: 0x1f829c0: pfd->events now 60 (POLLOUT:4)
0:00:00.019497668  2475 0xb93370 DEBUG   default gstvalue.c:2776:_priv_gst_value_parse_value: trying type name 'string'
0:00:00.014750707  2476 0x1f7a320 DEBUG   GST_POLL gstpoll.c:979:gst_poll_fd_ctl_write: 0x1f829c0: fd (fd:0, idx:1), active : 1
0:00:00.019504582  2475 0xb93370 DEBUG   structure gststructure.c:2258:gst_structure_parse_field: trying field name 'klass'
0:00:00.014756607  2476 0x1f7a320 LOG   GST_POLL gstpoll.c:994:gst_poll_fd_ctl_write: 0x1f829c0: pfd->events now 60 (POLLOUT:4)
0:00:00.019516596  2475 0xb93370 DEBUG   default gstvalue.c:2776:_priv_gst_value_parse_value: trying type name 'string'
0:00:00.014768812  2476 0x1f7a320 LOG   GST_PLUGIN_LOADING gstpluginloader.c:644:put_chunk: Expanding tx buf from 10158 to 13209 for chunk of size 209
0:00:00.019523095  2475 0xb93370 DEBUG   structure gststructure.c:2258:gst_structure_parse_field: trying field name 'description'
0:00:00.014777010  2476 0x1f7a320 DEBUG   GST_POLL gstpoll.c:979:gst_poll_fd_ctl_write: 0x1f829c0: fd (fd:0, idx:1), active : 1
0:00:00.019529960  2475 0xb93370 DEBUG   default gstvalue.c:2776:_priv_gst_value_parse_value: trying type name 'string'
0:00:00.014783174  2476 0x1f7a320 LOG   GST_POLL gstpoll.c:994:gst_poll_fd_ctl_write: 0x1f829c0: pfd->events now 60 (POLLOUT:4)
0:00:00.019537571  2475 0xb93370 DEBUG   structure gststructure.c:2258:gst_structure_parse_field: trying field name 'author'
0:00:00.014789765  2476 0x1f7a320 DEBUG   GST_POLL gstpoll.c:979:gst_poll_fd_ctl_write: 0x1f829c0: fd (fd:0, idx:1), active : 1
0:00:00.019543565  2475 0xb93370 DEBUG   default gstvalue.c:2776:_priv_gst_value_parse_value: trying type name 'string'
0:00:00.014795794  2476 0x1f7a320 LOG   GST_POLL gstpoll.c:994:gst_poll_fd_ctl_write: 0x1f829c0: pfd->events now 60 (POLLOUT:4)
0:00:00.019550340  2475 0xb93370 DEBUG   GST_REGISTRY gstregistrychunks.c:627:gst_registry_chunks_load_feature: Element factory : npadtemplates=2
0:00:00.014802535  2476 0x1f7a320 DEBUG   GST_POLL gstpoll.c:979:gst_poll_fd_ctl_write: 0x1f829c0: fd (fd:0, idx:1), active : 1
0:00:00.019556485  2475 0xb93370 DEBUG   GST_REGISTRY gstregistrychunks.c:526:gst_registry_chunks_load_pad_template: Reading/casting for GstRegistryChunkPadTemplate at address 0xbaf670
0:00:00.014808682  2476 0x1f7a320 LOG   GST_POLL gstpoll.c:994:gst_poll_fd_ctl_write: 0x1f829c0: pfd->events now 60 (POLLOUT:4)
0:00:00.019562741  2475 0xb93370 DEBUG   GST_REGISTRY gstregistrychunks.c:540:gst_registry_chunks_load_pad_template: Added pad_template src_%u
0:00:00.014814926  2476 0x1f7a320 DEBUG   GST_POLL gstpoll.c:979:gst_poll_fd_ctl_write: 0x1f829c0: fd (fd:0, idx:1), active : 1
0:00:00.019568668  2475 0xb93370 DEBUG   GST_REGISTRY gstregistrychunks.c:526:gst_registry_chunks_load_pad_template: Reading/casting for GstRegistryChunkPadTemplate at address 0xbaf688
0:00:00.014821113  2476 0x1f7a320 LOG   GST_POLL gstpoll.c:994:gst_poll_fd_ctl_write: 0x1f829c0: pfd->events now 60 (POLLOUT:4)
0:00:00.019574772  2475 0xb93370 DEBUG   GST_REGISTRY gstregistrychunks.c:540:gst_registry_chunks_load_pad_template: Added pad_template sink
0:00:00.014827612  2476 0x1f7a320 DEBUG   GST_POLL gstpoll.c:979:gst_poll_fd_ctl_write: 0x1f829c0: fd (fd:0, idx:1), active : 1
0:00:00.019582163  2475 0xb93370 DEBUG   GST_REGISTRY gstregistry.c:589:gst_registry_add_feature: adding feature 0xbb2250 (output-selector)
0:00:00.014833506  2476 0x1f7a320 LOG   GST_POLL gstpoll.c:994:gst_poll_fd_ctl_write: 0x1f829c0: pfd->events now 60 (POLLOUT:4)
0:00:00.019588497  2475 0xb93370 DEBUG   GST_REFCOUNTING gstobject.c:708:gst_object_set_parent: set parent (ref and sink)
0:00:00.014846162  2476 0x1f7a320 DEBUG   GST_POLL gstpoll.c:979:gst_poll_fd_ctl_write: 0x1f829c0: fd (fd:0, idx:1), active : 1
0:00:00.019600530  2475 0xb93370 TRACE   GST_REFCOUNTING gstobject.c:292:gst_object_ref_sink: 0xbb2250 ref_sink 1->2
0:00:00.014852362  2476 0x1f7a320 LOG   GST_POLL gstpoll.c:994:gst_poll_fd_ctl_write: 0x1f829c0: pfd->events now 60 (POLLOUT:4)
0:00:00.019607883  2475 0xb93370 LOG   GST_REGISTRY gstregistry.c:607:gst_registry_add_feature: emitting feature-added for output-selector
0:00:00.014858641  2476 0x1f7a320 DEBUG   GST_POLL gstpoll.c:979:gst_poll_fd_ctl_write: 0x1f829c0: fd (fd:0, idx:1), active : 1
0:00:00.019615301  2475 0xb93370 DEBUG   GST_REGISTRY gstregistrychunks.c:741:gst_registry_chunks_load_feature: Added feature output-selector, plugin 0xbae780 coreelements
0:00:00.014865288  2476 0x1f7a320 LOG   GST_POLL gstpoll.c:994:gst_poll_fd_ctl_write: 0x1f829c0: pfd->events now 60 (POLLOUT:4)
0:00:00.019622699  2475 0xb93370 DEBUG   GST_REGISTRY gstregistrychunks.c:583:gst_registry_chunks_load_feature: Plugin 'coreelements' feature 'input-selector' typename : 'GstElementFactory'
0:00:00.014873192  2476 0x1f7a320 DEBUG   GST_POLL gstpoll.c:979:gst_poll_fd_ctl_write: 0x1f829c0: fd (fd:0, idx:1), active : 1
0:00:00.019630369  2475 0xb93370 TRACE   GST_REFCOUNTING gstobject.c:208:gst_object_init: 0xbb26d0 new
0:00:00.014880162  2476 0x1f7a320 LOG   GST_POLL gstpoll.c:994:gst_poll_fd_ctl_write: 0x1f829c0: pfd->events now 60 (POLLOUT:4)
0:00:00.019638041  2475 0xb93370 LOG   GST_REGISTRY gstregistrychunks.c:610:gst_registry_chunks_load_feature: Reading/casting for GstRegistryChunkElementFactory at address 0xbaf6c0
0:00:00.014888389  2476 0x1f7a320 DEBUG   GST_POLL gstpoll.c:979:gst_poll_fd_ctl_write: 0x1f829c0: fd (fd:0, idx:1), active : 1
0:00:00.019645115  2475 0xb93370 TRACE   structure gststructure.c:292:gst_structure_new_id_empty_with_size: created structure 0xbb28e0
0:00:00.014895218  2476 0x1f7a320 LOG   GST_POLL gstpoll.c:994:gst_poll_fd_ctl_write: 0x1f829c0: pfd->events now 60 (POLLOUT:4)
0:00:00.019651719  2475 0xb93370 DEBUG   structure gststructure.c:2258:gst_structure_parse_field: trying field name 'long-name'
0:00:00.014903071  2476 0x1f7a320 DEBUG   GST_POLL gstpoll.c:979:gst_poll_fd_ctl_write: 0x1f829c0: fd (fd:0, idx:1), active : 1
0:00:00.019657932  2475 0xb93370 DEBUG   default gstvalue.c:2776:_priv_gst_value_parse_value: trying type name 'string'
0:00:00.014909038  2476 0x1f7a320 LOG   GST_POLL gstpoll.c:994:gst_poll_fd_ctl_write: 0x1f829c0: pfd->events now 60 (POLLOUT:4)
0:00:00.019664315  2475 0xb93370 DEBUG   structure gststructure.c:2258:gst_structure_parse_field: trying field name 'klass'
0:00:00.014915708  2476 0x1f7a320 DEBUG   GST_POLL gstpoll.c:979:gst_poll_fd_ctl_write: 0x1f829c0: fd (fd:0, idx:1), active : 1
0:00:00.019670624  2475 0xb93370 DEBUG   default gstvalue.c:2776:_priv_gst_value_parse_value: trying type name 'string'
0:00:00.014927773  2476 0x1f7a320 LOG   GST_POLL gstpoll.c:994:gst_poll_fd_ctl_write: 0x1f829c0: pfd->events now 60 (POLLOUT:4)
0:00:00.019681518  2475 0xb93370 DEBUG   structure gststructure.c:2258:gst_structure_parse_field: trying field name 'description'
0:00:00.014934036  2476 0x1f7a320 DEBUG   GST_POLL gstpoll.c:979:gst_poll_fd_ctl_write: 0x1f829c0: fd (fd:0, idx:1), active : 1
0:00:00.019687538  2475 0xb93370 DEBUG   default gstvalue.c:2776:_priv_gst_value_parse_value: trying type name 'string'
0:00:00.014940053  2476 0x1f7a320 LOG   GST_POLL gstpoll.c:994:gst_poll_fd_ctl_write: 0x1f829c0: pfd->events now 60 (POLLOUT:4)
0:00:00.019694520  2475 0xb93370 DEBUG   structure gststructure.c:2258:gst_structure_parse_field: trying field name 'author'
0:00:00.014946373  2476 0x1f7a320 DEBUG   GST_POLL gstpoll.c:979:gst_poll_fd_ctl_write: 0x1f829c0: fd (fd:0, idx:1), active : 1
0:00:00.019700646  2475 0xb93370 DEBUG   default gstvalue.c:2776:_priv_gst_value_parse_value: trying type name 'string'
0:00:00.014952982  2476 0x1f7a320 LOG   GST_POLL gstpoll.c:994:gst_poll_fd_ctl_write: 0x1f829c0: pfd->events now 60 (POLLOUT:4)
0:00:00.014959209  2476 0x1f7a320 DEBUG   GST_POLL gstpoll.c:979:gst_poll_fd_ctl_write: 0x1f829c0: fd (fd:0, idx:1), active : 1
0:00:00.019708352  2475 0xb93370 DEBUG   GST_REGISTRY gstregistrychunks.c:627:gst_registry_chunks_load_feature: Element factory : npadtemplates=2
0:00:00.014964916  2476 0x1f7a320 LOG   GST_POLL gstpoll.c:994:gst_poll_fd_ctl_write: 0x1f829c0: pfd->events now 60 (POLLOUT:4)
0:00:00.019719769  2475 0xb93370 DEBUG   GST_REGISTRY gstregistrychunks.c:526:gst_registry_chunks_load_pad_template: Reading/casting for GstRegistryChunkPadTemplate at address 0xbaf7f0
0:00:00.014971654  2476 0x1f7a320 DEBUG   GST_POLL gstpoll.c:979:gst_poll_fd_ctl_write: 0x1f829c0: fd (fd:0, idx:1), active : 1
0:00:00.019726207  2475 0xb93370 DEBUG   GST_REGISTRY gstregistrychunks.c:540:gst_registry_chunks_load_pad_template: Added pad_template src
0:00:00.014977509  2476 0x1f7a320 LOG   GST_POLL gstpoll.c:994:gst_poll_fd_ctl_write: 0x1f829c0: pfd->events now 60 (POLLOUT:4)
0:00:00.019732182  2475 0xb93370 DEBUG   GST_REGISTRY gstregistrychunks.c:526:gst_registry_chunks_load_pad_template: Reading/casting for GstRegistryChunkPadTemplate at address 0xbaf800
0:00:00.014983891  2476 0x1f7a320 DEBUG   GST_POLL gstpoll.c:979:gst_poll_fd_ctl_write: 0x1f829c0: fd (fd:0, idx:1), active : 1
0:00:00.019738144  2475 0xb93370 DEBUG   GST_REGISTRY gstregistrychunks.c:540:gst_registry_chunks_load_pad_template: Added pad_template sink_%u
0:00:00.014989741  2476 0x1f7a320 LOG   GST_POLL gstpoll.c:994:gst_poll_fd_ctl_write: 0x1f829c0: pfd->events now 60 (POLLOUT:4)
0:00:00.019746337  2475 0xb93370 DEBUG   GST_REGISTRY gstregistry.c:589:gst_registry_add_feature: adding feature 0xbb26d0 (input-selector)
0:00:00.014996445  2476 0x1f7a320 DEBUG   GST_POLL gstpoll.c:979:gst_poll_fd_ctl_write: 0x1f829c0: fd (fd:0, idx:1), active : 1
0:00:00.019758321  2475 0xb93370 DEBUG   GST_REFCOUNTING gstobject.c:708:gst_object_set_parent: set parent (ref and sink)
0:00:00.015008694  2476 0x1f7a320 LOG   GST_POLL gstpoll.c:994:gst_poll_fd_ctl_write: 0x1f829c0: pfd->events now 60 (POLLOUT:4)
0:00:00.019766190  2475 0xb93370 TRACE   GST_REFCOUNTING gstobject.c:292:gst_object_ref_sink: 0xbb26d0 ref_sink 1->2
0:00:00.015016476  2476 0x1f7a320 DEBUG   GST_POLL gstpoll.c:979:gst_poll_fd_ctl_write: 0x1f829c0: fd (fd:0, idx:1), active : 1
0:00:00.019773223  2475 0xb93370 LOG   GST_REGISTRY gstregistry.c:607:gst_registry_add_feature: emitting feature-added for input-selector
0:00:00.015023567  2476 0x1f7a320 LOG   GST_POLL gstpoll.c:994:gst_poll_fd_ctl_write: 0x1f829c0: pfd->events now 60 (POLLOUT:4)
0:00:00.019780509  2475 0xb93370 DEBUG   GST_REGISTRY gstregistrychunks.c:741:gst_registry_chunks_load_feature: Added feature input-selector, plugin 0xbae780 coreelements
0:00:00.015031051  2476 0x1f7a320 DEBUG   GST_POLL gstpoll.c:979:gst_poll_fd_ctl_write: 0x1f829c0: fd (fd:0, idx:1), active : 1
0:00:00.019787674  2475 0xb93370 DEBUG   GST_REGISTRY gstregistrychunks.c:583:gst_registry_chunks_load_feature: Plugin 'coreelements' feature 'identity' typename : 'GstElementFactory'
0:00:00.015037637  2476 0x1f7a320 LOG   GST_POLL gstpoll.c:994:gst_poll_fd_ctl_write: 0x1f829c0: pfd->events now 60 (POLLOUT:4)
0:00:00.019795402  2475 0xb93370 TRACE   GST_REFCOUNTING gstobject.c:208:gst_object_init: 0xbb2b60 new
0:00:00.015045441  2476 0x1f7a320 DEBUG   GST_POLL gstpoll.c:979:gst_poll_fd_ctl_write: 0x1f829c0: fd (fd:0, idx:1), active : 1
