0:00:00.011627083  2476 0x1f7a320 DEBUG   GST_POLL gstpoll.c:979:gst_poll_fd_ctl_write: 0x1f829c0: fd (fd:0, idx:1), active : 1
0:00:00.011639133  2476 0x1f7a320 LOG   GST_POLL gstpoll.c:994:gst_poll_fd_ctl_write: 0x1f829c0: pfd->events now 60 (POLLOUT:4)
0:00:00.011645098  2476 0x1f7a320 DEBUG   GST_POLL gstpoll.c:979:gst_poll_fd_ctl_write: 0x1f829c0: fd (fd:0, idx:1), active : 1
0:00:00.011650578  2476 0x1f7a320 LOG   GST_POLL gstpoll.c:994:gst_poll_fd_ctl_write: 0x1f829c0: pfd->events now 60 (POLLOUT:4)
0:00:00.011656216  2476 0x1f7a320 DEBUG   GST_POLL gstpoll.c:979:gst_poll_fd_ctl_write: 0x1f829c0: fd (fd:0, idx:1), active : 1
0:00:00.011661728  2476 0x1f7a320 LOG   GST_POLL gstpoll.c:994:gst_poll_fd_ctl_write: 0x1f829c0: pfd->events now 60 (POLLOUT:4)
0:00:00.011667366  2476 0x1f7a320 DEBUG   GST_POLL gstpoll.c:979:gst_poll_fd_ctl_write: 0x1f829c0: fd (fd:0, idx:1), active : 1
0:00:00.011672787  2476 0x1f7a320 LOG   GST_POLL gstpoll.c:994:gst_poll_fd_ctl_write: 0x1f829c0: pfd->events now 60 (POLLOUT:4)
0:00:00.011678384  2476 0x1f7a320 DEBUG   GST_POLL gstpoll.c:979:gst_poll_fd_ctl_write: 0x1f829c0: fd (fd:0, idx:1), active : 1
0:00:00.011683812  2476 0x1f7a320 LOG   GST_POLL gstpoll.c:994:gst_poll_fd_ctl_write: 0x1f829c0: pfd->events now 60 (POLLOUT:4)
0:00:00.011689402  2476 0x1f7a320 DEBUG   GST_POLL gstpoll.c:979:gst_poll_fd_ctl_write: 0x1f829c0: fd (fd:0, idx:1), active : 1
0:00:00.011695046  2476 0x1f7a320 LOG   GST_POLL gstpoll.c:994:gst_poll_fd_ctl_write: 0x1f829c0: pfd->events now 60 (POLLOUT:4)
0:00:00.011700718  2476 0x1f7a320 DEBUG   GST_POLL gstpoll.c:979:gst_poll_fd_ctl_write: 0x1f829c0: fd (fd:0, idx:1), active : 1
0:00:00.011710226  2476 0x1f7a320 LOG   GST_POLL gstpoll.c:994:gst_poll_fd_ctl_write: 0x1f829c0: pfd->events now 60 (POLLOUT:4)
0:00:00.011715893  2476 0x1f7a320 DEBUG   GST_POLL gstpoll.c:979:gst_poll_fd_ctl_write: 0x1f829c0: fd (fd:0, idx:1), active : 1
0:00:00.011721356  2476 0x1f7a320 LOG   GST_POLL gstpoll.c:994:gst_poll_fd_ctl_write: 0x1f829c0: pfd->events now 60 (POLLOUT:4)
0:00:00.011726972  2476 0x1f7a320 DEBUG   GST_POLL gstpoll.c:979:gst_poll_fd_ctl_write: 0x1f829c0: fd (fd:0, idx:1), active : 1
0:00:00.011732391  2476 0x1f7a320 LOG   GST_POLL gstpoll.c:994:gst_poll_fd_ctl_write: 0x1f829c0: pfd->events now 60 (POLLOUT:4)
0:00:00.011738089  2476 0x1f7a320 DEBUG   GST_POLL gstpoll.c:979:gst_poll_fd_ctl_write: 0x1f829c0: fd (fd:0, idx:1), active : 1
0:00:00.011743615  2476 0x1f7a320 LOG   GST_POLL gstpoll.c:994:gst_poll_fd_ctl_write: 0x1f829c0: pfd->events now 60 (POLLOUT:4)
0:00:00.011749322  2476 0x1f7a320 DEBUG   GST_POLL gstpoll.c:979:gst_poll_fd_ctl_write: 0x1f829c0: fd (fd:0, idx:1), active : 1
0:00:00.011754790  2476 0x1f7a320 LOG   GST_POLL gstpoll.c:994:gst_poll_fd_ctl_write: 0x1f829c0: pfd->events now 60 (POLLOUT:4)
0:00:00.011760439  2476 0x1f7a320 DEBUG   GST_POLL gstpoll.c:979:gst_poll_fd_ctl_write: 0x1f829c0: fd (fd:0, idx:1), active : 1
0:00:00.011765843  2476 0x1f7a320 LOG   GST_POLL gstpoll.c:994:gst_poll_fd_ctl_write: 0x1f829c0: pfd->events now 60 (POLLOUT:4)
0:00:00.011778302  2476 0x1f7a320 DEBUG   GST_POLL gstpoll.c:979:gst_poll_fd_ctl_write: 0x1f829c0: fd (fd:0, idx:1), active : 1
0:00:00.011783849  2476 0x1f7a320 LOG   GST_POLL gstpoll.c:994:gst_poll_fd_ctl_write: 0x1f829c0: pfd->events now 60 (POLLOUT:4)
0:00:00.011789528  2476 0x1f7a320 DEBUG   GST_POLL gstpoll.c:979:gst_poll_fd_ctl_write: 0x1f829c0: fd (fd:0, idx:1), active : 1
0:00:00.011794988  2476 0x1f7a320 LOG   GST_POLL gstpoll.c:994:gst_poll_fd_ctl_write: 0x1f829c0: pfd->events now 60 (POLLOUT:4)
0:00:00.011800632  2476 0x1f7a320 DEBUG   GST_POLL gstpoll.c:979:gst_poll_fd_ctl_write: 0x1f829c0: fd (fd:0, idx:1), active : 1
0:00:00.011806102  2476 0x1f7a320 LOG   GST_POLL gstpoll.c:994:gst_poll_fd_ctl_write: 0x1f829c0: pfd->events now 60 (POLLOUT:4)
0:00:00.011811748  2476 0x1f7a320 DEBUG   GST_POLL gstpoll.c:979:gst_poll_fd_ctl_write: 0x1f829c0: fd (fd:0, idx:1), active : 1
0:00:00.011817201  2476 0x1f7a320 LOG   GST_POLL gstpoll.c:994:gst_poll_fd_ctl_write: 0x1f829c0: pfd->events now 60 (POLLOUT:4)
0:00:00.011822879  2476 0x1f7a320 DEBUG   GST_POLL gstpoll.c:979:gst_poll_fd_ctl_write: 0x1f829c0: fd (fd:0, idx:1), active : 1
0:00:00.011828311  2476 0x1f7a320 LOG   GST_POLL gstpoll.c:994:gst_poll_fd_ctl_write: 0x1f829c0: pfd->events now 60 (POLLOUT:4)
0:00:00.011833936  2476 0x1f7a320 DEBUG   GST_POLL gstpoll.c:979:gst_poll_fd_ctl_write: 0x1f829c0: fd (fd:0, idx:1), active : 1
0:00:00.011839360  2476 0x1f7a320 LOG   GST_POLL gstpoll.c:994:gst_poll_fd_ctl_write: 0x1f829c0: pfd->events now 60 (POLLOUT:4)
0:00:00.011844997  2476 0x1f7a320 DEBUG   GST_POLL gstpoll.c:979:gst_poll_fd_ctl_write: 0x1f829c0: fd (fd:0, idx:1), active : 1
0:00:00.011850435  2476 0x1f7a320 LOG   GST_POLL gstpoll.c:994:gst_poll_fd_ctl_write: 0x1f829c0: pfd->events now 60 (POLLOUT:4)
0:00:00.011856064  2476 0x1f7a320 DEBUG   GST_POLL gstpoll.c:979:gst_poll_fd_ctl_write: 0x1f829c0: fd (fd:0, idx:1), active : 1
0:00:00.011861518  2476 0x1f7a320 LOG   GST_POLL gstpoll.c:994:gst_poll_fd_ctl_write: 0x1f829c0: pfd->events now 60 (POLLOUT:4)
0:00:00.011867151  2476 0x1f7a320 DEBUG   GST_POLL gstpoll.c:979:gst_poll_fd_ctl_write: 0x1f829c0: fd (fd:0, idx:1), active : 1
0:00:00.011872623  2476 0x1f7a320 LOG   GST_POLL gstpoll.c:994:gst_poll_fd_ctl_write: 0x1f829c0: pfd->events now 60 (POLLOUT:4)
0:00:00.011878293  2476 0x1f7a320 DEBUG   GST_POLL gstpoll.c:979:gst_poll_fd_ctl_write: 0x1f829c0: fd (fd:0, idx:1), active : 1
0:00:00.011883714  2476 0x1f7a320 LOG   GST_POLL gstpoll.c:994:gst_poll_fd_ctl_write: 0x1f829c0: pfd->events now 60 (POLLOUT:4)
0:00:00.011889355  2476 0x1f7a320 DEBUG   GST_POLL gstpoll.c:979:gst_poll_fd_ctl_write: 0x1f829c0: fd (fd:0, idx:1), active : 1
0:00:00.011894779  2476 0x1f7a320 LOG   GST_POLL gstpoll.c:994:gst_poll_fd_ctl_write: 0x1f829c0: pfd->events now 60 (POLLOUT:4)
0:00:00.011905045  2476 0x1f7a320 DEBUG   GST_POLL gstpoll.c:979:gst_poll_fd_ctl_write: 0x1f829c0: fd (fd:0, idx:1), active : 1
0:00:00.011915295  2476 0x1f7a320 LOG   GST_POLL gstpoll.c:994:gst_poll_fd_ctl_write: 0x1f829c0: pfd->events now 60 (POLLOUT:4)
0:00:00.011921054  2476 0x1f7a320 DEBUG   GST_POLL gstpoll.c:979:gst_poll_fd_ctl_write: 0x1f829c0: fd (fd:0, idx:1), active : 1
0:00:00.011926696  2476 0x1f7a320 LOG   GST_POLL gstpoll.c:994:gst_poll_fd_ctl_write: 0x1f829c0: pfd->events now 60 (POLLOUT:4)
0:00:00.011932359  2476 0x1f7a320 DEBUG   GST_POLL gstpoll.c:979:gst_poll_fd_ctl_write: 0x1f829c0: fd (fd:0, idx:1), active : 1
0:00:00.011937781  2476 0x1f7a320 LOG   GST_POLL gstpoll.c:994:gst_poll_fd_ctl_write: 0x1f829c0: pfd->events now 60 (POLLOUT:4)
0:00:00.011943420  2476 0x1f7a320 DEBUG   GST_POLL gstpoll.c:979:gst_poll_fd_ctl_write: 0x1f829c0: fd (fd:0, idx:1), active : 1
0:00:00.011948892  2476 0x1f7a320 LOG   GST_POLL gstpoll.c:994:gst_poll_fd_ctl_write: 0x1f829c0: pfd->events now 60 (POLLOUT:4)
0:00:00.011954457  2476 0x1f7a320 DEBUG   GST_POLL gstpoll.c:979:gst_poll_fd_ctl_write: 0x1f829c0: fd (fd:0, idx:1), active : 1
0:00:00.011959899  2476 0x1f7a320 LOG   GST_POLL gstpoll.c:994:gst_poll_fd_ctl_write: 0x1f829c0: pfd->events now 60 (POLLOUT:4)
0:00:00.011965705  2476 0x1f7a320 DEBUG   GST_POLL gstpoll.c:979:gst_poll_fd_ctl_write: 0x1f829c0: fd (fd:0, idx:1), active : 1
0:00:00.011971148  2476 0x1f7a320 LOG   GST_POLL gstpoll.c:994:gst_poll_fd_ctl_write: 0x1f829c0: pfd->events now 60 (POLLOUT:4)
0:00:00.011976765  2476 0x1f7a320 DEBUG   GST_POLL gstpoll.c:979:gst_poll_fd_ctl_write: 0x1f829c0: fd (fd:0, idx:1), active : 1
0:00:00.011982194  2476 0x1f7a320 LOG   GST_POLL gstpoll.c:994:gst_poll_fd_ctl_write: 0x1f829c0: pfd->events now 60 (POLLOUT:4)
0:00:00.011987882  2476 0x1f7a320 DEBUG   GST_POLL gstpoll.c:979:gst_poll_fd_ctl_write: 0x1f829c0: fd (fd:0, idx:1), active : 1
0:00:00.011993285  2476 0x1f7a320 LOG   GST_POLL gstpoll.c:994:gst_poll_fd_ctl_write: 0x1f829c0: pfd->events now 60 (POLLOUT:4)
0:00:00.011998977  2476 0x1f7a320 DEBUG   GST_POLL gstpoll.c:979:gst_poll_fd_ctl_write: 0x1f829c0: fd (fd:0, idx:1), active : 1
0:00:00.012004404  2476 0x1f7a320 LOG   GST_POLL gstpoll.c:994:gst_poll_fd_ctl_write: 0x1f829c0: pfd->events now 60 (POLLOUT:4)
0:00:00.012010094  2476 0x1f7a320 DEBUG   GST_POLL gstpoll.c:979:gst_poll_fd_ctl_write: 0x1f829c0: fd (fd:0, idx:1), active : 1
0:00:00.012015600  2476 0x1f7a320 LOG   GST_POLL gstpoll.c:994:gst_poll_fd_ctl_write: 0x1f829c0: pfd->events now 60 (POLLOUT:4)
0:00:00.012021380  2476 0x1f7a320 DEBUG   GST_POLL gstpoll.c:979:gst_poll_fd_ctl_write: 0x1f829c0: fd (fd:0, idx:1), active : 1
0:00:00.012026799  2476 0x1f7a320 LOG   GST_POLL gstpoll.c:994:gst_poll_fd_ctl_write: 0x1f829c0: pfd->events now 60 (POLLOUT:4)
0:00:00.012032513  2476 0x1f7a320 DEBUG   GST_POLL gstpoll.c:979:gst_poll_fd_ctl_write: 0x1f829c0: fd (fd:0, idx:1), active : 1
0:00:00.012037960  2476 0x1f7a320 LOG   GST_POLL gstpoll.c:994:gst_poll_fd_ctl_write: 0x1f829c0: pfd->events now 60 (POLLOUT:4)
0:00:00.012048152  2476 0x1f7a320 DEBUG   GST_POLL gstpoll.c:979:gst_poll_fd_ctl_write: 0x1f829c0: fd (fd:0, idx:1), active : 1
0:00:00.012053685  2476 0x1f7a320 LOG   GST_POLL gstpoll.c:994:gst_poll_fd_ctl_write: 0x1f829c0: pfd->events now 60 (POLLOUT:4)
0:00:00.012059351  2476 0x1f7a320 DEBUG   GST_POLL gstpoll.c:979:gst_poll_fd_ctl_write: 0x1f829c0: fd (fd:0, idx:1), active : 1
0:00:00.012064795  2476 0x1f7a320 LOG   GST_POLL gstpoll.c:994:gst_poll_fd_ctl_write: 0x1f829c0: pfd->events now 60 (POLLOUT:4)
0:00:00.012070391  2476 0x1f7a320 DEBUG   GST_POLL gstpoll.c:979:gst_poll_fd_ctl_write: 0x1f829c0: fd (fd:0, idx:1), active : 1
0:00:00.012075841  2476 0x1f7a320 LOG   GST_POLL gstpoll.c:994:gst_poll_fd_ctl_write: 0x1f829c0: pfd->events now 60 (POLLOUT:4)
0:00:00.012085447  2476 0x1f7a320 TRACE   GST_REFCOUNTING gstobject.c:264:gst_object_unref: 0x1f967c0 unref 2->1
0:00:00.012093114  2476 0x1f7a320 DEBUG   GST_POLL gstpoll.c:1241:gst_poll_fd_has_error: 0x1f829c0: fd (fd:0, idx:1) 0
0:00:00.012099034  2476 0x1f7a320 DEBUG   GST_POLL gstpoll.c:1335:gst_poll_fd_can_write: 0x1f829c0: fd (fd:0, idx:1) 1
0:00:00.012105106  2476 0x1f7a320 LOG   GST_PLUGIN_LOADING gstpluginloader.c:689:write_one: Writing packet of size 528 bytes to fd 0
0:00:00.012128721  2476 0x1f7a320 DEBUG   GST_POLL gstpoll.c:1414:gst_poll_wait: 0x1f829c0: timeout :0:00:01.000000000
0:00:00.012141865  2476 0x1f7a320 LOG   GST_PLUGIN_LOADING gstpluginloader.c:1026:exchange_packets: Poll res = 2. 6872 bytes pending for write
0:00:00.012148097  2476 0x1f7a320 DEBUG   GST_POLL gstpoll.c:1241:gst_poll_fd_has_error: 0x1f829c0: fd (fd:5, idx:2) 0
0:00:00.012153674  2476 0x1f7a320 DEBUG   GST_POLL gstpoll.c:1266:gst_poll_fd_can_read_unlocked: 0x1f829c0: fd (fd:5, idx:2) 1
0:00:00.012164890  2476 0x1f7a320 DEBUG   GST_PLUGIN_LOADING gstpluginloader.c:721:do_plugin_load: Plugin scanner loading file /home/conan/w/prod/BuildSingleReference/.conan/data/gstreamer/1.19.2/_/_/package/0387548ec0d21c08cb6b492d670dcb344087cb15/lib/gstreamer-1.0/libgstcoretracers.so. tag 2
0:00:00.012174426  2476 0x1f7a320 TRACE   GST_REFCOUNTING gstobject.c:237:gst_object_ref: 0x1f93e90 ref 1->2
0:00:00.012182598  2476 0x1f7a320 TRACE   GST_REFCOUNTING gstobject.c:237:gst_object_ref: 0x1f95110 ref 1->2
0:00:00.012189175  2476 0x1f7a320 TRACE   GST_REFCOUNTING gstobject.c:237:gst_object_ref: 0x1f94e70 ref 1->2
0:00:00.012195430  2476 0x1f7a320 TRACE   GST_REFCOUNTING gstobject.c:237:gst_object_ref: 0x1f94c20 ref 1->2
0:00:00.016935597  2475 0xb93370 LOG   GST_PLUGIN_LOADING gstpluginloader.c:1026:exchange_packets: Poll res = 1. 0 bytes pending for write
0:00:00.012201637  2476 0x1f7a320 TRACE   GST_REFCOUNTING gstobject.c:237:gst_object_ref: 0x1f94950 ref 1->2
0:00:00.012221629  2476 0x1f7a320 TRACE   GST_REFCOUNTING gstobject.c:237:gst_object_ref: 0x1f94740 ref 1->2
0:00:00.016973444  2475 0xb93370 DEBUG   GST_POLL gstpoll.c:1241:gst_poll_fd_has_error: 0xbacce0: fd (fd:8, idx:2) 0
0:00:00.012228015  2476 0x1f7a320 TRACE   GST_REFCOUNTING gstobject.c:237:gst_object_ref: 0x1f94250 ref 1->2
0:00:00.016998352  2475 0xb93370 DEBUG   GST_POLL gstpoll.c:1266:gst_poll_fd_can_read_unlocked: 0xbacce0: fd (fd:8, idx:2) 1
0:00:00.012252076  2476 0x1f7a320 TRACE   GST_REFCOUNTING gstobject.c:264:gst_object_unref: 0x1f94250 unref 2->1
0:00:00.012258873  2476 0x1f7a320 TRACE   GST_REFCOUNTING gstobject.c:264:gst_object_unref: 0x1f94740 unref 2->1
0:00:00.017009744  2475 0xb93370 LOG   GST_PLUGIN_LOADING gstpluginloader.c:984:read_one: Expanding rx buf from 512 to 1040
0:00:00.012265029  2476 0x1f7a320 TRACE   GST_REFCOUNTING gstobject.c:264:gst_object_unref: 0x1f94950 unref 2->1
0:00:00.012271564  2476 0x1f7a320 TRACE   GST_REFCOUNTING gstobject.c:264:gst_object_unref: 0x1f94c20 unref 2->1
0:00:00.012277680  2476 0x1f7a320 TRACE   GST_REFCOUNTING gstobject.c:264:gst_object_unref: 0x1f94e70 unref 2->1
0:00:00.017033361  2475 0xb93370 DEBUG   GST_PLUGIN_LOADING gstpluginloader.c:847:handle_rx_packet: Received plugin details from child w/ tag 0. 516 bytes info
0:00:00.012284271  2476 0x1f7a320 TRACE   GST_REFCOUNTING gstobject.c:264:gst_object_unref: 0x1f95110 unref 2->1
0:00:00.017042841  2475 0xb93370 LOG   GST_REGISTRY gstregistrychunks.c:837:_priv_gst_registry_chunks_load_plugin: Reading/casting for GstRegistryChunkPluginElement at address 0xbad810
0:00:00.012293276  2476 0x1f7a320 DEBUG   GST_REGISTRY gstregistrychunks.c:498:_priv_gst_registry_chunks_save_plugin: Found 6 features in plugin 0x1f93e90 (coretracers)
0:00:00.012301180  2476 0x1f7a320 DEBUG   GST_POLL gstpoll.c:979:gst_poll_fd_ctl_write: 0x1f829c0: fd (fd:0, idx:1), active : 1
0:00:00.012306938  2476 0x1f7a320 LOG   GST_POLL gstpoll.c:994:gst_poll_fd_ctl_write: 0x1f829c0: pfd->events now 60 (POLLOUT:4)
0:00:00.012312820  2476 0x1f7a320 DEBUG   GST_POLL gstpoll.c:979:gst_poll_fd_ctl_write: 0x1f829c0: fd (fd:0, idx:1), active : 1
0:00:00.012318579  2476 0x1f7a320 LOG   GST_POLL gstpoll.c:994:gst_poll_fd_ctl_write: 0x1f829c0: pfd->events now 60 (POLLOUT:4)
0:00:00.017071993  2475 0xb93370 TRACE   GST_REFCOUNTING gstobject.c:208:gst_object_init: 0xbad210 new
0:00:00.012324540  2476 0x1f7a320 DEBUG   GST_POLL gstpoll.c:979:gst_poll_fd_ctl_write: 0x1f829c0: fd (fd:0, idx:1), active : 1
0:00:00.012331700  2476 0x1f7a320 LOG   GST_POLL gstpoll.c:994:gst_poll_fd_ctl_write: 0x1f829c0: pfd->events now 60 (POLLOUT:4)
0:00:00.012337759  2476 0x1f7a320 DEBUG   GST_POLL gstpoll.c:979:gst_poll_fd_ctl_write: 0x1f829c0: fd (fd:0, idx:1), active : 1
0:00:00.012343224  2476 0x1f7a320 LOG   GST_POLL gstpoll.c:994:gst_poll_fd_ctl_write: 0x1f829c0: pfd->events now 60 (POLLOUT:4)
0:00:00.012349001  2476 0x1f7a320 DEBUG   GST_POLL gstpoll.c:979:gst_poll_fd_ctl_write: 0x1f829c0: fd (fd:0, idx:1), active : 1
0:00:00.012354500  2476 0x1f7a320 LOG   GST_POLL gstpoll.c:994:gst_poll_fd_ctl_write: 0x1f829c0: pfd->events now 60 (POLLOUT:4)
0:00:00.012366935  2476 0x1f7a320 DEBUG   GST_POLL gstpoll.c:979:gst_poll_fd_ctl_write: 0x1f829c0: fd (fd:0, idx:1), active : 1
0:00:00.012372982  2476 0x1f7a320 LOG   GST_POLL gstpoll.c:994:gst_poll_fd_ctl_write: 0x1f829c0: pfd->events now 60 (POLLOUT:4)
0:00:00.017124110  2475 0xb93370 LOG   GST_REGISTRY gstregistrychunks.c:859:_priv_gst_registry_chunks_load_plugin: read strings for name='coretracers'
0:00:00.012378832  2476 0x1f7a320 DEBUG   GST_POLL gstpoll.c:979:gst_poll_fd_ctl_write: 0x1f829c0: fd (fd:0, idx:1), active : 1
0:00:00.017133450  2475 0xb93370 LOG   GST_REGISTRY gstregistrychunks.c:860:_priv_gst_registry_chunks_load_plugin: desc.description='GStreamer core tracers'
0:00:00.012384823  2476 0x1f7a320 LOG   GST_POLL gstpoll.c:994:gst_poll_fd_ctl_write: 0x1f829c0: pfd->events now 60 (POLLOUT:4)
0:00:00.017140815  2475 0xb93370 LOG   GST_REGISTRY gstregistrychunks.c:861:_priv_gst_registry_chunks_load_plugin: filename='/home/conan/w/prod/BuildSingleReference/.conan/data/gstreamer/1.19.2/_/_/package/0387548ec0d21c08cb6b492d670dcb344087cb15/lib/gstreamer-1.0/libgstcoretracers.so'
0:00:00.012391123  2476 0x1f7a320 DEBUG   GST_POLL gstpoll.c:979:gst_poll_fd_ctl_write: 0x1f829c0: fd (fd:0, idx:1), active : 1
0:00:00.017147397  2475 0xb93370 LOG   GST_REGISTRY gstregistrychunks.c:862:_priv_gst_registry_chunks_load_plugin: desc.version='1.19.2'
0:00:00.012398266  2476 0x1f7a320 LOG   GST_POLL gstpoll.c:994:gst_poll_fd_ctl_write: 0x1f829c0: pfd->events now 60 (POLLOUT:4)
0:00:00.017153193  2475 0xb93370 LOG   GST_REGISTRY gstregistrychunks.c:863:_priv_gst_registry_chunks_load_plugin: desc.license='LGPL'
0:00:00.012404391  2476 0x1f7a320 DEBUG   GST_POLL gstpoll.c:979:gst_poll_fd_ctl_write: 0x1f829c0: fd (fd:0, idx:1), active : 1
0:00:00.017158989  2475 0xb93370 LOG   GST_REGISTRY gstregistrychunks.c:864:_priv_gst_registry_chunks_load_plugin: desc.source='gstreamer'
0:00:00.012410417  2476 0x1f7a320 LOG   GST_POLL gstpoll.c:994:gst_poll_fd_ctl_write: 0x1f829c0: pfd->events now 60 (POLLOUT:4)
0:00:00.017164878  2475 0xb93370 LOG   GST_REGISTRY gstregistrychunks.c:865:_priv_gst_registry_chunks_load_plugin: desc.package='GStreamer source release'
0:00:00.012416489  2476 0x1f7a320 DEBUG   GST_POLL gstpoll.c:979:gst_poll_fd_ctl_write: 0x1f829c0: fd (fd:0, idx:1), active : 1
0:00:00.017171070  2475 0xb93370 LOG   GST_REGISTRY gstregistrychunks.c:866:_priv_gst_registry_chunks_load_plugin: desc.origin='Unknown package origin'
0:00:00.012422717  2476 0x1f7a320 LOG   GST_POLL gstpoll.c:994:gst_poll_fd_ctl_write: 0x1f829c0: pfd->events now 60 (POLLOUT:4)
0:00:00.017177501  2475 0xb93370 LOG   GST_REGISTRY gstregistrychunks.c:867:_priv_gst_registry_chunks_load_plugin: desc.datetime=2021-09-23
0:00:00.012429043  2476 0x1f7a320 LOG   GST_PLUGIN_LOADING gstpluginloader.c:644:put_chunk: Expanding tx buf from 7717 to 10158 for chunk of size 11
0:00:00.012435652  2476 0x1f7a320 DEBUG   GST_POLL gstpoll.c:979:gst_poll_fd_ctl_write: 0x1f829c0: fd (fd:0, idx:1), active : 1
0:00:00.017190051  2475 0xb93370 DEBUG   GST_REGISTRY gstregistry.c:473:gst_registry_add_plugin: adding plugin 0xbad210 for filename "/home/conan/w/prod/BuildSingleReference/.conan/data/gstreamer/1.19.2/_/_/package/0387548ec0d21c08cb6b492d670dcb344087cb15/lib/gstreamer-1.0/libgstcoretracers.so"
0:00:00.012446689  2476 0x1f7a320 LOG   GST_POLL gstpoll.c:994:gst_poll_fd_ctl_write: 0x1f829c0: pfd->events now 60 (POLLOUT:4)
0:00:00.012453086  2476 0x1f7a320 DEBUG   GST_POLL gstpoll.c:979:gst_poll_fd_ctl_write: 0x1f829c0: fd (fd:0, idx:1), active : 1
0:00:00.017204223  2475 0xb93370 TRACE   GST_REFCOUNTING gstobject.c:292:gst_object_ref_sink: 0xbad210 ref_sink 1->2
0:00:00.012458772  2476 0x1f7a320 LOG   GST_POLL gstpoll.c:994:gst_poll_fd_ctl_write: 0x1f829c0: pfd->events now 60 (POLLOUT:4)
0:00:00.017214057  2475 0xb93370 LOG   GST_REGISTRY gstregistry.c:486:gst_registry_add_plugin: emitting plugin-added for filename "/home/conan/w/prod/BuildSingleReference/.conan/data/gstreamer/1.19.2/_/_/package/0387548ec0d21c08cb6b492d670dcb344087cb15/lib/gstreamer-1.0/libgstcoretracers.so"
0:00:00.012464848  2476 0x1f7a320 DEBUG   GST_POLL gstpoll.c:979:gst_poll_fd_ctl_write: 0x1f829c0: fd (fd:0, idx:1), active : 1
0:00:00.017222383  2475 0xb93370 DEBUG   GST_REGISTRY gstregistrychunks.c:887:_priv_gst_registry_chunks_load_plugin: Added plugin 'coretracers' plugin with 6 features from binary registry
0:00:00.012471917  2476 0x1f7a320 LOG   GST_POLL gstpoll.c:994:gst_poll_fd_ctl_write: 0x1f829c0: pfd->events now 60 (POLLOUT:4)
0:00:00.017230174  2475 0xb93370 DEBUG   GST_REGISTRY gstregistrychunks.c:583:gst_registry_chunks_load_feature: Plugin 'coretracers' feature 'factories' typename : 'GstTracerFactory'
0:00:00.012480183  2476 0x1f7a320 DEBUG   GST_POLL gstpoll.c:979:gst_poll_fd_ctl_write: 0x1f829c0: fd (fd:0, idx:1), active : 1
0:00:00.012487427  2476 0x1f7a320 LOG   GST_POLL gstpoll.c:994:gst_poll_fd_ctl_write: 0x1f829c0: pfd->events now 60 (POLLOUT:4)
0:00:00.012493329  2476 0x1f7a320 DEBUG   GST_POLL gstpoll.c:979:gst_poll_fd_ctl_write: 0x1f829c0: fd (fd:0, idx:1), active : 1
0:00:00.017247407  2475 0xb93370 TRACE   GST_REFCOUNTING gstobject.c:208:gst_object_init: 0xbadd80 new
0:00:00.012498866  2476 0x1f7a320 LOG   GST_POLL gstpoll.c:994:gst_poll_fd_ctl_write: 0x1f829c0: pfd->events now 60 (POLLOUT:4)
0:00:00.012505940  2476 0x1f7a320 DEBUG   GST_POLL gstpoll.c:979:gst_poll_fd_ctl_write: 0x1f829c0: fd (fd:0, idx:1), active : 1
0:00:00.017274833  2475 0xb93370 DEBUG   GST_REGISTRY gstregistrychunks.c:717:gst_registry_chunks_load_feature: Reading/casting for GstRegistryChunkPluginFeature at address 0xbad960
0:00:00.012527596  2476 0x1f7a320 LOG   GST_POLL gstpoll.c:994:gst_poll_fd_ctl_write: 0x1f829c0: pfd->events now 60 (POLLOUT:4)
0:00:00.012534603  2476 0x1f7a320 DEBUG   GST_POLL gstpoll.c:979:gst_poll_fd_ctl_write: 0x1f829c0: fd (fd:0, idx:1), active : 1
0:00:00.017286978  2475 0xb93370 DEBUG   GST_REGISTRY gstregistry.c:589:gst_registry_add_feature: adding feature 0xbadd80 (factories)
0:00:00.012540150  2476 0x1f7a320 LOG   GST_POLL gstpoll.c:994:gst_poll_fd_ctl_write: 0x1f829c0: pfd->events now 60 (POLLOUT:4)
0:00:00.012559327  2476 0x1f7a320 DEBUG   GST_POLL gstpoll.c:979:gst_poll_fd_ctl_write: 0x1f829c0: fd (fd:0, idx:1), active : 1
0:00:00.017310842  2475 0xb93370 DEBUG   GST_REFCOUNTING gstobject.c:708:gst_object_set_parent: set parent (ref and sink)
0:00:00.012565231  2476 0x1f7a320 LOG   GST_POLL gstpoll.c:994:gst_poll_fd_ctl_write: 0x1f829c0: pfd->events now 60 (POLLOUT:4)
0:00:00.012574526  2476 0x1f7a320 DEBUG   GST_POLL gstpoll.c:979:gst_poll_fd_ctl_write: 0x1f829c0: fd (fd:0, idx:1), active : 1
0:00:00.017325558  2475 0xb93370 TRACE   GST_REFCOUNTING gstobject.c:292:gst_object_ref_sink: 0xbadd80 ref_sink 1->2
0:00:00.012580275  2476 0x1f7a320 LOG   GST_POLL gstpoll.c:994:gst_poll_fd_ctl_write: 0x1f829c0: pfd->events now 60 (POLLOUT:4)
0:00:00.017335194  2475 0xb93370 LOG   GST_REGISTRY gstregistry.c:607:gst_registry_add_feature: emitting feature-added for factories
0:00:00.012586820  2476 0x1f7a320 DEBUG   GST_POLL gstpoll.c:979:gst_poll_fd_ctl_write: 0x1f829c0: fd (fd:0, idx:1), active : 1
0:00:00.017343204  2475 0xb93370 DEBUG   GST_REGISTRY gstregistrychunks.c:741:gst_registry_chunks_load_feature: Added feature factories, plugin 0xbad210 coretracers
0:00:00.012592923  2476 0x1f7a320 LOG   GST_POLL gstpoll.c:994:gst_poll_fd_ctl_write: 0x1f829c0: pfd->events now 60 (POLLOUT:4)
0:00:00.017350733  2475 0xb93370 DEBUG   GST_REGISTRY gstregistrychunks.c:583:gst_registry_chunks_load_feature: Plugin 'coretracers' feature 'leaks' typename : 'GstTracerFactory'
0:00:00.012600783  2476 0x1f7a320 DEBUG   GST_POLL gstpoll.c:979:gst_poll_fd_ctl_write: 0x1f829c0: fd (fd:0, idx:1), active : 1
0:00:00.012608426  2476 0x1f7a320 LOG   GST_POLL gstpoll.c:994:gst_poll_fd_ctl_write: 0x1f829c0: pfd->events now 60 (POLLOUT:4)
0:00:00.017360288  2475 0xb93370 TRACE   GST_REFCOUNTING gstobject.c:208:gst_object_init: 0xbadfc0 new
0:00:00.012614553  2476 0x1f7a320 DEBUG   GST_POLL gstpoll.c:979:gst_poll_fd_ctl_write: 0x1f829c0: fd (fd:0, idx:1), active : 1
0:00:00.017370393  2475 0xb93370 DEBUG   GST_REGISTRY gstregistrychunks.c:717:gst_registry_chunks_load_feature: Reading/casting for GstRegistryChunkPluginFeature at address 0xbad980
0:00:00.012620872  2476 0x1f7a320 LOG   GST_POLL gstpoll.c:994:gst_poll_fd_ctl_write: 0x1f829c0: pfd->events now 60 (POLLOUT:4)
0:00:00.017379307  2475 0xb93370 DEBUG   GST_REGISTRY gstregistry.c:589:gst_registry_add_feature: adding feature 0xbadfc0 (leaks)
0:00:00.012628709  2476 0x1f7a320 DEBUG   GST_POLL gstpoll.c:979:gst_poll_fd_ctl_write: 0x1f829c0: fd (fd:0, idx:1), active : 1
0:00:00.017385784  2475 0xb93370 DEBUG   GST_REFCOUNTING gstobject.c:708:gst_object_set_parent: set parent (ref and sink)
0:00:00.012636909  2476 0x1f7a320 LOG   GST_POLL gstpoll.c:994:gst_poll_fd_ctl_write: 0x1f829c0: pfd->events now 60 (POLLOUT:4)
0:00:00.017393403  2475 0xb93370 TRACE   GST_REFCOUNTING gstobject.c:292:gst_object_ref_sink: 0xbadfc0 ref_sink 1->2
0:00:00.012649774  2476 0x1f7a320 DEBUG   GST_POLL gstpoll.c:979:gst_poll_fd_ctl_write: 0x1f829c0: fd (fd:0, idx:1), active : 1
0:00:00.017403586  2475 0xb93370 LOG   GST_REGISTRY gstregistry.c:607:gst_registry_add_feature: emitting feature-added for leaks
0:00:00.012655816  2476 0x1f7a320 LOG   GST_POLL gstpoll.c:994:gst_poll_fd_ctl_write: 0x1f829c0: pfd->events now 60 (POLLOUT:4)
0:00:00.017410615  2475 0xb93370 DEBUG   GST_REGISTRY gstregistrychunks.c:741:gst_registry_chunks_load_feature: Added feature leaks, plugin 0xbad210 coretracers
0:00:00.012662242  2476 0x1f7a320 DEBUG   GST_POLL gstpoll.c:979:gst_poll_fd_ctl_write: 0x1f829c0: fd (fd:0, idx:1), active : 1
0:00:00.017417241  2475 0xb93370 DEBUG   GST_REGISTRY gstregistrychunks.c:583:gst_registry_chunks_load_feature: Plugin 'coretracers' feature 'stats' typename : 'GstTracerFactory'
0:00:00.012668153  2476 0x1f7a320 LOG   GST_POLL gstpoll.c:994:gst_poll_fd_ctl_write: 0x1f829c0: pfd->events now 60 (POLLOUT:4)
0:00:00.017424660  2475 0xb93370 TRACE   GST_REFCOUNTING gstobject.c:208:gst_object_init: 0xbae180 new
0:00:00.012674949  2476 0x1f7a320 DEBUG   GST_POLL gstpoll.c:979:gst_poll_fd_ctl_write: 0x1f829c0: fd (fd:0, idx:1), active : 1
0:00:00.017432409  2475 0xb93370 DEBUG   GST_REGISTRY gstregistrychunks.c:717:gst_registry_chunks_load_feature: Reading/casting for GstRegistryChunkPluginFeature at address 0xbad9a0
0:00:00.012682366  2476 0x1f7a320 LOG   GST_POLL gstpoll.c:994:gst_poll_fd_ctl_write: 0x1f829c0: pfd->events now 60 (POLLOUT:4)
0:00:00.017439898  2475 0xb93370 DEBUG   GST_REGISTRY gstregistry.c:589:gst_registry_add_feature: adding feature 0xbae180 (stats)
0:00:00.012690577  2476 0x1f7a320 DEBUG   GST_POLL gstpoll.c:979:gst_poll_fd_ctl_write: 0x1f829c0: fd (fd:0, idx:1), active : 1
0:00:00.017446115  2475 0xb93370 DEBUG   GST_REFCOUNTING gstobject.c:708:gst_object_set_parent: set parent (ref and sink)
0:00:00.012697261  2476 0x1f7a320 LOG   GST_POLL gstpoll.c:994:gst_poll_fd_ctl_write: 0x1f829c0: pfd->events now 60 (POLLOUT:4)
0:00:00.017453112  2475 0xb93370 TRACE   GST_REFCOUNTING gstobject.c:292:gst_object_ref_sink: 0xbae180 ref_sink 1->2
0:00:00.012703884  2476 0x1f7a320 DEBUG   GST_POLL gstpoll.c:979:gst_poll_fd_ctl_write: 0x1f829c0: fd (fd:0, idx:1), active : 1
0:00:00.017460091  2475 0xb93370 LOG   GST_REGISTRY gstregistry.c:607:gst_registry_add_feature: emitting feature-added for stats
0:00:00.012710572  2476 0x1f7a320 LOG   GST_POLL gstpoll.c:994:gst_poll_fd_ctl_write: 0x1f829c0: pfd->events now 60 (POLLOUT:4)
0:00:00.017467117  2475 0xb93370 DEBUG   GST_REGISTRY gstregistrychunks.c:741:gst_registry_chunks_load_feature: Added feature stats, plugin 0xbad210 coretracers
0:00:00.012717870  2476 0x1f7a320 DEBUG   GST_POLL gstpoll.c:979:gst_poll_fd_ctl_write: 0x1f829c0: fd (fd:0, idx:1), active : 1
0:00:00.017474102  2475 0xb93370 DEBUG   GST_REGISTRY gstregistrychunks.c:583:gst_registry_chunks_load_feature: Plugin 'coretracers' feature 'rusage' typename : 'GstTracerFactory'
0:00:00.012729783  2476 0x1f7a320 LOG   GST_POLL gstpoll.c:994:gst_poll_fd_ctl_write: 0x1f829c0: pfd->events now 60 (POLLOUT:4)
0:00:00.017484511  2475 0xb93370 TRACE   GST_REFCOUNTING gstobject.c:208:gst_object_init: 0xbae340 new
0:00:00.012736161  2476 0x1f7a320 DEBUG   GST_POLL gstpoll.c:979:gst_poll_fd_ctl_write: 0x1f829c0: fd (fd:0, idx:1), active : 1
0:00:00.017491821  2475 0xb93370 DEBUG   GST_REGISTRY gstregistrychunks.c:717:gst_registry_chunks_load_feature: Reading/casting for GstRegistryChunkPluginFeature at address 0xbad9c0
0:00:00.012742240  2476 0x1f7a320 LOG   GST_POLL gstpoll.c:994:gst_poll_fd_ctl_write: 0x1f829c0: pfd->events now 60 (POLLOUT:4)
0:00:00.017499224  2475 0xb93370 DEBUG   GST_REGISTRY gstregistry.c:589:gst_registry_add_feature: adding feature 0xbae340 (rusage)
0:00:00.012750869  2476 0x1f7a320 TRACE   GST_REFCOUNTING gstobject.c:264:gst_object_unref: 0x1f93e90 unref 2->1
0:00:00.017505931  2475 0xb93370 DEBUG   GST_REFCOUNTING gstobject.c:708:gst_object_set_parent: set parent (ref and sink)
0:00:00.012758243  2476 0x1f7a320 DEBUG   GST_POLL gstpoll.c:1241:gst_poll_fd_has_error: 0x1f829c0: fd (fd:0, idx:1) 0
0:00:00.017513444  2475 0xb93370 TRACE   GST_REFCOUNTING gstobject.c:292:gst_object_ref_sink: 0xbae340 ref_sink 1->2
0:00:00.012765078  2476 0x1f7a320 DEBUG   GST_POLL gstpoll.c:1335:gst_poll_fd_can_write: 0x1f829c0: fd (fd:0, idx:1) 1
0:00:00.017520882  2475 0xb93370 LOG   GST_REGISTRY gstregistry.c:607:gst_registry_add_feature: emitting feature-added for rusage
0:00:00.012771447  2476 0x1f7a320 LOG   GST_PLUGIN_LOADING gstpluginloader.c:689:write_one: Writing packet of size 6872 bytes to fd 0
0:00:00.017528274  2475 0xb93370 DEBUG   GST_REGISTRY gstregistrychunks.c:741:gst_registry_chunks_load_feature: Added feature rusage, plugin 0xbad210 coretracers
0:00:00.017535411  2475 0xb93370 DEBUG   GST_REGISTRY gstregistrychunks.c:583:gst_registry_chunks_load_feature: Plugin 'coretracers' feature 'log' typename : 'GstTracerFactory'
0:00:00.012785135  2476 0x1f7a320 DEBUG   GST_POLL gstpoll.c:1414:gst_poll_wait: 0x1f829c0: timeout :0:00:01.000000000
0:00:00.017543850  2475 0xb93370 TRACE   GST_REFCOUNTING gstobject.c:208:gst_object_init: 0xbae500 new
0:00:00.012796371  2476 0x1f7a320 LOG   GST_PLUGIN_LOADING gstpluginloader.c:1026:exchange_packets: Poll res = 2. 528 bytes pending for write
0:00:00.017552615  2475 0xb93370 DEBUG   GST_REGISTRY gstregistrychunks.c:717:gst_registry_chunks_load_feature: Reading/casting for GstRegistryChunkPluginFeature at address 0xbad9e0
0:00:00.012803955  2476 0x1f7a320 DEBUG   GST_POLL gstpoll.c:1241:gst_poll_fd_has_error: 0x1f829c0: fd (fd:5, idx:2) 0
0:00:00.017561026  2475 0xb93370 DEBUG   GST_REGISTRY gstregistry.c:589:gst_registry_add_feature: adding feature 0xbae500 (log)
0:00:00.012811106  2476 0x1f7a320 DEBUG   GST_POLL gstpoll.c:1266:gst_poll_fd_can_read_unlocked: 0x1f829c0: fd (fd:5, idx:2) 1
0:00:00.017575212  2475 0xb93370 DEBUG   GST_REFCOUNTING gstobject.c:708:gst_object_set_parent: set parent (ref and sink)
0:00:00.012830766  2476 0x1f7a320 DEBUG   GST_PLUGIN_LOADING gstpluginloader.c:721:do_plugin_load: Plugin scanner loading file /home/conan/w/prod/BuildSingleReference/.conan/data/gstreamer/1.19.2/_/_/package/0387548ec0d21c08cb6b492d670dcb344087cb15/lib/gstreamer-1.0/libgstcoreelements.so. tag 3
0:00:00.017584067  2475 0xb93370 TRACE   GST_REFCOUNTING gstobject.c:292:gst_object_ref_sink: 0xbae500 ref_sink 1->2
0:00:00.012839976  2476 0x1f7a320 TRACE   GST_REFCOUNTING gstobject.c:237:gst_object_ref: 0x1f967c0 ref 1->2
0:00:00.017592917  2475 0xb93370 LOG   GST_REGISTRY gstregistry.c:607:gst_registry_add_feature: emitting feature-added for log
0:00:00.012848697  2476 0x1f7a320 TRACE   GST_REFCOUNTING gstobject.c:237:gst_object_ref: 0x1fb1bf0 ref 1->2
0:00:00.017602917  2475 0xb93370 DEBUG   GST_REGISTRY gstregistrychunks.c:741:gst_registry_chunks_load_feature: Added feature log, plugin 0xbad210 coretracers
0:00:00.012857566  2476 0x1f7a320 TRACE   GST_REFCOUNTING gstobject.c:237:gst_object_ref: 0x1fb0d00 ref 1->2
0:00:00.017611096  2475 0xb93370 DEBUG   GST_REGISTRY gstregistrychunks.c:583:gst_registry_chunks_load_feature: Plugin 'coretracers' feature 'latency' typename : 'GstTracerFactory'
0:00:00.012865097  2476 0x1f7a320 TRACE   GST_REFCOUNTING gstobject.c:237:gst_object_ref: 0x1faf550 ref 1->2
0:00:00.017619487  2475 0xb93370 TRACE   GST_REFCOUNTING gstobject.c:208:gst_object_init: 0xbae8b0 new
0:00:00.012872126  2476 0x1f7a320 TRACE   GST_REFCOUNTING gstobject.c:237:gst_object_ref: 0x1fae780 ref 1->2
0:00:00.017627413  2475 0xb93370 DEBUG   GST_REGISTRY gstregistrychunks.c:717:gst_registry_chunks_load_feature: Reading/casting for GstRegistryChunkPluginFeature at address 0xbada08
0:00:00.012879267  2476 0x1f7a320 TRACE   GST_REFCOUNTING gstobject.c:237:gst_object_ref: 0x1fad570 ref 1->2
0:00:00.017636963  2475 0xb93370 DEBUG   GST_REGISTRY gstregistry.c:589:gst_registry_add_feature: adding feature 0xbae8b0 (latency)
0:00:00.012886320  2476 0x1f7a320 TRACE   GST_REFCOUNTING gstobject.c:237:gst_object_ref: 0x1fac470 ref 1->2
0:00:00.017645278  2475 0xb93370 DEBUG   GST_REFCOUNTING gstobject.c:708:gst_object_set_parent: set parent (ref and sink)
0:00:00.012894755  2476 0x1f7a320 TRACE   GST_REFCOUNTING gstobject.c:237:gst_object_ref: 0x1faaac0 ref 1->2
0:00:00.017653315  2475 0xb93370 TRACE   GST_REFCOUNTING gstobject.c:292:gst_object_ref_sink: 0xbae8b0 ref_sink 1->2
0:00:00.012905854  2476 0x1f7a320 TRACE   GST_REFCOUNTING gstobject.c:237:gst_object_ref: 0x1fa9040 ref 1->2
0:00:00.017661022  2475 0xb93370 LOG   GST_REGISTRY gstregistry.c:607:gst_registry_add_feature: emitting feature-added for latency
0:00:00.012913151  2476 0x1f7a320 TRACE   GST_REFCOUNTING gstobject.c:237:gst_object_ref: 0x1fa7f30 ref 1->2
0:00:00.017674410  2475 0xb93370 DEBUG   GST_REGISTRY gstregistrychunks.c:741:gst_registry_chunks_load_feature: Added feature latency, plugin 0xbad210 coretracers
0:00:00.012925199  2476 0x1f7a320 TRACE   GST_REFCOUNTING gstobject.c:237:gst_object_ref: 0x1fa6cc0 ref 1->2
0:00:00.012932609  2476 0x1f7a320 TRACE   GST_REFCOUNTING gstobject.c:237:gst_object_ref: 0x1fa5690 ref 1->2
0:00:00.017684004  2475 0xb93370 LOG   GST_PLUGIN_LOADING gstpluginloader.c:886:handle_rx_packet: marking plugin 0xbad210 as registered as /home/conan/w/prod/BuildSingleReference/.conan/data/gstreamer/1.19.2/_/_/package/0387548ec0d21c08cb6b492d670dcb344087cb15/lib/gstreamer-1.0/libgstcoretracers.so
0:00:00.012939392  2476 0x1f7a320 TRACE   GST_REFCOUNTING gstobject.c:237:gst_object_ref: 0x1fa49c0 ref 1->2
0:00:00.012946599  2476 0x1f7a320 TRACE   GST_REFCOUNTING gstobject.c:237:gst_object_ref: 0x1fa3c70 ref 1->2
0:00:00.017703797  2475 0xb93370 DEBUG   GST_POLL gstpoll.c:1414:gst_poll_wait: 0xbacce0: timeout :0:00:01.000000000
0:00:00.012953291  2476 0x1f7a320 TRACE   GST_REFCOUNTING gstobject.c:237:gst_object_ref: 0x1f9b420 ref 1->2
0:00:00.012962865  2476 0x1f7a320 TRACE   GST_REFCOUNTING gstobject.c:237:gst_object_ref: 0x1fa11b0 ref 1->2
0:00:00.012969659  2476 0x1f7a320 TRACE   GST_REFCOUNTING gstobject.c:237:gst_object_ref: 0x1f9eb60 ref 1->2
0:00:00.012976496  2476 0x1f7a320 TRACE   GST_REFCOUNTING gstobject.c:237:gst_object_ref: 0x1f9d010 ref 1->2
0:00:00.012983298  2476 0x1f7a320 TRACE   GST_REFCOUNTING gstobject.c:237:gst_object_ref: 0x1f9bfd0 ref 1->2
0:00:00.017735779  2475 0xb93370 LOG   GST_PLUGIN_LOADING gstpluginloader.c:1026:exchange_packets: Poll res = 1. 0 bytes pending for write
0:00:00.012990421  2476 0x1f7a320 TRACE   GST_REFCOUNTING gstobject.c:237:gst_object_ref: 0x1f9a520 ref 1->2
0:00:00.017745615  2475 0xb93370 DEBUG   GST_POLL gstpoll.c:1241:gst_poll_fd_has_error: 0xbacce0: fd (fd:8, idx:2) 0
0:00:00.012997778  2476 0x1f7a320 TRACE   GST_REFCOUNTING gstobject.c:237:gst_object_ref: 0x1f99620 ref 1->2
0:00:00.017753340  2475 0xb93370 DEBUG   GST_POLL gstpoll.c:1266:gst_poll_fd_can_read_unlocked: 0xbacce0: fd (fd:8, idx:2) 1
0:00:00.013004977  2476 0x1f7a320 TRACE   GST_REFCOUNTING gstobject.c:237:gst_object_ref: 0x1f98830 ref 1->2
0:00:00.017763389  2475 0xb93370 LOG   GST_PLUGIN_LOADING gstpluginloader.c:984:read_one: Expanding rx buf from 1040 to 7384
0:00:00.013012380  2476 0x1f7a320 TRACE   GST_REFCOUNTING gstobject.c:237:gst_object_ref: 0x1f96ba0 ref 1->2
0:00:00.013022492  2476 0x1f7a320 DEBUG   GST_REGISTRY gstregistrychunks.c:265:gst_registry_chunks_save_feature: saved 0 interfaces 0 pad templates
0:00:00.013033788  2476 0x1f7a320 DEBUG   GST_REGISTRY gstregistrychunks.c:265:gst_registry_chunks_save_feature: saved 0 interfaces 0 pad templates
0:00:00.017785507  2475 0xb93370 DEBUG   GST_PLUGIN_LOADING gstpluginloader.c:847:handle_rx_packet: Received plugin details from child w/ tag 1. 6860 bytes info
0:00:00.013053876  2476 0x1f7a320 DEBUG   GST_REGISTRY gstregistrychunks.c:265:gst_registry_chunks_save_feature: saved 0 interfaces 0 pad templates
0:00:00.017805359  2475 0xb93370 LOG   GST_REGISTRY gstregistrychunks.c:837:_priv_gst_registry_chunks_load_plugin: Reading/casting for GstRegistryChunkPluginElement at address 0xbaeb30
0:00:00.013064187  2476 0x1f7a320 DEBUG   GST_REGISTRY gstregistrychunks.c:265:gst_registry_chunks_save_feature: saved 1 interfaces 0 pad templates
0:00:00.017817318  2475 0xb93370 TRACE   GST_REFCOUNTING gstobject.c:208:gst_object_init: 0xbae780 new
0:00:00.013071325  2476 0x1f7a320 DEBUG   GST_REGISTRY gstregistrychunks.c:285:gst_registry_chunks_save_feature: Saved 1 UriTypes
0:00:00.013081175  2476 0x1f7a320 DEBUG   GST_REGISTRY gstregistrychunks.c:265:gst_registry_chunks_save_feature: saved 0 interfaces 0 pad templates
0:00:00.017833863  2475 0xb93370 LOG   GST_REGISTRY gstregistrychunks.c:859:_priv_gst_registry_chunks_load_plugin: read strings for name='coreelements'
0:00:00.013090088  2476 0x1f7a320 DEBUG   GST_REGISTRY gstregistrychunks.c:265:gst_registry_chunks_save_feature: saved 0 interfaces 0 pad templates
0:00:00.017842395  2475 0xb93370 LOG   GST_REGISTRY gstregistrychunks.c:860:_priv_gst_registry_chunks_load_plugin: desc.description='GStreamer core elements'
0:00:00.013100738  2476 0x1f7a320 DEBUG   GST_REGISTRY gstregistrychunks.c:265:gst_registry_chunks_save_feature: saved 0 interfaces 0 pad templates
0:00:00.017852190  2475 0xb93370 LOG   GST_REGISTRY gstregistrychunks.c:861:_priv_gst_registry_chunks_load_plugin: filename='/home/conan/w/prod/BuildSingleReference/.conan/data/gstreamer/1.19.2/_/_/package/0387548ec0d21c08cb6b492d670dcb344087cb15/lib/gstreamer-1.0/libgstcoreelements.so'
0:00:00.017861584  2475 0xb93370 LOG   GST_REGISTRY gstregistrychunks.c:862:_priv_gst_registry_chunks_load_plugin: desc.version='1.19.2'
0:00:00.013110666  2476 0x1f7a320 DEBUG   GST_REGISTRY gstregistrychunks.c:265:gst_registry_chunks_save_feature: saved 1 interfaces 0 pad templates
0:00:00.017867439  2475 0xb93370 LOG   GST_REGISTRY gstregistrychunks.c:863:_priv_gst_registry_chunks_load_plugin: desc.license='LGPL'
0:00:00.013119019  2476 0x1f7a320 DEBUG   GST_REGISTRY gstregistrychunks.c:285:gst_registry_chunks_save_feature: Saved 1 UriTypes
0:00:00.017874151  2475 0xb93370 LOG   GST_REGISTRY gstregistrychunks.c:864:_priv_gst_registry_chunks_load_plugin: desc.source='gstreamer'
0:00:00.013128113  2476 0x1f7a320 DEBUG   GST_REGISTRY gstregistrychunks.c:265:gst_registry_chunks_save_feature: saved 1 interfaces 0 pad templates
0:00:00.017880863  2475 0xb93370 LOG   GST_REGISTRY gstregistrychunks.c:865:_priv_gst_registry_chunks_load_plugin: desc.package='GStreamer source release'
0:00:00.013135147  2476 0x1f7a320 DEBUG   GST_REGISTRY gstregistrychunks.c:285:gst_registry_chunks_save_feature: Saved 1 UriTypes
0:00:00.017888896  2475 0xb93370 LOG   GST_REGISTRY gstregistrychunks.c:866:_priv_gst_registry_chunks_load_plugin: desc.origin='Unknown package origin'
0:00:00.013152104  2476 0x1f7a320 DEBUG   GST_REGISTRY gstregistrychunks.c:265:gst_registry_chunks_save_feature: saved 1 interfaces 0 pad templates
0:00:00.017903094  2475 0xb93370 LOG   GST_REGISTRY gstregistrychunks.c:867:_priv_gst_registry_chunks_load_plugin: desc.datetime=2021-09-23
0:00:00.013159152  2476 0x1f7a320 DEBUG   GST_REGISTRY gstregistrychunks.c:285:gst_registry_chunks_save_feature: Saved 1 UriTypes
0:00:00.017915611  2475 0xb93370 DEBUG   GST_REGISTRY gstregistry.c:473:gst_registry_add_plugin: adding plugin 0xbae780 for filename "/home/conan/w/prod/BuildSingleReference/.conan/data/gstreamer/1.19.2/_/_/package/0387548ec0d21c08cb6b492d670dcb344087cb15/lib/gstreamer-1.0/libgstcoreelements.so"
0:00:00.013167358  2476 0x1f7a320 DEBUG   GST_REGISTRY gstregistrychunks.c:265:gst_registry_chunks_save_feature: saved 0 interfaces 0 pad templates
0:00:00.017924561  2475 0xb93370 TRACE   GST_REFCOUNTING gstobject.c:292:gst_object_ref_sink: 0xbae780 ref_sink 1->2
0:00:00.017933072  2475 0xb93370 LOG   GST_REGISTRY gstregistry.c:486:gst_registry_add_plugin: emitting plugin-added for filename "/home/conan/w/prod/BuildSingleReference/.conan/data/gstreamer/1.19.2/_/_/package/0387548ec0d21c08cb6b492d670dcb344087cb15/lib/gstreamer-1.0/libgstcoreelements.so"
0:00:00.013185689  2476 0x1f7a320 DEBUG   GST_REGISTRY gstregistrychunks.c:265:gst_registry_chunks_save_feature: saved 0 interfaces 0 pad templates
0:00:00.017940962  2475 0xb93370 DEBUG   GST_REGISTRY gstregistrychunks.c:887:_priv_gst_registry_chunks_load_plugin: Added plugin 'coreelements' plugin with 22 features from binary registry
0:00:00.013194807  2476 0x1f7a320 DEBUG   GST_REGISTRY gstregistrychunks.c:265:gst_registry_chunks_save_feature: saved 0 interfaces 0 pad templates
0:00:00.017949788  2475 0xb93370 DEBUG   GST_REGISTRY gstregistrychunks.c:583:gst_registry_chunks_load_feature: Plugin 'coreelements' feature 'streamiddemux' typename : 'GstElementFactory'
0:00:00.013205466  2476 0x1f7a320 DEBUG   GST_REGISTRY gstregistrychunks.c:265:gst_registry_chunks_save_feature: saved 0 interfaces 0 pad templates
0:00:00.017960855  2475 0xb93370 TRACE   GST_REFCOUNTING gstobject.c:208:gst_object_init: 0xbad340 new
0:00:00.013214402  2476 0x1f7a320 DEBUG   GST_REGISTRY gstregistrychunks.c:265:gst_registry_chunks_save_feature: saved 0 interfaces 0 pad templates
0:00:00.017969148  2475 0xb93370 LOG   GST_REGISTRY gstregistrychunks.c:610:gst_registry_chunks_load_feature: Reading/casting for GstRegistryChunkElementFactory at address 0xbaec88
0:00:00.013223161  2476 0x1f7a320 DEBUG   GST_REGISTRY gstregistrychunks.c:265:gst_registry_chunks_save_feature: saved 0 interfaces 0 pad templates
0:00:00.017979527  2475 0xb93370 TRACE   structure gststructure.c:292:gst_structure_new_id_empty_with_size: created structure 0xbad8d0
0:00:00.013232453  2476 0x1f7a320 DEBUG   GST_REGISTRY gstregistrychunks.c:265:gst_registry_chunks_save_feature: saved 1 interfaces 0 pad templates
0:00:00.017987628  2475 0xb93370 DEBUG   structure gststructure.c:2258:gst_structure_parse_field: trying field name 'long-name'
0:00:00.013245600  2476 0x1f7a320 DEBUG   GST_REGISTRY gstregistrychunks.c:285:gst_registry_chunks_save_feature: Saved 1 UriTypes
0:00:00.013254814  2476 0x1f7a320 DEBUG   GST_REGISTRY gstregistrychunks.c:265:gst_registry_chunks_save_feature: saved 0 interfaces 0 pad templates
0:00:00.018006850  2475 0xb93370 DEBUG   default gstvalue.c:2776:_priv_gst_value_parse_value: trying type name 'string'
0:00:00.013262969  2476 0x1f7a320 DEBUG   GST_REGISTRY gstregistrychunks.c:265:gst_registry_chunks_save_feature: saved 0 interfaces 0 pad templates
0:00:00.018023947  2475 0xb93370 DEBUG   structure gststructure.c:2258:gst_structure_parse_field: trying field name 'klass'
0:00:00.013273785  2476 0x1f7a320 DEBUG   GST_REGISTRY gstregistrychunks.c:265:gst_registry_chunks_save_feature: saved 0 interfaces 0 pad templates
0:00:00.018030999  2475 0xb93370 DEBUG   default gstvalue.c:2776:_priv_gst_value_parse_value: trying type name 'string'
0:00:00.013285822  2476 0x1f7a320 DEBUG   GST_REGISTRY gstregistrychunks.c:265:gst_registry_chunks_save_feature: saved 0 interfaces 0 pad templates
0:00:00.018039032  2475 0xb93370 DEBUG   structure gststructure.c:2258:gst_structure_parse_field: trying field name 'description'
0:00:00.018046445  2475 0xb93370 DEBUG   default gstvalue.c:2776:_priv_gst_value_parse_value: trying type name 'string'
0:00:00.013297795  2476 0x1f7a320 DEBUG   GST_REGISTRY gstregistrychunks.c:265:gst_registry_chunks_save_feature: saved 0 interfaces 0 pad templates
0:00:00.018053305  2475 0xb93370 DEBUG   structure gststructure.c:2258:gst_structure_parse_field: trying field name 'author'
0:00:00.018059580  2475 0xb93370 DEBUG   default gstvalue.c:2776:_priv_gst_value_parse_value: trying type name 'string'
0:00:00.013308571  2476 0x1f7a320 TRACE   GST_REFCOUNTING gstobject.c:264:gst_object_unref: 0x1f96ba0 unref 2->1
0:00:00.018066233  2475 0xb93370 DEBUG   GST_REGISTRY gstregistrychunks.c:627:gst_registry_chunks_load_feature: Element factory : npadtemplates=2
0:00:00.013317526  2476 0x1f7a320 TRACE   GST_REFCOUNTING gstobject.c:264:gst_object_unref: 0x1f98830 unref 2->1
0:00:00.018073114  2475 0xb93370 DEBUG   GST_REGISTRY gstregistrychunks.c:526:gst_registry_chunks_load_pad_template: Reading/casting for GstRegistryChunkPadTemplate at address 0xbaed60
0:00:00.013325035  2476 0x1f7a320 TRACE   GST_REFCOUNTING gstobject.c:264:gst_object_unref: 0x1f99620 unref 2->1
0:00:00.018080571  2475 0xb93370 DEBUG   GST_REGISTRY gstregistrychunks.c:540:gst_registry_chunks_load_pad_template: Added pad_template src_%u
0:00:00.013332149  2476 0x1f7a320 TRACE   GST_REFCOUNTING gstobject.c:264:gst_object_unref: 0x1f9a520 unref 2->1
0:00:00.018087088  2475 0xb93370 DEBUG   GST_REGISTRY gstregistrychunks.c:526:gst_registry_chunks_load_pad_template: Reading/casting for GstRegistryChunkPadTemplate at address 0xbaed78
0:00:00.013339232  2476 0x1f7a320 TRACE   GST_REFCOUNTING gstobject.c:264:gst_object_unref: 0x1f9bfd0 unref 2->1
0:00:00.018102579  2475 0xb93370 DEBUG   GST_REGISTRY gstregistrychunks.c:540:gst_registry_chunks_load_pad_template: Added pad_template sink
0:00:00.013353764  2476 0x1f7a320 TRACE   GST_REFCOUNTING gstobject.c:264:gst_object_unref: 0x1f9d010 unref 2->1
0:00:00.018111406  2475 0xb93370 DEBUG   GST_REGISTRY gstregistry.c:589:gst_registry_add_feature: adding feature 0xbad340 (streamiddemux)
0:00:00.013361054  2476 0x1f7a320 TRACE   GST_REFCOUNTING gstobject.c:264:gst_object_unref: 0x1f9eb60 unref 2->1
0:00:00.018118485  2475 0xb93370 DEBUG   GST_REFCOUNTING gstobject.c:708:gst_object_set_parent: set parent (ref and sink)
0:00:00.013369632  2476 0x1f7a320 TRACE   GST_REFCOUNTING gstobject.c:264:gst_object_unref: 0x1fa11b0 unref 2->1
0:00:00.018126904  2475 0xb93370 TRACE   GST_REFCOUNTING gstobject.c:292:gst_object_ref_sink: 0xbad340 ref_sink 1->2
0:00:00.013376989  2476 0x1f7a320 TRACE   GST_REFCOUNTING gstobject.c:264:gst_object_unref: 0x1f9b420 unref 2->1
0:00:00.018134298  2475 0xb93370 LOG   GST_REGISTRY gstregistry.c:607:gst_registry_add_feature: emitting feature-added for streamiddemux
0:00:00.013384964  2476 0x1f7a320 TRACE   GST_REFCOUNTING gstobject.c:264:gst_object_unref: 0x1fa3c70 unref 2->1
0:00:00.018141999  2475 0xb93370 DEBUG   GST_REGISTRY gstregistrychunks.c:741:gst_registry_chunks_load_feature: Added feature streamiddemux, plugin 0xbae780 coreelements
0:00:00.013392336  2476 0x1f7a320 TRACE   GST_REFCOUNTING gstobject.c:264:gst_object_unref: 0x1fa49c0 unref 2->1
0:00:00.018149273  2475 0xb93370 DEBUG   GST_REGISTRY gstregistrychunks.c:583:gst_registry_chunks_load_feature: Plugin 'coreelements' feature 'valve' typename : 'GstElementFactory'
0:00:00.013399686  2476 0x1f7a320 TRACE   GST_REFCOUNTING gstobject.c:264:gst_object_unref: 0x1fa5690 unref 2->1
0:00:00.018157313  2475 0xb93370 TRACE   GST_REFCOUNTING gstobject.c:208:gst_object_init: 0xbb0880 new
0:00:00.013407096  2476 0x1f7a320 TRACE   GST_REFCOUNTING gstobject.c:264:gst_object_unref: 0x1fa6cc0 unref 2->1
0:00:00.018165719  2475 0xb93370 LOG   GST_REGISTRY gstregistrychunks.c:610:gst_registry_chunks_load_feature: Reading/casting for GstRegistryChunkElementFactory at address 0xbaeda8
0:00:00.013415982  2476 0x1f7a320 TRACE   GST_REFCOUNTING gstobject.c:264:gst_object_unref: 0x1fa7f30 unref 2->1
0:00:00.018172992  2475 0xb93370 TRACE   structure gststructure.c:292:gst_structure_new_id_empty_with_size: created structure 0xbb0a50
0:00:00.013423667  2476 0x1f7a320 TRACE   GST_REFCOUNTING gstobject.c:264:gst_object_unref: 0x1fa9040 unref 2->1
0:00:00.018179570  2475 0xb93370 DEBUG   structure gststructure.c:2258:gst_structure_parse_field: trying field name 'long-name'
0:00:00.013431017  2476 0x1f7a320 TRACE   GST_REFCOUNTING gstobject.c:264:gst_object_unref: 0x1faaac0 unref 2->1
0:00:00.018196729  2475 0xb93370 DEBUG   default gstvalue.c:2776:_priv_gst_value_parse_value: trying type name 'string'
0:00:00.013448600  2476 0x1f7a320 TRACE   GST_REFCOUNTING gstobject.c:264:gst_object_unref: 0x1fac470 unref 2->1
0:00:00.018203861  2475 0xb93370 DEBUG   structure gststructure.c:2258:gst_structure_parse_field: trying field name 'klass'
0:00:00.013455656  2476 0x1f7a320 TRACE   GST_REFCOUNTING gstobject.c:264:gst_object_unref: 0x1fad570 unref 2->1
0:00:00.018210210  2475 0xb93370 DEBUG   default gstvalue.c:2776:_priv_gst_value_parse_value: trying type name 'string'
0:00:00.013462690  2476 0x1f7a320 TRACE   GST_REFCOUNTING gstobject.c:264:gst_object_unref: 0x1fae780 unref 2->1
0:00:00.018217552  2475 0xb93370 DEBUG   structure gststructure.c:2258:gst_structure_parse_field: trying field name 'description'
0:00:00.013470786  2476 0x1f7a320 TRACE   GST_REFCOUNTING gstobject.c:264:gst_object_unref: 0x1faf550 unref 2->1
0:00:00.018224201  2475 0xb93370 DEBUG   default gstvalue.c:2776:_priv_gst_value_parse_value: trying type name 'string'
0:00:00.013477910  2476 0x1f7a320 TRACE   GST_REFCOUNTING gstobject.c:264:gst_object_unref: 0x1fb0d00 unref 2->1
0:00:00.018231803  2475 0xb93370 DEBUG   structure gststructure.c:2258:gst_structure_parse_field: trying field name 'author'
0:00:00.013485220  2476 0x1f7a320 TRACE   GST_REFCOUNTING gstobject.c:264:gst_object_unref: 0x1fb1bf0 unref 2->1
0:00:00.018238327  2475 0xb93370 DEBUG   default gstvalue.c:2776:_priv_gst_value_parse_value: trying type name 'string'
0:00:00.013494010  2476 0x1f7a320 DEBUG   GST_REGISTRY gstregistrychunks.c:498:_priv_gst_registry_chunks_save_plugin: Found 22 features in plugin 0x1f967c0 (coreelements)
0:00:00.018246131  2475 0xb93370 DEBUG   GST_REGISTRY gstregistrychunks.c:627:gst_registry_chunks_load_feature: Element factory : npadtemplates=2
0:00:00.018254986  2475 0xb93370 DEBUG   GST_REGISTRY gstregistrychunks.c:526:gst_registry_chunks_load_pad_template: Reading/casting for GstRegistryChunkPadTemplate at address 0xbaee98
0:00:00.013521648  2476 0x1f7a320 DEBUG   GST_POLL gstpoll.c:979:gst_poll_fd_ctl_write: 0x1f829c0: fd (fd:0, idx:1), active : 1
0:00:00.018284839  2475 0xb93370 DEBUG   GST_REGISTRY gstregistrychunks.c:540:gst_registry_chunks_load_pad_template: Added pad_template sink
0:00:00.013536000  2476 0x1f7a320 LOG   GST_POLL gstpoll.c:994:gst_poll_fd_ctl_write: 0x1f829c0: pfd->events now 60 (POLLOUT:4)
