0:00:00.021320219  2475 0xb93370 DEBUG   GST_REGISTRY gstregistrychunks.c:655:gst_registry_chunks_load_feature: Reading 1 Interfaces at address 0xbb0299
0:00:00.016570358  2476 0x1f7a320 LOG   GST_POLL gstpoll.c:994:gst_poll_fd_ctl_write: 0x1f829c0: pfd->events now 60 (POLLOUT:4)
0:00:00.016578913  2476 0x1f7a320 DEBUG   GST_POLL gstpoll.c:979:gst_poll_fd_ctl_write: 0x1f829c0: fd (fd:0, idx:1), active : 1
0:00:00.021330142  2475 0xb93370 DEBUG   GST_REGISTRY gstregistry.c:589:gst_registry_add_feature: adding feature 0xbb4090 (dataurisrc)
0:00:00.016584684  2476 0x1f7a320 LOG   GST_POLL gstpoll.c:994:gst_poll_fd_ctl_write: 0x1f829c0: pfd->events now 60 (POLLOUT:4)
0:00:00.021338773  2475 0xb93370 DEBUG   GST_REFCOUNTING gstobject.c:708:gst_object_set_parent: set parent (ref and sink)
0:00:00.016591335  2476 0x1f7a320 DEBUG   GST_POLL gstpoll.c:979:gst_poll_fd_ctl_write: 0x1f829c0: fd (fd:0, idx:1), active : 1
0:00:00.021346884  2475 0xb93370 TRACE   GST_REFCOUNTING gstobject.c:292:gst_object_ref_sink: 0xbb4090 ref_sink 1->2
0:00:00.016598138  2476 0x1f7a320 LOG   GST_POLL gstpoll.c:994:gst_poll_fd_ctl_write: 0x1f829c0: pfd->events now 60 (POLLOUT:4)
0:00:00.021355004  2475 0xb93370 LOG   GST_REGISTRY gstregistry.c:607:gst_registry_add_feature: emitting feature-added for dataurisrc
0:00:00.016605440  2476 0x1f7a320 DEBUG   GST_POLL gstpoll.c:979:gst_poll_fd_ctl_write: 0x1f829c0: fd (fd:0, idx:1), active : 1
0:00:00.021362688  2475 0xb93370 DEBUG   GST_REGISTRY gstregistrychunks.c:741:gst_registry_chunks_load_feature: Added feature dataurisrc, plugin 0xbae780 coreelements
0:00:00.016612808  2476 0x1f7a320 LOG   GST_POLL gstpoll.c:994:gst_poll_fd_ctl_write: 0x1f829c0: pfd->events now 60 (POLLOUT:4)
0:00:00.021370548  2475 0xb93370 DEBUG   GST_REGISTRY gstregistrychunks.c:583:gst_registry_chunks_load_feature: Plugin 'coreelements' feature 'concat' typename : 'GstElementFactory'
0:00:00.016620709  2476 0x1f7a320 DEBUG   GST_POLL gstpoll.c:979:gst_poll_fd_ctl_write: 0x1f829c0: fd (fd:0, idx:1), active : 1
0:00:00.021379381  2475 0xb93370 TRACE   GST_REFCOUNTING gstobject.c:208:gst_object_init: 0xbb4d30 new
0:00:00.016635389  2476 0x1f7a320 LOG   GST_POLL gstpoll.c:994:gst_poll_fd_ctl_write: 0x1f829c0: pfd->events now 60 (POLLOUT:4)
0:00:00.021391644  2475 0xb93370 LOG   GST_REGISTRY gstregistrychunks.c:610:gst_registry_chunks_load_feature: Reading/casting for GstRegistryChunkElementFactory at address 0xbb02c0
0:00:00.016642157  2476 0x1f7a320 DEBUG   GST_POLL gstpoll.c:979:gst_poll_fd_ctl_write: 0x1f829c0: fd (fd:0, idx:1), active : 1
0:00:00.021398677  2475 0xb93370 TRACE   structure gststructure.c:292:gst_structure_new_id_empty_with_size: created structure 0xbb51f0
0:00:00.016649421  2476 0x1f7a320 LOG   GST_POLL gstpoll.c:994:gst_poll_fd_ctl_write: 0x1f829c0: pfd->events now 60 (POLLOUT:4)
0:00:00.021405532  2475 0xb93370 DEBUG   structure gststructure.c:2258:gst_structure_parse_field: trying field name 'long-name'
0:00:00.016656765  2476 0x1f7a320 DEBUG   GST_POLL gstpoll.c:979:gst_poll_fd_ctl_write: 0x1f829c0: fd (fd:0, idx:1), active : 1
0:00:00.021412013  2475 0xb93370 DEBUG   default gstvalue.c:2776:_priv_gst_value_parse_value: trying type name 'string'
0:00:00.016662912  2476 0x1f7a320 LOG   GST_POLL gstpoll.c:994:gst_poll_fd_ctl_write: 0x1f829c0: pfd->events now 60 (POLLOUT:4)
0:00:00.021419291  2475 0xb93370 DEBUG   structure gststructure.c:2258:gst_structure_parse_field: trying field name 'klass'
0:00:00.016669812  2476 0x1f7a320 DEBUG   GST_POLL gstpoll.c:979:gst_poll_fd_ctl_write: 0x1f829c0: fd (fd:0, idx:1), active : 1
0:00:00.021425395  2475 0xb93370 DEBUG   default gstvalue.c:2776:_priv_gst_value_parse_value: trying type name 'string'
0:00:00.016676798  2476 0x1f7a320 LOG   GST_POLL gstpoll.c:994:gst_poll_fd_ctl_write: 0x1f829c0: pfd->events now 60 (POLLOUT:4)
0:00:00.021432123  2475 0xb93370 DEBUG   structure gststructure.c:2258:gst_structure_parse_field: trying field name 'description'
0:00:00.016683520  2476 0x1f7a320 DEBUG   GST_POLL gstpoll.c:979:gst_poll_fd_ctl_write: 0x1f829c0: fd (fd:0, idx:1), active : 1
0:00:00.021438808  2475 0xb93370 DEBUG   default gstvalue.c:2776:_priv_gst_value_parse_value: trying type name 'string'
0:00:00.016690207  2476 0x1f7a320 LOG   GST_POLL gstpoll.c:994:gst_poll_fd_ctl_write: 0x1f829c0: pfd->events now 60 (POLLOUT:4)
0:00:00.021445852  2475 0xb93370 DEBUG   structure gststructure.c:2258:gst_structure_parse_field: trying field name 'author'
0:00:00.016696703  2476 0x1f7a320 DEBUG   GST_POLL gstpoll.c:979:gst_poll_fd_ctl_write: 0x1f829c0: fd (fd:0, idx:1), active : 1
0:00:00.021452153  2475 0xb93370 DEBUG   default gstvalue.c:2776:_priv_gst_value_parse_value: trying type name 'string'
0:00:00.016703292  2476 0x1f7a320 LOG   GST_POLL gstpoll.c:994:gst_poll_fd_ctl_write: 0x1f829c0: pfd->events now 60 (POLLOUT:4)
0:00:00.021458953  2475 0xb93370 DEBUG   GST_REGISTRY gstregistrychunks.c:627:gst_registry_chunks_load_feature: Element factory : npadtemplates=2
0:00:00.016709660  2476 0x1f7a320 DEBUG   GST_POLL gstpoll.c:979:gst_poll_fd_ctl_write: 0x1f829c0: fd (fd:0, idx:1), active : 1
0:00:00.021472064  2475 0xb93370 DEBUG   GST_REGISTRY gstregistrychunks.c:526:gst_registry_chunks_load_pad_template: Reading/casting for GstRegistryChunkPadTemplate at address 0xbb0398
0:00:00.021478931  2475 0xb93370 DEBUG   GST_REGISTRY gstregistrychunks.c:540:gst_registry_chunks_load_pad_template: Added pad_template src
0:00:00.021484744  2475 0xb93370 DEBUG   GST_REGISTRY gstregistrychunks.c:526:gst_registry_chunks_load_pad_template: Reading/casting for GstRegistryChunkPadTemplate at address 0xbb03a8
0:00:00.016724287  2476 0x1f7a320 LOG   GST_POLL gstpoll.c:994:gst_poll_fd_ctl_write: 0x1f829c0: pfd->events now 60 (POLLOUT:4)
0:00:00.021490901  2475 0xb93370 DEBUG   GST_REGISTRY gstregistrychunks.c:540:gst_registry_chunks_load_pad_template: Added pad_template sink_%u
0:00:00.016742281  2476 0x1f7a320 DEBUG   GST_POLL gstpoll.c:979:gst_poll_fd_ctl_write: 0x1f829c0: fd (fd:0, idx:1), active : 1
0:00:00.021498743  2475 0xb93370 DEBUG   GST_REGISTRY gstregistry.c:589:gst_registry_add_feature: adding feature 0xbb4d30 (concat)
0:00:00.016748998  2476 0x1f7a320 LOG   GST_POLL gstpoll.c:994:gst_poll_fd_ctl_write: 0x1f829c0: pfd->events now 60 (POLLOUT:4)
0:00:00.021505245  2475 0xb93370 DEBUG   GST_REFCOUNTING gstobject.c:708:gst_object_set_parent: set parent (ref and sink)
0:00:00.016756891  2476 0x1f7a320 DEBUG   GST_POLL gstpoll.c:979:gst_poll_fd_ctl_write: 0x1f829c0: fd (fd:0, idx:1), active : 1
0:00:00.021520472  2475 0xb93370 TRACE   GST_REFCOUNTING gstobject.c:292:gst_object_ref_sink: 0xbb4d30 ref_sink 1->2
0:00:00.016770898  2476 0x1f7a320 LOG   GST_POLL gstpoll.c:994:gst_poll_fd_ctl_write: 0x1f829c0: pfd->events now 60 (POLLOUT:4)
0:00:00.021528901  2475 0xb93370 LOG   GST_REGISTRY gstregistry.c:607:gst_registry_add_feature: emitting feature-added for concat
0:00:00.016779003  2476 0x1f7a320 DEBUG   GST_POLL gstpoll.c:979:gst_poll_fd_ctl_write: 0x1f829c0: fd (fd:0, idx:1), active : 1
0:00:00.021536716  2475 0xb93370 DEBUG   GST_REGISTRY gstregistrychunks.c:741:gst_registry_chunks_load_feature: Added feature concat, plugin 0xbae780 coreelements
0:00:00.016786875  2476 0x1f7a320 LOG   GST_POLL gstpoll.c:994:gst_poll_fd_ctl_write: 0x1f829c0: pfd->events now 60 (POLLOUT:4)
0:00:00.021544247  2475 0xb93370 DEBUG   GST_REGISTRY gstregistrychunks.c:583:gst_registry_chunks_load_feature: Plugin 'coreelements' feature 'clocksync' typename : 'GstElementFactory'
0:00:00.016794920  2476 0x1f7a320 DEBUG   GST_POLL gstpoll.c:979:gst_poll_fd_ctl_write: 0x1f829c0: fd (fd:0, idx:1), active : 1
0:00:00.021552438  2475 0xb93370 TRACE   GST_REFCOUNTING gstobject.c:208:gst_object_init: 0xbb4b80 new
0:00:00.016801893  2476 0x1f7a320 LOG   GST_POLL gstpoll.c:994:gst_poll_fd_ctl_write: 0x1f829c0: pfd->events now 60 (POLLOUT:4)
0:00:00.016818018  2476 0x1f7a320 DEBUG   GST_POLL gstpoll.c:979:gst_poll_fd_ctl_write: 0x1f829c0: fd (fd:0, idx:1), active : 1
0:00:00.016824036  2476 0x1f7a320 LOG   GST_POLL gstpoll.c:994:gst_poll_fd_ctl_write: 0x1f829c0: pfd->events now 60 (POLLOUT:4)
0:00:00.016829950  2476 0x1f7a320 DEBUG   GST_POLL gstpoll.c:979:gst_poll_fd_ctl_write: 0x1f829c0: fd (fd:0, idx:1), active : 1
0:00:00.016835782  2476 0x1f7a320 LOG   GST_POLL gstpoll.c:994:gst_poll_fd_ctl_write: 0x1f829c0: pfd->events now 60 (POLLOUT:4)
0:00:00.016842249  2476 0x1f7a320 DEBUG   GST_POLL gstpoll.c:979:gst_poll_fd_ctl_write: 0x1f829c0: fd (fd:0, idx:1), active : 1
0:00:00.021590599  2475 0xb93370 LOG   GST_REGISTRY gstregistrychunks.c:610:gst_registry_chunks_load_feature: Reading/casting for GstRegistryChunkElementFactory at address 0xbb03d8
0:00:00.016848091  2476 0x1f7a320 LOG   GST_POLL gstpoll.c:994:gst_poll_fd_ctl_write: 0x1f829c0: pfd->events now 60 (POLLOUT:4)
0:00:00.021606517  2475 0xb93370 TRACE   structure gststructure.c:292:gst_structure_new_id_empty_with_size: created structure 0xbb5670
0:00:00.016860031  2476 0x1f7a320 DEBUG   GST_POLL gstpoll.c:979:gst_poll_fd_ctl_write: 0x1f829c0: fd (fd:0, idx:1), active : 1
0:00:00.021613094  2475 0xb93370 DEBUG   structure gststructure.c:2258:gst_structure_parse_field: trying field name 'long-name'
0:00:00.016866337  2476 0x1f7a320 LOG   GST_POLL gstpoll.c:994:gst_poll_fd_ctl_write: 0x1f829c0: pfd->events now 60 (POLLOUT:4)
0:00:00.021620495  2475 0xb93370 DEBUG   default gstvalue.c:2776:_priv_gst_value_parse_value: trying type name 'string'
0:00:00.016873820  2476 0x1f7a320 DEBUG   GST_POLL gstpoll.c:979:gst_poll_fd_ctl_write: 0x1f829c0: fd (fd:0, idx:1), active : 1
0:00:00.021627741  2475 0xb93370 DEBUG   structure gststructure.c:2258:gst_structure_parse_field: trying field name 'klass'
0:00:00.016880053  2476 0x1f7a320 LOG   GST_POLL gstpoll.c:994:gst_poll_fd_ctl_write: 0x1f829c0: pfd->events now 60 (POLLOUT:4)
0:00:00.021633944  2475 0xb93370 DEBUG   default gstvalue.c:2776:_priv_gst_value_parse_value: trying type name 'string'
0:00:00.016886852  2476 0x1f7a320 DEBUG   GST_POLL gstpoll.c:979:gst_poll_fd_ctl_write: 0x1f829c0: fd (fd:0, idx:1), active : 1
0:00:00.021640778  2475 0xb93370 DEBUG   structure gststructure.c:2258:gst_structure_parse_field: trying field name 'description'
0:00:00.016893015  2476 0x1f7a320 LOG   GST_POLL gstpoll.c:994:gst_poll_fd_ctl_write: 0x1f829c0: pfd->events now 60 (POLLOUT:4)
0:00:00.021646972  2475 0xb93370 DEBUG   default gstvalue.c:2776:_priv_gst_value_parse_value: trying type name 'string'
0:00:00.016899773  2476 0x1f7a320 DEBUG   GST_POLL gstpoll.c:979:gst_poll_fd_ctl_write: 0x1f829c0: fd (fd:0, idx:1), active : 1
0:00:00.021653992  2475 0xb93370 DEBUG   structure gststructure.c:2258:gst_structure_parse_field: trying field name 'author'
0:00:00.016905895  2476 0x1f7a320 LOG   GST_POLL gstpoll.c:994:gst_poll_fd_ctl_write: 0x1f829c0: pfd->events now 60 (POLLOUT:4)
0:00:00.021659970  2475 0xb93370 DEBUG   default gstvalue.c:2776:_priv_gst_value_parse_value: trying type name 'string'
0:00:00.016918541  2476 0x1f7a320 DEBUG   GST_POLL gstpoll.c:979:gst_poll_fd_ctl_write: 0x1f829c0: fd (fd:0, idx:1), active : 1
0:00:00.021673162  2475 0xb93370 DEBUG   GST_REGISTRY gstregistrychunks.c:627:gst_registry_chunks_load_feature: Element factory : npadtemplates=2
0:00:00.016924990  2476 0x1f7a320 LOG   GST_POLL gstpoll.c:994:gst_poll_fd_ctl_write: 0x1f829c0: pfd->events now 60 (POLLOUT:4)
0:00:00.021679678  2475 0xb93370 DEBUG   GST_REGISTRY gstregistrychunks.c:526:gst_registry_chunks_load_pad_template: Reading/casting for GstRegistryChunkPadTemplate at address 0xbb04a8
0:00:00.016931625  2476 0x1f7a320 DEBUG   GST_POLL gstpoll.c:979:gst_poll_fd_ctl_write: 0x1f829c0: fd (fd:0, idx:1), active : 1
0:00:00.021686078  2475 0xb93370 DEBUG   GST_REGISTRY gstregistrychunks.c:540:gst_registry_chunks_load_pad_template: Added pad_template sink
0:00:00.016937888  2476 0x1f7a320 LOG   GST_POLL gstpoll.c:994:gst_poll_fd_ctl_write: 0x1f829c0: pfd->events now 60 (POLLOUT:4)
0:00:00.021692235  2475 0xb93370 DEBUG   GST_REGISTRY gstregistrychunks.c:526:gst_registry_chunks_load_pad_template: Reading/casting for GstRegistryChunkPadTemplate at address 0xbb04c0
0:00:00.016944303  2476 0x1f7a320 DEBUG   GST_POLL gstpoll.c:979:gst_poll_fd_ctl_write: 0x1f829c0: fd (fd:0, idx:1), active : 1
0:00:00.021699161  2475 0xb93370 DEBUG   GST_REGISTRY gstregistrychunks.c:540:gst_registry_chunks_load_pad_template: Added pad_template src
0:00:00.016950749  2476 0x1f7a320 LOG   GST_POLL gstpoll.c:994:gst_poll_fd_ctl_write: 0x1f829c0: pfd->events now 60 (POLLOUT:4)
0:00:00.016957689  2476 0x1f7a320 DEBUG   GST_POLL gstpoll.c:979:gst_poll_fd_ctl_write: 0x1f829c0: fd (fd:0, idx:1), active : 1
0:00:00.021707257  2475 0xb93370 DEBUG   GST_REGISTRY gstregistry.c:589:gst_registry_add_feature: adding feature 0xbb4b80 (clocksync)
0:00:00.016963506  2476 0x1f7a320 LOG   GST_POLL gstpoll.c:994:gst_poll_fd_ctl_write: 0x1f829c0: pfd->events now 60 (POLLOUT:4)
0:00:00.021719190  2475 0xb93370 DEBUG   GST_REFCOUNTING gstobject.c:708:gst_object_set_parent: set parent (ref and sink)
0:00:00.016970189  2476 0x1f7a320 DEBUG   GST_POLL gstpoll.c:979:gst_poll_fd_ctl_write: 0x1f829c0: fd (fd:0, idx:1), active : 1
0:00:00.021727125  2475 0xb93370 TRACE   GST_REFCOUNTING gstobject.c:292:gst_object_ref_sink: 0xbb4b80 ref_sink 1->2
0:00:00.016976998  2476 0x1f7a320 LOG   GST_POLL gstpoll.c:994:gst_poll_fd_ctl_write: 0x1f829c0: pfd->events now 60 (POLLOUT:4)
0:00:00.021734477  2475 0xb93370 LOG   GST_REGISTRY gstregistry.c:607:gst_registry_add_feature: emitting feature-added for clocksync
0:00:00.016985557  2476 0x1f7a320 DEBUG   GST_POLL gstpoll.c:979:gst_poll_fd_ctl_write: 0x1f829c0: fd (fd:0, idx:1), active : 1
0:00:00.021742067  2475 0xb93370 DEBUG   GST_REGISTRY gstregistrychunks.c:741:gst_registry_chunks_load_feature: Added feature clocksync, plugin 0xbae780 coreelements
0:00:00.016991989  2476 0x1f7a320 LOG   GST_POLL gstpoll.c:994:gst_poll_fd_ctl_write: 0x1f829c0: pfd->events now 60 (POLLOUT:4)
0:00:00.021757361  2475 0xb93370 DEBUG   GST_REGISTRY gstregistrychunks.c:583:gst_registry_chunks_load_feature: Plugin 'coreelements' feature 'capsfilter' typename : 'GstElementFactory'
0:00:00.017007742  2476 0x1f7a320 DEBUG   GST_POLL gstpoll.c:979:gst_poll_fd_ctl_write: 0x1f829c0: fd (fd:0, idx:1), active : 1
0:00:00.021765333  2475 0xb93370 TRACE   GST_REFCOUNTING gstobject.c:208:gst_object_init: 0xbb53f0 new
0:00:00.017015438  2476 0x1f7a320 LOG   GST_POLL gstpoll.c:994:gst_poll_fd_ctl_write: 0x1f829c0: pfd->events now 60 (POLLOUT:4)
0:00:00.021773474  2475 0xb93370 LOG   GST_REGISTRY gstregistrychunks.c:610:gst_registry_chunks_load_feature: Reading/casting for GstRegistryChunkElementFactory at address 0xbb04f0
0:00:00.017023467  2476 0x1f7a320 DEBUG   GST_POLL gstpoll.c:979:gst_poll_fd_ctl_write: 0x1f829c0: fd (fd:0, idx:1), active : 1
0:00:00.021780118  2475 0xb93370 TRACE   structure gststructure.c:292:gst_structure_new_id_empty_with_size: created structure 0xbb5ac0
0:00:00.017030677  2476 0x1f7a320 LOG   GST_POLL gstpoll.c:994:gst_poll_fd_ctl_write: 0x1f829c0: pfd->events now 60 (POLLOUT:4)
0:00:00.021786423  2475 0xb93370 DEBUG   structure gststructure.c:2258:gst_structure_parse_field: trying field name 'long-name'
0:00:00.017037628  2476 0x1f7a320 DEBUG   GST_POLL gstpoll.c:979:gst_poll_fd_ctl_write: 0x1f829c0: fd (fd:0, idx:1), active : 1
0:00:00.021792930  2475 0xb93370 DEBUG   default gstvalue.c:2776:_priv_gst_value_parse_value: trying type name 'string'
0:00:00.017044269  2476 0x1f7a320 LOG   GST_POLL gstpoll.c:994:gst_poll_fd_ctl_write: 0x1f829c0: pfd->events now 60 (POLLOUT:4)
0:00:00.021800395  2475 0xb93370 DEBUG   structure gststructure.c:2258:gst_structure_parse_field: trying field name 'klass'
0:00:00.017050819  2476 0x1f7a320 DEBUG   GST_POLL gstpoll.c:979:gst_poll_fd_ctl_write: 0x1f829c0: fd (fd:0, idx:1), active : 1
0:00:00.021806801  2475 0xb93370 DEBUG   default gstvalue.c:2776:_priv_gst_value_parse_value: trying type name 'string'
0:00:00.017057786  2476 0x1f7a320 LOG   GST_POLL gstpoll.c:994:gst_poll_fd_ctl_write: 0x1f829c0: pfd->events now 60 (POLLOUT:4)
0:00:00.021813316  2475 0xb93370 DEBUG   structure gststructure.c:2258:gst_structure_parse_field: trying field name 'description'
0:00:00.017064227  2476 0x1f7a320 DEBUG   GST_POLL gstpoll.c:979:gst_poll_fd_ctl_write: 0x1f829c0: fd (fd:0, idx:1), active : 1
0:00:00.021819232  2475 0xb93370 DEBUG   default gstvalue.c:2776:_priv_gst_value_parse_value: trying type name 'string'
0:00:00.017070327  2476 0x1f7a320 LOG   GST_POLL gstpoll.c:994:gst_poll_fd_ctl_write: 0x1f829c0: pfd->events now 60 (POLLOUT:4)
0:00:00.021826470  2475 0xb93370 DEBUG   structure gststructure.c:2258:gst_structure_parse_field: trying field name 'author'
0:00:00.017076772  2476 0x1f7a320 DEBUG   GST_POLL gstpoll.c:979:gst_poll_fd_ctl_write: 0x1f829c0: fd (fd:0, idx:1), active : 1
0:00:00.021833114  2475 0xb93370 DEBUG   default gstvalue.c:2776:_priv_gst_value_parse_value: trying type name 'string'
0:00:00.017090461  2476 0x1f7a320 LOG   GST_POLL gstpoll.c:994:gst_poll_fd_ctl_write: 0x1f829c0: pfd->events now 60 (POLLOUT:4)
0:00:00.021845106  2475 0xb93370 DEBUG   GST_REGISTRY gstregistrychunks.c:627:gst_registry_chunks_load_feature: Element factory : npadtemplates=2
0:00:00.017096986  2476 0x1f7a320 DEBUG   GST_POLL gstpoll.c:979:gst_poll_fd_ctl_write: 0x1f829c0: fd (fd:0, idx:1), active : 1
0:00:00.021851426  2475 0xb93370 DEBUG   GST_REGISTRY gstregistrychunks.c:526:gst_registry_chunks_load_pad_template: Reading/casting for GstRegistryChunkPadTemplate at address 0xbb05d0
0:00:00.017103141  2476 0x1f7a320 LOG   GST_POLL gstpoll.c:994:gst_poll_fd_ctl_write: 0x1f829c0: pfd->events now 60 (POLLOUT:4)
0:00:00.021858481  2475 0xb93370 DEBUG   GST_REGISTRY gstregistrychunks.c:540:gst_registry_chunks_load_pad_template: Added pad_template sink
0:00:00.017109609  2476 0x1f7a320 DEBUG   GST_POLL gstpoll.c:979:gst_poll_fd_ctl_write: 0x1f829c0: fd (fd:0, idx:1), active : 1
0:00:00.021865256  2475 0xb93370 DEBUG   GST_REGISTRY gstregistrychunks.c:526:gst_registry_chunks_load_pad_template: Reading/casting for GstRegistryChunkPadTemplate at address 0xbb05e8
0:00:00.017116001  2476 0x1f7a320 LOG   GST_POLL gstpoll.c:994:gst_poll_fd_ctl_write: 0x1f829c0: pfd->events now 60 (POLLOUT:4)
0:00:00.021871818  2475 0xb93370 DEBUG   GST_REGISTRY gstregistrychunks.c:540:gst_registry_chunks_load_pad_template: Added pad_template src
0:00:00.017122972  2476 0x1f7a320 DEBUG   GST_POLL gstpoll.c:979:gst_poll_fd_ctl_write: 0x1f829c0: fd (fd:0, idx:1), active : 1
0:00:00.021879836  2475 0xb93370 DEBUG   GST_REGISTRY gstregistry.c:589:gst_registry_add_feature: adding feature 0xbb53f0 (capsfilter)
0:00:00.017129117  2476 0x1f7a320 LOG   GST_POLL gstpoll.c:994:gst_poll_fd_ctl_write: 0x1f829c0: pfd->events now 60 (POLLOUT:4)
0:00:00.021886253  2475 0xb93370 DEBUG   GST_REFCOUNTING gstobject.c:708:gst_object_set_parent: set parent (ref and sink)
0:00:00.017137283  2476 0x1f7a320 DEBUG   GST_POLL gstpoll.c:979:gst_poll_fd_ctl_write: 0x1f829c0: fd (fd:0, idx:1), active : 1
0:00:00.021894664  2475 0xb93370 TRACE   GST_REFCOUNTING gstobject.c:292:gst_object_ref_sink: 0xbb53f0 ref_sink 1->2
0:00:00.017144514  2476 0x1f7a320 LOG   GST_POLL gstpoll.c:994:gst_poll_fd_ctl_write: 0x1f829c0: pfd->events now 60 (POLLOUT:4)
0:00:00.021902277  2475 0xb93370 LOG   GST_REGISTRY gstregistry.c:607:gst_registry_add_feature: emitting feature-added for capsfilter
0:00:00.021909653  2475 0xb93370 DEBUG   GST_REGISTRY gstregistrychunks.c:741:gst_registry_chunks_load_feature: Added feature capsfilter, plugin 0xbae780 coreelements
0:00:00.017160492  2476 0x1f7a320 TRACE   GST_REFCOUNTING gstobject.c:264:gst_object_unref: 0x1f967c0 unref 2->1
0:00:00.021919638  2475 0xb93370 LOG   GST_PLUGIN_LOADING gstpluginloader.c:886:handle_rx_packet: marking plugin 0xbae780 as registered as /home/conan/w/prod/BuildSingleReference/.conan/data/gstreamer/1.19.2/_/_/package/0387548ec0d21c08cb6b492d670dcb344087cb15/lib/gstreamer-1.0/libgstcoreelements.so
0:00:00.017170632  2476 0x1f7a320 DEBUG   GST_POLL gstpoll.c:1241:gst_poll_fd_has_error: 0x1f829c0: fd (fd:0, idx:1) 0
0:00:00.017185052  2476 0x1f7a320 DEBUG   GST_POLL gstpoll.c:1335:gst_poll_fd_can_write: 0x1f829c0: fd (fd:0, idx:1) 1
0:00:00.021937700  2475 0xb93370 DEBUG   GST_POLL gstpoll.c:1414:gst_poll_wait: 0xbacce0: timeout :0:00:01.000000000
0:00:00.017191991  2476 0x1f7a320 LOG   GST_PLUGIN_LOADING gstpluginloader.c:689:write_one: Writing packet of size 528 bytes to fd 0
0:00:00.017214963  2476 0x1f7a320 DEBUG   GST_POLL gstpoll.c:1414:gst_poll_wait: 0x1f829c0: timeout :0:00:01.000000000
0:00:00.021978231  2475 0xb93370 LOG   GST_PLUGIN_LOADING gstpluginloader.c:1026:exchange_packets: Poll res = 1. 0 bytes pending for write
0:00:00.017229866  2476 0x1f7a320 LOG   GST_PLUGIN_LOADING gstpluginloader.c:1026:exchange_packets: Poll res = 2. 6872 bytes pending for write
0:00:00.021988887  2475 0xb93370 DEBUG   GST_POLL gstpoll.c:1241:gst_poll_fd_has_error: 0xbacce0: fd (fd:8, idx:2) 0
0:00:00.017239572  2476 0x1f7a320 DEBUG   GST_POLL gstpoll.c:1241:gst_poll_fd_has_error: 0x1f829c0: fd (fd:5, idx:2) 0
0:00:00.021997682  2475 0xb93370 DEBUG   GST_POLL gstpoll.c:1266:gst_poll_fd_can_read_unlocked: 0xbacce0: fd (fd:8, idx:2) 1
0:00:00.017248428  2476 0x1f7a320 DEBUG   GST_POLL gstpoll.c:1266:gst_poll_fd_can_read_unlocked: 0x1f829c0: fd (fd:5, idx:2) 1
0:00:00.017259156  2476 0x1f7a320 LOG   GST_PLUGIN_LOADING gstpluginloader.c:1004:read_one: No payload to read for 0 length packet type 1 tag 0
0:00:00.022011229  2475 0xb93370 DEBUG   GST_PLUGIN_LOADING gstpluginloader.c:847:handle_rx_packet: Received plugin details from child w/ tag 2. 516 bytes info
0:00:00.017266730  2476 0x1f7a320 DEBUG   GST_POLL gstpoll.c:1014:gst_poll_fd_ctl_read_unlocked: 0x1f829c0: fd (fd:5, idx:2), active : 0
0:00:00.022020706  2475 0xb93370 LOG   GST_REGISTRY gstregistrychunks.c:837:_priv_gst_registry_chunks_load_plugin: Reading/casting for GstRegistryChunkPluginElement at address 0xbaeb30
0:00:00.017273877  2476 0x1f7a320 DEBUG   GST_POLL gstpoll.c:979:gst_poll_fd_ctl_write: 0x1f829c0: fd (fd:0, idx:1), active : 1
0:00:00.022030854  2475 0xb93370 TRACE   GST_REFCOUNTING gstobject.c:208:gst_object_init: 0xbb5c50 new
0:00:00.017281430  2476 0x1f7a320 LOG   GST_POLL gstpoll.c:994:gst_poll_fd_ctl_write: 0x1f829c0: pfd->events now 60 (POLLOUT:4)
0:00:00.017290453  2476 0x1f7a320 DEBUG   GST_POLL gstpoll.c:1241:gst_poll_fd_has_error: 0x1f829c0: fd (fd:0, idx:1) 0
0:00:00.022045489  2475 0xb93370 LOG   GST_REGISTRY gstregistrychunks.c:859:_priv_gst_registry_chunks_load_plugin: read strings for name='coretracers'
0:00:00.017297320  2476 0x1f7a320 DEBUG   GST_POLL gstpoll.c:1335:gst_poll_fd_can_write: 0x1f829c0: fd (fd:0, idx:1) 1
0:00:00.022052526  2475 0xb93370 LOG   GST_REGISTRY gstregistrychunks.c:860:_priv_gst_registry_chunks_load_plugin: desc.description='GStreamer core tracers'
0:00:00.017303679  2476 0x1f7a320 LOG   GST_PLUGIN_LOADING gstpluginloader.c:689:write_one: Writing packet of size 6872 bytes to fd 0
0:00:00.022068536  2475 0xb93370 LOG   GST_REGISTRY gstregistrychunks.c:861:_priv_gst_registry_chunks_load_plugin: filename='/home/conan/w/prod/BuildSingleReference/.conan/data/gstreamer/1.19.2/_/_/package/0387548ec0d21c08cb6b492d670dcb344087cb15/lib/gstreamer-1.0/libgstcoretracers.so'
0:00:00.022075936  2475 0xb93370 LOG   GST_REGISTRY gstregistrychunks.c:862:_priv_gst_registry_chunks_load_plugin: desc.version='1.19.2'
0:00:00.017324919  2476 0x1f7a320 DEBUG   GST_POLL gstpoll.c:1414:gst_poll_wait: 0x1f829c0: timeout :0:00:01.000000000
0:00:00.022081843  2475 0xb93370 LOG   GST_REGISTRY gstregistrychunks.c:863:_priv_gst_registry_chunks_load_plugin: desc.license='LGPL'
0:00:00.017335564  2476 0x1f7a320 LOG   GST_PLUGIN_LOADING gstpluginloader.c:1026:exchange_packets: Poll res = 1. 12 bytes pending for write
0:00:00.022088267  2475 0xb93370 LOG   GST_REGISTRY gstregistrychunks.c:864:_priv_gst_registry_chunks_load_plugin: desc.source='gstreamer'
0:00:00.017342518  2476 0x1f7a320 DEBUG   GST_POLL gstpoll.c:1241:gst_poll_fd_has_error: 0x1f829c0: fd (fd:0, idx:1) 0
0:00:00.022096541  2475 0xb93370 LOG   GST_REGISTRY gstregistrychunks.c:865:_priv_gst_registry_chunks_load_plugin: desc.package='GStreamer source release'
0:00:00.017349732  2476 0x1f7a320 DEBUG   GST_POLL gstpoll.c:1335:gst_poll_fd_can_write: 0x1f829c0: fd (fd:0, idx:1) 1
0:00:00.022103603  2475 0xb93370 LOG   GST_REGISTRY gstregistrychunks.c:866:_priv_gst_registry_chunks_load_plugin: desc.origin='Unknown package origin'
0:00:00.017356319  2476 0x1f7a320 LOG   GST_PLUGIN_LOADING gstpluginloader.c:689:write_one: Writing packet of size 12 bytes to fd 0
0:00:00.022110226  2475 0xb93370 LOG   GST_REGISTRY gstregistrychunks.c:867:_priv_gst_registry_chunks_load_plugin: desc.datetime=2021-09-23
0:00:00.017365761  2476 0x1f7a320 DEBUG   GST_POLL gstpoll.c:979:gst_poll_fd_ctl_write: 0x1f829c0: fd (fd:0, idx:1), active : 0
0:00:00.022121739  2475 0xb93370 DEBUG   GST_REGISTRY gstregistry.c:446:gst_registry_add_plugin: Replacing existing plugin "/home/conan/w/prod/BuildSingleReference/.conan/data/gstreamer/1.19.2/_/_/package/0387548ec0d21c08cb6b492d670dcb344087cb15/lib/gstreamer-1.0/libgstcoretracers.so" 0xbad210 with new plugin 0xbb5c50 for filename "/home/conan/w/prod/BuildSingleReference/.conan/data/gstreamer/1.19.2/_/_/package/0387548ec0d21c08cb6b492d670dcb344087cb15/lib/gstreamer-1.0/libgstcoretracers.so"
0:00:00.017372153  2476 0x1f7a320 LOG   GST_POLL gstpoll.c:994:gst_poll_fd_ctl_write: 0x1f829c0: pfd->events now 56 (POLLOUT:4)
0:00:00.022139248  2475 0xb93370 TRACE   GST_REFCOUNTING gstobject.c:264:gst_object_unref: 0xbad210 unref 1->0
0:00:00.022150308  2475 0xb93370 TRACE   GST_REFCOUNTING gstobject.c:381:gst_object_dispose: 0xbad210 dispose
0:00:00.017398926  2476 0x1f7a320 DEBUG   GST_POLL gstpoll.c:772:gst_poll_free: 0x1f829c0: freeing
0:00:00.022160110  2475 0xb93370 DEBUG   GST_PLUGIN_LOADING gstplugin.c:132:gst_plugin_finalize: finalizing plugin
0:00:00.022178654  2475 0xb93370 TRACE   GST_REFCOUNTING gstobject.c:423:gst_object_finalize: 0xbad210 finalize
0:00:00.022197074  2475 0xb93370 DEBUG   GST_REGISTRY gstregistry.c:473:gst_registry_add_plugin: adding plugin 0xbb5c50 for filename "/home/conan/w/prod/BuildSingleReference/.conan/data/gstreamer/1.19.2/_/_/package/0387548ec0d21c08cb6b492d670dcb344087cb15/lib/gstreamer-1.0/libgstcoretracers.so"
0:00:00.022206190  2475 0xb93370 TRACE   GST_REFCOUNTING gstobject.c:292:gst_object_ref_sink: 0xbb5c50 ref_sink 1->2
0:00:00.022213870  2475 0xb93370 LOG   GST_REGISTRY gstregistry.c:486:gst_registry_add_plugin: emitting plugin-added for filename "/home/conan/w/prod/BuildSingleReference/.conan/data/gstreamer/1.19.2/_/_/package/0387548ec0d21c08cb6b492d670dcb344087cb15/lib/gstreamer-1.0/libgstcoretracers.so"
0:00:00.022221687  2475 0xb93370 DEBUG   GST_REGISTRY gstregistrychunks.c:887:_priv_gst_registry_chunks_load_plugin: Added plugin 'coretracers' plugin with 6 features from binary registry
0:00:00.022229386  2475 0xb93370 DEBUG   GST_REGISTRY gstregistrychunks.c:583:gst_registry_chunks_load_feature: Plugin 'coretracers' feature 'factories' typename : 'GstTracerFactory'
0:00:00.022238828  2475 0xb93370 TRACE   GST_REFCOUNTING gstobject.c:208:gst_object_init: 0xbad200 new
0:00:00.022247915  2475 0xb93370 DEBUG   GST_REGISTRY gstregistrychunks.c:717:gst_registry_chunks_load_feature: Reading/casting for GstRegistryChunkPluginFeature at address 0xbaec80
0:00:00.022256138  2475 0xb93370 DEBUG   GST_REGISTRY gstregistry.c:580:gst_registry_add_feature: replacing existing feature 0xbadd80 (factories)
0:00:00.022297551  2475 0xb93370 DEBUG   GST_REGISTRY gstregistry.c:589:gst_registry_add_feature: adding feature 0xbad200 (factories)
0:00:00.022308127  2475 0xb93370 TRACE   GST_REFCOUNTING gstobject.c:788:gst_object_unparent: unparent
0:00:00.022318473  2475 0xb93370 TRACE   GST_REFCOUNTING gstobject.c:264:gst_object_unref: 0xbadd80 unref 1->0
0:00:00.022325213  2475 0xb93370 TRACE   GST_REFCOUNTING gstobject.c:381:gst_object_dispose: 0xbadd80 dispose
0:00:00.022332516  2475 0xb93370 DEBUG   GST_PLUGIN_LOADING gstpluginfeature.c:67:gst_plugin_feature_finalize: finalizing feature 0xbadd80: 'factories'
0:00:00.022339381  2475 0xb93370 TRACE   GST_REFCOUNTING gstobject.c:423:gst_object_finalize: 0xbadd80 finalize
0:00:00.022346145  2475 0xb93370 DEBUG   GST_REFCOUNTING gstobject.c:708:gst_object_set_parent: set parent (ref and sink)
0:00:00.022353559  2475 0xb93370 TRACE   GST_REFCOUNTING gstobject.c:292:gst_object_ref_sink: 0xbad200 ref_sink 1->2
0:00:00.022361817  2475 0xb93370 LOG   GST_REGISTRY gstregistry.c:607:gst_registry_add_feature: emitting feature-added for factories
0:00:00.022368917  2475 0xb93370 DEBUG   GST_REGISTRY gstregistrychunks.c:741:gst_registry_chunks_load_feature: Added feature factories, plugin 0xbb5c50 coretracers
0:00:00.022389186  2475 0xb93370 DEBUG   GST_REGISTRY gstregistrychunks.c:583:gst_registry_chunks_load_feature: Plugin 'coretracers' feature 'leaks' typename : 'GstTracerFactory'
0:00:00.022397854  2475 0xb93370 TRACE   GST_REFCOUNTING gstobject.c:208:gst_object_init: 0xbadd80 new
0:00:00.022405974  2475 0xb93370 DEBUG   GST_REGISTRY gstregistrychunks.c:717:gst_registry_chunks_load_feature: Reading/casting for GstRegistryChunkPluginFeature at address 0xbaeca0
0:00:00.022413818  2475 0xb93370 DEBUG   GST_REGISTRY gstregistry.c:580:gst_registry_add_feature: replacing existing feature 0xbadfc0 (leaks)
0:00:00.022421266  2475 0xb93370 DEBUG   GST_REGISTRY gstregistry.c:589:gst_registry_add_feature: adding feature 0xbadd80 (leaks)
0:00:00.022427830  2475 0xb93370 TRACE   GST_REFCOUNTING gstobject.c:788:gst_object_unparent: unparent
0:00:00.022434888  2475 0xb93370 TRACE   GST_REFCOUNTING gstobject.c:264:gst_object_unref: 0xbadfc0 unref 1->0
0:00:00.022441834  2475 0xb93370 TRACE   GST_REFCOUNTING gstobject.c:381:gst_object_dispose: 0xbadfc0 dispose
0:00:00.022448826  2475 0xb93370 DEBUG   GST_PLUGIN_LOADING gstpluginfeature.c:67:gst_plugin_feature_finalize: finalizing feature 0xbadfc0: 'leaks'
0:00:00.022455285  2475 0xb93370 TRACE   GST_REFCOUNTING gstobject.c:423:gst_object_finalize: 0xbadfc0 finalize
0:00:00.022461825  2475 0xb93370 DEBUG   GST_REFCOUNTING gstobject.c:708:gst_object_set_parent: set parent (ref and sink)
0:00:00.022469321  2475 0xb93370 TRACE   GST_REFCOUNTING gstobject.c:292:gst_object_ref_sink: 0xbadd80 ref_sink 1->2
0:00:00.022475865  2475 0xb93370 LOG   GST_REGISTRY gstregistry.c:607:gst_registry_add_feature: emitting feature-added for leaks
0:00:00.022482481  2475 0xb93370 DEBUG   GST_REGISTRY gstregistrychunks.c:741:gst_registry_chunks_load_feature: Added feature leaks, plugin 0xbb5c50 coretracers
0:00:00.022489094  2475 0xb93370 DEBUG   GST_REGISTRY gstregistrychunks.c:583:gst_registry_chunks_load_feature: Plugin 'coretracers' feature 'stats' typename : 'GstTracerFactory'
0:00:00.022496242  2475 0xb93370 TRACE   GST_REFCOUNTING gstobject.c:208:gst_object_init: 0xbadfc0 new
0:00:00.022503355  2475 0xb93370 DEBUG   GST_REGISTRY gstregistrychunks.c:717:gst_registry_chunks_load_feature: Reading/casting for GstRegistryChunkPluginFeature at address 0xbaecc0
0:00:00.022510611  2475 0xb93370 DEBUG   GST_REGISTRY gstregistry.c:580:gst_registry_add_feature: replacing existing feature 0xbae180 (stats)
0:00:00.022517308  2475 0xb93370 DEBUG   GST_REGISTRY gstregistry.c:589:gst_registry_add_feature: adding feature 0xbadfc0 (stats)
0:00:00.022523074  2475 0xb93370 TRACE   GST_REFCOUNTING gstobject.c:788:gst_object_unparent: unparent
0:00:00.022529916  2475 0xb93370 TRACE   GST_REFCOUNTING gstobject.c:264:gst_object_unref: 0xbae180 unref 1->0
0:00:00.022536399  2475 0xb93370 TRACE   GST_REFCOUNTING gstobject.c:381:gst_object_dispose: 0xbae180 dispose
0:00:00.022550923  2475 0xb93370 DEBUG   GST_PLUGIN_LOADING gstpluginfeature.c:67:gst_plugin_feature_finalize: finalizing feature 0xbae180: 'stats'
0:00:00.022557215  2475 0xb93370 TRACE   GST_REFCOUNTING gstobject.c:423:gst_object_finalize: 0xbae180 finalize
0:00:00.022563793  2475 0xb93370 DEBUG   GST_REFCOUNTING gstobject.c:708:gst_object_set_parent: set parent (ref and sink)
0:00:00.022571540  2475 0xb93370 TRACE   GST_REFCOUNTING gstobject.c:292:gst_object_ref_sink: 0xbadfc0 ref_sink 1->2
0:00:00.022578134  2475 0xb93370 LOG   GST_REGISTRY gstregistry.c:607:gst_registry_add_feature: emitting feature-added for stats
0:00:00.022584941  2475 0xb93370 DEBUG   GST_REGISTRY gstregistrychunks.c:741:gst_registry_chunks_load_feature: Added feature stats, plugin 0xbb5c50 coretracers
0:00:00.022591728  2475 0xb93370 DEBUG   GST_REGISTRY gstregistrychunks.c:583:gst_registry_chunks_load_feature: Plugin 'coretracers' feature 'rusage' typename : 'GstTracerFactory'
0:00:00.022599634  2475 0xb93370 TRACE   GST_REFCOUNTING gstobject.c:208:gst_object_init: 0xbae180 new
0:00:00.022607048  2475 0xb93370 DEBUG   GST_REGISTRY gstregistrychunks.c:717:gst_registry_chunks_load_feature: Reading/casting for GstRegistryChunkPluginFeature at address 0xbaece0
0:00:00.022614435  2475 0xb93370 DEBUG   GST_REGISTRY gstregistry.c:580:gst_registry_add_feature: replacing existing feature 0xbae340 (rusage)
0:00:00.022621169  2475 0xb93370 DEBUG   GST_REGISTRY gstregistry.c:589:gst_registry_add_feature: adding feature 0xbae180 (rusage)
0:00:00.022627295  2475 0xb93370 TRACE   GST_REFCOUNTING gstobject.c:788:gst_object_unparent: unparent
0:00:00.022634331  2475 0xb93370 TRACE   GST_REFCOUNTING gstobject.c:264:gst_object_unref: 0xbae340 unref 1->0
0:00:00.022641725  2475 0xb93370 TRACE   GST_REFCOUNTING gstobject.c:381:gst_object_dispose: 0xbae340 dispose
0:00:00.022648848  2475 0xb93370 DEBUG   GST_PLUGIN_LOADING gstpluginfeature.c:67:gst_plugin_feature_finalize: finalizing feature 0xbae340: 'rusage'
0:00:00.022654588  2475 0xb93370 TRACE   GST_REFCOUNTING gstobject.c:423:gst_object_finalize: 0xbae340 finalize
0:00:00.022660485  2475 0xb93370 DEBUG   GST_REFCOUNTING gstobject.c:708:gst_object_set_parent: set parent (ref and sink)
0:00:00.022667575  2475 0xb93370 TRACE   GST_REFCOUNTING gstobject.c:292:gst_object_ref_sink: 0xbae180 ref_sink 1->2
0:00:00.022674055  2475 0xb93370 LOG   GST_REGISTRY gstregistry.c:607:gst_registry_add_feature: emitting feature-added for rusage
0:00:00.022680571  2475 0xb93370 DEBUG   GST_REGISTRY gstregistrychunks.c:741:gst_registry_chunks_load_feature: Added feature rusage, plugin 0xbb5c50 coretracers
0:00:00.022687533  2475 0xb93370 DEBUG   GST_REGISTRY gstregistrychunks.c:583:gst_registry_chunks_load_feature: Plugin 'coretracers' feature 'log' typename : 'GstTracerFactory'
0:00:00.022694082  2475 0xb93370 TRACE   GST_REFCOUNTING gstobject.c:208:gst_object_init: 0xbae340 new
0:00:00.022707855  2475 0xb93370 DEBUG   GST_REGISTRY gstregistrychunks.c:717:gst_registry_chunks_load_feature: Reading/casting for GstRegistryChunkPluginFeature at address 0xbaed00
0:00:00.022722185  2475 0xb93370 DEBUG   GST_REGISTRY gstregistry.c:580:gst_registry_add_feature: replacing existing feature 0xbae500 (log)
0:00:00.022728796  2475 0xb93370 DEBUG   GST_REGISTRY gstregistry.c:589:gst_registry_add_feature: adding feature 0xbae340 (log)
0:00:00.022734742  2475 0xb93370 TRACE   GST_REFCOUNTING gstobject.c:788:gst_object_unparent: unparent
0:00:00.022741880  2475 0xb93370 TRACE   GST_REFCOUNTING gstobject.c:264:gst_object_unref: 0xbae500 unref 1->0
0:00:00.022748856  2475 0xb93370 TRACE   GST_REFCOUNTING gstobject.c:381:gst_object_dispose: 0xbae500 dispose
0:00:00.022756046  2475 0xb93370 DEBUG   GST_PLUGIN_LOADING gstpluginfeature.c:67:gst_plugin_feature_finalize: finalizing feature 0xbae500: 'log'
0:00:00.022762507  2475 0xb93370 TRACE   GST_REFCOUNTING gstobject.c:423:gst_object_finalize: 0xbae500 finalize
0:00:00.022768811  2475 0xb93370 DEBUG   GST_REFCOUNTING gstobject.c:708:gst_object_set_parent: set parent (ref and sink)
0:00:00.022776431  2475 0xb93370 TRACE   GST_REFCOUNTING gstobject.c:292:gst_object_ref_sink: 0xbae340 ref_sink 1->2
0:00:00.022782991  2475 0xb93370 LOG   GST_REGISTRY gstregistry.c:607:gst_registry_add_feature: emitting feature-added for log
0:00:00.022789565  2475 0xb93370 DEBUG   GST_REGISTRY gstregistrychunks.c:741:gst_registry_chunks_load_feature: Added feature log, plugin 0xbb5c50 coretracers
0:00:00.022797121  2475 0xb93370 DEBUG   GST_REGISTRY gstregistrychunks.c:583:gst_registry_chunks_load_feature: Plugin 'coretracers' feature 'latency' typename : 'GstTracerFactory'
0:00:00.022804348  2475 0xb93370 TRACE   GST_REFCOUNTING gstobject.c:208:gst_object_init: 0xbb5d80 new
0:00:00.022811374  2475 0xb93370 DEBUG   GST_REGISTRY gstregistrychunks.c:717:gst_registry_chunks_load_feature: Reading/casting for GstRegistryChunkPluginFeature at address 0xbaed28
0:00:00.022818465  2475 0xb93370 DEBUG   GST_REGISTRY gstregistry.c:580:gst_registry_add_feature: replacing existing feature 0xbae8b0 (latency)
0:00:00.022825531  2475 0xb93370 DEBUG   GST_REGISTRY gstregistry.c:589:gst_registry_add_feature: adding feature 0xbb5d80 (latency)
0:00:00.022830991  2475 0xb93370 TRACE   GST_REFCOUNTING gstobject.c:788:gst_object_unparent: unparent
0:00:00.022838309  2475 0xb93370 TRACE   GST_REFCOUNTING gstobject.c:264:gst_object_unref: 0xbae8b0 unref 1->0
0:00:00.022844905  2475 0xb93370 TRACE   GST_REFCOUNTING gstobject.c:381:gst_object_dispose: 0xbae8b0 dispose
0:00:00.022851952  2475 0xb93370 DEBUG   GST_PLUGIN_LOADING gstpluginfeature.c:67:gst_plugin_feature_finalize: finalizing feature 0xbae8b0: 'latency'
0:00:00.022858432  2475 0xb93370 TRACE   GST_REFCOUNTING gstobject.c:423:gst_object_finalize: 0xbae8b0 finalize
0:00:00.022870958  2475 0xb93370 DEBUG   GST_REFCOUNTING gstobject.c:708:gst_object_set_parent: set parent (ref and sink)
0:00:00.022878123  2475 0xb93370 TRACE   GST_REFCOUNTING gstobject.c:292:gst_object_ref_sink: 0xbb5d80 ref_sink 1->2
0:00:00.022884377  2475 0xb93370 LOG   GST_REGISTRY gstregistry.c:607:gst_registry_add_feature: emitting feature-added for latency
0:00:00.022890771  2475 0xb93370 DEBUG   GST_REGISTRY gstregistrychunks.c:741:gst_registry_chunks_load_feature: Added feature latency, plugin 0xbb5c50 coretracers
0:00:00.022898840  2475 0xb93370 LOG   GST_PLUGIN_LOADING gstpluginloader.c:886:handle_rx_packet: marking plugin 0xbb5c50 as registered as /home/conan/w/prod/BuildSingleReference/.conan/data/gstreamer/1.19.2/_/_/package/0387548ec0d21c08cb6b492d670dcb344087cb15/lib/gstreamer-1.0/libgstcoretracers.so
0:00:00.022909449  2475 0xb93370 DEBUG   GST_POLL gstpoll.c:1414:gst_poll_wait: 0xbacce0: timeout :0:00:01.000000000
0:00:00.022920106  2475 0xb93370 LOG   GST_PLUGIN_LOADING gstpluginloader.c:1026:exchange_packets: Poll res = 2. 0 bytes pending for write
0:00:00.022927342  2475 0xb93370 DEBUG   GST_POLL gstpoll.c:1241:gst_poll_fd_has_error: 0xbacce0: fd (fd:8, idx:2) 0
0:00:00.022933935  2475 0xb93370 DEBUG   GST_POLL gstpoll.c:1266:gst_poll_fd_can_read_unlocked: 0xbacce0: fd (fd:8, idx:2) 1
0:00:00.022946848  2475 0xb93370 DEBUG   GST_PLUGIN_LOADING gstpluginloader.c:847:handle_rx_packet: Received plugin details from child w/ tag 3. 6860 bytes info
0:00:00.022953117  2475 0xb93370 LOG   GST_REGISTRY gstregistrychunks.c:837:_priv_gst_registry_chunks_load_plugin: Reading/casting for GstRegistryChunkPluginElement at address 0xbaeb30
0:00:00.022960051  2475 0xb93370 TRACE   GST_REFCOUNTING gstobject.c:208:gst_object_init: 0xbb5e50 new
0:00:00.022969965  2475 0xb93370 LOG   GST_REGISTRY gstregistrychunks.c:859:_priv_gst_registry_chunks_load_plugin: read strings for name='coreelements'
0:00:00.022976266  2475 0xb93370 LOG   GST_REGISTRY gstregistrychunks.c:860:_priv_gst_registry_chunks_load_plugin: desc.description='GStreamer core elements'
0:00:00.022982872  2475 0xb93370 LOG   GST_REGISTRY gstregistrychunks.c:861:_priv_gst_registry_chunks_load_plugin: filename='/home/conan/w/prod/BuildSingleReference/.conan/data/gstreamer/1.19.2/_/_/package/0387548ec0d21c08cb6b492d670dcb344087cb15/lib/gstreamer-1.0/libgstcoreelements.so'
0:00:00.022989513  2475 0xb93370 LOG   GST_REGISTRY gstregistrychunks.c:862:_priv_gst_registry_chunks_load_plugin: desc.version='1.19.2'
0:00:00.022995029  2475 0xb93370 LOG   GST_REGISTRY gstregistrychunks.c:863:_priv_gst_registry_chunks_load_plugin: desc.license='LGPL'
0:00:00.023000516  2475 0xb93370 LOG   GST_REGISTRY gstregistrychunks.c:864:_priv_gst_registry_chunks_load_plugin: desc.source='gstreamer'
0:00:00.023006122  2475 0xb93370 LOG   GST_REGISTRY gstregistrychunks.c:865:_priv_gst_registry_chunks_load_plugin: desc.package='GStreamer source release'
0:00:00.023012102  2475 0xb93370 LOG   GST_REGISTRY gstregistrychunks.c:866:_priv_gst_registry_chunks_load_plugin: desc.origin='Unknown package origin'
0:00:00.023024803  2475 0xb93370 LOG   GST_REGISTRY gstregistrychunks.c:867:_priv_gst_registry_chunks_load_plugin: desc.datetime=2021-09-23
0:00:00.023034097  2475 0xb93370 DEBUG   GST_REGISTRY gstregistry.c:446:gst_registry_add_plugin: Replacing existing plugin "/home/conan/w/prod/BuildSingleReference/.conan/data/gstreamer/1.19.2/_/_/package/0387548ec0d21c08cb6b492d670dcb344087cb15/lib/gstreamer-1.0/libgstcoreelements.so" 0xbae780 with new plugin 0xbb5e50 for filename "/home/conan/w/prod/BuildSingleReference/.conan/data/gstreamer/1.19.2/_/_/package/0387548ec0d21c08cb6b492d670dcb344087cb15/lib/gstreamer-1.0/libgstcoreelements.so"
0:00:00.023042402  2475 0xb93370 TRACE   GST_REFCOUNTING gstobject.c:264:gst_object_unref: 0xbae780 unref 1->0
0:00:00.023049325  2475 0xb93370 TRACE   GST_REFCOUNTING gstobject.c:381:gst_object_dispose: 0xbae780 dispose
0:00:00.023056398  2475 0xb93370 DEBUG   GST_PLUGIN_LOADING gstplugin.c:132:gst_plugin_finalize: finalizing plugin
0:00:00.023062881  2475 0xb93370 TRACE   GST_REFCOUNTING gstobject.c:423:gst_object_finalize: 0xbae780 finalize
0:00:00.023071360  2475 0xb93370 DEBUG   GST_REGISTRY gstregistry.c:473:gst_registry_add_plugin: adding plugin 0xbb5e50 for filename "/home/conan/w/prod/BuildSingleReference/.conan/data/gstreamer/1.19.2/_/_/package/0387548ec0d21c08cb6b492d670dcb344087cb15/lib/gstreamer-1.0/libgstcoreelements.so"
0:00:00.023078662  2475 0xb93370 TRACE   GST_REFCOUNTING gstobject.c:292:gst_object_ref_sink: 0xbb5e50 ref_sink 1->2
0:00:00.023086051  2475 0xb93370 LOG   GST_REGISTRY gstregistry.c:486:gst_registry_add_plugin: emitting plugin-added for filename "/home/conan/w/prod/BuildSingleReference/.conan/data/gstreamer/1.19.2/_/_/package/0387548ec0d21c08cb6b492d670dcb344087cb15/lib/gstreamer-1.0/libgstcoreelements.so"
0:00:00.023093150  2475 0xb93370 DEBUG   GST_REGISTRY gstregistrychunks.c:887:_priv_gst_registry_chunks_load_plugin: Added plugin 'coreelements' plugin with 22 features from binary registry
0:00:00.023100349  2475 0xb93370 DEBUG   GST_REGISTRY gstregistrychunks.c:583:gst_registry_chunks_load_feature: Plugin 'coreelements' feature 'streamiddemux' typename : 'GstElementFactory'
0:00:00.023108352  2475 0xb93370 TRACE   GST_REFCOUNTING gstobject.c:208:gst_object_init: 0xbadc20 new
0:00:00.023116114  2475 0xb93370 LOG   GST_REGISTRY gstregistrychunks.c:610:gst_registry_chunks_load_feature: Reading/casting for GstRegistryChunkElementFactory at address 0xbaec88
0:00:00.023124036  2475 0xb93370 TRACE   structure gststructure.c:292:gst_structure_new_id_empty_with_size: created structure 0xbb58c0
0:00:00.023130334  2475 0xb93370 DEBUG   structure gststructure.c:2258:gst_structure_parse_field: trying field name 'long-name'
0:00:00.023136907  2475 0xb93370 DEBUG   default gstvalue.c:2776:_priv_gst_value_parse_value: trying type name 'string'
0:00:00.023144292  2475 0xb93370 DEBUG   structure gststructure.c:2258:gst_structure_parse_field: trying field name 'klass'
0:00:00.023149768  2475 0xb93370 DEBUG   default gstvalue.c:2776:_priv_gst_value_parse_value: trying type name 'string'
0:00:00.023163173  2475 0xb93370 DEBUG   structure gststructure.c:2258:gst_structure_parse_field: trying field name 'description'
0:00:00.023168805  2475 0xb93370 DEBUG   default gstvalue.c:2776:_priv_gst_value_parse_value: trying type name 'string'
0:00:00.023175265  2475 0xb93370 DEBUG   structure gststructure.c:2258:gst_structure_parse_field: trying field name 'author'
0:00:00.023180601  2475 0xb93370 DEBUG   default gstvalue.c:2776:_priv_gst_value_parse_value: trying type name 'string'
0:00:00.023187406  2475 0xb93370 DEBUG   GST_REGISTRY gstregistrychunks.c:627:gst_registry_chunks_load_feature: Element factory : npadtemplates=2
0:00:00.023193224  2475 0xb93370 DEBUG   GST_REGISTRY gstregistrychunks.c:526:gst_registry_chunks_load_pad_template: Reading/casting for GstRegistryChunkPadTemplate at address 0xbaed60
0:00:00.023199412  2475 0xb93370 DEBUG   GST_REGISTRY gstregistrychunks.c:540:gst_registry_chunks_load_pad_template: Added pad_template src_%u
0:00:00.023205531  2475 0xb93370 DEBUG   GST_REGISTRY gstregistrychunks.c:526:gst_registry_chunks_load_pad_template: Reading/casting for GstRegistryChunkPadTemplate at address 0xbaed78
0:00:00.023211935  2475 0xb93370 DEBUG   GST_REGISTRY gstregistrychunks.c:540:gst_registry_chunks_load_pad_template: Added pad_template sink
0:00:00.023219882  2475 0xb93370 DEBUG   GST_REGISTRY gstregistry.c:580:gst_registry_add_feature: replacing existing feature 0xbad340 (streamiddemux)
0:00:00.023227657  2475 0xb93370 DEBUG   GST_REGISTRY gstregistry.c:589:gst_registry_add_feature: adding feature 0xbadc20 (streamiddemux)
0:00:00.023233941  2475 0xb93370 TRACE   GST_REFCOUNTING gstobject.c:788:gst_object_unparent: unparent
0:00:00.023240925  2475 0xb93370 TRACE   GST_REFCOUNTING gstobject.c:264:gst_object_unref: 0xbad340 unref 1->0
0:00:00.023247380  2475 0xb93370 TRACE   GST_REFCOUNTING gstobject.c:381:gst_object_dispose: 0xbad340 dispose
0:00:00.023254779  2475 0xb93370 TRACE   structure gststructure.c:547:gst_structure_free: free structure 0xbad8d0
0:00:00.023279435  2475 0xb93370 TRACE   GST_REFCOUNTING gstminiobject.c:734:gst_mini_object_replace: replace (nil) (0) with (nil) (0)
0:00:00.023286598  2475 0xb93370 TRACE   GST_REFCOUNTING gstminiobject.c:734:gst_mini_object_replace: replace (nil) (0) with (nil) (0)
0:00:00.023293184  2475 0xb93370 DEBUG   GST_PLUGIN_LOADING gstpluginfeature.c:67:gst_plugin_feature_finalize: finalizing feature 0xbad340: 'streamiddemux'
0:00:00.023299730  2475 0xb93370 TRACE   GST_REFCOUNTING gstobject.c:423:gst_object_finalize: 0xbad340 finalize
0:00:00.023307589  2475 0xb93370 DEBUG   GST_REFCOUNTING gstobject.c:708:gst_object_set_parent: set parent (ref and sink)
0:00:00.023314988  2475 0xb93370 TRACE   GST_REFCOUNTING gstobject.c:292:gst_object_ref_sink: 0xbadc20 ref_sink 1->2
0:00:00.023321080  2475 0xb93370 LOG   GST_REGISTRY gstregistry.c:607:gst_registry_add_feature: emitting feature-added for streamiddemux
0:00:00.023333532  2475 0xb93370 DEBUG   GST_REGISTRY gstregistrychunks.c:741:gst_registry_chunks_load_feature: Added feature streamiddemux, plugin 0xbb5e50 coreelements
0:00:00.023340354  2475 0xb93370 DEBUG   GST_REGISTRY gstregistrychunks.c:583:gst_registry_chunks_load_feature: Plugin 'coreelements' feature 'valve' typename : 'GstElementFactory'
0:00:00.023347712  2475 0xb93370 TRACE   GST_REFCOUNTING gstobject.c:208:gst_object_init: 0xbad340 new
0:00:00.023355071  2475 0xb93370 LOG   GST_REGISTRY gstregistrychunks.c:610:gst_registry_chunks_load_feature: Reading/casting for GstRegistryChunkElementFactory at address 0xbaeda8
0:00:00.023361457  2475 0xb93370 TRACE   structure gststructure.c:292:gst_structure_new_id_empty_with_size: created structure 0xbb5f80
0:00:00.023367336  2475 0xb93370 DEBUG   structure gststructure.c:2258:gst_structure_parse_field: trying field name 'long-name'
0:00:00.023372731  2475 0xb93370 DEBUG   default gstvalue.c:2776:_priv_gst_value_parse_value: trying type name 'string'
0:00:00.023379089  2475 0xb93370 DEBUG   structure gststructure.c:2258:gst_structure_parse_field: trying field name 'klass'
0:00:00.023384776  2475 0xb93370 DEBUG   default gstvalue.c:2776:_priv_gst_value_parse_value: trying type name 'string'
0:00:00.023390797  2475 0xb93370 DEBUG   structure gststructure.c:2258:gst_structure_parse_field: trying field name 'description'
0:00:00.023396152  2475 0xb93370 DEBUG   default gstvalue.c:2776:_priv_gst_value_parse_value: trying type name 'string'
0:00:00.023402209  2475 0xb93370 DEBUG   structure gststructure.c:2258:gst_structure_parse_field: trying field name 'author'
0:00:00.023407429  2475 0xb93370 DEBUG   default gstvalue.c:2776:_priv_gst_value_parse_value: trying type name 'string'
0:00:00.023413867  2475 0xb93370 DEBUG   GST_REGISTRY gstregistrychunks.c:627:gst_registry_chunks_load_feature: Element factory : npadtemplates=2
0:00:00.023423708  2475 0xb93370 DEBUG   GST_REGISTRY gstregistrychunks.c:526:gst_registry_chunks_load_pad_template: Reading/casting for GstRegistryChunkPadTemplate at address 0xbaee98
0:00:00.023429365  2475 0xb93370 DEBUG   GST_REGISTRY gstregistrychunks.c:540:gst_registry_chunks_load_pad_template: Added pad_template sink
0:00:00.023434588  2475 0xb93370 DEBUG   GST_REGISTRY gstregistrychunks.c:526:gst_registry_chunks_load_pad_template: Reading/casting for GstRegistryChunkPadTemplate at address 0xbaeeb0
0:00:00.023440071  2475 0xb93370 DEBUG   GST_REGISTRY gstregistrychunks.c:540:gst_registry_chunks_load_pad_template: Added pad_template src
0:00:00.023447106  2475 0xb93370 DEBUG   GST_REGISTRY gstregistry.c:580:gst_registry_add_feature: replacing existing feature 0xbb0880 (valve)
0:00:00.023453971  2475 0xb93370 DEBUG   GST_REGISTRY gstregistry.c:589:gst_registry_add_feature: adding feature 0xbad340 (valve)
0:00:00.023460009  2475 0xb93370 TRACE   GST_REFCOUNTING gstobject.c:788:gst_object_unparent: unparent
0:00:00.023466592  2475 0xb93370 TRACE   GST_REFCOUNTING gstobject.c:264:gst_object_unref: 0xbb0880 unref 1->0
0:00:00.023478102  2475 0xb93370 TRACE   GST_REFCOUNTING gstobject.c:381:gst_object_dispose: 0xbb0880 dispose
0:00:00.023484777  2475 0xb93370 TRACE   structure gststructure.c:547:gst_structure_free: free structure 0xbb0a50
