0:00:00.019803274  2475 0xb93370 LOG   GST_REGISTRY gstregistrychunks.c:610:gst_registry_chunks_load_feature: Reading/casting for GstRegistryChunkElementFactory at address 0xbaf830
0:00:00.015052842  2476 0x1f7a320 LOG   GST_POLL gstpoll.c:994:gst_poll_fd_ctl_write: 0x1f829c0: pfd->events now 60 (POLLOUT:4)
0:00:00.019810400  2475 0xb93370 TRACE   structure gststructure.c:292:gst_structure_new_id_empty_with_size: created structure 0xbb2c50
0:00:00.015061079  2476 0x1f7a320 DEBUG   GST_POLL gstpoll.c:979:gst_poll_fd_ctl_write: 0x1f829c0: fd (fd:0, idx:1), active : 1
0:00:00.019817010  2475 0xb93370 DEBUG   structure gststructure.c:2258:gst_structure_parse_field: trying field name 'long-name'
0:00:00.015067511  2476 0x1f7a320 LOG   GST_POLL gstpoll.c:994:gst_poll_fd_ctl_write: 0x1f829c0: pfd->events now 60 (POLLOUT:4)
0:00:00.019823001  2475 0xb93370 DEBUG   default gstvalue.c:2776:_priv_gst_value_parse_value: trying type name 'string'
0:00:00.015074341  2476 0x1f7a320 DEBUG   GST_POLL gstpoll.c:979:gst_poll_fd_ctl_write: 0x1f829c0: fd (fd:0, idx:1), active : 1
0:00:00.019829860  2475 0xb93370 DEBUG   structure gststructure.c:2258:gst_structure_parse_field: trying field name 'klass'
0:00:00.015081165  2476 0x1f7a320 LOG   GST_POLL gstpoll.c:994:gst_poll_fd_ctl_write: 0x1f829c0: pfd->events now 60 (POLLOUT:4)
0:00:00.019841032  2475 0xb93370 DEBUG   default gstvalue.c:2776:_priv_gst_value_parse_value: trying type name 'string'
0:00:00.015093348  2476 0x1f7a320 DEBUG   GST_POLL gstpoll.c:979:gst_poll_fd_ctl_write: 0x1f829c0: fd (fd:0, idx:1), active : 1
0:00:00.019847915  2475 0xb93370 DEBUG   structure gststructure.c:2258:gst_structure_parse_field: trying field name 'description'
0:00:00.015099616  2476 0x1f7a320 LOG   GST_POLL gstpoll.c:994:gst_poll_fd_ctl_write: 0x1f829c0: pfd->events now 60 (POLLOUT:4)
0:00:00.019853975  2475 0xb93370 DEBUG   default gstvalue.c:2776:_priv_gst_value_parse_value: trying type name 'string'
0:00:00.015106144  2476 0x1f7a320 DEBUG   GST_POLL gstpoll.c:979:gst_poll_fd_ctl_write: 0x1f829c0: fd (fd:0, idx:1), active : 1
0:00:00.019860506  2475 0xb93370 DEBUG   structure gststructure.c:2258:gst_structure_parse_field: trying field name 'author'
0:00:00.015112288  2476 0x1f7a320 LOG   GST_POLL gstpoll.c:994:gst_poll_fd_ctl_write: 0x1f829c0: pfd->events now 60 (POLLOUT:4)
0:00:00.019866557  2475 0xb93370 DEBUG   default gstvalue.c:2776:_priv_gst_value_parse_value: trying type name 'string'
0:00:00.015119502  2476 0x1f7a320 DEBUG   GST_POLL gstpoll.c:979:gst_poll_fd_ctl_write: 0x1f829c0: fd (fd:0, idx:1), active : 1
0:00:00.019873327  2475 0xb93370 DEBUG   GST_REGISTRY gstregistrychunks.c:627:gst_registry_chunks_load_feature: Element factory : npadtemplates=2
0:00:00.015125589  2476 0x1f7a320 LOG   GST_POLL gstpoll.c:994:gst_poll_fd_ctl_write: 0x1f829c0: pfd->events now 60 (POLLOUT:4)
0:00:00.019879323  2475 0xb93370 DEBUG   GST_REGISTRY gstregistrychunks.c:526:gst_registry_chunks_load_pad_template: Reading/casting for GstRegistryChunkPadTemplate at address 0xbaf900
0:00:00.015131980  2476 0x1f7a320 DEBUG   GST_POLL gstpoll.c:979:gst_poll_fd_ctl_write: 0x1f829c0: fd (fd:0, idx:1), active : 1
0:00:00.019885495  2475 0xb93370 DEBUG   GST_REGISTRY gstregistrychunks.c:540:gst_registry_chunks_load_pad_template: Added pad_template sink
0:00:00.015138062  2476 0x1f7a320 LOG   GST_POLL gstpoll.c:994:gst_poll_fd_ctl_write: 0x1f829c0: pfd->events now 60 (POLLOUT:4)
0:00:00.019891462  2475 0xb93370 DEBUG   GST_REGISTRY gstregistrychunks.c:526:gst_registry_chunks_load_pad_template: Reading/casting for GstRegistryChunkPadTemplate at address 0xbaf918
0:00:00.015144363  2476 0x1f7a320 DEBUG   GST_POLL gstpoll.c:979:gst_poll_fd_ctl_write: 0x1f829c0: fd (fd:0, idx:1), active : 1
0:00:00.019897701  2475 0xb93370 DEBUG   GST_REGISTRY gstregistrychunks.c:540:gst_registry_chunks_load_pad_template: Added pad_template src
0:00:00.015150581  2476 0x1f7a320 LOG   GST_POLL gstpoll.c:994:gst_poll_fd_ctl_write: 0x1f829c0: pfd->events now 60 (POLLOUT:4)
0:00:00.015157031  2476 0x1f7a320 DEBUG   GST_POLL gstpoll.c:979:gst_poll_fd_ctl_write: 0x1f829c0: fd (fd:0, idx:1), active : 1
0:00:00.019910694  2475 0xb93370 DEBUG   GST_REGISTRY gstregistry.c:589:gst_registry_add_feature: adding feature 0xbb2b60 (identity)
0:00:00.015162875  2476 0x1f7a320 LOG   GST_POLL gstpoll.c:994:gst_poll_fd_ctl_write: 0x1f829c0: pfd->events now 60 (POLLOUT:4)
0:00:00.019929289  2475 0xb93370 DEBUG   GST_REFCOUNTING gstobject.c:708:gst_object_set_parent: set parent (ref and sink)
0:00:00.015180583  2476 0x1f7a320 DEBUG   GST_POLL gstpoll.c:979:gst_poll_fd_ctl_write: 0x1f829c0: fd (fd:0, idx:1), active : 1
0:00:00.019937713  2475 0xb93370 TRACE   GST_REFCOUNTING gstobject.c:292:gst_object_ref_sink: 0xbb2b60 ref_sink 1->2
0:00:00.015187595  2476 0x1f7a320 LOG   GST_POLL gstpoll.c:994:gst_poll_fd_ctl_write: 0x1f829c0: pfd->events now 60 (POLLOUT:4)
0:00:00.019945118  2475 0xb93370 LOG   GST_REGISTRY gstregistry.c:607:gst_registry_add_feature: emitting feature-added for identity
0:00:00.015195782  2476 0x1f7a320 DEBUG   GST_POLL gstpoll.c:979:gst_poll_fd_ctl_write: 0x1f829c0: fd (fd:0, idx:1), active : 1
0:00:00.019952215  2475 0xb93370 DEBUG   GST_REGISTRY gstregistrychunks.c:741:gst_registry_chunks_load_feature: Added feature identity, plugin 0xbae780 coreelements
0:00:00.015202047  2476 0x1f7a320 LOG   GST_POLL gstpoll.c:994:gst_poll_fd_ctl_write: 0x1f829c0: pfd->events now 60 (POLLOUT:4)
0:00:00.019959675  2475 0xb93370 DEBUG   GST_REGISTRY gstregistrychunks.c:583:gst_registry_chunks_load_feature: Plugin 'coreelements' feature 'funnel' typename : 'GstElementFactory'
0:00:00.015210089  2476 0x1f7a320 DEBUG   GST_POLL gstpoll.c:979:gst_poll_fd_ctl_write: 0x1f829c0: fd (fd:0, idx:1), active : 1
0:00:00.019967722  2475 0xb93370 TRACE   GST_REFCOUNTING gstobject.c:208:gst_object_init: 0xbb2ed0 new
0:00:00.015217034  2476 0x1f7a320 LOG   GST_POLL gstpoll.c:994:gst_poll_fd_ctl_write: 0x1f829c0: pfd->events now 60 (POLLOUT:4)
0:00:00.019976051  2475 0xb93370 LOG   GST_REGISTRY gstregistrychunks.c:610:gst_registry_chunks_load_feature: Reading/casting for GstRegistryChunkElementFactory at address 0xbaf948
0:00:00.015226022  2476 0x1f7a320 DEBUG   GST_POLL gstpoll.c:979:gst_poll_fd_ctl_write: 0x1f829c0: fd (fd:0, idx:1), active : 1
0:00:00.019982741  2475 0xb93370 TRACE   structure gststructure.c:292:gst_structure_new_id_empty_with_size: created structure 0xbb3090
0:00:00.015233261  2476 0x1f7a320 LOG   GST_POLL gstpoll.c:994:gst_poll_fd_ctl_write: 0x1f829c0: pfd->events now 60 (POLLOUT:4)
0:00:00.019989164  2475 0xb93370 DEBUG   structure gststructure.c:2258:gst_structure_parse_field: trying field name 'long-name'
0:00:00.015240733  2476 0x1f7a320 DEBUG   GST_POLL gstpoll.c:979:gst_poll_fd_ctl_write: 0x1f829c0: fd (fd:0, idx:1), active : 1
0:00:00.019995300  2475 0xb93370 DEBUG   default gstvalue.c:2776:_priv_gst_value_parse_value: trying type name 'string'
0:00:00.015246602  2476 0x1f7a320 LOG   GST_POLL gstpoll.c:994:gst_poll_fd_ctl_write: 0x1f829c0: pfd->events now 60 (POLLOUT:4)
0:00:00.020001891  2475 0xb93370 DEBUG   structure gststructure.c:2258:gst_structure_parse_field: trying field name 'klass'
0:00:00.015253024  2476 0x1f7a320 DEBUG   GST_POLL gstpoll.c:979:gst_poll_fd_ctl_write: 0x1f829c0: fd (fd:0, idx:1), active : 1
0:00:00.020013493  2475 0xb93370 DEBUG   default gstvalue.c:2776:_priv_gst_value_parse_value: trying type name 'string'
0:00:00.015264879  2476 0x1f7a320 LOG   GST_POLL gstpoll.c:994:gst_poll_fd_ctl_write: 0x1f829c0: pfd->events now 60 (POLLOUT:4)
0:00:00.020020552  2475 0xb93370 DEBUG   structure gststructure.c:2258:gst_structure_parse_field: trying field name 'description'
0:00:00.015271654  2476 0x1f7a320 DEBUG   GST_POLL gstpoll.c:979:gst_poll_fd_ctl_write: 0x1f829c0: fd (fd:0, idx:1), active : 1
0:00:00.020026499  2475 0xb93370 DEBUG   default gstvalue.c:2776:_priv_gst_value_parse_value: trying type name 'string'
0:00:00.015277951  2476 0x1f7a320 LOG   GST_POLL gstpoll.c:994:gst_poll_fd_ctl_write: 0x1f829c0: pfd->events now 60 (POLLOUT:4)
0:00:00.020033449  2475 0xb93370 DEBUG   structure gststructure.c:2258:gst_structure_parse_field: trying field name 'author'
0:00:00.015284813  2476 0x1f7a320 DEBUG   GST_POLL gstpoll.c:979:gst_poll_fd_ctl_write: 0x1f829c0: fd (fd:0, idx:1), active : 1
0:00:00.020040015  2475 0xb93370 DEBUG   default gstvalue.c:2776:_priv_gst_value_parse_value: trying type name 'string'
0:00:00.015290622  2476 0x1f7a320 LOG   GST_POLL gstpoll.c:994:gst_poll_fd_ctl_write: 0x1f829c0: pfd->events now 60 (POLLOUT:4)
0:00:00.020047229  2475 0xb93370 DEBUG   GST_REGISTRY gstregistrychunks.c:627:gst_registry_chunks_load_feature: Element factory : npadtemplates=2
0:00:00.015297449  2476 0x1f7a320 DEBUG   GST_POLL gstpoll.c:979:gst_poll_fd_ctl_write: 0x1f829c0: fd (fd:0, idx:1), active : 1
0:00:00.020053357  2475 0xb93370 DEBUG   GST_REGISTRY gstregistrychunks.c:526:gst_registry_chunks_load_pad_template: Reading/casting for GstRegistryChunkPadTemplate at address 0xbafa20
0:00:00.015304266  2476 0x1f7a320 LOG   GST_POLL gstpoll.c:994:gst_poll_fd_ctl_write: 0x1f829c0: pfd->events now 60 (POLLOUT:4)
0:00:00.020059508  2475 0xb93370 DEBUG   GST_REGISTRY gstregistrychunks.c:540:gst_registry_chunks_load_pad_template: Added pad_template src
0:00:00.015310684  2476 0x1f7a320 DEBUG   GST_POLL gstpoll.c:979:gst_poll_fd_ctl_write: 0x1f829c0: fd (fd:0, idx:1), active : 1
0:00:00.020065182  2475 0xb93370 DEBUG   GST_REGISTRY gstregistrychunks.c:526:gst_registry_chunks_load_pad_template: Reading/casting for GstRegistryChunkPadTemplate at address 0xbafa30
0:00:00.015316480  2476 0x1f7a320 LOG   GST_POLL gstpoll.c:994:gst_poll_fd_ctl_write: 0x1f829c0: pfd->events now 60 (POLLOUT:4)
0:00:00.020071520  2475 0xb93370 DEBUG   GST_REGISTRY gstregistrychunks.c:540:gst_registry_chunks_load_pad_template: Added pad_template sink_%u
0:00:00.015323514  2476 0x1f7a320 DEBUG   GST_POLL gstpoll.c:979:gst_poll_fd_ctl_write: 0x1f829c0: fd (fd:0, idx:1), active : 1
0:00:00.020079129  2475 0xb93370 DEBUG   GST_REGISTRY gstregistry.c:589:gst_registry_add_feature: adding feature 0xbb2ed0 (funnel)
0:00:00.015329735  2476 0x1f7a320 LOG   GST_POLL gstpoll.c:994:gst_poll_fd_ctl_write: 0x1f829c0: pfd->events now 60 (POLLOUT:4)
0:00:00.020091126  2475 0xb93370 DEBUG   GST_REFCOUNTING gstobject.c:708:gst_object_set_parent: set parent (ref and sink)
0:00:00.015341993  2476 0x1f7a320 DEBUG   GST_POLL gstpoll.c:979:gst_poll_fd_ctl_write: 0x1f829c0: fd (fd:0, idx:1), active : 1
0:00:00.020098712  2475 0xb93370 TRACE   GST_REFCOUNTING gstobject.c:292:gst_object_ref_sink: 0xbb2ed0 ref_sink 1->2
0:00:00.015348605  2476 0x1f7a320 LOG   GST_POLL gstpoll.c:994:gst_poll_fd_ctl_write: 0x1f829c0: pfd->events now 60 (POLLOUT:4)
0:00:00.020105816  2475 0xb93370 LOG   GST_REGISTRY gstregistry.c:607:gst_registry_add_feature: emitting feature-added for funnel
0:00:00.015357293  2476 0x1f7a320 DEBUG   GST_POLL gstpoll.c:979:gst_poll_fd_ctl_write: 0x1f829c0: fd (fd:0, idx:1), active : 1
0:00:00.020112565  2475 0xb93370 DEBUG   GST_REGISTRY gstregistrychunks.c:741:gst_registry_chunks_load_feature: Added feature funnel, plugin 0xbae780 coreelements
0:00:00.015363067  2476 0x1f7a320 LOG   GST_POLL gstpoll.c:994:gst_poll_fd_ctl_write: 0x1f829c0: pfd->events now 60 (POLLOUT:4)
0:00:00.020120312  2475 0xb93370 DEBUG   GST_REGISTRY gstregistrychunks.c:583:gst_registry_chunks_load_feature: Plugin 'coreelements' feature 'filesrc' typename : 'GstElementFactory'
0:00:00.015370499  2476 0x1f7a320 DEBUG   GST_POLL gstpoll.c:979:gst_poll_fd_ctl_write: 0x1f829c0: fd (fd:0, idx:1), active : 1
0:00:00.020128401  2475 0xb93370 TRACE   GST_REFCOUNTING gstobject.c:208:gst_object_init: 0xbb2dd0 new
0:00:00.015377938  2476 0x1f7a320 LOG   GST_POLL gstpoll.c:994:gst_poll_fd_ctl_write: 0x1f829c0: pfd->events now 60 (POLLOUT:4)
0:00:00.020136466  2475 0xb93370 LOG   GST_REGISTRY gstregistrychunks.c:610:gst_registry_chunks_load_feature: Reading/casting for GstRegistryChunkElementFactory at address 0xbafa60
0:00:00.015386199  2476 0x1f7a320 DEBUG   GST_POLL gstpoll.c:979:gst_poll_fd_ctl_write: 0x1f829c0: fd (fd:0, idx:1), active : 1
0:00:00.020143860  2475 0xb93370 TRACE   structure gststructure.c:292:gst_structure_new_id_empty_with_size: created structure 0xbb3430
0:00:00.015393652  2476 0x1f7a320 LOG   GST_POLL gstpoll.c:994:gst_poll_fd_ctl_write: 0x1f829c0: pfd->events now 60 (POLLOUT:4)
0:00:00.020150537  2475 0xb93370 DEBUG   structure gststructure.c:2258:gst_structure_parse_field: trying field name 'long-name'
0:00:00.015401608  2476 0x1f7a320 DEBUG   GST_POLL gstpoll.c:979:gst_poll_fd_ctl_write: 0x1f829c0: fd (fd:0, idx:1), active : 1
0:00:00.020156856  2475 0xb93370 DEBUG   default gstvalue.c:2776:_priv_gst_value_parse_value: trying type name 'string'
0:00:00.015407571  2476 0x1f7a320 LOG   GST_POLL gstpoll.c:994:gst_poll_fd_ctl_write: 0x1f829c0: pfd->events now 60 (POLLOUT:4)
0:00:00.020163601  2475 0xb93370 DEBUG   structure gststructure.c:2258:gst_structure_parse_field: trying field name 'klass'
0:00:00.015414405  2476 0x1f7a320 DEBUG   GST_POLL gstpoll.c:979:gst_poll_fd_ctl_write: 0x1f829c0: fd (fd:0, idx:1), active : 1
0:00:00.020169952  2475 0xb93370 DEBUG   default gstvalue.c:2776:_priv_gst_value_parse_value: trying type name 'string'
0:00:00.015427332  2476 0x1f7a320 LOG   GST_POLL gstpoll.c:994:gst_poll_fd_ctl_write: 0x1f829c0: pfd->events now 60 (POLLOUT:4)
0:00:00.020181461  2475 0xb93370 DEBUG   structure gststructure.c:2258:gst_structure_parse_field: trying field name 'description'
0:00:00.015433992  2476 0x1f7a320 DEBUG   GST_POLL gstpoll.c:979:gst_poll_fd_ctl_write: 0x1f829c0: fd (fd:0, idx:1), active : 1
0:00:00.020187559  2475 0xb93370 DEBUG   default gstvalue.c:2776:_priv_gst_value_parse_value: trying type name 'string'
0:00:00.015440264  2476 0x1f7a320 LOG   GST_POLL gstpoll.c:994:gst_poll_fd_ctl_write: 0x1f829c0: pfd->events now 60 (POLLOUT:4)
0:00:00.020195140  2475 0xb93370 DEBUG   structure gststructure.c:2258:gst_structure_parse_field: trying field name 'author'
0:00:00.015446767  2476 0x1f7a320 DEBUG   GST_POLL gstpoll.c:979:gst_poll_fd_ctl_write: 0x1f829c0: fd (fd:0, idx:1), active : 1
0:00:00.020201669  2475 0xb93370 DEBUG   default gstvalue.c:2776:_priv_gst_value_parse_value: trying type name 'string'
0:00:00.015452974  2476 0x1f7a320 LOG   GST_POLL gstpoll.c:994:gst_poll_fd_ctl_write: 0x1f829c0: pfd->events now 60 (POLLOUT:4)
0:00:00.020208799  2475 0xb93370 DEBUG   GST_REGISTRY gstregistrychunks.c:627:gst_registry_chunks_load_feature: Element factory : npadtemplates=1
0:00:00.015459349  2476 0x1f7a320 DEBUG   GST_POLL gstpoll.c:979:gst_poll_fd_ctl_write: 0x1f829c0: fd (fd:0, idx:1), active : 1
0:00:00.020215128  2475 0xb93370 DEBUG   GST_REGISTRY gstregistrychunks.c:526:gst_registry_chunks_load_pad_template: Reading/casting for GstRegistryChunkPadTemplate at address 0xbafb40
0:00:00.015466140  2476 0x1f7a320 LOG   GST_POLL gstpoll.c:994:gst_poll_fd_ctl_write: 0x1f829c0: pfd->events now 60 (POLLOUT:4)
0:00:00.020221484  2475 0xb93370 DEBUG   GST_REGISTRY gstregistrychunks.c:540:gst_registry_chunks_load_pad_template: Added pad_template src
0:00:00.015472783  2476 0x1f7a320 DEBUG   GST_POLL gstpoll.c:979:gst_poll_fd_ctl_write: 0x1f829c0: fd (fd:0, idx:1), active : 1
0:00:00.020228783  2475 0xb93370 DEBUG   GST_REGISTRY gstregistrychunks.c:640:gst_registry_chunks_load_feature: Reading 1 UriTypes at address 0xbafb50
0:00:00.015478977  2476 0x1f7a320 LOG   GST_POLL gstpoll.c:994:gst_poll_fd_ctl_write: 0x1f829c0: pfd->events now 60 (POLLOUT:4)
0:00:00.020235945  2475 0xb93370 DEBUG   GST_REGISTRY gstregistrychunks.c:655:gst_registry_chunks_load_feature: Reading 1 Interfaces at address 0xbafb59
0:00:00.015486351  2476 0x1f7a320 DEBUG   GST_POLL gstpoll.c:979:gst_poll_fd_ctl_write: 0x1f829c0: fd (fd:0, idx:1), active : 1
0:00:00.020244394  2475 0xb93370 DEBUG   GST_REGISTRY gstregistry.c:589:gst_registry_add_feature: adding feature 0xbb2dd0 (filesrc)
0:00:00.015493535  2476 0x1f7a320 LOG   GST_POLL gstpoll.c:994:gst_poll_fd_ctl_write: 0x1f829c0: pfd->events now 60 (POLLOUT:4)
0:00:00.020251143  2475 0xb93370 DEBUG   GST_REFCOUNTING gstobject.c:708:gst_object_set_parent: set parent (ref and sink)
0:00:00.015520841  2476 0x1f7a320 DEBUG   GST_POLL gstpoll.c:979:gst_poll_fd_ctl_write: 0x1f829c0: fd (fd:0, idx:1), active : 1
0:00:00.020278729  2475 0xb93370 TRACE   GST_REFCOUNTING gstobject.c:292:gst_object_ref_sink: 0xbb2dd0 ref_sink 1->2
0:00:00.015533985  2476 0x1f7a320 LOG   GST_POLL gstpoll.c:994:gst_poll_fd_ctl_write: 0x1f829c0: pfd->events now 60 (POLLOUT:4)
0:00:00.020289191  2475 0xb93370 LOG   GST_REGISTRY gstregistry.c:607:gst_registry_add_feature: emitting feature-added for filesrc
0:00:00.015550557  2476 0x1f7a320 DEBUG   GST_POLL gstpoll.c:979:gst_poll_fd_ctl_write: 0x1f829c0: fd (fd:0, idx:1), active : 1
0:00:00.020305732  2475 0xb93370 DEBUG   GST_REGISTRY gstregistrychunks.c:741:gst_registry_chunks_load_feature: Added feature filesrc, plugin 0xbae780 coreelements
0:00:00.015562775  2476 0x1f7a320 LOG   GST_POLL gstpoll.c:994:gst_poll_fd_ctl_write: 0x1f829c0: pfd->events now 60 (POLLOUT:4)
0:00:00.020318015  2475 0xb93370 DEBUG   GST_REGISTRY gstregistrychunks.c:583:gst_registry_chunks_load_feature: Plugin 'coreelements' feature 'fdsink' typename : 'GstElementFactory'
0:00:00.015575665  2476 0x1f7a320 DEBUG   GST_POLL gstpoll.c:979:gst_poll_fd_ctl_write: 0x1f829c0: fd (fd:0, idx:1), active : 1
0:00:00.020329023  2475 0xb93370 TRACE   GST_REFCOUNTING gstobject.c:208:gst_object_init: 0xbb3600 new
0:00:00.015587188  2476 0x1f7a320 LOG   GST_POLL gstpoll.c:994:gst_poll_fd_ctl_write: 0x1f829c0: pfd->events now 60 (POLLOUT:4)
0:00:00.020341249  2475 0xb93370 LOG   GST_REGISTRY gstregistrychunks.c:610:gst_registry_chunks_load_feature: Reading/casting for GstRegistryChunkElementFactory at address 0xbafb80
0:00:00.015596983  2476 0x1f7a320 DEBUG   GST_POLL gstpoll.c:979:gst_poll_fd_ctl_write: 0x1f829c0: fd (fd:0, idx:1), active : 1
0:00:00.020350729  2475 0xb93370 TRACE   structure gststructure.c:292:gst_structure_new_id_empty_with_size: created structure 0xbb3850
0:00:00.015603409  2476 0x1f7a320 LOG   GST_POLL gstpoll.c:994:gst_poll_fd_ctl_write: 0x1f829c0: pfd->events now 60 (POLLOUT:4)
0:00:00.020357540  2475 0xb93370 DEBUG   structure gststructure.c:2258:gst_structure_parse_field: trying field name 'long-name'
0:00:00.020365035  2475 0xb93370 DEBUG   default gstvalue.c:2776:_priv_gst_value_parse_value: trying type name 'string'
0:00:00.015614128  2476 0x1f7a320 DEBUG   GST_POLL gstpoll.c:979:gst_poll_fd_ctl_write: 0x1f829c0: fd (fd:0, idx:1), active : 1
0:00:00.020371960  2475 0xb93370 DEBUG   structure gststructure.c:2258:gst_structure_parse_field: trying field name 'klass'
0:00:00.015622066  2476 0x1f7a320 LOG   GST_POLL gstpoll.c:994:gst_poll_fd_ctl_write: 0x1f829c0: pfd->events now 60 (POLLOUT:4)
0:00:00.020377983  2475 0xb93370 DEBUG   default gstvalue.c:2776:_priv_gst_value_parse_value: trying type name 'string'
0:00:00.015629499  2476 0x1f7a320 DEBUG   GST_POLL gstpoll.c:979:gst_poll_fd_ctl_write: 0x1f829c0: fd (fd:0, idx:1), active : 1
0:00:00.020384748  2475 0xb93370 DEBUG   structure gststructure.c:2258:gst_structure_parse_field: trying field name 'description'
0:00:00.015642854  2476 0x1f7a320 LOG   GST_POLL gstpoll.c:994:gst_poll_fd_ctl_write: 0x1f829c0: pfd->events now 60 (POLLOUT:4)
0:00:00.020396821  2475 0xb93370 DEBUG   default gstvalue.c:2776:_priv_gst_value_parse_value: trying type name 'string'
0:00:00.015650164  2476 0x1f7a320 DEBUG   GST_POLL gstpoll.c:979:gst_poll_fd_ctl_write: 0x1f829c0: fd (fd:0, idx:1), active : 1
0:00:00.020404260  2475 0xb93370 DEBUG   structure gststructure.c:2258:gst_structure_parse_field: trying field name 'author'
0:00:00.015656136  2476 0x1f7a320 LOG   GST_POLL gstpoll.c:994:gst_poll_fd_ctl_write: 0x1f829c0: pfd->events now 60 (POLLOUT:4)
0:00:00.020410309  2475 0xb93370 DEBUG   default gstvalue.c:2776:_priv_gst_value_parse_value: trying type name 'string'
0:00:00.015662791  2476 0x1f7a320 DEBUG   GST_POLL gstpoll.c:979:gst_poll_fd_ctl_write: 0x1f829c0: fd (fd:0, idx:1), active : 1
0:00:00.020417287  2475 0xb93370 DEBUG   GST_REGISTRY gstregistrychunks.c:627:gst_registry_chunks_load_feature: Element factory : npadtemplates=1
0:00:00.015668882  2476 0x1f7a320 LOG   GST_POLL gstpoll.c:994:gst_poll_fd_ctl_write: 0x1f829c0: pfd->events now 60 (POLLOUT:4)
0:00:00.020423746  2475 0xb93370 DEBUG   GST_REGISTRY gstregistrychunks.c:526:gst_registry_chunks_load_pad_template: Reading/casting for GstRegistryChunkPadTemplate at address 0xbafc60
0:00:00.015675744  2476 0x1f7a320 DEBUG   GST_POLL gstpoll.c:979:gst_poll_fd_ctl_write: 0x1f829c0: fd (fd:0, idx:1), active : 1
0:00:00.020430323  2475 0xb93370 DEBUG   GST_REGISTRY gstregistrychunks.c:540:gst_registry_chunks_load_pad_template: Added pad_template sink
0:00:00.015681864  2476 0x1f7a320 LOG   GST_POLL gstpoll.c:994:gst_poll_fd_ctl_write: 0x1f829c0: pfd->events now 60 (POLLOUT:4)
0:00:00.020437265  2475 0xb93370 DEBUG   GST_REGISTRY gstregistrychunks.c:640:gst_registry_chunks_load_feature: Reading 1 UriTypes at address 0xbafc71
0:00:00.015688300  2476 0x1f7a320 DEBUG   GST_POLL gstpoll.c:979:gst_poll_fd_ctl_write: 0x1f829c0: fd (fd:0, idx:1), active : 1
0:00:00.020444488  2475 0xb93370 DEBUG   GST_REGISTRY gstregistrychunks.c:655:gst_registry_chunks_load_feature: Reading 1 Interfaces at address 0xbafc7f
0:00:00.015694584  2476 0x1f7a320 LOG   GST_POLL gstpoll.c:994:gst_poll_fd_ctl_write: 0x1f829c0: pfd->events now 60 (POLLOUT:4)
0:00:00.020452652  2475 0xb93370 DEBUG   GST_REGISTRY gstregistry.c:589:gst_registry_add_feature: adding feature 0xbb3600 (fdsink)
0:00:00.015702207  2476 0x1f7a320 DEBUG   GST_POLL gstpoll.c:979:gst_poll_fd_ctl_write: 0x1f829c0: fd (fd:0, idx:1), active : 1
0:00:00.020459706  2475 0xb93370 DEBUG   GST_REFCOUNTING gstobject.c:708:gst_object_set_parent: set parent (ref and sink)
0:00:00.015710114  2476 0x1f7a320 LOG   GST_POLL gstpoll.c:994:gst_poll_fd_ctl_write: 0x1f829c0: pfd->events now 60 (POLLOUT:4)
0:00:00.020467631  2475 0xb93370 TRACE   GST_REFCOUNTING gstobject.c:292:gst_object_ref_sink: 0xbb3600 ref_sink 1->2
0:00:00.015722677  2476 0x1f7a320 DEBUG   GST_POLL gstpoll.c:979:gst_poll_fd_ctl_write: 0x1f829c0: fd (fd:0, idx:1), active : 1
0:00:00.020476554  2475 0xb93370 LOG   GST_REGISTRY gstregistry.c:607:gst_registry_add_feature: emitting feature-added for fdsink
0:00:00.015734589  2476 0x1f7a320 LOG   GST_POLL gstpoll.c:994:gst_poll_fd_ctl_write: 0x1f829c0: pfd->events now 60 (POLLOUT:4)
0:00:00.020489189  2475 0xb93370 DEBUG   GST_REGISTRY gstregistrychunks.c:741:gst_registry_chunks_load_feature: Added feature fdsink, plugin 0xbae780 coreelements
0:00:00.015741559  2476 0x1f7a320 DEBUG   GST_POLL gstpoll.c:979:gst_poll_fd_ctl_write: 0x1f829c0: fd (fd:0, idx:1), active : 1
0:00:00.020496519  2475 0xb93370 DEBUG   GST_REGISTRY gstregistrychunks.c:583:gst_registry_chunks_load_feature: Plugin 'coreelements' feature 'fdsrc' typename : 'GstElementFactory'
0:00:00.015747803  2476 0x1f7a320 LOG   GST_POLL gstpoll.c:994:gst_poll_fd_ctl_write: 0x1f829c0: pfd->events now 60 (POLLOUT:4)
0:00:00.020504855  2475 0xb93370 TRACE   GST_REFCOUNTING gstobject.c:208:gst_object_init: 0xbb3980 new
0:00:00.015754239  2476 0x1f7a320 DEBUG   GST_POLL gstpoll.c:979:gst_poll_fd_ctl_write: 0x1f829c0: fd (fd:0, idx:1), active : 1
0:00:00.020513484  2475 0xb93370 LOG   GST_REGISTRY gstregistrychunks.c:610:gst_registry_chunks_load_feature: Reading/casting for GstRegistryChunkElementFactory at address 0xbafca8
0:00:00.015763608  2476 0x1f7a320 LOG   GST_POLL gstpoll.c:994:gst_poll_fd_ctl_write: 0x1f829c0: pfd->events now 60 (POLLOUT:4)
0:00:00.020521167  2475 0xb93370 TRACE   structure gststructure.c:292:gst_structure_new_id_empty_with_size: created structure 0xbb3bd0
0:00:00.015772304  2476 0x1f7a320 DEBUG   GST_POLL gstpoll.c:979:gst_poll_fd_ctl_write: 0x1f829c0: fd (fd:0, idx:1), active : 1
0:00:00.020527895  2475 0xb93370 DEBUG   structure gststructure.c:2258:gst_structure_parse_field: trying field name 'long-name'
0:00:00.015778891  2476 0x1f7a320 LOG   GST_POLL gstpoll.c:994:gst_poll_fd_ctl_write: 0x1f829c0: pfd->events now 60 (POLLOUT:4)
0:00:00.020534296  2475 0xb93370 DEBUG   default gstvalue.c:2776:_priv_gst_value_parse_value: trying type name 'string'
0:00:00.015785568  2476 0x1f7a320 DEBUG   GST_POLL gstpoll.c:979:gst_poll_fd_ctl_write: 0x1f829c0: fd (fd:0, idx:1), active : 1
0:00:00.020540966  2475 0xb93370 DEBUG   structure gststructure.c:2258:gst_structure_parse_field: trying field name 'klass'
0:00:00.015791654  2476 0x1f7a320 LOG   GST_POLL gstpoll.c:994:gst_poll_fd_ctl_write: 0x1f829c0: pfd->events now 60 (POLLOUT:4)
0:00:00.020547040  2475 0xb93370 DEBUG   default gstvalue.c:2776:_priv_gst_value_parse_value: trying type name 'string'
0:00:00.015798771  2476 0x1f7a320 DEBUG   GST_POLL gstpoll.c:979:gst_poll_fd_ctl_write: 0x1f829c0: fd (fd:0, idx:1), active : 1
0:00:00.020553811  2475 0xb93370 DEBUG   structure gststructure.c:2258:gst_structure_parse_field: trying field name 'description'
0:00:00.015814016  2476 0x1f7a320 LOG   GST_POLL gstpoll.c:994:gst_poll_fd_ctl_write: 0x1f829c0: pfd->events now 60 (POLLOUT:4)
0:00:00.020567864  2475 0xb93370 DEBUG   default gstvalue.c:2776:_priv_gst_value_parse_value: trying type name 'string'
0:00:00.015821452  2476 0x1f7a320 DEBUG   GST_POLL gstpoll.c:979:gst_poll_fd_ctl_write: 0x1f829c0: fd (fd:0, idx:1), active : 1
0:00:00.020574841  2475 0xb93370 DEBUG   structure gststructure.c:2258:gst_structure_parse_field: trying field name 'author'
0:00:00.015827369  2476 0x1f7a320 LOG   GST_POLL gstpoll.c:994:gst_poll_fd_ctl_write: 0x1f829c0: pfd->events now 60 (POLLOUT:4)
0:00:00.020580885  2475 0xb93370 DEBUG   default gstvalue.c:2776:_priv_gst_value_parse_value: trying type name 'string'
0:00:00.015833822  2476 0x1f7a320 DEBUG   GST_POLL gstpoll.c:979:gst_poll_fd_ctl_write: 0x1f829c0: fd (fd:0, idx:1), active : 1
0:00:00.020588164  2475 0xb93370 DEBUG   GST_REGISTRY gstregistrychunks.c:627:gst_registry_chunks_load_feature: Element factory : npadtemplates=1
0:00:00.015839963  2476 0x1f7a320 LOG   GST_POLL gstpoll.c:994:gst_poll_fd_ctl_write: 0x1f829c0: pfd->events now 60 (POLLOUT:4)
0:00:00.020594575  2475 0xb93370 DEBUG   GST_REGISTRY gstregistrychunks.c:526:gst_registry_chunks_load_pad_template: Reading/casting for GstRegistryChunkPadTemplate at address 0xbafd88
0:00:00.015846708  2476 0x1f7a320 DEBUG   GST_POLL gstpoll.c:979:gst_poll_fd_ctl_write: 0x1f829c0: fd (fd:0, idx:1), active : 1
0:00:00.020600950  2475 0xb93370 DEBUG   GST_REGISTRY gstregistrychunks.c:540:gst_registry_chunks_load_pad_template: Added pad_template src
0:00:00.015853091  2476 0x1f7a320 LOG   GST_POLL gstpoll.c:994:gst_poll_fd_ctl_write: 0x1f829c0: pfd->events now 60 (POLLOUT:4)
0:00:00.020607905  2475 0xb93370 DEBUG   GST_REGISTRY gstregistrychunks.c:640:gst_registry_chunks_load_feature: Reading 1 UriTypes at address 0xbafd98
0:00:00.015859995  2476 0x1f7a320 DEBUG   GST_POLL gstpoll.c:979:gst_poll_fd_ctl_write: 0x1f829c0: fd (fd:0, idx:1), active : 1
0:00:00.020614854  2475 0xb93370 DEBUG   GST_REGISTRY gstregistrychunks.c:655:gst_registry_chunks_load_feature: Reading 1 Interfaces at address 0xbafd9f
0:00:00.015866699  2476 0x1f7a320 LOG   GST_POLL gstpoll.c:994:gst_poll_fd_ctl_write: 0x1f829c0: pfd->events now 60 (POLLOUT:4)
0:00:00.015873423  2476 0x1f7a320 DEBUG   GST_POLL gstpoll.c:979:gst_poll_fd_ctl_write: 0x1f829c0: fd (fd:0, idx:1), active : 1
0:00:00.020628212  2475 0xb93370 DEBUG   GST_REGISTRY gstregistry.c:589:gst_registry_add_feature: adding feature 0xbb3980 (fdsrc)
0:00:00.015879289  2476 0x1f7a320 LOG   GST_POLL gstpoll.c:994:gst_poll_fd_ctl_write: 0x1f829c0: pfd->events now 60 (POLLOUT:4)
0:00:00.020635023  2475 0xb93370 DEBUG   GST_REFCOUNTING gstobject.c:708:gst_object_set_parent: set parent (ref and sink)
0:00:00.015886247  2476 0x1f7a320 DEBUG   GST_POLL gstpoll.c:979:gst_poll_fd_ctl_write: 0x1f829c0: fd (fd:0, idx:1), active : 1
0:00:00.020643136  2475 0xb93370 TRACE   GST_REFCOUNTING gstobject.c:292:gst_object_ref_sink: 0xbb3980 ref_sink 1->2
0:00:00.015898422  2476 0x1f7a320 LOG   GST_POLL gstpoll.c:994:gst_poll_fd_ctl_write: 0x1f829c0: pfd->events now 60 (POLLOUT:4)
0:00:00.020652763  2475 0xb93370 LOG   GST_REGISTRY gstregistry.c:607:gst_registry_add_feature: emitting feature-added for fdsrc
0:00:00.015904717  2476 0x1f7a320 DEBUG   GST_POLL gstpoll.c:979:gst_poll_fd_ctl_write: 0x1f829c0: fd (fd:0, idx:1), active : 1
0:00:00.020659866  2475 0xb93370 DEBUG   GST_REGISTRY gstregistrychunks.c:741:gst_registry_chunks_load_feature: Added feature fdsrc, plugin 0xbae780 coreelements
0:00:00.015910847  2476 0x1f7a320 LOG   GST_POLL gstpoll.c:994:gst_poll_fd_ctl_write: 0x1f829c0: pfd->events now 60 (POLLOUT:4)
0:00:00.020667215  2475 0xb93370 DEBUG   GST_REGISTRY gstregistrychunks.c:583:gst_registry_chunks_load_feature: Plugin 'coreelements' feature 'fakesink' typename : 'GstElementFactory'
0:00:00.015917783  2476 0x1f7a320 DEBUG   GST_POLL gstpoll.c:979:gst_poll_fd_ctl_write: 0x1f829c0: fd (fd:0, idx:1), active : 1
0:00:00.020675638  2475 0xb93370 TRACE   GST_REFCOUNTING gstobject.c:208:gst_object_init: 0xbb32c0 new
0:00:00.015925112  2476 0x1f7a320 LOG   GST_POLL gstpoll.c:994:gst_poll_fd_ctl_write: 0x1f829c0: pfd->events now 60 (POLLOUT:4)
0:00:00.020683923  2475 0xb93370 LOG   GST_REGISTRY gstregistrychunks.c:610:gst_registry_chunks_load_feature: Reading/casting for GstRegistryChunkElementFactory at address 0xbafdc8
0:00:00.015934162  2476 0x1f7a320 DEBUG   GST_POLL gstpoll.c:979:gst_poll_fd_ctl_write: 0x1f829c0: fd (fd:0, idx:1), active : 1
0:00:00.020691075  2475 0xb93370 TRACE   structure gststructure.c:292:gst_structure_new_id_empty_with_size: created structure 0xbb41a0
0:00:00.015941266  2476 0x1f7a320 LOG   GST_POLL gstpoll.c:994:gst_poll_fd_ctl_write: 0x1f829c0: pfd->events now 60 (POLLOUT:4)
0:00:00.020697604  2475 0xb93370 DEBUG   structure gststructure.c:2258:gst_structure_parse_field: trying field name 'long-name'
0:00:00.015948908  2476 0x1f7a320 DEBUG   GST_POLL gstpoll.c:979:gst_poll_fd_ctl_write: 0x1f829c0: fd (fd:0, idx:1), active : 1
0:00:00.020703630  2475 0xb93370 DEBUG   default gstvalue.c:2776:_priv_gst_value_parse_value: trying type name 'string'
0:00:00.015955407  2476 0x1f7a320 LOG   GST_POLL gstpoll.c:994:gst_poll_fd_ctl_write: 0x1f829c0: pfd->events now 60 (POLLOUT:4)
0:00:00.015961832  2476 0x1f7a320 DEBUG   GST_POLL gstpoll.c:979:gst_poll_fd_ctl_write: 0x1f829c0: fd (fd:0, idx:1), active : 1
0:00:00.020717893  2475 0xb93370 DEBUG   structure gststructure.c:2258:gst_structure_parse_field: trying field name 'klass'
0:00:00.015967435  2476 0x1f7a320 LOG   GST_POLL gstpoll.c:994:gst_poll_fd_ctl_write: 0x1f829c0: pfd->events now 60 (POLLOUT:4)
0:00:00.020724546  2475 0xb93370 DEBUG   default gstvalue.c:2776:_priv_gst_value_parse_value: trying type name 'string'
0:00:00.015976239  2476 0x1f7a320 DEBUG   GST_POLL gstpoll.c:979:gst_poll_fd_ctl_write: 0x1f829c0: fd (fd:0, idx:1), active : 1
0:00:00.020744695  2475 0xb93370 DEBUG   structure gststructure.c:2258:gst_structure_parse_field: trying field name 'description'
0:00:00.015995938  2476 0x1f7a320 LOG   GST_POLL gstpoll.c:994:gst_poll_fd_ctl_write: 0x1f829c0: pfd->events now 60 (POLLOUT:4)
0:00:00.020751000  2475 0xb93370 DEBUG   default gstvalue.c:2776:_priv_gst_value_parse_value: trying type name 'string'
0:00:00.016002197  2476 0x1f7a320 DEBUG   GST_POLL gstpoll.c:979:gst_poll_fd_ctl_write: 0x1f829c0: fd (fd:0, idx:1), active : 1
0:00:00.020757821  2475 0xb93370 DEBUG   structure gststructure.c:2258:gst_structure_parse_field: trying field name 'author'
0:00:00.016008344  2476 0x1f7a320 LOG   GST_POLL gstpoll.c:994:gst_poll_fd_ctl_write: 0x1f829c0: pfd->events now 60 (POLLOUT:4)
0:00:00.020764075  2475 0xb93370 DEBUG   default gstvalue.c:2776:_priv_gst_value_parse_value: trying type name 'string'
0:00:00.016015561  2476 0x1f7a320 DEBUG   GST_POLL gstpoll.c:979:gst_poll_fd_ctl_write: 0x1f829c0: fd (fd:0, idx:1), active : 1
0:00:00.020772496  2475 0xb93370 DEBUG   GST_REGISTRY gstregistrychunks.c:627:gst_registry_chunks_load_feature: Element factory : npadtemplates=1
0:00:00.016021815  2476 0x1f7a320 LOG   GST_POLL gstpoll.c:994:gst_poll_fd_ctl_write: 0x1f829c0: pfd->events now 60 (POLLOUT:4)
0:00:00.020779033  2475 0xb93370 DEBUG   GST_REGISTRY gstregistrychunks.c:526:gst_registry_chunks_load_pad_template: Reading/casting for GstRegistryChunkPadTemplate at address 0xbafef0
0:00:00.016030256  2476 0x1f7a320 DEBUG   GST_POLL gstpoll.c:979:gst_poll_fd_ctl_write: 0x1f829c0: fd (fd:0, idx:1), active : 1
0:00:00.020785876  2475 0xb93370 DEBUG   GST_REGISTRY gstregistrychunks.c:540:gst_registry_chunks_load_pad_template: Added pad_template sink
0:00:00.016036914  2476 0x1f7a320 LOG   GST_POLL gstpoll.c:994:gst_poll_fd_ctl_write: 0x1f829c0: pfd->events now 60 (POLLOUT:4)
0:00:00.020793819  2475 0xb93370 DEBUG   GST_REGISTRY gstregistry.c:589:gst_registry_add_feature: adding feature 0xbb32c0 (fakesink)
0:00:00.016043037  2476 0x1f7a320 DEBUG   GST_POLL gstpoll.c:979:gst_poll_fd_ctl_write: 0x1f829c0: fd (fd:0, idx:1), active : 1
0:00:00.020800566  2475 0xb93370 DEBUG   GST_REFCOUNTING gstobject.c:708:gst_object_set_parent: set parent (ref and sink)
0:00:00.016051635  2476 0x1f7a320 LOG   GST_POLL gstpoll.c:994:gst_poll_fd_ctl_write: 0x1f829c0: pfd->events now 60 (POLLOUT:4)
0:00:00.020808873  2475 0xb93370 TRACE   GST_REFCOUNTING gstobject.c:292:gst_object_ref_sink: 0xbb32c0 ref_sink 1->2
0:00:00.016058780  2476 0x1f7a320 DEBUG   GST_POLL gstpoll.c:979:gst_poll_fd_ctl_write: 0x1f829c0: fd (fd:0, idx:1), active : 1
0:00:00.020816830  2475 0xb93370 LOG   GST_REGISTRY gstregistry.c:607:gst_registry_add_feature: emitting feature-added for fakesink
0:00:00.016066964  2476 0x1f7a320 LOG   GST_POLL gstpoll.c:994:gst_poll_fd_ctl_write: 0x1f829c0: pfd->events now 60 (POLLOUT:4)
0:00:00.020824129  2475 0xb93370 DEBUG   GST_REGISTRY gstregistrychunks.c:741:gst_registry_chunks_load_feature: Added feature fakesink, plugin 0xbae780 coreelements
0:00:00.016079911  2476 0x1f7a320 DEBUG   GST_POLL gstpoll.c:979:gst_poll_fd_ctl_write: 0x1f829c0: fd (fd:0, idx:1), active : 1
0:00:00.020834654  2475 0xb93370 DEBUG   GST_REGISTRY gstregistrychunks.c:583:gst_registry_chunks_load_feature: Plugin 'coreelements' feature 'fakesrc' typename : 'GstElementFactory'
0:00:00.016086131  2476 0x1f7a320 LOG   GST_POLL gstpoll.c:994:gst_poll_fd_ctl_write: 0x1f829c0: pfd->events now 60 (POLLOUT:4)
0:00:00.020843003  2475 0xb93370 TRACE   GST_REFCOUNTING gstobject.c:208:gst_object_init: 0xbb3e30 new
0:00:00.016092425  2476 0x1f7a320 DEBUG   GST_POLL gstpoll.c:979:gst_poll_fd_ctl_write: 0x1f829c0: fd (fd:0, idx:1), active : 1
0:00:00.020851156  2475 0xb93370 LOG   GST_REGISTRY gstregistrychunks.c:610:gst_registry_chunks_load_feature: Reading/casting for GstRegistryChunkElementFactory at address 0xbaff20
0:00:00.016101367  2476 0x1f7a320 LOG   GST_POLL gstpoll.c:994:gst_poll_fd_ctl_write: 0x1f829c0: pfd->events now 60 (POLLOUT:4)
0:00:00.020858430  2475 0xb93370 TRACE   structure gststructure.c:292:gst_structure_new_id_empty_with_size: created structure 0xbb44f0
0:00:00.020864707  2475 0xb93370 DEBUG   structure gststructure.c:2258:gst_structure_parse_field: trying field name 'long-name'
0:00:00.016109120  2476 0x1f7a320 DEBUG   GST_POLL gstpoll.c:979:gst_poll_fd_ctl_write: 0x1f829c0: fd (fd:0, idx:1), active : 1
0:00:00.020870558  2475 0xb93370 DEBUG   default gstvalue.c:2776:_priv_gst_value_parse_value: trying type name 'string'
0:00:00.016124673  2476 0x1f7a320 LOG   GST_POLL gstpoll.c:994:gst_poll_fd_ctl_write: 0x1f829c0: pfd->events now 60 (POLLOUT:4)
0:00:00.020878766  2475 0xb93370 DEBUG   structure gststructure.c:2258:gst_structure_parse_field: trying field name 'klass'
0:00:00.016131059  2476 0x1f7a320 DEBUG   GST_POLL gstpoll.c:979:gst_poll_fd_ctl_write: 0x1f829c0: fd (fd:0, idx:1), active : 1
0:00:00.020884962  2475 0xb93370 DEBUG   default gstvalue.c:2776:_priv_gst_value_parse_value: trying type name 'string'
0:00:00.016136937  2476 0x1f7a320 LOG   GST_POLL gstpoll.c:994:gst_poll_fd_ctl_write: 0x1f829c0: pfd->events now 60 (POLLOUT:4)
0:00:00.020891790  2475 0xb93370 DEBUG   structure gststructure.c:2258:gst_structure_parse_field: trying field name 'description'
0:00:00.016143574  2476 0x1f7a320 DEBUG   GST_POLL gstpoll.c:979:gst_poll_fd_ctl_write: 0x1f829c0: fd (fd:0, idx:1), active : 1
0:00:00.020898116  2475 0xb93370 DEBUG   default gstvalue.c:2776:_priv_gst_value_parse_value: trying type name 'string'
0:00:00.016149854  2476 0x1f7a320 LOG   GST_POLL gstpoll.c:994:gst_poll_fd_ctl_write: 0x1f829c0: pfd->events now 60 (POLLOUT:4)
0:00:00.020905693  2475 0xb93370 DEBUG   structure gststructure.c:2258:gst_structure_parse_field: trying field name 'author'
0:00:00.016156014  2476 0x1f7a320 DEBUG   GST_POLL gstpoll.c:979:gst_poll_fd_ctl_write: 0x1f829c0: fd (fd:0, idx:1), active : 1
0:00:00.020918344  2475 0xb93370 DEBUG   default gstvalue.c:2776:_priv_gst_value_parse_value: trying type name 'string'
0:00:00.016169415  2476 0x1f7a320 LOG   GST_POLL gstpoll.c:994:gst_poll_fd_ctl_write: 0x1f829c0: pfd->events now 60 (POLLOUT:4)
0:00:00.020926359  2475 0xb93370 DEBUG   GST_REGISTRY gstregistrychunks.c:627:gst_registry_chunks_load_feature: Element factory : npadtemplates=1
0:00:00.016176483  2476 0x1f7a320 DEBUG   GST_POLL gstpoll.c:979:gst_poll_fd_ctl_write: 0x1f829c0: fd (fd:0, idx:1), active : 1
0:00:00.020933307  2475 0xb93370 DEBUG   GST_REGISTRY gstregistrychunks.c:526:gst_registry_chunks_load_pad_template: Reading/casting for GstRegistryChunkPadTemplate at address 0xbb0020
0:00:00.016184289  2476 0x1f7a320 LOG   GST_POLL gstpoll.c:994:gst_poll_fd_ctl_write: 0x1f829c0: pfd->events now 60 (POLLOUT:4)
0:00:00.020940054  2475 0xb93370 DEBUG   GST_REGISTRY gstregistrychunks.c:540:gst_registry_chunks_load_pad_template: Added pad_template src
0:00:00.016191374  2476 0x1f7a320 DEBUG   GST_POLL gstpoll.c:979:gst_poll_fd_ctl_write: 0x1f829c0: fd (fd:0, idx:1), active : 1
0:00:00.020948305  2475 0xb93370 DEBUG   GST_REGISTRY gstregistry.c:589:gst_registry_add_feature: adding feature 0xbb3e30 (fakesrc)
0:00:00.016198085  2476 0x1f7a320 LOG   GST_POLL gstpoll.c:994:gst_poll_fd_ctl_write: 0x1f829c0: pfd->events now 60 (POLLOUT:4)
0:00:00.020954992  2475 0xb93370 DEBUG   GST_REFCOUNTING gstobject.c:708:gst_object_set_parent: set parent (ref and sink)
0:00:00.016206088  2476 0x1f7a320 DEBUG   GST_POLL gstpoll.c:979:gst_poll_fd_ctl_write: 0x1f829c0: fd (fd:0, idx:1), active : 1
0:00:00.020963416  2475 0xb93370 TRACE   GST_REFCOUNTING gstobject.c:292:gst_object_ref_sink: 0xbb3e30 ref_sink 1->2
0:00:00.016213228  2476 0x1f7a320 LOG   GST_POLL gstpoll.c:994:gst_poll_fd_ctl_write: 0x1f829c0: pfd->events now 60 (POLLOUT:4)
0:00:00.020970998  2475 0xb93370 LOG   GST_REGISTRY gstregistry.c:607:gst_registry_add_feature: emitting feature-added for fakesrc
0:00:00.016221842  2476 0x1f7a320 DEBUG   GST_POLL gstpoll.c:979:gst_poll_fd_ctl_write: 0x1f829c0: fd (fd:0, idx:1), active : 1
0:00:00.020978604  2475 0xb93370 DEBUG   GST_REGISTRY gstregistrychunks.c:741:gst_registry_chunks_load_feature: Added feature fakesrc, plugin 0xbae780 coreelements
0:00:00.016228912  2476 0x1f7a320 LOG   GST_POLL gstpoll.c:994:gst_poll_fd_ctl_write: 0x1f829c0: pfd->events now 60 (POLLOUT:4)
0:00:00.020985927  2475 0xb93370 DEBUG   GST_REGISTRY gstregistrychunks.c:583:gst_registry_chunks_load_feature: Plugin 'coreelements' feature 'downloadbuffer' typename : 'GstElementFactory'
0:00:00.016236292  2476 0x1f7a320 DEBUG   GST_POLL gstpoll.c:979:gst_poll_fd_ctl_write: 0x1f829c0: fd (fd:0, idx:1), active : 1
0:00:00.020993999  2475 0xb93370 TRACE   GST_REFCOUNTING gstobject.c:208:gst_object_init: 0xbb4750 new
0:00:00.016243643  2476 0x1f7a320 LOG   GST_POLL gstpoll.c:994:gst_poll_fd_ctl_write: 0x1f829c0: pfd->events now 60 (POLLOUT:4)
0:00:00.021001854  2475 0xb93370 LOG   GST_REGISTRY gstregistrychunks.c:610:gst_registry_chunks_load_feature: Reading/casting for GstRegistryChunkElementFactory at address 0xbb0058
0:00:00.016258366  2476 0x1f7a320 DEBUG   GST_POLL gstpoll.c:979:gst_poll_fd_ctl_write: 0x1f829c0: fd (fd:0, idx:1), active : 1
0:00:00.021012513  2475 0xb93370 TRACE   structure gststructure.c:292:gst_structure_new_id_empty_with_size: created structure 0xbb4900
0:00:00.016264484  2476 0x1f7a320 LOG   GST_POLL gstpoll.c:994:gst_poll_fd_ctl_write: 0x1f829c0: pfd->events now 60 (POLLOUT:4)
0:00:00.021018795  2475 0xb93370 DEBUG   structure gststructure.c:2258:gst_structure_parse_field: trying field name 'long-name'
0:00:00.016270928  2476 0x1f7a320 DEBUG   GST_POLL gstpoll.c:979:gst_poll_fd_ctl_write: 0x1f829c0: fd (fd:0, idx:1), active : 1
0:00:00.021025344  2475 0xb93370 DEBUG   default gstvalue.c:2776:_priv_gst_value_parse_value: trying type name 'string'
0:00:00.016277039  2476 0x1f7a320 LOG   GST_POLL gstpoll.c:994:gst_poll_fd_ctl_write: 0x1f829c0: pfd->events now 60 (POLLOUT:4)
0:00:00.021032531  2475 0xb93370 DEBUG   structure gststructure.c:2258:gst_structure_parse_field: trying field name 'klass'
0:00:00.016284380  2476 0x1f7a320 LOG   GST_PLUGIN_LOADING gstpluginloader.c:644:put_chunk: Expanding tx buf from 13209 to 17023 for chunk of size 229
0:00:00.021038624  2475 0xb93370 DEBUG   default gstvalue.c:2776:_priv_gst_value_parse_value: trying type name 'string'
0:00:00.021046304  2475 0xb93370 DEBUG   structure gststructure.c:2258:gst_structure_parse_field: trying field name 'description'
0:00:00.016299255  2476 0x1f7a320 DEBUG   GST_POLL gstpoll.c:979:gst_poll_fd_ctl_write: 0x1f829c0: fd (fd:0, idx:1), active : 1
0:00:00.021051776  2475 0xb93370 DEBUG   default gstvalue.c:2776:_priv_gst_value_parse_value: trying type name 'string'
0:00:00.016305765  2476 0x1f7a320 LOG   GST_POLL gstpoll.c:994:gst_poll_fd_ctl_write: 0x1f829c0: pfd->events now 60 (POLLOUT:4)
0:00:00.021059627  2475 0xb93370 DEBUG   structure gststructure.c:2258:gst_structure_parse_field: trying field name 'author'
0:00:00.016312580  2476 0x1f7a320 DEBUG   GST_POLL gstpoll.c:979:gst_poll_fd_ctl_write: 0x1f829c0: fd (fd:0, idx:1), active : 1
0:00:00.021065719  2475 0xb93370 DEBUG   default gstvalue.c:2776:_priv_gst_value_parse_value: trying type name 'string'
0:00:00.016318775  2476 0x1f7a320 LOG   GST_POLL gstpoll.c:994:gst_poll_fd_ctl_write: 0x1f829c0: pfd->events now 60 (POLLOUT:4)
0:00:00.021073077  2475 0xb93370 DEBUG   GST_REGISTRY gstregistrychunks.c:627:gst_registry_chunks_load_feature: Element factory : npadtemplates=2
0:00:00.016325153  2476 0x1f7a320 DEBUG   GST_POLL gstpoll.c:979:gst_poll_fd_ctl_write: 0x1f829c0: fd (fd:0, idx:1), active : 1
0:00:00.021079429  2475 0xb93370 DEBUG   GST_REGISTRY gstregistrychunks.c:526:gst_registry_chunks_load_pad_template: Reading/casting for GstRegistryChunkPadTemplate at address 0xbb0120
0:00:00.016331569  2476 0x1f7a320 LOG   GST_POLL gstpoll.c:994:gst_poll_fd_ctl_write: 0x1f829c0: pfd->events now 60 (POLLOUT:4)
0:00:00.021091881  2475 0xb93370 DEBUG   GST_REGISTRY gstregistrychunks.c:540:gst_registry_chunks_load_pad_template: Added pad_template sink
0:00:00.016343261  2476 0x1f7a320 DEBUG   GST_POLL gstpoll.c:979:gst_poll_fd_ctl_write: 0x1f829c0: fd (fd:0, idx:1), active : 1
0:00:00.021098426  2475 0xb93370 DEBUG   GST_REGISTRY gstregistrychunks.c:526:gst_registry_chunks_load_pad_template: Reading/casting for GstRegistryChunkPadTemplate at address 0xbb0138
0:00:00.016349672  2476 0x1f7a320 LOG   GST_POLL gstpoll.c:994:gst_poll_fd_ctl_write: 0x1f829c0: pfd->events now 60 (POLLOUT:4)
0:00:00.021105270  2475 0xb93370 DEBUG   GST_REGISTRY gstregistrychunks.c:540:gst_registry_chunks_load_pad_template: Added pad_template src
0:00:00.016356608  2476 0x1f7a320 DEBUG   GST_POLL gstpoll.c:979:gst_poll_fd_ctl_write: 0x1f829c0: fd (fd:0, idx:1), active : 1
0:00:00.021113402  2475 0xb93370 DEBUG   GST_REGISTRY gstregistry.c:589:gst_registry_add_feature: adding feature 0xbb4750 (downloadbuffer)
0:00:00.016362799  2476 0x1f7a320 LOG   GST_POLL gstpoll.c:994:gst_poll_fd_ctl_write: 0x1f829c0: pfd->events now 60 (POLLOUT:4)
0:00:00.021120220  2475 0xb93370 DEBUG   GST_REFCOUNTING gstobject.c:708:gst_object_set_parent: set parent (ref and sink)
0:00:00.016371798  2476 0x1f7a320 DEBUG   GST_POLL gstpoll.c:979:gst_poll_fd_ctl_write: 0x1f829c0: fd (fd:0, idx:1), active : 1
0:00:00.021128527  2475 0xb93370 TRACE   GST_REFCOUNTING gstobject.c:292:gst_object_ref_sink: 0xbb4750 ref_sink 1->2
0:00:00.016378242  2476 0x1f7a320 LOG   GST_POLL gstpoll.c:994:gst_poll_fd_ctl_write: 0x1f829c0: pfd->events now 60 (POLLOUT:4)
0:00:00.021136318  2475 0xb93370 LOG   GST_REGISTRY gstregistry.c:607:gst_registry_add_feature: emitting feature-added for downloadbuffer
0:00:00.016387457  2476 0x1f7a320 DEBUG   GST_POLL gstpoll.c:979:gst_poll_fd_ctl_write: 0x1f829c0: fd (fd:0, idx:1), active : 1
0:00:00.021143945  2475 0xb93370 DEBUG   GST_REGISTRY gstregistrychunks.c:741:gst_registry_chunks_load_feature: Added feature downloadbuffer, plugin 0xbae780 coreelements
0:00:00.016393723  2476 0x1f7a320 LOG   GST_POLL gstpoll.c:994:gst_poll_fd_ctl_write: 0x1f829c0: pfd->events now 60 (POLLOUT:4)
0:00:00.021152270  2475 0xb93370 DEBUG   GST_REGISTRY gstregistrychunks.c:583:gst_registry_chunks_load_feature: Plugin 'coreelements' feature 'dataurisrc' typename : 'GstElementFactory'
0:00:00.016402285  2476 0x1f7a320 DEBUG   GST_POLL gstpoll.c:979:gst_poll_fd_ctl_write: 0x1f829c0: fd (fd:0, idx:1), active : 1
0:00:00.021160359  2475 0xb93370 TRACE   GST_REFCOUNTING gstobject.c:208:gst_object_init: 0xbb4090 new
0:00:00.016409957  2476 0x1f7a320 LOG   GST_POLL gstpoll.c:994:gst_poll_fd_ctl_write: 0x1f829c0: pfd->events now 60 (POLLOUT:4)
0:00:00.021169527  2475 0xb93370 LOG   GST_REGISTRY gstregistrychunks.c:610:gst_registry_chunks_load_feature: Reading/casting for GstRegistryChunkElementFactory at address 0xbb0168
0:00:00.016419427  2476 0x1f7a320 DEBUG   GST_POLL gstpoll.c:979:gst_poll_fd_ctl_write: 0x1f829c0: fd (fd:0, idx:1), active : 1
0:00:00.016433195  2476 0x1f7a320 LOG   GST_POLL gstpoll.c:994:gst_poll_fd_ctl_write: 0x1f829c0: pfd->events now 60 (POLLOUT:4)
0:00:00.021186476  2475 0xb93370 TRACE   structure gststructure.c:292:gst_structure_new_id_empty_with_size: created structure 0xbb4e30
0:00:00.016439905  2476 0x1f7a320 DEBUG   GST_POLL gstpoll.c:979:gst_poll_fd_ctl_write: 0x1f829c0: fd (fd:0, idx:1), active : 1
0:00:00.021193665  2475 0xb93370 DEBUG   structure gststructure.c:2258:gst_structure_parse_field: trying field name 'long-name'
0:00:00.016446246  2476 0x1f7a320 LOG   GST_POLL gstpoll.c:994:gst_poll_fd_ctl_write: 0x1f829c0: pfd->events now 60 (POLLOUT:4)
0:00:00.021199978  2475 0xb93370 DEBUG   default gstvalue.c:2776:_priv_gst_value_parse_value: trying type name 'string'
0:00:00.016453078  2476 0x1f7a320 DEBUG   GST_POLL gstpoll.c:979:gst_poll_fd_ctl_write: 0x1f829c0: fd (fd:0, idx:1), active : 1
0:00:00.021207293  2475 0xb93370 DEBUG   structure gststructure.c:2258:gst_structure_parse_field: trying field name 'klass'
0:00:00.016459340  2476 0x1f7a320 LOG   GST_POLL gstpoll.c:994:gst_poll_fd_ctl_write: 0x1f829c0: pfd->events now 60 (POLLOUT:4)
0:00:00.021213364  2475 0xb93370 DEBUG   default gstvalue.c:2776:_priv_gst_value_parse_value: trying type name 'string'
0:00:00.016465662  2476 0x1f7a320 DEBUG   GST_POLL gstpoll.c:979:gst_poll_fd_ctl_write: 0x1f829c0: fd (fd:0, idx:1), active : 1
0:00:00.021219970  2475 0xb93370 DEBUG   structure gststructure.c:2258:gst_structure_parse_field: trying field name 'description'
0:00:00.016472133  2476 0x1f7a320 LOG   GST_POLL gstpoll.c:994:gst_poll_fd_ctl_write: 0x1f829c0: pfd->events now 60 (POLLOUT:4)
0:00:00.021226134  2475 0xb93370 DEBUG   default gstvalue.c:2776:_priv_gst_value_parse_value: trying type name 'string'
0:00:00.016478586  2476 0x1f7a320 DEBUG   GST_POLL gstpoll.c:979:gst_poll_fd_ctl_write: 0x1f829c0: fd (fd:0, idx:1), active : 1
0:00:00.021233015  2475 0xb93370 DEBUG   structure gststructure.c:2258:gst_structure_parse_field: trying field name 'author'
0:00:00.016484882  2476 0x1f7a320 LOG   GST_POLL gstpoll.c:994:gst_poll_fd_ctl_write: 0x1f829c0: pfd->events now 60 (POLLOUT:4)
0:00:00.021239329  2475 0xb93370 DEBUG   default gstvalue.c:2776:_priv_gst_value_parse_value: trying type name 'string'
0:00:00.016491346  2476 0x1f7a320 DEBUG   GST_POLL gstpoll.c:979:gst_poll_fd_ctl_write: 0x1f829c0: fd (fd:0, idx:1), active : 1
0:00:00.021247199  2475 0xb93370 DEBUG   GST_REGISTRY gstregistrychunks.c:627:gst_registry_chunks_load_feature: Element factory : npadtemplates=1
0:00:00.016497597  2476 0x1f7a320 LOG   GST_POLL gstpoll.c:994:gst_poll_fd_ctl_write: 0x1f829c0: pfd->events now 60 (POLLOUT:4)
0:00:00.021253946  2475 0xb93370 DEBUG   GST_REGISTRY gstregistrychunks.c:526:gst_registry_chunks_load_pad_template: Reading/casting for GstRegistryChunkPadTemplate at address 0xbb0280
0:00:00.016505680  2476 0x1f7a320 DEBUG   GST_POLL gstpoll.c:979:gst_poll_fd_ctl_write: 0x1f829c0: fd (fd:0, idx:1), active : 1
0:00:00.016544341  2476 0x1f7a320 LOG   GST_POLL gstpoll.c:994:gst_poll_fd_ctl_write: 0x1f829c0: pfd->events now 60 (POLLOUT:4)
0:00:00.021294217  2475 0xb93370 DEBUG   GST_REGISTRY gstregistrychunks.c:540:gst_registry_chunks_load_pad_template: Added pad_template src
0:00:00.016551285  2476 0x1f7a320 DEBUG   GST_POLL gstpoll.c:979:gst_poll_fd_ctl_write: 0x1f829c0: fd (fd:0, idx:1), active : 1
0:00:00.016558146  2476 0x1f7a320 LOG   GST_POLL gstpoll.c:994:gst_poll_fd_ctl_write: 0x1f829c0: pfd->events now 60 (POLLOUT:4)
0:00:00.021308151  2475 0xb93370 DEBUG   GST_REGISTRY gstregistrychunks.c:640:gst_registry_chunks_load_feature: Reading 1 UriTypes at address 0xbb0290
0:00:00.016564055  2476 0x1f7a320 DEBUG   GST_POLL gstpoll.c:979:gst_poll_fd_ctl_write: 0x1f829c0: fd (fd:0, idx:1), active : 1
