0:00:00.016599445  2751 0x5622b6758360 TRACE   GST_REFCOUNTING gstobject.c:237:gst_object_ref: 0x5622b67881c0 ref 1->2
0:00:00.021844440  2750 0x5637aa37e360 DEBUG   GST_POLL gstpoll.c:1266:gst_poll_fd_can_read_unlocked: 0x5637aa3a3920: fd (fd:8, idx:2) 1
0:00:00.016607585  2751 0x5622b6758360 TRACE   GST_REFCOUNTING gstobject.c:237:gst_object_ref: 0x5622b67862c0 ref 1->2
0:00:00.021854341  2750 0x5637aa37e360 LOG   GST_PLUGIN_LOADING gstpluginloader.c:984:read_one: Expanding rx buf from 1040 to 7384
0:00:00.016617994  2751 0x5622b6758360 TRACE   GST_REFCOUNTING gstobject.c:237:gst_object_ref: 0x5622b6785480 ref 1->2
0:00:00.016625563  2751 0x5622b6758360 TRACE   GST_REFCOUNTING gstobject.c:237:gst_object_ref: 0x5622b67846f0 ref 1->2
0:00:00.016632807  2751 0x5622b6758360 TRACE   GST_REFCOUNTING gstobject.c:237:gst_object_ref: 0x5622b6782950 ref 1->2
0:00:00.021880561  2750 0x5637aa37e360 DEBUG   GST_PLUGIN_LOADING gstpluginloader.c:847:handle_rx_packet: Received plugin details from child w/ tag 1. 6860 bytes info
0:00:00.016641183  2751 0x5622b6758360 DEBUG   GST_REGISTRY gstregistrychunks.c:265:gst_registry_chunks_save_feature: saved 0 interfaces 0 pad templates
0:00:00.021888686  2750 0x5637aa37e360 LOG   GST_REGISTRY gstregistrychunks.c:837:_priv_gst_registry_chunks_load_plugin: Reading/casting for GstRegistryChunkPluginElement at address 0x5637aa3a4b30
0:00:00.016659559  2751 0x5622b6758360 DEBUG   GST_REGISTRY gstregistrychunks.c:265:gst_registry_chunks_save_feature: saved 0 interfaces 0 pad templates
0:00:00.021900239  2750 0x5637aa37e360 TRACE   GST_REFCOUNTING gstobject.c:208:gst_object_init: 0x5637aa3a3cc0 new
0:00:00.016670889  2751 0x5622b6758360 DEBUG   GST_REGISTRY gstregistrychunks.c:265:gst_registry_chunks_save_feature: saved 0 interfaces 0 pad templates
0:00:00.016682629  2751 0x5622b6758360 DEBUG   GST_REGISTRY gstregistrychunks.c:265:gst_registry_chunks_save_feature: saved 1 interfaces 0 pad templates
0:00:00.021926276  2750 0x5637aa37e360 LOG   GST_REGISTRY gstregistrychunks.c:859:_priv_gst_registry_chunks_load_plugin: read strings for name='coreelements'
0:00:00.016689722  2751 0x5622b6758360 DEBUG   GST_REGISTRY gstregistrychunks.c:285:gst_registry_chunks_save_feature: Saved 1 UriTypes
0:00:00.021933492  2750 0x5637aa37e360 LOG   GST_REGISTRY gstregistrychunks.c:860:_priv_gst_registry_chunks_load_plugin: desc.description='GStreamer core elements'
0:00:00.021941780  2750 0x5637aa37e360 LOG   GST_REGISTRY gstregistrychunks.c:861:_priv_gst_registry_chunks_load_plugin: filename='/home/conan/w/prod/BuildSingleReference/.conan/data/gstreamer/1.19.2/_/_/package/272fbcd9d24b96d15fa29c90965666ae8e9f2d35/lib/gstreamer-1.0/libgstcoreelements.so'
0:00:00.016705057  2751 0x5622b6758360 DEBUG   GST_REGISTRY gstregistrychunks.c:265:gst_registry_chunks_save_feature: saved 0 interfaces 0 pad templates
0:00:00.021950434  2750 0x5637aa37e360 LOG   GST_REGISTRY gstregistrychunks.c:862:_priv_gst_registry_chunks_load_plugin: desc.version='1.19.2'
0:00:00.016715815  2751 0x5622b6758360 DEBUG   GST_REGISTRY gstregistrychunks.c:265:gst_registry_chunks_save_feature: saved 0 interfaces 0 pad templates
0:00:00.021957320  2750 0x5637aa37e360 LOG   GST_REGISTRY gstregistrychunks.c:863:_priv_gst_registry_chunks_load_plugin: desc.license='LGPL'
0:00:00.021965601  2750 0x5637aa37e360 LOG   GST_REGISTRY gstregistrychunks.c:864:_priv_gst_registry_chunks_load_plugin: desc.source='gstreamer'
0:00:00.016727354  2751 0x5622b6758360 DEBUG   GST_REGISTRY gstregistrychunks.c:265:gst_registry_chunks_save_feature: saved 0 interfaces 0 pad templates
0:00:00.021971463  2750 0x5637aa37e360 LOG   GST_REGISTRY gstregistrychunks.c:865:_priv_gst_registry_chunks_load_plugin: desc.package='GStreamer source release'
0:00:00.021980593  2750 0x5637aa37e360 LOG   GST_REGISTRY gstregistrychunks.c:866:_priv_gst_registry_chunks_load_plugin: desc.origin='Unknown package origin'
0:00:00.016739299  2751 0x5622b6758360 DEBUG   GST_REGISTRY gstregistrychunks.c:265:gst_registry_chunks_save_feature: saved 1 interfaces 0 pad templates
0:00:00.021986575  2750 0x5637aa37e360 LOG   GST_REGISTRY gstregistrychunks.c:867:_priv_gst_registry_chunks_load_plugin: desc.datetime=2021-09-23
0:00:00.016750209  2751 0x5622b6758360 DEBUG   GST_REGISTRY gstregistrychunks.c:285:gst_registry_chunks_save_feature: Saved 1 UriTypes
0:00:00.021996421  2750 0x5637aa37e360 DEBUG   GST_REGISTRY gstregistry.c:473:gst_registry_add_plugin: adding plugin 0x5637aa3a3cc0 for filename "/home/conan/w/prod/BuildSingleReference/.conan/data/gstreamer/1.19.2/_/_/package/272fbcd9d24b96d15fa29c90965666ae8e9f2d35/lib/gstreamer-1.0/libgstcoreelements.so"
0:00:00.022005568  2750 0x5637aa37e360 TRACE   GST_REFCOUNTING gstobject.c:292:gst_object_ref_sink: 0x5637aa3a3cc0 ref_sink 1->2
0:00:00.016761629  2751 0x5622b6758360 DEBUG   GST_REGISTRY gstregistrychunks.c:265:gst_registry_chunks_save_feature: saved 1 interfaces 0 pad templates
0:00:00.022022021  2750 0x5637aa37e360 LOG   GST_REGISTRY gstregistry.c:486:gst_registry_add_plugin: emitting plugin-added for filename "/home/conan/w/prod/BuildSingleReference/.conan/data/gstreamer/1.19.2/_/_/package/272fbcd9d24b96d15fa29c90965666ae8e9f2d35/lib/gstreamer-1.0/libgstcoreelements.so"
0:00:00.016782176  2751 0x5622b6758360 DEBUG   GST_REGISTRY gstregistrychunks.c:285:gst_registry_chunks_save_feature: Saved 1 UriTypes
0:00:00.022030467  2750 0x5637aa37e360 DEBUG   GST_REGISTRY gstregistrychunks.c:887:_priv_gst_registry_chunks_load_plugin: Added plugin 'coreelements' plugin with 22 features from binary registry
0:00:00.022038662  2750 0x5637aa37e360 DEBUG   GST_REGISTRY gstregistrychunks.c:583:gst_registry_chunks_load_feature: Plugin 'coreelements' feature 'streamiddemux' typename : 'GstElementFactory'
0:00:00.016800630  2751 0x5622b6758360 DEBUG   GST_REGISTRY gstregistrychunks.c:265:gst_registry_chunks_save_feature: saved 1 interfaces 0 pad templates
0:00:00.016808542  2751 0x5622b6758360 DEBUG   GST_REGISTRY gstregistrychunks.c:285:gst_registry_chunks_save_feature: Saved 1 UriTypes
0:00:00.022050956  2750 0x5637aa37e360 TRACE   GST_REFCOUNTING gstobject.c:208:gst_object_init: 0x5637aa3a4890 new
0:00:00.016818686  2751 0x5622b6758360 DEBUG   GST_REGISTRY gstregistrychunks.c:265:gst_registry_chunks_save_feature: saved 0 interfaces 0 pad templates
0:00:00.022063228  2750 0x5637aa37e360 LOG   GST_REGISTRY gstregistrychunks.c:610:gst_registry_chunks_load_feature: Reading/casting for GstRegistryChunkElementFactory at address 0x5637aa3a4c88
0:00:00.022073869  2750 0x5637aa37e360 TRACE   structure gststructure.c:292:gst_structure_new_id_empty_with_size: created structure 0x5637aa3a3f60
0:00:00.016830362  2751 0x5622b6758360 DEBUG   GST_REGISTRY gstregistrychunks.c:265:gst_registry_chunks_save_feature: saved 0 interfaces 0 pad templates
0:00:00.022085324  2750 0x5637aa37e360 DEBUG   structure gststructure.c:2258:gst_structure_parse_field: trying field name 'long-name'
0:00:00.016851891  2751 0x5622b6758360 DEBUG   GST_REGISTRY gstregistrychunks.c:265:gst_registry_chunks_save_feature: saved 0 interfaces 0 pad templates
0:00:00.022101719  2750 0x5637aa37e360 DEBUG   default gstvalue.c:2776:_priv_gst_value_parse_value: trying type name 'string'
0:00:00.016864520  2751 0x5622b6758360 DEBUG   GST_REGISTRY gstregistrychunks.c:265:gst_registry_chunks_save_feature: saved 0 interfaces 0 pad templates
0:00:00.016875235  2751 0x5622b6758360 DEBUG   GST_REGISTRY gstregistrychunks.c:265:gst_registry_chunks_save_feature: saved 0 interfaces 0 pad templates
0:00:00.022116778  2750 0x5637aa37e360 DEBUG   structure gststructure.c:2258:gst_structure_parse_field: trying field name 'klass'
0:00:00.022124605  2750 0x5637aa37e360 DEBUG   default gstvalue.c:2776:_priv_gst_value_parse_value: trying type name 'string'
0:00:00.016884554  2751 0x5622b6758360 DEBUG   GST_REGISTRY gstregistrychunks.c:265:gst_registry_chunks_save_feature: saved 0 interfaces 0 pad templates
0:00:00.022134298  2750 0x5637aa37e360 DEBUG   structure gststructure.c:2258:gst_structure_parse_field: trying field name 'description'
0:00:00.022143463  2750 0x5637aa37e360 DEBUG   default gstvalue.c:2776:_priv_gst_value_parse_value: trying type name 'string'
0:00:00.022151701  2750 0x5637aa37e360 DEBUG   structure gststructure.c:2258:gst_structure_parse_field: trying field name 'author'
0:00:00.016906496  2751 0x5622b6758360 DEBUG   GST_REGISTRY gstregistrychunks.c:265:gst_registry_chunks_save_feature: saved 1 interfaces 0 pad templates
0:00:00.022157740  2750 0x5637aa37e360 DEBUG   default gstvalue.c:2776:_priv_gst_value_parse_value: trying type name 'string'
0:00:00.016921061  2751 0x5622b6758360 DEBUG   GST_REGISTRY gstregistrychunks.c:285:gst_registry_chunks_save_feature: Saved 1 UriTypes
0:00:00.022168088  2750 0x5637aa37e360 DEBUG   GST_REGISTRY gstregistrychunks.c:627:gst_registry_chunks_load_feature: Element factory : npadtemplates=2
0:00:00.016931606  2751 0x5622b6758360 DEBUG   GST_REGISTRY gstregistrychunks.c:265:gst_registry_chunks_save_feature: saved 0 interfaces 0 pad templates
0:00:00.022176116  2750 0x5637aa37e360 DEBUG   GST_REGISTRY gstregistrychunks.c:526:gst_registry_chunks_load_pad_template: Reading/casting for GstRegistryChunkPadTemplate at address 0x5637aa3a4d60
0:00:00.022184953  2750 0x5637aa37e360 DEBUG   GST_REGISTRY gstregistrychunks.c:540:gst_registry_chunks_load_pad_template: Added pad_template src_%u
0:00:00.016945602  2751 0x5622b6758360 DEBUG   GST_REGISTRY gstregistrychunks.c:265:gst_registry_chunks_save_feature: saved 0 interfaces 0 pad templates
0:00:00.022190848  2750 0x5637aa37e360 DEBUG   GST_REGISTRY gstregistrychunks.c:526:gst_registry_chunks_load_pad_template: Reading/casting for GstRegistryChunkPadTemplate at address 0x5637aa3a4d78
0:00:00.016957192  2751 0x5622b6758360 DEBUG   GST_REGISTRY gstregistrychunks.c:265:gst_registry_chunks_save_feature: saved 0 interfaces 0 pad templates
0:00:00.022200331  2750 0x5637aa37e360 DEBUG   GST_REGISTRY gstregistrychunks.c:540:gst_registry_chunks_load_pad_template: Added pad_template sink
0:00:00.016967590  2751 0x5622b6758360 DEBUG   GST_REGISTRY gstregistrychunks.c:265:gst_registry_chunks_save_feature: saved 0 interfaces 0 pad templates
0:00:00.022210700  2750 0x5637aa37e360 DEBUG   GST_REGISTRY gstregistry.c:589:gst_registry_add_feature: adding feature 0x5637aa3a4890 (streamiddemux)
0:00:00.022217866  2750 0x5637aa37e360 DEBUG   GST_REFCOUNTING gstobject.c:708:gst_object_set_parent: set parent (ref and sink)
0:00:00.016978999  2751 0x5622b6758360 DEBUG   GST_REGISTRY gstregistrychunks.c:265:gst_registry_chunks_save_feature: saved 0 interfaces 0 pad templates
0:00:00.022225968  2750 0x5637aa37e360 TRACE   GST_REFCOUNTING gstobject.c:292:gst_object_ref_sink: 0x5637aa3a4890 ref_sink 1->2
0:00:00.022236413  2750 0x5637aa37e360 LOG   GST_REGISTRY gstregistry.c:607:gst_registry_add_feature: emitting feature-added for streamiddemux
0:00:00.016998807  2751 0x5622b6758360 TRACE   GST_REFCOUNTING gstobject.c:264:gst_object_unref: 0x5622b6782950 unref 2->1
0:00:00.022245729  2750 0x5637aa37e360 DEBUG   GST_REGISTRY gstregistrychunks.c:741:gst_registry_chunks_load_feature: Added feature streamiddemux, plugin 0x5637aa3a3cc0 coreelements
0:00:00.017014653  2751 0x5622b6758360 TRACE   GST_REFCOUNTING gstobject.c:264:gst_object_unref: 0x5622b67846f0 unref 2->1
0:00:00.022257040  2750 0x5637aa37e360 DEBUG   GST_REGISTRY gstregistrychunks.c:583:gst_registry_chunks_load_feature: Plugin 'coreelements' feature 'valve' typename : 'GstElementFactory'
0:00:00.017023384  2751 0x5622b6758360 TRACE   GST_REFCOUNTING gstobject.c:264:gst_object_unref: 0x5622b6785480 unref 2->1
0:00:00.022268511  2750 0x5637aa37e360 TRACE   GST_REFCOUNTING gstobject.c:208:gst_object_init: 0x5637aa3a69b0 new
0:00:00.017031065  2751 0x5622b6758360 TRACE   GST_REFCOUNTING gstobject.c:264:gst_object_unref: 0x5622b67862c0 unref 2->1
0:00:00.022282715  2750 0x5637aa37e360 LOG   GST_REGISTRY gstregistrychunks.c:610:gst_registry_chunks_load_feature: Reading/casting for GstRegistryChunkElementFactory at address 0x5637aa3a4da8
0:00:00.017047782  2751 0x5622b6758360 TRACE   GST_REFCOUNTING gstobject.c:264:gst_object_unref: 0x5622b67881c0 unref 2->1
0:00:00.022291560  2750 0x5637aa37e360 TRACE   structure gststructure.c:292:gst_structure_new_id_empty_with_size: created structure 0x5637aa3a6be0
0:00:00.017055604  2751 0x5622b6758360 TRACE   GST_REFCOUNTING gstobject.c:264:gst_object_unref: 0x5622b6789290 unref 2->1
0:00:00.022298629  2750 0x5637aa37e360 DEBUG   structure gststructure.c:2258:gst_structure_parse_field: trying field name 'long-name'
0:00:00.017063158  2751 0x5622b6758360 TRACE   GST_REFCOUNTING gstobject.c:264:gst_object_unref: 0x5622b678af30 unref 2->1
0:00:00.022305609  2750 0x5637aa37e360 DEBUG   default gstvalue.c:2776:_priv_gst_value_parse_value: trying type name 'string'
0:00:00.017070608  2751 0x5622b6758360 TRACE   GST_REFCOUNTING gstobject.c:264:gst_object_unref: 0x5622b678d550 unref 2->1
0:00:00.022316697  2750 0x5637aa37e360 DEBUG   structure gststructure.c:2258:gst_structure_parse_field: trying field name 'klass'
0:00:00.017081046  2751 0x5622b6758360 TRACE   GST_REFCOUNTING gstobject.c:264:gst_object_unref: 0x5622b678fc00 unref 2->1
0:00:00.022324528  2750 0x5637aa37e360 DEBUG   default gstvalue.c:2776:_priv_gst_value_parse_value: trying type name 'string'
0:00:00.017088900  2751 0x5622b6758360 TRACE   GST_REFCOUNTING gstobject.c:264:gst_object_unref: 0x5622b67909c0 unref 2->1
0:00:00.022332844  2750 0x5637aa37e360 DEBUG   structure gststructure.c:2258:gst_structure_parse_field: trying field name 'description'
0:00:00.017096447  2751 0x5622b6758360 TRACE   GST_REFCOUNTING gstobject.c:264:gst_object_unref: 0x5622b6791690 unref 2->1
0:00:00.022339352  2750 0x5637aa37e360 DEBUG   default gstvalue.c:2776:_priv_gst_value_parse_value: trying type name 'string'
0:00:00.017103628  2751 0x5622b6758360 TRACE   GST_REFCOUNTING gstobject.c:264:gst_object_unref: 0x5622b6792370 unref 2->1
0:00:00.022349954  2750 0x5637aa37e360 DEBUG   structure gststructure.c:2258:gst_structure_parse_field: trying field name 'author'
0:00:00.017113964  2751 0x5622b6758360 TRACE   GST_REFCOUNTING gstobject.c:264:gst_object_unref: 0x5622b67938b0 unref 2->1
0:00:00.022363910  2750 0x5637aa37e360 DEBUG   default gstvalue.c:2776:_priv_gst_value_parse_value: trying type name 'string'
0:00:00.017126054  2751 0x5622b6758360 TRACE   GST_REFCOUNTING gstobject.c:264:gst_object_unref: 0x5622b6794af0 unref 2->1
0:00:00.022372836  2750 0x5637aa37e360 DEBUG   GST_REGISTRY gstregistrychunks.c:627:gst_registry_chunks_load_feature: Element factory : npadtemplates=2
0:00:00.017133955  2751 0x5622b6758360 TRACE   GST_REFCOUNTING gstobject.c:264:gst_object_unref: 0x5622b6795c30 unref 2->1
0:00:00.022379808  2750 0x5637aa37e360 DEBUG   GST_REGISTRY gstregistrychunks.c:526:gst_registry_chunks_load_pad_template: Reading/casting for GstRegistryChunkPadTemplate at address 0x5637aa3a4e98
0:00:00.017141729  2751 0x5622b6758360 TRACE   GST_REFCOUNTING gstobject.c:264:gst_object_unref: 0x5622b6797eb0 unref 2->1
0:00:00.022388563  2750 0x5637aa37e360 DEBUG   GST_REGISTRY gstregistrychunks.c:540:gst_registry_chunks_load_pad_template: Added pad_template sink
0:00:00.017152469  2751 0x5622b6758360 TRACE   GST_REFCOUNTING gstobject.c:264:gst_object_unref: 0x5622b6799750 unref 2->1
0:00:00.022396350  2750 0x5637aa37e360 DEBUG   GST_REGISTRY gstregistrychunks.c:526:gst_registry_chunks_load_pad_template: Reading/casting for GstRegistryChunkPadTemplate at address 0x5637aa3a4eb0
0:00:00.017160435  2751 0x5622b6758360 TRACE   GST_REFCOUNTING gstobject.c:264:gst_object_unref: 0x5622b679abd0 unref 2->1
0:00:00.022404248  2750 0x5637aa37e360 DEBUG   GST_REGISTRY gstregistrychunks.c:540:gst_registry_chunks_load_pad_template: Added pad_template src
0:00:00.017167928  2751 0x5622b6758360 TRACE   GST_REFCOUNTING gstobject.c:264:gst_object_unref: 0x5622b679bfb0 unref 2->1
0:00:00.022413670  2750 0x5637aa37e360 DEBUG   GST_REGISTRY gstregistry.c:589:gst_registry_add_feature: adding feature 0x5637aa3a69b0 (valve)
0:00:00.017175901  2751 0x5622b6758360 TRACE   GST_REFCOUNTING gstobject.c:264:gst_object_unref: 0x5622b679cfb0 unref 2->1
0:00:00.017186338  2751 0x5622b6758360 TRACE   GST_REFCOUNTING gstobject.c:264:gst_object_unref: 0x5622b679e960 unref 2->1
0:00:00.022422882  2750 0x5637aa37e360 DEBUG   GST_REFCOUNTING gstobject.c:708:gst_object_set_parent: set parent (ref and sink)
0:00:00.017193643  2751 0x5622b6758360 TRACE   GST_REFCOUNTING gstobject.c:264:gst_object_unref: 0x5622b679fb20 unref 2->1
0:00:00.017203818  2751 0x5622b6758360 DEBUG   GST_REGISTRY gstregistrychunks.c:498:_priv_gst_registry_chunks_save_plugin: Found 22 features in plugin 0x5622b67822f0 (coreelements)
0:00:00.022441060  2750 0x5637aa37e360 TRACE   GST_REFCOUNTING gstobject.c:292:gst_object_ref_sink: 0x5637aa3a69b0 ref_sink 1->2
0:00:00.017211466  2751 0x5622b6758360 DEBUG   GST_POLL gstpoll.c:979:gst_poll_fd_ctl_write: 0x5622b677cd30: fd (fd:0, idx:1), active : 1
0:00:00.022454756  2750 0x5637aa37e360 LOG   GST_REGISTRY gstregistry.c:607:gst_registry_add_feature: emitting feature-added for valve
0:00:00.017221846  2751 0x5622b6758360 LOG   GST_POLL gstpoll.c:994:gst_poll_fd_ctl_write: 0x5622b677cd30: pfd->events now 60 (POLLOUT:4)
0:00:00.022473521  2750 0x5637aa37e360 DEBUG   GST_REGISTRY gstregistrychunks.c:741:gst_registry_chunks_load_feature: Added feature valve, plugin 0x5637aa3a3cc0 coreelements
0:00:00.017249350  2751 0x5622b6758360 DEBUG   GST_POLL gstpoll.c:979:gst_poll_fd_ctl_write: 0x5622b677cd30: fd (fd:0, idx:1), active : 1
0:00:00.022497343  2750 0x5637aa37e360 DEBUG   GST_REGISTRY gstregistrychunks.c:583:gst_registry_chunks_load_feature: Plugin 'coreelements' feature 'multiqueue' typename : 'GstElementFactory'
0:00:00.017260266  2751 0x5622b6758360 LOG   GST_POLL gstpoll.c:994:gst_poll_fd_ctl_write: 0x5622b677cd30: pfd->events now 60 (POLLOUT:4)
0:00:00.022507796  2750 0x5637aa37e360 TRACE   GST_REFCOUNTING gstobject.c:208:gst_object_init: 0x5637aa3a6e30 new
0:00:00.017284226  2751 0x5622b6758360 DEBUG   GST_POLL gstpoll.c:979:gst_poll_fd_ctl_write: 0x5622b677cd30: fd (fd:0, idx:1), active : 1
0:00:00.022533184  2750 0x5637aa37e360 LOG   GST_REGISTRY gstregistrychunks.c:610:gst_registry_chunks_load_feature: Reading/casting for GstRegistryChunkElementFactory at address 0x5637aa3a4ee0
0:00:00.017293392  2751 0x5622b6758360 LOG   GST_POLL gstpoll.c:994:gst_poll_fd_ctl_write: 0x5622b677cd30: pfd->events now 60 (POLLOUT:4)
0:00:00.022542032  2750 0x5637aa37e360 TRACE   structure gststructure.c:292:gst_structure_new_id_empty_with_size: created structure 0x5637aa3a7060
0:00:00.017302715  2751 0x5622b6758360 DEBUG   GST_POLL gstpoll.c:979:gst_poll_fd_ctl_write: 0x5622b677cd30: fd (fd:0, idx:1), active : 1
0:00:00.022549789  2750 0x5637aa37e360 DEBUG   structure gststructure.c:2258:gst_structure_parse_field: trying field name 'long-name'
0:00:00.017310833  2751 0x5622b6758360 LOG   GST_POLL gstpoll.c:994:gst_poll_fd_ctl_write: 0x5622b677cd30: pfd->events now 60 (POLLOUT:4)
0:00:00.022559157  2750 0x5637aa37e360 DEBUG   default gstvalue.c:2776:_priv_gst_value_parse_value: trying type name 'string'
0:00:00.017321673  2751 0x5622b6758360 DEBUG   GST_POLL gstpoll.c:979:gst_poll_fd_ctl_write: 0x5622b677cd30: fd (fd:0, idx:1), active : 1
0:00:00.022568627  2750 0x5637aa37e360 DEBUG   structure gststructure.c:2258:gst_structure_parse_field: trying field name 'klass'
0:00:00.017328998  2751 0x5622b6758360 LOG   GST_POLL gstpoll.c:994:gst_poll_fd_ctl_write: 0x5622b677cd30: pfd->events now 60 (POLLOUT:4)
0:00:00.022575281  2750 0x5637aa37e360 DEBUG   default gstvalue.c:2776:_priv_gst_value_parse_value: trying type name 'string'
0:00:00.017337074  2751 0x5622b6758360 DEBUG   GST_POLL gstpoll.c:979:gst_poll_fd_ctl_write: 0x5622b677cd30: fd (fd:0, idx:1), active : 1
0:00:00.022582906  2750 0x5637aa37e360 DEBUG   structure gststructure.c:2258:gst_structure_parse_field: trying field name 'description'
0:00:00.017343724  2751 0x5622b6758360 LOG   GST_POLL gstpoll.c:994:gst_poll_fd_ctl_write: 0x5622b677cd30: pfd->events now 60 (POLLOUT:4)
0:00:00.022591754  2750 0x5637aa37e360 DEBUG   default gstvalue.c:2776:_priv_gst_value_parse_value: trying type name 'string'
0:00:00.017360013  2751 0x5622b6758360 DEBUG   GST_POLL gstpoll.c:979:gst_poll_fd_ctl_write: 0x5622b677cd30: fd (fd:0, idx:1), active : 1
0:00:00.022603937  2750 0x5637aa37e360 DEBUG   structure gststructure.c:2258:gst_structure_parse_field: trying field name 'author'
0:00:00.017367424  2751 0x5622b6758360 LOG   GST_POLL gstpoll.c:994:gst_poll_fd_ctl_write: 0x5622b677cd30: pfd->events now 60 (POLLOUT:4)
0:00:00.022610789  2750 0x5637aa37e360 DEBUG   default gstvalue.c:2776:_priv_gst_value_parse_value: trying type name 'string'
0:00:00.017374632  2751 0x5622b6758360 DEBUG   GST_POLL gstpoll.c:979:gst_poll_fd_ctl_write: 0x5622b677cd30: fd (fd:0, idx:1), active : 1
0:00:00.022618928  2750 0x5637aa37e360 DEBUG   GST_REGISTRY gstregistrychunks.c:627:gst_registry_chunks_load_feature: Element factory : npadtemplates=2
0:00:00.017381395  2751 0x5622b6758360 LOG   GST_POLL gstpoll.c:994:gst_poll_fd_ctl_write: 0x5622b677cd30: pfd->events now 60 (POLLOUT:4)
0:00:00.022627425  2750 0x5637aa37e360 DEBUG   GST_REGISTRY gstregistrychunks.c:526:gst_registry_chunks_load_pad_template: Reading/casting for GstRegistryChunkPadTemplate at address 0x5637aa3a4fa0
0:00:00.017391257  2751 0x5622b6758360 DEBUG   GST_POLL gstpoll.c:979:gst_poll_fd_ctl_write: 0x5622b677cd30: fd (fd:0, idx:1), active : 1
0:00:00.022635473  2750 0x5637aa37e360 DEBUG   GST_REGISTRY gstregistrychunks.c:540:gst_registry_chunks_load_pad_template: Added pad_template src_%u
0:00:00.017398494  2751 0x5622b6758360 LOG   GST_POLL gstpoll.c:994:gst_poll_fd_ctl_write: 0x5622b677cd30: pfd->events now 60 (POLLOUT:4)
0:00:00.022642018  2750 0x5637aa37e360 DEBUG   GST_REGISTRY gstregistrychunks.c:526:gst_registry_chunks_load_pad_template: Reading/casting for GstRegistryChunkPadTemplate at address 0x5637aa3a4fb8
0:00:00.017405551  2751 0x5622b6758360 DEBUG   GST_POLL gstpoll.c:979:gst_poll_fd_ctl_write: 0x5622b677cd30: fd (fd:0, idx:1), active : 1
0:00:00.022649029  2750 0x5637aa37e360 DEBUG   GST_REGISTRY gstregistrychunks.c:540:gst_registry_chunks_load_pad_template: Added pad_template sink_%u
0:00:00.017412234  2751 0x5622b6758360 LOG   GST_POLL gstpoll.c:994:gst_poll_fd_ctl_write: 0x5622b677cd30: pfd->events now 60 (POLLOUT:4)
0:00:00.022660473  2750 0x5637aa37e360 DEBUG   GST_REGISTRY gstregistry.c:589:gst_registry_add_feature: adding feature 0x5637aa3a6e30 (multiqueue)
0:00:00.017427741  2751 0x5622b6758360 DEBUG   GST_POLL gstpoll.c:979:gst_poll_fd_ctl_write: 0x5622b677cd30: fd (fd:0, idx:1), active : 1
0:00:00.022668589  2750 0x5637aa37e360 DEBUG   GST_REFCOUNTING gstobject.c:708:gst_object_set_parent: set parent (ref and sink)
0:00:00.017435559  2751 0x5622b6758360 LOG   GST_POLL gstpoll.c:994:gst_poll_fd_ctl_write: 0x5622b677cd30: pfd->events now 60 (POLLOUT:4)
0:00:00.022679904  2750 0x5637aa37e360 TRACE   GST_REFCOUNTING gstobject.c:292:gst_object_ref_sink: 0x5637aa3a6e30 ref_sink 1->2
0:00:00.017442785  2751 0x5622b6758360 DEBUG   GST_POLL gstpoll.c:979:gst_poll_fd_ctl_write: 0x5622b677cd30: fd (fd:0, idx:1), active : 1
0:00:00.022688152  2750 0x5637aa37e360 LOG   GST_REGISTRY gstregistry.c:607:gst_registry_add_feature: emitting feature-added for multiqueue
0:00:00.017459047  2751 0x5622b6758360 LOG   GST_POLL gstpoll.c:994:gst_poll_fd_ctl_write: 0x5622b677cd30: pfd->events now 60 (POLLOUT:4)
0:00:00.022703700  2750 0x5637aa37e360 DEBUG   GST_REGISTRY gstregistrychunks.c:741:gst_registry_chunks_load_feature: Added feature multiqueue, plugin 0x5637aa3a3cc0 coreelements
0:00:00.017467026  2751 0x5622b6758360 DEBUG   GST_POLL gstpoll.c:979:gst_poll_fd_ctl_write: 0x5622b677cd30: fd (fd:0, idx:1), active : 1
0:00:00.022712162  2750 0x5637aa37e360 DEBUG   GST_REGISTRY gstregistrychunks.c:583:gst_registry_chunks_load_feature: Plugin 'coreelements' feature 'typefind' typename : 'GstElementFactory'
0:00:00.017474104  2751 0x5622b6758360 LOG   GST_POLL gstpoll.c:994:gst_poll_fd_ctl_write: 0x5622b677cd30: pfd->events now 60 (POLLOUT:4)
0:00:00.017481171  2751 0x5622b6758360 DEBUG   GST_POLL gstpoll.c:979:gst_poll_fd_ctl_write: 0x5622b677cd30: fd (fd:0, idx:1), active : 1
0:00:00.022722484  2750 0x5637aa37e360 TRACE   GST_REFCOUNTING gstobject.c:208:gst_object_init: 0x5637aa3a7270 new
0:00:00.017489823  2751 0x5622b6758360 LOG   GST_POLL gstpoll.c:994:gst_poll_fd_ctl_write: 0x5622b677cd30: pfd->events now 60 (POLLOUT:4)
0:00:00.022733869  2750 0x5637aa37e360 LOG   GST_REGISTRY gstregistrychunks.c:610:gst_registry_chunks_load_feature: Reading/casting for GstRegistryChunkElementFactory at address 0x5637aa3a4fe8
0:00:00.017497865  2751 0x5622b6758360 DEBUG   GST_POLL gstpoll.c:979:gst_poll_fd_ctl_write: 0x5622b677cd30: fd (fd:0, idx:1), active : 1
0:00:00.022743968  2750 0x5637aa37e360 TRACE   structure gststructure.c:292:gst_structure_new_id_empty_with_size: created structure 0x5637aa3a7580
0:00:00.017504811  2751 0x5622b6758360 LOG   GST_POLL gstpoll.c:994:gst_poll_fd_ctl_write: 0x5622b677cd30: pfd->events now 60 (POLLOUT:4)
0:00:00.022752119  2750 0x5637aa37e360 DEBUG   structure gststructure.c:2258:gst_structure_parse_field: trying field name 'long-name'
0:00:00.017513662  2751 0x5622b6758360 DEBUG   GST_POLL gstpoll.c:979:gst_poll_fd_ctl_write: 0x5622b677cd30: fd (fd:0, idx:1), active : 1
0:00:00.022758570  2750 0x5637aa37e360 DEBUG   default gstvalue.c:2776:_priv_gst_value_parse_value: trying type name 'string'
0:00:00.017522594  2751 0x5622b6758360 LOG   GST_POLL gstpoll.c:994:gst_poll_fd_ctl_write: 0x5622b677cd30: pfd->events now 60 (POLLOUT:4)
0:00:00.017530718  2751 0x5622b6758360 DEBUG   GST_POLL gstpoll.c:979:gst_poll_fd_ctl_write: 0x5622b677cd30: fd (fd:0, idx:1), active : 1
0:00:00.022766501  2750 0x5637aa37e360 DEBUG   structure gststructure.c:2258:gst_structure_parse_field: trying field name 'klass'
0:00:00.017537315  2751 0x5622b6758360 LOG   GST_POLL gstpoll.c:994:gst_poll_fd_ctl_write: 0x5622b677cd30: pfd->events now 60 (POLLOUT:4)
0:00:00.022781426  2750 0x5637aa37e360 DEBUG   default gstvalue.c:2776:_priv_gst_value_parse_value: trying type name 'string'
0:00:00.017545842  2751 0x5622b6758360 DEBUG   GST_POLL gstpoll.c:979:gst_poll_fd_ctl_write: 0x5622b677cd30: fd (fd:0, idx:1), active : 1
0:00:00.022789944  2750 0x5637aa37e360 DEBUG   structure gststructure.c:2258:gst_structure_parse_field: trying field name 'description'
0:00:00.017559671  2751 0x5622b6758360 LOG   GST_POLL gstpoll.c:994:gst_poll_fd_ctl_write: 0x5622b677cd30: pfd->events now 60 (POLLOUT:4)
0:00:00.022801751  2750 0x5637aa37e360 DEBUG   default gstvalue.c:2776:_priv_gst_value_parse_value: trying type name 'string'
0:00:00.017567740  2751 0x5622b6758360 DEBUG   GST_POLL gstpoll.c:979:gst_poll_fd_ctl_write: 0x5622b677cd30: fd (fd:0, idx:1), active : 1
0:00:00.022811876  2750 0x5637aa37e360 DEBUG   structure gststructure.c:2258:gst_structure_parse_field: trying field name 'author'
0:00:00.017574721  2751 0x5622b6758360 LOG   GST_POLL gstpoll.c:994:gst_poll_fd_ctl_write: 0x5622b677cd30: pfd->events now 60 (POLLOUT:4)
0:00:00.022821512  2750 0x5637aa37e360 DEBUG   default gstvalue.c:2776:_priv_gst_value_parse_value: trying type name 'string'
0:00:00.017582554  2751 0x5622b6758360 DEBUG   GST_POLL gstpoll.c:979:gst_poll_fd_ctl_write: 0x5622b677cd30: fd (fd:0, idx:1), active : 1
0:00:00.022830989  2750 0x5637aa37e360 DEBUG   GST_REGISTRY gstregistrychunks.c:627:gst_registry_chunks_load_feature: Element factory : npadtemplates=2
0:00:00.017592085  2751 0x5622b6758360 LOG   GST_POLL gstpoll.c:994:gst_poll_fd_ctl_write: 0x5622b677cd30: pfd->events now 60 (POLLOUT:4)
0:00:00.022837716  2750 0x5637aa37e360 DEBUG   GST_REGISTRY gstregistrychunks.c:526:gst_registry_chunks_load_pad_template: Reading/casting for GstRegistryChunkPadTemplate at address 0x5637aa3a50c0
0:00:00.017600331  2751 0x5622b6758360 DEBUG   GST_POLL gstpoll.c:979:gst_poll_fd_ctl_write: 0x5622b677cd30: fd (fd:0, idx:1), active : 1
0:00:00.022844900  2750 0x5637aa37e360 DEBUG   GST_REGISTRY gstregistrychunks.c:540:gst_registry_chunks_load_pad_template: Added pad_template sink
0:00:00.017607085  2751 0x5622b6758360 LOG   GST_POLL gstpoll.c:994:gst_poll_fd_ctl_write: 0x5622b677cd30: pfd->events now 60 (POLLOUT:4)
0:00:00.022853919  2750 0x5637aa37e360 DEBUG   GST_REGISTRY gstregistrychunks.c:526:gst_registry_chunks_load_pad_template: Reading/casting for GstRegistryChunkPadTemplate at address 0x5637aa3a50d8
0:00:00.017615078  2751 0x5622b6758360 DEBUG   GST_POLL gstpoll.c:979:gst_poll_fd_ctl_write: 0x5622b677cd30: fd (fd:0, idx:1), active : 1
0:00:00.022862036  2750 0x5637aa37e360 DEBUG   GST_REGISTRY gstregistrychunks.c:540:gst_registry_chunks_load_pad_template: Added pad_template src
0:00:00.017624852  2751 0x5622b6758360 LOG   GST_POLL gstpoll.c:994:gst_poll_fd_ctl_write: 0x5622b677cd30: pfd->events now 60 (POLLOUT:4)
0:00:00.022872032  2750 0x5637aa37e360 DEBUG   GST_REGISTRY gstregistry.c:589:gst_registry_add_feature: adding feature 0x5637aa3a7270 (typefind)
0:00:00.017632954  2751 0x5622b6758360 DEBUG   GST_POLL gstpoll.c:979:gst_poll_fd_ctl_write: 0x5622b677cd30: fd (fd:0, idx:1), active : 1
0:00:00.017640475  2751 0x5622b6758360 LOG   GST_POLL gstpoll.c:994:gst_poll_fd_ctl_write: 0x5622b677cd30: pfd->events now 60 (POLLOUT:4)
0:00:00.022879544  2750 0x5637aa37e360 DEBUG   GST_REFCOUNTING gstobject.c:708:gst_object_set_parent: set parent (ref and sink)
0:00:00.017647206  2751 0x5622b6758360 DEBUG   GST_POLL gstpoll.c:979:gst_poll_fd_ctl_write: 0x5622b677cd30: fd (fd:0, idx:1), active : 1
0:00:00.022898301  2750 0x5637aa37e360 TRACE   GST_REFCOUNTING gstobject.c:292:gst_object_ref_sink: 0x5637aa3a7270 ref_sink 1->2
0:00:00.017659595  2751 0x5622b6758360 LOG   GST_POLL gstpoll.c:994:gst_poll_fd_ctl_write: 0x5622b677cd30: pfd->events now 60 (POLLOUT:4)
0:00:00.022906798  2750 0x5637aa37e360 LOG   GST_REGISTRY gstregistry.c:607:gst_registry_add_feature: emitting feature-added for typefind
0:00:00.017667902  2751 0x5622b6758360 DEBUG   GST_POLL gstpoll.c:979:gst_poll_fd_ctl_write: 0x5622b677cd30: fd (fd:0, idx:1), active : 1
0:00:00.022914576  2750 0x5637aa37e360 DEBUG   GST_REGISTRY gstregistrychunks.c:741:gst_registry_chunks_load_feature: Added feature typefind, plugin 0x5637aa3a3cc0 coreelements
0:00:00.017674835  2751 0x5622b6758360 LOG   GST_POLL gstpoll.c:994:gst_poll_fd_ctl_write: 0x5622b677cd30: pfd->events now 60 (POLLOUT:4)
0:00:00.022922233  2750 0x5637aa37e360 DEBUG   GST_REGISTRY gstregistrychunks.c:583:gst_registry_chunks_load_feature: Plugin 'coreelements' feature 'tee' typename : 'GstElementFactory'
0:00:00.017683026  2751 0x5622b6758360 DEBUG   GST_POLL gstpoll.c:979:gst_poll_fd_ctl_write: 0x5622b677cd30: fd (fd:0, idx:1), active : 1
0:00:00.017693771  2751 0x5622b6758360 LOG   GST_POLL gstpoll.c:994:gst_poll_fd_ctl_write: 0x5622b677cd30: pfd->events now 60 (POLLOUT:4)
0:00:00.022934445  2750 0x5637aa37e360 TRACE   GST_REFCOUNTING gstobject.c:208:gst_object_init: 0x5637aa3a77d0 new
0:00:00.017702061  2751 0x5622b6758360 DEBUG   GST_POLL gstpoll.c:979:gst_poll_fd_ctl_write: 0x5622b677cd30: fd (fd:0, idx:1), active : 1
0:00:00.022946744  2750 0x5637aa37e360 LOG   GST_REGISTRY gstregistrychunks.c:610:gst_registry_chunks_load_feature: Reading/casting for GstRegistryChunkElementFactory at address 0x5637aa3a5100
0:00:00.017709230  2751 0x5622b6758360 LOG   GST_POLL gstpoll.c:994:gst_poll_fd_ctl_write: 0x5622b677cd30: pfd->events now 60 (POLLOUT:4)
0:00:00.022955278  2750 0x5637aa37e360 TRACE   structure gststructure.c:292:gst_structure_new_id_empty_with_size: created structure 0x5637aa3a7a10
0:00:00.017716965  2751 0x5622b6758360 DEBUG   GST_POLL gstpoll.c:979:gst_poll_fd_ctl_write: 0x5622b677cd30: fd (fd:0, idx:1), active : 1
0:00:00.022962604  2750 0x5637aa37e360 DEBUG   structure gststructure.c:2258:gst_structure_parse_field: trying field name 'long-name'
0:00:00.017726145  2751 0x5622b6758360 LOG   GST_POLL gstpoll.c:994:gst_poll_fd_ctl_write: 0x5622b677cd30: pfd->events now 60 (POLLOUT:4)
0:00:00.022971954  2750 0x5637aa37e360 DEBUG   default gstvalue.c:2776:_priv_gst_value_parse_value: trying type name 'string'
0:00:00.017733870  2751 0x5622b6758360 DEBUG   GST_POLL gstpoll.c:979:gst_poll_fd_ctl_write: 0x5622b677cd30: fd (fd:0, idx:1), active : 1
0:00:00.022980416  2750 0x5637aa37e360 DEBUG   structure gststructure.c:2258:gst_structure_parse_field: trying field name 'klass'
0:00:00.017740748  2751 0x5622b6758360 LOG   GST_POLL gstpoll.c:994:gst_poll_fd_ctl_write: 0x5622b677cd30: pfd->events now 60 (POLLOUT:4)
0:00:00.022987494  2750 0x5637aa37e360 DEBUG   default gstvalue.c:2776:_priv_gst_value_parse_value: trying type name 'string'
0:00:00.017753883  2751 0x5622b6758360 DEBUG   GST_POLL gstpoll.c:979:gst_poll_fd_ctl_write: 0x5622b677cd30: fd (fd:0, idx:1), active : 1
0:00:00.022996918  2750 0x5637aa37e360 DEBUG   structure gststructure.c:2258:gst_structure_parse_field: trying field name 'description'
0:00:00.017763138  2751 0x5622b6758360 LOG   GST_POLL gstpoll.c:994:gst_poll_fd_ctl_write: 0x5622b677cd30: pfd->events now 60 (POLLOUT:4)
0:00:00.023006456  2750 0x5637aa37e360 DEBUG   default gstvalue.c:2776:_priv_gst_value_parse_value: trying type name 'string'
0:00:00.017771534  2751 0x5622b6758360 DEBUG   GST_POLL gstpoll.c:979:gst_poll_fd_ctl_write: 0x5622b677cd30: fd (fd:0, idx:1), active : 1
0:00:00.023015800  2750 0x5637aa37e360 DEBUG   structure gststructure.c:2258:gst_structure_parse_field: trying field name 'author'
0:00:00.017778500  2751 0x5622b6758360 LOG   GST_POLL gstpoll.c:994:gst_poll_fd_ctl_write: 0x5622b677cd30: pfd->events now 60 (POLLOUT:4)
0:00:00.023022592  2750 0x5637aa37e360 DEBUG   default gstvalue.c:2776:_priv_gst_value_parse_value: trying type name 'string'
0:00:00.017785578  2751 0x5622b6758360 DEBUG   GST_POLL gstpoll.c:979:gst_poll_fd_ctl_write: 0x5622b677cd30: fd (fd:0, idx:1), active : 1
0:00:00.023032117  2750 0x5637aa37e360 DEBUG   GST_REGISTRY gstregistrychunks.c:627:gst_registry_chunks_load_feature: Element factory : npadtemplates=2
0:00:00.017794729  2751 0x5622b6758360 LOG   GST_POLL gstpoll.c:994:gst_poll_fd_ctl_write: 0x5622b677cd30: pfd->events now 60 (POLLOUT:4)
0:00:00.023041423  2750 0x5637aa37e360 DEBUG   GST_REGISTRY gstregistrychunks.c:526:gst_registry_chunks_load_pad_template: Reading/casting for GstRegistryChunkPadTemplate at address 0x5637aa3a51f0
0:00:00.017803039  2751 0x5622b6758360 DEBUG   GST_POLL gstpoll.c:979:gst_poll_fd_ctl_write: 0x5622b677cd30: fd (fd:0, idx:1), active : 1
0:00:00.023048842  2750 0x5637aa37e360 DEBUG   GST_REGISTRY gstregistrychunks.c:540:gst_registry_chunks_load_pad_template: Added pad_template src_%u
0:00:00.017810002  2751 0x5622b6758360 LOG   GST_POLL gstpoll.c:994:gst_poll_fd_ctl_write: 0x5622b677cd30: pfd->events now 60 (POLLOUT:4)
0:00:00.023055583  2750 0x5637aa37e360 DEBUG   GST_REGISTRY gstregistrychunks.c:526:gst_registry_chunks_load_pad_template: Reading/casting for GstRegistryChunkPadTemplate at address 0x5637aa3a5208
0:00:00.017817455  2751 0x5622b6758360 DEBUG   GST_POLL gstpoll.c:979:gst_poll_fd_ctl_write: 0x5622b677cd30: fd (fd:0, idx:1), active : 1
0:00:00.023062295  2750 0x5637aa37e360 DEBUG   GST_REGISTRY gstregistrychunks.c:540:gst_registry_chunks_load_pad_template: Added pad_template sink
0:00:00.017826672  2751 0x5622b6758360 LOG   GST_POLL gstpoll.c:994:gst_poll_fd_ctl_write: 0x5622b677cd30: pfd->events now 60 (POLLOUT:4)
0:00:00.023074326  2750 0x5637aa37e360 DEBUG   GST_REGISTRY gstregistry.c:589:gst_registry_add_feature: adding feature 0x5637aa3a77d0 (tee)
0:00:00.017835517  2751 0x5622b6758360 DEBUG   GST_POLL gstpoll.c:979:gst_poll_fd_ctl_write: 0x5622b677cd30: fd (fd:0, idx:1), active : 1
0:00:00.023082100  2750 0x5637aa37e360 DEBUG   GST_REFCOUNTING gstobject.c:708:gst_object_set_parent: set parent (ref and sink)
0:00:00.017848545  2751 0x5622b6758360 LOG   GST_POLL gstpoll.c:994:gst_poll_fd_ctl_write: 0x5622b677cd30: pfd->events now 60 (POLLOUT:4)
0:00:00.023092509  2750 0x5637aa37e360 TRACE   GST_REFCOUNTING gstobject.c:292:gst_object_ref_sink: 0x5637aa3a77d0 ref_sink 1->2
0:00:00.017855798  2751 0x5622b6758360 DEBUG   GST_POLL gstpoll.c:979:gst_poll_fd_ctl_write: 0x5622b677cd30: fd (fd:0, idx:1), active : 1
0:00:00.023100253  2750 0x5637aa37e360 LOG   GST_REGISTRY gstregistry.c:607:gst_registry_add_feature: emitting feature-added for tee
0:00:00.017864889  2751 0x5622b6758360 LOG   GST_POLL gstpoll.c:994:gst_poll_fd_ctl_write: 0x5622b677cd30: pfd->events now 60 (POLLOUT:4)
0:00:00.023113453  2750 0x5637aa37e360 DEBUG   GST_REGISTRY gstregistrychunks.c:741:gst_registry_chunks_load_feature: Added feature tee, plugin 0x5637aa3a3cc0 coreelements
0:00:00.017873695  2751 0x5622b6758360 DEBUG   GST_POLL gstpoll.c:979:gst_poll_fd_ctl_write: 0x5622b677cd30: fd (fd:0, idx:1), active : 1
0:00:00.023122352  2750 0x5637aa37e360 DEBUG   GST_REGISTRY gstregistrychunks.c:583:gst_registry_chunks_load_feature: Plugin 'coreelements' feature 'filesink' typename : 'GstElementFactory'
0:00:00.017882730  2751 0x5622b6758360 LOG   GST_POLL gstpoll.c:994:gst_poll_fd_ctl_write: 0x5622b677cd30: pfd->events now 60 (POLLOUT:4)
0:00:00.017891229  2751 0x5622b6758360 DEBUG   GST_POLL gstpoll.c:979:gst_poll_fd_ctl_write: 0x5622b677cd30: fd (fd:0, idx:1), active : 1
0:00:00.023132145  2750 0x5637aa37e360 TRACE   GST_REFCOUNTING gstobject.c:208:gst_object_init: 0x5637aa3a7d40 new
0:00:00.017900271  2751 0x5622b6758360 LOG   GST_POLL gstpoll.c:994:gst_poll_fd_ctl_write: 0x5622b677cd30: pfd->events now 60 (POLLOUT:4)
0:00:00.017908412  2751 0x5622b6758360 DEBUG   GST_POLL gstpoll.c:979:gst_poll_fd_ctl_write: 0x5622b677cd30: fd (fd:0, idx:1), active : 1
0:00:00.023149440  2750 0x5637aa37e360 LOG   GST_REGISTRY gstregistrychunks.c:610:gst_registry_chunks_load_feature: Reading/casting for GstRegistryChunkElementFactory at address 0x5637aa3a5238
0:00:00.017914707  2751 0x5622b6758360 LOG   GST_POLL gstpoll.c:994:gst_poll_fd_ctl_write: 0x5622b677cd30: pfd->events now 60 (POLLOUT:4)
0:00:00.023160125  2750 0x5637aa37e360 TRACE   structure gststructure.c:292:gst_structure_new_id_empty_with_size: created structure 0x5637aa3a8040
0:00:00.017921942  2751 0x5622b6758360 DEBUG   GST_POLL gstpoll.c:979:gst_poll_fd_ctl_write: 0x5622b677cd30: fd (fd:0, idx:1), active : 1
0:00:00.023167340  2750 0x5637aa37e360 DEBUG   structure gststructure.c:2258:gst_structure_parse_field: trying field name 'long-name'
0:00:00.017931442  2751 0x5622b6758360 LOG   GST_POLL gstpoll.c:994:gst_poll_fd_ctl_write: 0x5622b677cd30: pfd->events now 60 (POLLOUT:4)
0:00:00.023173844  2750 0x5637aa37e360 DEBUG   default gstvalue.c:2776:_priv_gst_value_parse_value: trying type name 'string'
0:00:00.017939981  2751 0x5622b6758360 DEBUG   GST_POLL gstpoll.c:979:gst_poll_fd_ctl_write: 0x5622b677cd30: fd (fd:0, idx:1), active : 1
0:00:00.023185706  2750 0x5637aa37e360 DEBUG   structure gststructure.c:2258:gst_structure_parse_field: trying field name 'klass'
0:00:00.017955121  2751 0x5622b6758360 LOG   GST_POLL gstpoll.c:994:gst_poll_fd_ctl_write: 0x5622b677cd30: pfd->events now 60 (POLLOUT:4)
0:00:00.023198218  2750 0x5637aa37e360 DEBUG   default gstvalue.c:2776:_priv_gst_value_parse_value: trying type name 'string'
0:00:00.017962136  2751 0x5622b6758360 DEBUG   GST_POLL gstpoll.c:979:gst_poll_fd_ctl_write: 0x5622b677cd30: fd (fd:0, idx:1), active : 1
0:00:00.023206262  2750 0x5637aa37e360 DEBUG   structure gststructure.c:2258:gst_structure_parse_field: trying field name 'description'
0:00:00.017971138  2751 0x5622b6758360 LOG   GST_POLL gstpoll.c:994:gst_poll_fd_ctl_write: 0x5622b677cd30: pfd->events now 60 (POLLOUT:4)
0:00:00.023212556  2750 0x5637aa37e360 DEBUG   default gstvalue.c:2776:_priv_gst_value_parse_value: trying type name 'string'
0:00:00.017979107  2751 0x5622b6758360 DEBUG   GST_POLL gstpoll.c:979:gst_poll_fd_ctl_write: 0x5622b677cd30: fd (fd:0, idx:1), active : 1
0:00:00.023224897  2750 0x5637aa37e360 DEBUG   structure gststructure.c:2258:gst_structure_parse_field: trying field name 'author'
0:00:00.017985915  2751 0x5622b6758360 LOG   GST_POLL gstpoll.c:994:gst_poll_fd_ctl_write: 0x5622b677cd30: pfd->events now 60 (POLLOUT:4)
0:00:00.023232614  2750 0x5637aa37e360 DEBUG   default gstvalue.c:2776:_priv_gst_value_parse_value: trying type name 'string'
0:00:00.017994539  2751 0x5622b6758360 DEBUG   GST_POLL gstpoll.c:979:gst_poll_fd_ctl_write: 0x5622b677cd30: fd (fd:0, idx:1), active : 1
0:00:00.023243918  2750 0x5637aa37e360 DEBUG   GST_REGISTRY gstregistrychunks.c:627:gst_registry_chunks_load_feature: Element factory : npadtemplates=1
0:00:00.018003848  2751 0x5622b6758360 LOG   GST_POLL gstpoll.c:994:gst_poll_fd_ctl_write: 0x5622b677cd30: pfd->events now 60 (POLLOUT:4)
0:00:00.023253328  2750 0x5637aa37e360 DEBUG   GST_REGISTRY gstregistrychunks.c:526:gst_registry_chunks_load_pad_template: Reading/casting for GstRegistryChunkPadTemplate at address 0x5637aa3a5318
0:00:00.018015214  2751 0x5622b6758360 DEBUG   GST_POLL gstpoll.c:979:gst_poll_fd_ctl_write: 0x5622b677cd30: fd (fd:0, idx:1), active : 1
0:00:00.023262732  2750 0x5637aa37e360 DEBUG   GST_REGISTRY gstregistrychunks.c:540:gst_registry_chunks_load_pad_template: Added pad_template sink
0:00:00.018023226  2751 0x5622b6758360 LOG   GST_POLL gstpoll.c:994:gst_poll_fd_ctl_write: 0x5622b677cd30: pfd->events now 60 (POLLOUT:4)
0:00:00.018031992  2751 0x5622b6758360 DEBUG   GST_POLL gstpoll.c:979:gst_poll_fd_ctl_write: 0x5622b677cd30: fd (fd:0, idx:1), active : 1
0:00:00.023272539  2750 0x5637aa37e360 DEBUG   GST_REGISTRY gstregistrychunks.c:640:gst_registry_chunks_load_feature: Reading 1 UriTypes at address 0x5637aa3a5329
0:00:00.018046348  2751 0x5622b6758360 LOG   GST_POLL gstpoll.c:994:gst_poll_fd_ctl_write: 0x5622b677cd30: pfd->events now 60 (POLLOUT:4)
0:00:00.023289615  2750 0x5637aa37e360 DEBUG   GST_REGISTRY gstregistrychunks.c:655:gst_registry_chunks_load_feature: Reading 1 Interfaces at address 0x5637aa3a5339
0:00:00.018054690  2751 0x5622b6758360 DEBUG   GST_POLL gstpoll.c:979:gst_poll_fd_ctl_write: 0x5622b677cd30: fd (fd:0, idx:1), active : 1
0:00:00.018065512  2751 0x5622b6758360 LOG   GST_POLL gstpoll.c:994:gst_poll_fd_ctl_write: 0x5622b677cd30: pfd->events now 60 (POLLOUT:4)
0:00:00.023307935  2750 0x5637aa37e360 DEBUG   GST_REGISTRY gstregistry.c:589:gst_registry_add_feature: adding feature 0x5637aa3a7d40 (filesink)
0:00:00.018071878  2751 0x5622b6758360 DEBUG   GST_POLL gstpoll.c:979:gst_poll_fd_ctl_write: 0x5622b677cd30: fd (fd:0, idx:1), active : 1
0:00:00.023317812  2750 0x5637aa37e360 DEBUG   GST_REFCOUNTING gstobject.c:708:gst_object_set_parent: set parent (ref and sink)
0:00:00.018080598  2751 0x5622b6758360 LOG   GST_POLL gstpoll.c:994:gst_poll_fd_ctl_write: 0x5622b677cd30: pfd->events now 60 (POLLOUT:4)
0:00:00.023327219  2750 0x5637aa37e360 TRACE   GST_REFCOUNTING gstobject.c:292:gst_object_ref_sink: 0x5637aa3a7d40 ref_sink 1->2
0:00:00.018088574  2751 0x5622b6758360 DEBUG   GST_POLL gstpoll.c:979:gst_poll_fd_ctl_write: 0x5622b677cd30: fd (fd:0, idx:1), active : 1
0:00:00.023335821  2750 0x5637aa37e360 LOG   GST_REGISTRY gstregistry.c:607:gst_registry_add_feature: emitting feature-added for filesink
0:00:00.018096306  2751 0x5622b6758360 LOG   GST_POLL gstpoll.c:994:gst_poll_fd_ctl_write: 0x5622b677cd30: pfd->events now 60 (POLLOUT:4)
0:00:00.023344336  2750 0x5637aa37e360 DEBUG   GST_REGISTRY gstregistrychunks.c:741:gst_registry_chunks_load_feature: Added feature filesink, plugin 0x5637aa3a3cc0 coreelements
0:00:00.018104936  2751 0x5622b6758360 DEBUG   GST_POLL gstpoll.c:979:gst_poll_fd_ctl_write: 0x5622b677cd30: fd (fd:0, idx:1), active : 1
0:00:00.023355452  2750 0x5637aa37e360 DEBUG   GST_REGISTRY gstregistrychunks.c:583:gst_registry_chunks_load_feature: Plugin 'coreelements' feature 'queue2' typename : 'GstElementFactory'
0:00:00.018116160  2751 0x5622b6758360 LOG   GST_POLL gstpoll.c:994:gst_poll_fd_ctl_write: 0x5622b677cd30: pfd->events now 60 (POLLOUT:4)
0:00:00.018125605  2751 0x5622b6758360 DEBUG   GST_POLL gstpoll.c:979:gst_poll_fd_ctl_write: 0x5622b677cd30: fd (fd:0, idx:1), active : 1
0:00:00.023367149  2750 0x5637aa37e360 TRACE   GST_REFCOUNTING gstobject.c:208:gst_object_init: 0x5637aa3a8550 new
0:00:00.018131914  2751 0x5622b6758360 LOG   GST_POLL gstpoll.c:994:gst_poll_fd_ctl_write: 0x5622b677cd30: pfd->events now 60 (POLLOUT:4)
0:00:00.023377954  2750 0x5637aa37e360 LOG   GST_REGISTRY gstregistrychunks.c:610:gst_registry_chunks_load_feature: Reading/casting for GstRegistryChunkElementFactory at address 0x5637aa3a5360
0:00:00.018139321  2751 0x5622b6758360 DEBUG   GST_POLL gstpoll.c:979:gst_poll_fd_ctl_write: 0x5622b677cd30: fd (fd:0, idx:1), active : 1
0:00:00.023386376  2750 0x5637aa37e360 TRACE   structure gststructure.c:292:gst_structure_new_id_empty_with_size: created structure 0x5637aa3a8780
0:00:00.018149015  2751 0x5622b6758360 LOG   GST_POLL gstpoll.c:994:gst_poll_fd_ctl_write: 0x5622b677cd30: pfd->events now 60 (POLLOUT:4)
0:00:00.023395804  2750 0x5637aa37e360 DEBUG   structure gststructure.c:2258:gst_structure_parse_field: trying field name 'long-name'
0:00:00.018157023  2751 0x5622b6758360 DEBUG   GST_POLL gstpoll.c:979:gst_poll_fd_ctl_write: 0x5622b677cd30: fd (fd:0, idx:1), active : 1
0:00:00.023408236  2750 0x5637aa37e360 DEBUG   default gstvalue.c:2776:_priv_gst_value_parse_value: trying type name 'string'
0:00:00.018169562  2751 0x5622b6758360 LOG   GST_POLL gstpoll.c:994:gst_poll_fd_ctl_write: 0x5622b677cd30: pfd->events now 60 (POLLOUT:4)
0:00:00.023416150  2750 0x5637aa37e360 DEBUG   structure gststructure.c:2258:gst_structure_parse_field: trying field name 'klass'
0:00:00.018176564  2751 0x5622b6758360 DEBUG   GST_POLL gstpoll.c:979:gst_poll_fd_ctl_write: 0x5622b677cd30: fd (fd:0, idx:1), active : 1
0:00:00.023422646  2750 0x5637aa37e360 DEBUG   default gstvalue.c:2776:_priv_gst_value_parse_value: trying type name 'string'
0:00:00.018186654  2751 0x5622b6758360 LOG   GST_POLL gstpoll.c:994:gst_poll_fd_ctl_write: 0x5622b677cd30: pfd->events now 60 (POLLOUT:4)
0:00:00.023433092  2750 0x5637aa37e360 DEBUG   structure gststructure.c:2258:gst_structure_parse_field: trying field name 'description'
0:00:00.018194917  2751 0x5622b6758360 DEBUG   GST_POLL gstpoll.c:979:gst_poll_fd_ctl_write: 0x5622b677cd30: fd (fd:0, idx:1), active : 1
0:00:00.023440144  2750 0x5637aa37e360 DEBUG   default gstvalue.c:2776:_priv_gst_value_parse_value: trying type name 'string'
0:00:00.018201946  2751 0x5622b6758360 LOG   GST_POLL gstpoll.c:994:gst_poll_fd_ctl_write: 0x5622b677cd30: pfd->events now 60 (POLLOUT:4)
0:00:00.023448122  2750 0x5637aa37e360 DEBUG   structure gststructure.c:2258:gst_structure_parse_field: trying field name 'author'
0:00:00.018209211  2751 0x5622b6758360 DEBUG   GST_POLL gstpoll.c:979:gst_poll_fd_ctl_write: 0x5622b677cd30: fd (fd:0, idx:1), active : 1
0:00:00.023454592  2750 0x5637aa37e360 DEBUG   default gstvalue.c:2776:_priv_gst_value_parse_value: trying type name 'string'
0:00:00.018217941  2751 0x5622b6758360 LOG   GST_POLL gstpoll.c:994:gst_poll_fd_ctl_write: 0x5622b677cd30: pfd->events now 60 (POLLOUT:4)
0:00:00.023466323  2750 0x5637aa37e360 DEBUG   GST_REGISTRY gstregistrychunks.c:627:gst_registry_chunks_load_feature: Element factory : npadtemplates=2
0:00:00.018226444  2751 0x5622b6758360 DEBUG   GST_POLL gstpoll.c:979:gst_poll_fd_ctl_write: 0x5622b677cd30: fd (fd:0, idx:1), active : 1
0:00:00.018245736  2751 0x5622b6758360 LOG   GST_POLL gstpoll.c:994:gst_poll_fd_ctl_write: 0x5622b677cd30: pfd->events now 60 (POLLOUT:4)
0:00:00.023493099  2750 0x5637aa37e360 DEBUG   GST_REGISTRY gstregistrychunks.c:526:gst_registry_chunks_load_pad_template: Reading/casting for GstRegistryChunkPadTemplate at address 0x5637aa3a5450
0:00:00.018253725  2751 0x5622b6758360 DEBUG   GST_POLL gstpoll.c:979:gst_poll_fd_ctl_write: 0x5622b677cd30: fd (fd:0, idx:1), active : 1
0:00:00.023502963  2750 0x5637aa37e360 DEBUG   GST_REGISTRY gstregistrychunks.c:540:gst_registry_chunks_load_pad_template: Added pad_template sink
0:00:00.018264627  2751 0x5622b6758360 LOG   GST_POLL gstpoll.c:994:gst_poll_fd_ctl_write: 0x5622b677cd30: pfd->events now 60 (POLLOUT:4)
0:00:00.023512467  2750 0x5637aa37e360 DEBUG   GST_REGISTRY gstregistrychunks.c:526:gst_registry_chunks_load_pad_template: Reading/casting for GstRegistryChunkPadTemplate at address 0x5637aa3a5468
0:00:00.018279273  2751 0x5622b6758360 DEBUG   GST_POLL gstpoll.c:979:gst_poll_fd_ctl_write: 0x5622b677cd30: fd (fd:0, idx:1), active : 1
0:00:00.023522292  2750 0x5637aa37e360 DEBUG   GST_REGISTRY gstregistrychunks.c:540:gst_registry_chunks_load_pad_template: Added pad_template src
0:00:00.018286257  2751 0x5622b6758360 LOG   GST_POLL gstpoll.c:994:gst_poll_fd_ctl_write: 0x5622b677cd30: pfd->events now 60 (POLLOUT:4)
0:00:00.023531526  2750 0x5637aa37e360 DEBUG   GST_REGISTRY gstregistry.c:589:gst_registry_add_feature: adding feature 0x5637aa3a8550 (queue2)
0:00:00.018293219  2751 0x5622b6758360 DEBUG   GST_POLL gstpoll.c:979:gst_poll_fd_ctl_write: 0x5622b677cd30: fd (fd:0, idx:1), active : 1
0:00:00.023538920  2750 0x5637aa37e360 DEBUG   GST_REFCOUNTING gstobject.c:708:gst_object_set_parent: set parent (ref and sink)
0:00:00.018303180  2751 0x5622b6758360 LOG   GST_POLL gstpoll.c:994:gst_poll_fd_ctl_write: 0x5622b677cd30: pfd->events now 60 (POLLOUT:4)
0:00:00.023550368  2750 0x5637aa37e360 TRACE   GST_REFCOUNTING gstobject.c:292:gst_object_ref_sink: 0x5637aa3a8550 ref_sink 1->2
0:00:00.018310877  2751 0x5622b6758360 DEBUG   GST_POLL gstpoll.c:979:gst_poll_fd_ctl_write: 0x5622b677cd30: fd (fd:0, idx:1), active : 1
0:00:00.023559717  2750 0x5637aa37e360 LOG   GST_REGISTRY gstregistry.c:607:gst_registry_add_feature: emitting feature-added for queue2
