0:00:00.014274281  2751 0x5622b6758360 LOG   GST_POLL gstpoll.c:994:gst_poll_fd_ctl_write: 0x5622b677cd30: pfd->events now 60 (POLLOUT:4)
0:00:00.014280574  2751 0x5622b6758360 DEBUG   GST_POLL gstpoll.c:979:gst_poll_fd_ctl_write: 0x5622b677cd30: fd (fd:0, idx:1), active : 1
0:00:00.014289514  2751 0x5622b6758360 LOG   GST_POLL gstpoll.c:994:gst_poll_fd_ctl_write: 0x5622b677cd30: pfd->events now 60 (POLLOUT:4)
0:00:00.014296302  2751 0x5622b6758360 DEBUG   GST_POLL gstpoll.c:979:gst_poll_fd_ctl_write: 0x5622b677cd30: fd (fd:0, idx:1), active : 1
0:00:00.014302265  2751 0x5622b6758360 LOG   GST_POLL gstpoll.c:994:gst_poll_fd_ctl_write: 0x5622b677cd30: pfd->events now 60 (POLLOUT:4)
0:00:00.014308484  2751 0x5622b6758360 DEBUG   GST_POLL gstpoll.c:979:gst_poll_fd_ctl_write: 0x5622b677cd30: fd (fd:0, idx:1), active : 1
0:00:00.014317534  2751 0x5622b6758360 LOG   GST_POLL gstpoll.c:994:gst_poll_fd_ctl_write: 0x5622b677cd30: pfd->events now 60 (POLLOUT:4)
0:00:00.014324502  2751 0x5622b6758360 DEBUG   GST_POLL gstpoll.c:979:gst_poll_fd_ctl_write: 0x5622b677cd30: fd (fd:0, idx:1), active : 1
0:00:00.014330522  2751 0x5622b6758360 LOG   GST_POLL gstpoll.c:994:gst_poll_fd_ctl_write: 0x5622b677cd30: pfd->events now 60 (POLLOUT:4)
0:00:00.014336755  2751 0x5622b6758360 DEBUG   GST_POLL gstpoll.c:979:gst_poll_fd_ctl_write: 0x5622b677cd30: fd (fd:0, idx:1), active : 1
0:00:00.014345695  2751 0x5622b6758360 LOG   GST_POLL gstpoll.c:994:gst_poll_fd_ctl_write: 0x5622b677cd30: pfd->events now 60 (POLLOUT:4)
0:00:00.014352516  2751 0x5622b6758360 DEBUG   GST_POLL gstpoll.c:979:gst_poll_fd_ctl_write: 0x5622b677cd30: fd (fd:0, idx:1), active : 1
0:00:00.014358483  2751 0x5622b6758360 LOG   GST_POLL gstpoll.c:994:gst_poll_fd_ctl_write: 0x5622b677cd30: pfd->events now 60 (POLLOUT:4)
0:00:00.014364746  2751 0x5622b6758360 DEBUG   GST_POLL gstpoll.c:979:gst_poll_fd_ctl_write: 0x5622b677cd30: fd (fd:0, idx:1), active : 1
0:00:00.014373653  2751 0x5622b6758360 LOG   GST_POLL gstpoll.c:994:gst_poll_fd_ctl_write: 0x5622b677cd30: pfd->events now 60 (POLLOUT:4)
0:00:00.014384873  2751 0x5622b6758360 DEBUG   GST_POLL gstpoll.c:979:gst_poll_fd_ctl_write: 0x5622b677cd30: fd (fd:0, idx:1), active : 1
0:00:00.014390705  2751 0x5622b6758360 LOG   GST_POLL gstpoll.c:994:gst_poll_fd_ctl_write: 0x5622b677cd30: pfd->events now 60 (POLLOUT:4)
0:00:00.014396758  2751 0x5622b6758360 DEBUG   GST_POLL gstpoll.c:979:gst_poll_fd_ctl_write: 0x5622b677cd30: fd (fd:0, idx:1), active : 1
0:00:00.014405704  2751 0x5622b6758360 LOG   GST_POLL gstpoll.c:994:gst_poll_fd_ctl_write: 0x5622b677cd30: pfd->events now 60 (POLLOUT:4)
0:00:00.014412444  2751 0x5622b6758360 DEBUG   GST_POLL gstpoll.c:979:gst_poll_fd_ctl_write: 0x5622b677cd30: fd (fd:0, idx:1), active : 1
0:00:00.014418434  2751 0x5622b6758360 LOG   GST_POLL gstpoll.c:994:gst_poll_fd_ctl_write: 0x5622b677cd30: pfd->events now 60 (POLLOUT:4)
0:00:00.014424774  2751 0x5622b6758360 DEBUG   GST_POLL gstpoll.c:979:gst_poll_fd_ctl_write: 0x5622b677cd30: fd (fd:0, idx:1), active : 1
0:00:00.014433760  2751 0x5622b6758360 LOG   GST_POLL gstpoll.c:994:gst_poll_fd_ctl_write: 0x5622b677cd30: pfd->events now 60 (POLLOUT:4)
0:00:00.014440398  2751 0x5622b6758360 DEBUG   GST_POLL gstpoll.c:979:gst_poll_fd_ctl_write: 0x5622b677cd30: fd (fd:0, idx:1), active : 1
0:00:00.014446212  2751 0x5622b6758360 LOG   GST_POLL gstpoll.c:994:gst_poll_fd_ctl_write: 0x5622b677cd30: pfd->events now 60 (POLLOUT:4)
0:00:00.014452582  2751 0x5622b6758360 DEBUG   GST_POLL gstpoll.c:979:gst_poll_fd_ctl_write: 0x5622b677cd30: fd (fd:0, idx:1), active : 1
0:00:00.014461452  2751 0x5622b6758360 LOG   GST_POLL gstpoll.c:994:gst_poll_fd_ctl_write: 0x5622b677cd30: pfd->events now 60 (POLLOUT:4)
0:00:00.014468238  2751 0x5622b6758360 DEBUG   GST_POLL gstpoll.c:979:gst_poll_fd_ctl_write: 0x5622b677cd30: fd (fd:0, idx:1), active : 1
0:00:00.014474268  2751 0x5622b6758360 LOG   GST_POLL gstpoll.c:994:gst_poll_fd_ctl_write: 0x5622b677cd30: pfd->events now 60 (POLLOUT:4)
0:00:00.014480613  2751 0x5622b6758360 DEBUG   GST_POLL gstpoll.c:979:gst_poll_fd_ctl_write: 0x5622b677cd30: fd (fd:0, idx:1), active : 1
0:00:00.014489555  2751 0x5622b6758360 LOG   GST_POLL gstpoll.c:994:gst_poll_fd_ctl_write: 0x5622b677cd30: pfd->events now 60 (POLLOUT:4)
0:00:00.014496225  2751 0x5622b6758360 DEBUG   GST_POLL gstpoll.c:979:gst_poll_fd_ctl_write: 0x5622b677cd30: fd (fd:0, idx:1), active : 1
0:00:00.014502003  2751 0x5622b6758360 LOG   GST_POLL gstpoll.c:994:gst_poll_fd_ctl_write: 0x5622b677cd30: pfd->events now 60 (POLLOUT:4)
0:00:00.014508262  2751 0x5622b6758360 DEBUG   GST_POLL gstpoll.c:979:gst_poll_fd_ctl_write: 0x5622b677cd30: fd (fd:0, idx:1), active : 1
0:00:00.014517312  2751 0x5622b6758360 LOG   GST_POLL gstpoll.c:994:gst_poll_fd_ctl_write: 0x5622b677cd30: pfd->events now 60 (POLLOUT:4)
0:00:00.014524201  2751 0x5622b6758360 DEBUG   GST_POLL gstpoll.c:979:gst_poll_fd_ctl_write: 0x5622b677cd30: fd (fd:0, idx:1), active : 1
0:00:00.014530286  2751 0x5622b6758360 LOG   GST_POLL gstpoll.c:994:gst_poll_fd_ctl_write: 0x5622b677cd30: pfd->events now 60 (POLLOUT:4)
0:00:00.014536920  2751 0x5622b6758360 DEBUG   GST_POLL gstpoll.c:979:gst_poll_fd_ctl_write: 0x5622b677cd30: fd (fd:0, idx:1), active : 1
0:00:00.014551627  2751 0x5622b6758360 LOG   GST_POLL gstpoll.c:994:gst_poll_fd_ctl_write: 0x5622b677cd30: pfd->events now 60 (POLLOUT:4)
0:00:00.014558153  2751 0x5622b6758360 DEBUG   GST_POLL gstpoll.c:979:gst_poll_fd_ctl_write: 0x5622b677cd30: fd (fd:0, idx:1), active : 1
0:00:00.014563951  2751 0x5622b6758360 LOG   GST_POLL gstpoll.c:994:gst_poll_fd_ctl_write: 0x5622b677cd30: pfd->events now 60 (POLLOUT:4)
0:00:00.014570022  2751 0x5622b6758360 DEBUG   GST_POLL gstpoll.c:979:gst_poll_fd_ctl_write: 0x5622b677cd30: fd (fd:0, idx:1), active : 1
0:00:00.014579020  2751 0x5622b6758360 LOG   GST_POLL gstpoll.c:994:gst_poll_fd_ctl_write: 0x5622b677cd30: pfd->events now 60 (POLLOUT:4)
0:00:00.014585759  2751 0x5622b6758360 DEBUG   GST_POLL gstpoll.c:979:gst_poll_fd_ctl_write: 0x5622b677cd30: fd (fd:0, idx:1), active : 1
0:00:00.014591775  2751 0x5622b6758360 LOG   GST_POLL gstpoll.c:994:gst_poll_fd_ctl_write: 0x5622b677cd30: pfd->events now 60 (POLLOUT:4)
0:00:00.014598085  2751 0x5622b6758360 DEBUG   GST_POLL gstpoll.c:979:gst_poll_fd_ctl_write: 0x5622b677cd30: fd (fd:0, idx:1), active : 1
0:00:00.014607016  2751 0x5622b6758360 LOG   GST_POLL gstpoll.c:994:gst_poll_fd_ctl_write: 0x5622b677cd30: pfd->events now 60 (POLLOUT:4)
0:00:00.014613641  2751 0x5622b6758360 DEBUG   GST_POLL gstpoll.c:979:gst_poll_fd_ctl_write: 0x5622b677cd30: fd (fd:0, idx:1), active : 1
0:00:00.014619434  2751 0x5622b6758360 LOG   GST_POLL gstpoll.c:994:gst_poll_fd_ctl_write: 0x5622b677cd30: pfd->events now 60 (POLLOUT:4)
0:00:00.014625565  2751 0x5622b6758360 DEBUG   GST_POLL gstpoll.c:979:gst_poll_fd_ctl_write: 0x5622b677cd30: fd (fd:0, idx:1), active : 1
0:00:00.014634469  2751 0x5622b6758360 LOG   GST_POLL gstpoll.c:994:gst_poll_fd_ctl_write: 0x5622b677cd30: pfd->events now 60 (POLLOUT:4)
0:00:00.014641226  2751 0x5622b6758360 DEBUG   GST_POLL gstpoll.c:979:gst_poll_fd_ctl_write: 0x5622b677cd30: fd (fd:0, idx:1), active : 1
0:00:00.014647177  2751 0x5622b6758360 LOG   GST_POLL gstpoll.c:994:gst_poll_fd_ctl_write: 0x5622b677cd30: pfd->events now 60 (POLLOUT:4)
0:00:00.014653525  2751 0x5622b6758360 DEBUG   GST_POLL gstpoll.c:979:gst_poll_fd_ctl_write: 0x5622b677cd30: fd (fd:0, idx:1), active : 1
0:00:00.014662438  2751 0x5622b6758360 LOG   GST_POLL gstpoll.c:994:gst_poll_fd_ctl_write: 0x5622b677cd30: pfd->events now 60 (POLLOUT:4)
0:00:00.014669081  2751 0x5622b6758360 DEBUG   GST_POLL gstpoll.c:979:gst_poll_fd_ctl_write: 0x5622b677cd30: fd (fd:0, idx:1), active : 1
0:00:00.014674936  2751 0x5622b6758360 LOG   GST_POLL gstpoll.c:994:gst_poll_fd_ctl_write: 0x5622b677cd30: pfd->events now 60 (POLLOUT:4)
0:00:00.014681139  2751 0x5622b6758360 DEBUG   GST_POLL gstpoll.c:979:gst_poll_fd_ctl_write: 0x5622b677cd30: fd (fd:0, idx:1), active : 1
0:00:00.014690068  2751 0x5622b6758360 LOG   GST_POLL gstpoll.c:994:gst_poll_fd_ctl_write: 0x5622b677cd30: pfd->events now 60 (POLLOUT:4)
0:00:00.014696856  2751 0x5622b6758360 DEBUG   GST_POLL gstpoll.c:979:gst_poll_fd_ctl_write: 0x5622b677cd30: fd (fd:0, idx:1), active : 1
0:00:00.014707345  2751 0x5622b6758360 LOG   GST_POLL gstpoll.c:994:gst_poll_fd_ctl_write: 0x5622b677cd30: pfd->events now 60 (POLLOUT:4)
0:00:00.014713792  2751 0x5622b6758360 LOG   GST_PLUGIN_LOADING gstpluginloader.c:644:put_chunk: Expanding tx buf from 5764 to 7717 for chunk of size 229
0:00:00.014727417  2751 0x5622b6758360 DEBUG   GST_POLL gstpoll.c:979:gst_poll_fd_ctl_write: 0x5622b677cd30: fd (fd:0, idx:1), active : 1
0:00:00.014733985  2751 0x5622b6758360 LOG   GST_POLL gstpoll.c:994:gst_poll_fd_ctl_write: 0x5622b677cd30: pfd->events now 60 (POLLOUT:4)
0:00:00.014740201  2751 0x5622b6758360 DEBUG   GST_POLL gstpoll.c:979:gst_poll_fd_ctl_write: 0x5622b677cd30: fd (fd:0, idx:1), active : 1
0:00:00.014748620  2751 0x5622b6758360 LOG   GST_POLL gstpoll.c:994:gst_poll_fd_ctl_write: 0x5622b677cd30: pfd->events now 60 (POLLOUT:4)
0:00:00.014755838  2751 0x5622b6758360 DEBUG   GST_POLL gstpoll.c:979:gst_poll_fd_ctl_write: 0x5622b677cd30: fd (fd:0, idx:1), active : 1
0:00:00.014761730  2751 0x5622b6758360 LOG   GST_POLL gstpoll.c:994:gst_poll_fd_ctl_write: 0x5622b677cd30: pfd->events now 60 (POLLOUT:4)
0:00:00.014767952  2751 0x5622b6758360 DEBUG   GST_POLL gstpoll.c:979:gst_poll_fd_ctl_write: 0x5622b677cd30: fd (fd:0, idx:1), active : 1
0:00:00.014776303  2751 0x5622b6758360 LOG   GST_POLL gstpoll.c:994:gst_poll_fd_ctl_write: 0x5622b677cd30: pfd->events now 60 (POLLOUT:4)
0:00:00.014783536  2751 0x5622b6758360 DEBUG   GST_POLL gstpoll.c:979:gst_poll_fd_ctl_write: 0x5622b677cd30: fd (fd:0, idx:1), active : 1
0:00:00.014789498  2751 0x5622b6758360 LOG   GST_POLL gstpoll.c:994:gst_poll_fd_ctl_write: 0x5622b677cd30: pfd->events now 60 (POLLOUT:4)
0:00:00.014795815  2751 0x5622b6758360 DEBUG   GST_POLL gstpoll.c:979:gst_poll_fd_ctl_write: 0x5622b677cd30: fd (fd:0, idx:1), active : 1
0:00:00.014804478  2751 0x5622b6758360 LOG   GST_POLL gstpoll.c:994:gst_poll_fd_ctl_write: 0x5622b677cd30: pfd->events now 60 (POLLOUT:4)
0:00:00.014811738  2751 0x5622b6758360 DEBUG   GST_POLL gstpoll.c:979:gst_poll_fd_ctl_write: 0x5622b677cd30: fd (fd:0, idx:1), active : 1
0:00:00.014817802  2751 0x5622b6758360 LOG   GST_POLL gstpoll.c:994:gst_poll_fd_ctl_write: 0x5622b677cd30: pfd->events now 60 (POLLOUT:4)
0:00:00.014824023  2751 0x5622b6758360 DEBUG   GST_POLL gstpoll.c:979:gst_poll_fd_ctl_write: 0x5622b677cd30: fd (fd:0, idx:1), active : 1
0:00:00.014832518  2751 0x5622b6758360 LOG   GST_POLL gstpoll.c:994:gst_poll_fd_ctl_write: 0x5622b677cd30: pfd->events now 60 (POLLOUT:4)
0:00:00.014839815  2751 0x5622b6758360 DEBUG   GST_POLL gstpoll.c:979:gst_poll_fd_ctl_write: 0x5622b677cd30: fd (fd:0, idx:1), active : 1
0:00:00.014845858  2751 0x5622b6758360 LOG   GST_POLL gstpoll.c:994:gst_poll_fd_ctl_write: 0x5622b677cd30: pfd->events now 60 (POLLOUT:4)
0:00:00.014852089  2751 0x5622b6758360 DEBUG   GST_POLL gstpoll.c:979:gst_poll_fd_ctl_write: 0x5622b677cd30: fd (fd:0, idx:1), active : 1
0:00:00.014860503  2751 0x5622b6758360 LOG   GST_POLL gstpoll.c:994:gst_poll_fd_ctl_write: 0x5622b677cd30: pfd->events now 60 (POLLOUT:4)
0:00:00.014869484  2751 0x5622b6758360 DEBUG   GST_POLL gstpoll.c:979:gst_poll_fd_ctl_write: 0x5622b677cd30: fd (fd:0, idx:1), active : 1
0:00:00.014882716  2751 0x5622b6758360 LOG   GST_POLL gstpoll.c:994:gst_poll_fd_ctl_write: 0x5622b677cd30: pfd->events now 60 (POLLOUT:4)
0:00:00.014888942  2751 0x5622b6758360 DEBUG   GST_POLL gstpoll.c:979:gst_poll_fd_ctl_write: 0x5622b677cd30: fd (fd:0, idx:1), active : 1
0:00:00.014897491  2751 0x5622b6758360 LOG   GST_POLL gstpoll.c:994:gst_poll_fd_ctl_write: 0x5622b677cd30: pfd->events now 60 (POLLOUT:4)
0:00:00.014904749  2751 0x5622b6758360 DEBUG   GST_POLL gstpoll.c:979:gst_poll_fd_ctl_write: 0x5622b677cd30: fd (fd:0, idx:1), active : 1
0:00:00.014910768  2751 0x5622b6758360 LOG   GST_POLL gstpoll.c:994:gst_poll_fd_ctl_write: 0x5622b677cd30: pfd->events now 60 (POLLOUT:4)
0:00:00.014917108  2751 0x5622b6758360 DEBUG   GST_POLL gstpoll.c:979:gst_poll_fd_ctl_write: 0x5622b677cd30: fd (fd:0, idx:1), active : 1
0:00:00.014925579  2751 0x5622b6758360 LOG   GST_POLL gstpoll.c:994:gst_poll_fd_ctl_write: 0x5622b677cd30: pfd->events now 60 (POLLOUT:4)
0:00:00.014932618  2751 0x5622b6758360 DEBUG   GST_POLL gstpoll.c:979:gst_poll_fd_ctl_write: 0x5622b677cd30: fd (fd:0, idx:1), active : 1
0:00:00.014938498  2751 0x5622b6758360 LOG   GST_POLL gstpoll.c:994:gst_poll_fd_ctl_write: 0x5622b677cd30: pfd->events now 60 (POLLOUT:4)
0:00:00.014944766  2751 0x5622b6758360 DEBUG   GST_POLL gstpoll.c:979:gst_poll_fd_ctl_write: 0x5622b677cd30: fd (fd:0, idx:1), active : 1
0:00:00.014953265  2751 0x5622b6758360 LOG   GST_POLL gstpoll.c:994:gst_poll_fd_ctl_write: 0x5622b677cd30: pfd->events now 60 (POLLOUT:4)
0:00:00.014960474  2751 0x5622b6758360 DEBUG   GST_POLL gstpoll.c:979:gst_poll_fd_ctl_write: 0x5622b677cd30: fd (fd:0, idx:1), active : 1
0:00:00.014966485  2751 0x5622b6758360 LOG   GST_POLL gstpoll.c:994:gst_poll_fd_ctl_write: 0x5622b677cd30: pfd->events now 60 (POLLOUT:4)
0:00:00.014972832  2751 0x5622b6758360 DEBUG   GST_POLL gstpoll.c:979:gst_poll_fd_ctl_write: 0x5622b677cd30: fd (fd:0, idx:1), active : 1
0:00:00.014981220  2751 0x5622b6758360 LOG   GST_POLL gstpoll.c:994:gst_poll_fd_ctl_write: 0x5622b677cd30: pfd->events now 60 (POLLOUT:4)
0:00:00.014988331  2751 0x5622b6758360 DEBUG   GST_POLL gstpoll.c:979:gst_poll_fd_ctl_write: 0x5622b677cd30: fd (fd:0, idx:1), active : 1
0:00:00.014994170  2751 0x5622b6758360 LOG   GST_POLL gstpoll.c:994:gst_poll_fd_ctl_write: 0x5622b677cd30: pfd->events now 60 (POLLOUT:4)
0:00:00.015000454  2751 0x5622b6758360 DEBUG   GST_POLL gstpoll.c:979:gst_poll_fd_ctl_write: 0x5622b677cd30: fd (fd:0, idx:1), active : 1
0:00:00.015008861  2751 0x5622b6758360 LOG   GST_POLL gstpoll.c:994:gst_poll_fd_ctl_write: 0x5622b677cd30: pfd->events now 60 (POLLOUT:4)
0:00:00.015016060  2751 0x5622b6758360 DEBUG   GST_POLL gstpoll.c:979:gst_poll_fd_ctl_write: 0x5622b677cd30: fd (fd:0, idx:1), active : 1
0:00:00.015022125  2751 0x5622b6758360 LOG   GST_POLL gstpoll.c:994:gst_poll_fd_ctl_write: 0x5622b677cd30: pfd->events now 60 (POLLOUT:4)
0:00:00.015028561  2751 0x5622b6758360 DEBUG   GST_POLL gstpoll.c:979:gst_poll_fd_ctl_write: 0x5622b677cd30: fd (fd:0, idx:1), active : 1
0:00:00.015047278  2751 0x5622b6758360 LOG   GST_POLL gstpoll.c:994:gst_poll_fd_ctl_write: 0x5622b677cd30: pfd->events now 60 (POLLOUT:4)
0:00:00.015054284  2751 0x5622b6758360 DEBUG   GST_POLL gstpoll.c:979:gst_poll_fd_ctl_write: 0x5622b677cd30: fd (fd:0, idx:1), active : 1
0:00:00.015060097  2751 0x5622b6758360 LOG   GST_POLL gstpoll.c:994:gst_poll_fd_ctl_write: 0x5622b677cd30: pfd->events now 60 (POLLOUT:4)
0:00:00.015066182  2751 0x5622b6758360 DEBUG   GST_POLL gstpoll.c:979:gst_poll_fd_ctl_write: 0x5622b677cd30: fd (fd:0, idx:1), active : 1
0:00:00.015074606  2751 0x5622b6758360 LOG   GST_POLL gstpoll.c:994:gst_poll_fd_ctl_write: 0x5622b677cd30: pfd->events now 60 (POLLOUT:4)
0:00:00.015081954  2751 0x5622b6758360 DEBUG   GST_POLL gstpoll.c:979:gst_poll_fd_ctl_write: 0x5622b677cd30: fd (fd:0, idx:1), active : 1
0:00:00.015087993  2751 0x5622b6758360 LOG   GST_POLL gstpoll.c:994:gst_poll_fd_ctl_write: 0x5622b677cd30: pfd->events now 60 (POLLOUT:4)
0:00:00.015094286  2751 0x5622b6758360 DEBUG   GST_POLL gstpoll.c:979:gst_poll_fd_ctl_write: 0x5622b677cd30: fd (fd:0, idx:1), active : 1
0:00:00.015102733  2751 0x5622b6758360 LOG   GST_POLL gstpoll.c:994:gst_poll_fd_ctl_write: 0x5622b677cd30: pfd->events now 60 (POLLOUT:4)
0:00:00.015109920  2751 0x5622b6758360 DEBUG   GST_POLL gstpoll.c:979:gst_poll_fd_ctl_write: 0x5622b677cd30: fd (fd:0, idx:1), active : 1
0:00:00.015115806  2751 0x5622b6758360 LOG   GST_POLL gstpoll.c:994:gst_poll_fd_ctl_write: 0x5622b677cd30: pfd->events now 60 (POLLOUT:4)
0:00:00.015121996  2751 0x5622b6758360 DEBUG   GST_POLL gstpoll.c:979:gst_poll_fd_ctl_write: 0x5622b677cd30: fd (fd:0, idx:1), active : 1
0:00:00.015130430  2751 0x5622b6758360 LOG   GST_POLL gstpoll.c:994:gst_poll_fd_ctl_write: 0x5622b677cd30: pfd->events now 60 (POLLOUT:4)
0:00:00.015137826  2751 0x5622b6758360 DEBUG   GST_POLL gstpoll.c:979:gst_poll_fd_ctl_write: 0x5622b677cd30: fd (fd:0, idx:1), active : 1
0:00:00.015143925  2751 0x5622b6758360 LOG   GST_POLL gstpoll.c:994:gst_poll_fd_ctl_write: 0x5622b677cd30: pfd->events now 60 (POLLOUT:4)
0:00:00.015150259  2751 0x5622b6758360 DEBUG   GST_POLL gstpoll.c:979:gst_poll_fd_ctl_write: 0x5622b677cd30: fd (fd:0, idx:1), active : 1
0:00:00.015158846  2751 0x5622b6758360 LOG   GST_POLL gstpoll.c:994:gst_poll_fd_ctl_write: 0x5622b677cd30: pfd->events now 60 (POLLOUT:4)
0:00:00.015166038  2751 0x5622b6758360 DEBUG   GST_POLL gstpoll.c:979:gst_poll_fd_ctl_write: 0x5622b677cd30: fd (fd:0, idx:1), active : 1
0:00:00.015171857  2751 0x5622b6758360 LOG   GST_POLL gstpoll.c:994:gst_poll_fd_ctl_write: 0x5622b677cd30: pfd->events now 60 (POLLOUT:4)
0:00:00.015177973  2751 0x5622b6758360 DEBUG   GST_POLL gstpoll.c:979:gst_poll_fd_ctl_write: 0x5622b677cd30: fd (fd:0, idx:1), active : 1
0:00:00.015186366  2751 0x5622b6758360 LOG   GST_POLL gstpoll.c:994:gst_poll_fd_ctl_write: 0x5622b677cd30: pfd->events now 60 (POLLOUT:4)
0:00:00.015193634  2751 0x5622b6758360 DEBUG   GST_POLL gstpoll.c:979:gst_poll_fd_ctl_write: 0x5622b677cd30: fd (fd:0, idx:1), active : 1
0:00:00.015204254  2751 0x5622b6758360 LOG   GST_POLL gstpoll.c:994:gst_poll_fd_ctl_write: 0x5622b677cd30: pfd->events now 60 (POLLOUT:4)
0:00:00.015210526  2751 0x5622b6758360 DEBUG   GST_POLL gstpoll.c:979:gst_poll_fd_ctl_write: 0x5622b677cd30: fd (fd:0, idx:1), active : 1
0:00:00.015219051  2751 0x5622b6758360 LOG   GST_POLL gstpoll.c:994:gst_poll_fd_ctl_write: 0x5622b677cd30: pfd->events now 60 (POLLOUT:4)
0:00:00.015226281  2751 0x5622b6758360 DEBUG   GST_POLL gstpoll.c:979:gst_poll_fd_ctl_write: 0x5622b677cd30: fd (fd:0, idx:1), active : 1
0:00:00.015232171  2751 0x5622b6758360 LOG   GST_POLL gstpoll.c:994:gst_poll_fd_ctl_write: 0x5622b677cd30: pfd->events now 60 (POLLOUT:4)
0:00:00.015251041  2751 0x5622b6758360 DEBUG   GST_POLL gstpoll.c:979:gst_poll_fd_ctl_write: 0x5622b677cd30: fd (fd:0, idx:1), active : 1
0:00:00.015258942  2751 0x5622b6758360 LOG   GST_POLL gstpoll.c:994:gst_poll_fd_ctl_write: 0x5622b677cd30: pfd->events now 60 (POLLOUT:4)
0:00:00.015265254  2751 0x5622b6758360 DEBUG   GST_POLL gstpoll.c:979:gst_poll_fd_ctl_write: 0x5622b677cd30: fd (fd:0, idx:1), active : 1
0:00:00.015271164  2751 0x5622b6758360 LOG   GST_POLL gstpoll.c:994:gst_poll_fd_ctl_write: 0x5622b677cd30: pfd->events now 60 (POLLOUT:4)
0:00:00.015280123  2751 0x5622b6758360 DEBUG   GST_POLL gstpoll.c:979:gst_poll_fd_ctl_write: 0x5622b677cd30: fd (fd:0, idx:1), active : 1
0:00:00.015286971  2751 0x5622b6758360 LOG   GST_POLL gstpoll.c:994:gst_poll_fd_ctl_write: 0x5622b677cd30: pfd->events now 60 (POLLOUT:4)
0:00:00.015293590  2751 0x5622b6758360 DEBUG   GST_POLL gstpoll.c:979:gst_poll_fd_ctl_write: 0x5622b677cd30: fd (fd:0, idx:1), active : 1
0:00:00.015299458  2751 0x5622b6758360 LOG   GST_POLL gstpoll.c:994:gst_poll_fd_ctl_write: 0x5622b677cd30: pfd->events now 60 (POLLOUT:4)
0:00:00.015308521  2751 0x5622b6758360 DEBUG   GST_POLL gstpoll.c:979:gst_poll_fd_ctl_write: 0x5622b677cd30: fd (fd:0, idx:1), active : 1
0:00:00.015315547  2751 0x5622b6758360 LOG   GST_POLL gstpoll.c:994:gst_poll_fd_ctl_write: 0x5622b677cd30: pfd->events now 60 (POLLOUT:4)
0:00:00.015321760  2751 0x5622b6758360 DEBUG   GST_POLL gstpoll.c:979:gst_poll_fd_ctl_write: 0x5622b677cd30: fd (fd:0, idx:1), active : 1
0:00:00.015327542  2751 0x5622b6758360 LOG   GST_POLL gstpoll.c:994:gst_poll_fd_ctl_write: 0x5622b677cd30: pfd->events now 60 (POLLOUT:4)
0:00:00.015336415  2751 0x5622b6758360 DEBUG   GST_POLL gstpoll.c:979:gst_poll_fd_ctl_write: 0x5622b677cd30: fd (fd:0, idx:1), active : 1
0:00:00.015343286  2751 0x5622b6758360 LOG   GST_POLL gstpoll.c:994:gst_poll_fd_ctl_write: 0x5622b677cd30: pfd->events now 60 (POLLOUT:4)
0:00:00.015349757  2751 0x5622b6758360 DEBUG   GST_POLL gstpoll.c:979:gst_poll_fd_ctl_write: 0x5622b677cd30: fd (fd:0, idx:1), active : 1
0:00:00.015355592  2751 0x5622b6758360 LOG   GST_POLL gstpoll.c:994:gst_poll_fd_ctl_write: 0x5622b677cd30: pfd->events now 60 (POLLOUT:4)
0:00:00.015364565  2751 0x5622b6758360 DEBUG   GST_POLL gstpoll.c:979:gst_poll_fd_ctl_write: 0x5622b677cd30: fd (fd:0, idx:1), active : 1
0:00:00.015371329  2751 0x5622b6758360 LOG   GST_POLL gstpoll.c:994:gst_poll_fd_ctl_write: 0x5622b677cd30: pfd->events now 60 (POLLOUT:4)
0:00:00.015382406  2751 0x5622b6758360 DEBUG   GST_POLL gstpoll.c:979:gst_poll_fd_ctl_write: 0x5622b677cd30: fd (fd:0, idx:1), active : 1
0:00:00.015388208  2751 0x5622b6758360 LOG   GST_POLL gstpoll.c:994:gst_poll_fd_ctl_write: 0x5622b677cd30: pfd->events now 60 (POLLOUT:4)
0:00:00.015396982  2751 0x5622b6758360 DEBUG   GST_POLL gstpoll.c:979:gst_poll_fd_ctl_write: 0x5622b677cd30: fd (fd:0, idx:1), active : 1
0:00:00.015403905  2751 0x5622b6758360 LOG   GST_POLL gstpoll.c:994:gst_poll_fd_ctl_write: 0x5622b677cd30: pfd->events now 60 (POLLOUT:4)
0:00:00.015410439  2751 0x5622b6758360 DEBUG   GST_POLL gstpoll.c:979:gst_poll_fd_ctl_write: 0x5622b677cd30: fd (fd:0, idx:1), active : 1
0:00:00.015416325  2751 0x5622b6758360 LOG   GST_POLL gstpoll.c:994:gst_poll_fd_ctl_write: 0x5622b677cd30: pfd->events now 60 (POLLOUT:4)
0:00:00.015425382  2751 0x5622b6758360 DEBUG   GST_POLL gstpoll.c:979:gst_poll_fd_ctl_write: 0x5622b677cd30: fd (fd:0, idx:1), active : 1
0:00:00.015432091  2751 0x5622b6758360 LOG   GST_POLL gstpoll.c:994:gst_poll_fd_ctl_write: 0x5622b677cd30: pfd->events now 60 (POLLOUT:4)
0:00:00.015438450  2751 0x5622b6758360 DEBUG   GST_POLL gstpoll.c:979:gst_poll_fd_ctl_write: 0x5622b677cd30: fd (fd:0, idx:1), active : 1
0:00:00.015444326  2751 0x5622b6758360 LOG   GST_POLL gstpoll.c:994:gst_poll_fd_ctl_write: 0x5622b677cd30: pfd->events now 60 (POLLOUT:4)
0:00:00.015453212  2751 0x5622b6758360 DEBUG   GST_POLL gstpoll.c:979:gst_poll_fd_ctl_write: 0x5622b677cd30: fd (fd:0, idx:1), active : 1
0:00:00.015460019  2751 0x5622b6758360 LOG   GST_POLL gstpoll.c:994:gst_poll_fd_ctl_write: 0x5622b677cd30: pfd->events now 60 (POLLOUT:4)
0:00:00.015466499  2751 0x5622b6758360 DEBUG   GST_POLL gstpoll.c:979:gst_poll_fd_ctl_write: 0x5622b677cd30: fd (fd:0, idx:1), active : 1
0:00:00.015472480  2751 0x5622b6758360 LOG   GST_POLL gstpoll.c:994:gst_poll_fd_ctl_write: 0x5622b677cd30: pfd->events now 60 (POLLOUT:4)
0:00:00.015481357  2751 0x5622b6758360 DEBUG   GST_POLL gstpoll.c:979:gst_poll_fd_ctl_write: 0x5622b677cd30: fd (fd:0, idx:1), active : 1
0:00:00.015488031  2751 0x5622b6758360 LOG   GST_POLL gstpoll.c:994:gst_poll_fd_ctl_write: 0x5622b677cd30: pfd->events now 60 (POLLOUT:4)
0:00:00.015494472  2751 0x5622b6758360 DEBUG   GST_POLL gstpoll.c:979:gst_poll_fd_ctl_write: 0x5622b677cd30: fd (fd:0, idx:1), active : 1
0:00:00.015506085  2751 0x5622b6758360 LOG   GST_POLL gstpoll.c:994:gst_poll_fd_ctl_write: 0x5622b677cd30: pfd->events now 60 (POLLOUT:4)
0:00:00.015515446  2751 0x5622b6758360 DEBUG   GST_POLL gstpoll.c:979:gst_poll_fd_ctl_write: 0x5622b677cd30: fd (fd:0, idx:1), active : 1
0:00:00.015521957  2751 0x5622b6758360 LOG   GST_POLL gstpoll.c:994:gst_poll_fd_ctl_write: 0x5622b677cd30: pfd->events now 60 (POLLOUT:4)
0:00:00.015534525  2751 0x5622b6758360 TRACE   GST_REFCOUNTING gstobject.c:264:gst_object_unref: 0x5622b67822f0 unref 2->1
0:00:00.015544671  2751 0x5622b6758360 DEBUG   GST_POLL gstpoll.c:1241:gst_poll_fd_has_error: 0x5622b677cd30: fd (fd:0, idx:1) 0
0:00:00.015561318  2751 0x5622b6758360 DEBUG   GST_POLL gstpoll.c:1335:gst_poll_fd_can_write: 0x5622b677cd30: fd (fd:0, idx:1) 1
0:00:00.015567875  2751 0x5622b6758360 LOG   GST_PLUGIN_LOADING gstpluginloader.c:689:write_one: Writing packet of size 528 bytes to fd 0
0:00:00.015597506  2751 0x5622b6758360 DEBUG   GST_POLL gstpoll.c:1414:gst_poll_wait: 0x5622b677cd30: timeout :0:00:01.000000000
0:00:00.015613154  2751 0x5622b6758360 LOG   GST_PLUGIN_LOADING gstpluginloader.c:1026:exchange_packets: Poll res = 2. 6872 bytes pending for write
0:00:00.015621233  2751 0x5622b6758360 DEBUG   GST_POLL gstpoll.c:1241:gst_poll_fd_has_error: 0x5622b677cd30: fd (fd:5, idx:2) 0
0:00:00.015627754  2751 0x5622b6758360 DEBUG   GST_POLL gstpoll.c:1266:gst_poll_fd_can_read_unlocked: 0x5622b677cd30: fd (fd:5, idx:2) 1
0:00:00.015639898  2751 0x5622b6758360 DEBUG   GST_PLUGIN_LOADING gstpluginloader.c:721:do_plugin_load: Plugin scanner loading file /home/conan/w/prod/BuildSingleReference/.conan/data/gstreamer/1.19.2/_/_/package/272fbcd9d24b96d15fa29c90965666ae8e9f2d35/lib/gstreamer-1.0/libgstcoretracers.so. tag 2
0:00:00.015652334  2751 0x5622b6758360 TRACE   GST_REFCOUNTING gstobject.c:237:gst_object_ref: 0x5622b677e3d0 ref 1->2
0:00:00.015662093  2751 0x5622b6758360 TRACE   GST_REFCOUNTING gstobject.c:237:gst_object_ref: 0x5622b6780400 ref 1->2
0:00:00.015669597  2751 0x5622b6758360 TRACE   GST_REFCOUNTING gstobject.c:237:gst_object_ref: 0x5622b67801a0 ref 1->2
0:00:00.015680004  2751 0x5622b6758360 TRACE   GST_REFCOUNTING gstobject.c:237:gst_object_ref: 0x5622b677ff20 ref 1->2
0:00:00.015687375  2751 0x5622b6758360 TRACE   GST_REFCOUNTING gstobject.c:237:gst_object_ref: 0x5622b677fc00 ref 1->2
0:00:00.020920632  2750 0x5637aa37e360 LOG   GST_PLUGIN_LOADING gstpluginloader.c:1026:exchange_packets: Poll res = 1. 0 bytes pending for write
0:00:00.015694770  2751 0x5622b6758360 TRACE   GST_REFCOUNTING gstobject.c:237:gst_object_ref: 0x5622b677f930 ref 1->2
0:00:00.015716993  2751 0x5622b6758360 TRACE   GST_REFCOUNTING gstobject.c:237:gst_object_ref: 0x5622b677f420 ref 1->2
0:00:00.020958695  2750 0x5637aa37e360 DEBUG   GST_POLL gstpoll.c:1241:gst_poll_fd_has_error: 0x5637aa3a3920: fd (fd:8, idx:2) 0
0:00:00.020970959  2750 0x5637aa37e360 DEBUG   GST_POLL gstpoll.c:1266:gst_poll_fd_can_read_unlocked: 0x5637aa3a3920: fd (fd:8, idx:2) 1
0:00:00.015731602  2751 0x5622b6758360 TRACE   GST_REFCOUNTING gstobject.c:264:gst_object_unref: 0x5622b677f420 unref 2->1
0:00:00.015739594  2751 0x5622b6758360 TRACE   GST_REFCOUNTING gstobject.c:264:gst_object_unref: 0x5622b677f930 unref 2->1
0:00:00.020983491  2750 0x5637aa37e360 LOG   GST_PLUGIN_LOADING gstpluginloader.c:984:read_one: Expanding rx buf from 512 to 1040
0:00:00.015746478  2751 0x5622b6758360 TRACE   GST_REFCOUNTING gstobject.c:264:gst_object_unref: 0x5622b677fc00 unref 2->1
0:00:00.015754499  2751 0x5622b6758360 TRACE   GST_REFCOUNTING gstobject.c:264:gst_object_unref: 0x5622b677ff20 unref 2->1
0:00:00.021004571  2750 0x5637aa37e360 DEBUG   GST_PLUGIN_LOADING gstpluginloader.c:847:handle_rx_packet: Received plugin details from child w/ tag 0. 516 bytes info
0:00:00.015764470  2751 0x5622b6758360 TRACE   GST_REFCOUNTING gstobject.c:264:gst_object_unref: 0x5622b67801a0 unref 2->1
0:00:00.021029307  2750 0x5637aa37e360 LOG   GST_REGISTRY gstregistrychunks.c:837:_priv_gst_registry_chunks_load_plugin: Reading/casting for GstRegistryChunkPluginElement at address 0x5637aa3a3cc0
0:00:00.015790159  2751 0x5622b6758360 TRACE   GST_REFCOUNTING gstobject.c:264:gst_object_unref: 0x5622b6780400 unref 2->1
0:00:00.015800732  2751 0x5622b6758360 DEBUG   GST_REGISTRY gstregistrychunks.c:498:_priv_gst_registry_chunks_save_plugin: Found 6 features in plugin 0x5622b677e3d0 (coretracers)
0:00:00.015807744  2751 0x5622b6758360 DEBUG   GST_POLL gstpoll.c:979:gst_poll_fd_ctl_write: 0x5622b677cd30: fd (fd:0, idx:1), active : 1
0:00:00.015816933  2751 0x5622b6758360 LOG   GST_POLL gstpoll.c:994:gst_poll_fd_ctl_write: 0x5622b677cd30: pfd->events now 60 (POLLOUT:4)
0:00:00.021057083  2750 0x5637aa37e360 TRACE   GST_REFCOUNTING gstobject.c:208:gst_object_init: 0x5637aa3af1e0 new
0:00:00.015823923  2751 0x5622b6758360 DEBUG   GST_POLL gstpoll.c:979:gst_poll_fd_ctl_write: 0x5622b677cd30: fd (fd:0, idx:1), active : 1
0:00:00.015830496  2751 0x5622b6758360 LOG   GST_POLL gstpoll.c:994:gst_poll_fd_ctl_write: 0x5622b677cd30: pfd->events now 60 (POLLOUT:4)
0:00:00.015836837  2751 0x5622b6758360 DEBUG   GST_POLL gstpoll.c:979:gst_poll_fd_ctl_write: 0x5622b677cd30: fd (fd:0, idx:1), active : 1
0:00:00.015845936  2751 0x5622b6758360 LOG   GST_POLL gstpoll.c:994:gst_poll_fd_ctl_write: 0x5622b677cd30: pfd->events now 60 (POLLOUT:4)
0:00:00.015852853  2751 0x5622b6758360 DEBUG   GST_POLL gstpoll.c:979:gst_poll_fd_ctl_write: 0x5622b677cd30: fd (fd:0, idx:1), active : 1
0:00:00.015859028  2751 0x5622b6758360 LOG   GST_POLL gstpoll.c:994:gst_poll_fd_ctl_write: 0x5622b677cd30: pfd->events now 60 (POLLOUT:4)
0:00:00.021102863  2750 0x5637aa37e360 LOG   GST_REGISTRY gstregistrychunks.c:859:_priv_gst_registry_chunks_load_plugin: read strings for name='coretracers'
0:00:00.015865376  2751 0x5622b6758360 DEBUG   GST_POLL gstpoll.c:979:gst_poll_fd_ctl_write: 0x5622b677cd30: fd (fd:0, idx:1), active : 1
0:00:00.021112040  2750 0x5637aa37e360 LOG   GST_REGISTRY gstregistrychunks.c:860:_priv_gst_registry_chunks_load_plugin: desc.description='GStreamer core tracers'
0:00:00.015874564  2751 0x5622b6758360 LOG   GST_POLL gstpoll.c:994:gst_poll_fd_ctl_write: 0x5622b677cd30: pfd->events now 60 (POLLOUT:4)
0:00:00.021119136  2750 0x5637aa37e360 LOG   GST_REGISTRY gstregistrychunks.c:861:_priv_gst_registry_chunks_load_plugin: filename='/home/conan/w/prod/BuildSingleReference/.conan/data/gstreamer/1.19.2/_/_/package/272fbcd9d24b96d15fa29c90965666ae8e9f2d35/lib/gstreamer-1.0/libgstcoretracers.so'
0:00:00.015881849  2751 0x5622b6758360 DEBUG   GST_POLL gstpoll.c:979:gst_poll_fd_ctl_write: 0x5622b677cd30: fd (fd:0, idx:1), active : 1
0:00:00.021128307  2750 0x5637aa37e360 LOG   GST_REGISTRY gstregistrychunks.c:862:_priv_gst_registry_chunks_load_plugin: desc.version='1.19.2'
0:00:00.015888880  2751 0x5622b6758360 LOG   GST_POLL gstpoll.c:994:gst_poll_fd_ctl_write: 0x5622b677cd30: pfd->events now 60 (POLLOUT:4)
0:00:00.021135107  2750 0x5637aa37e360 LOG   GST_REGISTRY gstregistrychunks.c:863:_priv_gst_registry_chunks_load_plugin: desc.license='LGPL'
0:00:00.015902275  2751 0x5622b6758360 DEBUG   GST_POLL gstpoll.c:979:gst_poll_fd_ctl_write: 0x5622b677cd30: fd (fd:0, idx:1), active : 1
0:00:00.021144473  2750 0x5637aa37e360 LOG   GST_REGISTRY gstregistrychunks.c:864:_priv_gst_registry_chunks_load_plugin: desc.source='gstreamer'
0:00:00.015911945  2751 0x5622b6758360 LOG   GST_POLL gstpoll.c:994:gst_poll_fd_ctl_write: 0x5622b677cd30: pfd->events now 60 (POLLOUT:4)
0:00:00.021153839  2750 0x5637aa37e360 LOG   GST_REGISTRY gstregistrychunks.c:865:_priv_gst_registry_chunks_load_plugin: desc.package='GStreamer source release'
0:00:00.015919486  2751 0x5622b6758360 DEBUG   GST_POLL gstpoll.c:979:gst_poll_fd_ctl_write: 0x5622b677cd30: fd (fd:0, idx:1), active : 1
0:00:00.021163116  2750 0x5637aa37e360 LOG   GST_REGISTRY gstregistrychunks.c:866:_priv_gst_registry_chunks_load_plugin: desc.origin='Unknown package origin'
0:00:00.015926085  2751 0x5622b6758360 LOG   GST_POLL gstpoll.c:994:gst_poll_fd_ctl_write: 0x5622b677cd30: pfd->events now 60 (POLLOUT:4)
0:00:00.021170073  2750 0x5637aa37e360 LOG   GST_REGISTRY gstregistrychunks.c:867:_priv_gst_registry_chunks_load_plugin: desc.datetime=2021-09-23
0:00:00.015933195  2751 0x5622b6758360 DEBUG   GST_POLL gstpoll.c:979:gst_poll_fd_ctl_write: 0x5622b677cd30: fd (fd:0, idx:1), active : 1
0:00:00.015942346  2751 0x5622b6758360 LOG   GST_POLL gstpoll.c:994:gst_poll_fd_ctl_write: 0x5622b677cd30: pfd->events now 60 (POLLOUT:4)
0:00:00.021181983  2750 0x5637aa37e360 DEBUG   GST_REGISTRY gstregistry.c:473:gst_registry_add_plugin: adding plugin 0x5637aa3af1e0 for filename "/home/conan/w/prod/BuildSingleReference/.conan/data/gstreamer/1.19.2/_/_/package/272fbcd9d24b96d15fa29c90965666ae8e9f2d35/lib/gstreamer-1.0/libgstcoretracers.so"
0:00:00.015949083  2751 0x5622b6758360 DEBUG   GST_POLL gstpoll.c:979:gst_poll_fd_ctl_write: 0x5622b677cd30: fd (fd:0, idx:1), active : 1
0:00:00.015956770  2751 0x5622b6758360 LOG   GST_POLL gstpoll.c:994:gst_poll_fd_ctl_write: 0x5622b677cd30: pfd->events now 60 (POLLOUT:4)
0:00:00.021201698  2750 0x5637aa37e360 TRACE   GST_REFCOUNTING gstobject.c:292:gst_object_ref_sink: 0x5637aa3af1e0 ref_sink 1->2
0:00:00.015963179  2751 0x5622b6758360 LOG   GST_PLUGIN_LOADING gstpluginloader.c:644:put_chunk: Expanding tx buf from 7717 to 10158 for chunk of size 11
0:00:00.021211436  2750 0x5637aa37e360 LOG   GST_REGISTRY gstregistry.c:486:gst_registry_add_plugin: emitting plugin-added for filename "/home/conan/w/prod/BuildSingleReference/.conan/data/gstreamer/1.19.2/_/_/package/272fbcd9d24b96d15fa29c90965666ae8e9f2d35/lib/gstreamer-1.0/libgstcoretracers.so"
0:00:00.015973095  2751 0x5622b6758360 DEBUG   GST_POLL gstpoll.c:979:gst_poll_fd_ctl_write: 0x5622b677cd30: fd (fd:0, idx:1), active : 1
0:00:00.021219896  2750 0x5637aa37e360 DEBUG   GST_REGISTRY gstregistrychunks.c:887:_priv_gst_registry_chunks_load_plugin: Added plugin 'coretracers' plugin with 6 features from binary registry
0:00:00.015979890  2751 0x5622b6758360 LOG   GST_POLL gstpoll.c:994:gst_poll_fd_ctl_write: 0x5622b677cd30: pfd->events now 60 (POLLOUT:4)
0:00:00.021228633  2750 0x5637aa37e360 DEBUG   GST_REGISTRY gstregistrychunks.c:583:gst_registry_chunks_load_feature: Plugin 'coretracers' feature 'factories' typename : 'GstTracerFactory'
0:00:00.015993518  2751 0x5622b6758360 DEBUG   GST_POLL gstpoll.c:979:gst_poll_fd_ctl_write: 0x5622b677cd30: fd (fd:0, idx:1), active : 1
0:00:00.016000226  2751 0x5622b6758360 LOG   GST_POLL gstpoll.c:994:gst_poll_fd_ctl_write: 0x5622b677cd30: pfd->events now 60 (POLLOUT:4)
0:00:00.021248990  2750 0x5637aa37e360 TRACE   GST_REFCOUNTING gstobject.c:208:gst_object_init: 0x5637aa3ae930 new
0:00:00.016009503  2751 0x5622b6758360 DEBUG   GST_POLL gstpoll.c:979:gst_poll_fd_ctl_write: 0x5622b677cd30: fd (fd:0, idx:1), active : 1
0:00:00.016018947  2751 0x5622b6758360 LOG   GST_POLL gstpoll.c:994:gst_poll_fd_ctl_write: 0x5622b677cd30: pfd->events now 60 (POLLOUT:4)
0:00:00.021262129  2750 0x5637aa37e360 DEBUG   GST_REGISTRY gstregistrychunks.c:717:gst_registry_chunks_load_feature: Reading/casting for GstRegistryChunkPluginFeature at address 0x5637aa3a3e10
0:00:00.016025131  2751 0x5622b6758360 DEBUG   GST_POLL gstpoll.c:979:gst_poll_fd_ctl_write: 0x5622b677cd30: fd (fd:0, idx:1), active : 1
0:00:00.016031574  2751 0x5622b6758360 LOG   GST_POLL gstpoll.c:994:gst_poll_fd_ctl_write: 0x5622b677cd30: pfd->events now 60 (POLLOUT:4)
0:00:00.021272567  2750 0x5637aa37e360 DEBUG   GST_REGISTRY gstregistry.c:589:gst_registry_add_feature: adding feature 0x5637aa3ae930 (factories)
0:00:00.016047262  2751 0x5622b6758360 DEBUG   GST_POLL gstpoll.c:979:gst_poll_fd_ctl_write: 0x5622b677cd30: fd (fd:0, idx:1), active : 1
0:00:00.016054618  2751 0x5622b6758360 LOG   GST_POLL gstpoll.c:994:gst_poll_fd_ctl_write: 0x5622b677cd30: pfd->events now 60 (POLLOUT:4)
0:00:00.021294416  2750 0x5637aa37e360 DEBUG   GST_REFCOUNTING gstobject.c:708:gst_object_set_parent: set parent (ref and sink)
0:00:00.016061041  2751 0x5622b6758360 DEBUG   GST_POLL gstpoll.c:979:gst_poll_fd_ctl_write: 0x5622b677cd30: fd (fd:0, idx:1), active : 1
0:00:00.016067745  2751 0x5622b6758360 LOG   GST_POLL gstpoll.c:994:gst_poll_fd_ctl_write: 0x5622b677cd30: pfd->events now 60 (POLLOUT:4)
0:00:00.021308241  2750 0x5637aa37e360 TRACE   GST_REFCOUNTING gstobject.c:292:gst_object_ref_sink: 0x5637aa3ae930 ref_sink 1->2
0:00:00.016077324  2751 0x5622b6758360 DEBUG   GST_POLL gstpoll.c:979:gst_poll_fd_ctl_write: 0x5622b677cd30: fd (fd:0, idx:1), active : 1
0:00:00.021321981  2750 0x5637aa37e360 LOG   GST_REGISTRY gstregistry.c:607:gst_registry_add_feature: emitting feature-added for factories
0:00:00.016084324  2751 0x5622b6758360 LOG   GST_POLL gstpoll.c:994:gst_poll_fd_ctl_write: 0x5622b677cd30: pfd->events now 60 (POLLOUT:4)
0:00:00.016092991  2751 0x5622b6758360 DEBUG   GST_POLL gstpoll.c:979:gst_poll_fd_ctl_write: 0x5622b677cd30: fd (fd:0, idx:1), active : 1
0:00:00.021334594  2750 0x5637aa37e360 DEBUG   GST_REGISTRY gstregistrychunks.c:741:gst_registry_chunks_load_feature: Added feature factories, plugin 0x5637aa3af1e0 coretracers
0:00:00.016098898  2751 0x5622b6758360 LOG   GST_POLL gstpoll.c:994:gst_poll_fd_ctl_write: 0x5622b677cd30: pfd->events now 60 (POLLOUT:4)
0:00:00.021350484  2750 0x5637aa37e360 DEBUG   GST_REGISTRY gstregistrychunks.c:583:gst_registry_chunks_load_feature: Plugin 'coretracers' feature 'leaks' typename : 'GstTracerFactory'
0:00:00.016112382  2751 0x5622b6758360 DEBUG   GST_POLL gstpoll.c:979:gst_poll_fd_ctl_write: 0x5622b677cd30: fd (fd:0, idx:1), active : 1
0:00:00.016119240  2751 0x5622b6758360 LOG   GST_POLL gstpoll.c:994:gst_poll_fd_ctl_write: 0x5622b677cd30: pfd->events now 60 (POLLOUT:4)
0:00:00.021361312  2750 0x5637aa37e360 TRACE   GST_REFCOUNTING gstobject.c:208:gst_object_init: 0x5637aa3a40d0 new
0:00:00.016125607  2751 0x5622b6758360 DEBUG   GST_POLL gstpoll.c:979:gst_poll_fd_ctl_write: 0x5622b677cd30: fd (fd:0, idx:1), active : 1
0:00:00.021372381  2750 0x5637aa37e360 DEBUG   GST_REGISTRY gstregistrychunks.c:717:gst_registry_chunks_load_feature: Reading/casting for GstRegistryChunkPluginFeature at address 0x5637aa3a3e30
0:00:00.016131998  2751 0x5622b6758360 LOG   GST_POLL gstpoll.c:994:gst_poll_fd_ctl_write: 0x5622b677cd30: pfd->events now 60 (POLLOUT:4)
0:00:00.016144595  2751 0x5622b6758360 DEBUG   GST_POLL gstpoll.c:979:gst_poll_fd_ctl_write: 0x5622b677cd30: fd (fd:0, idx:1), active : 1
0:00:00.021385265  2750 0x5637aa37e360 DEBUG   GST_REGISTRY gstregistry.c:589:gst_registry_add_feature: adding feature 0x5637aa3a40d0 (leaks)
0:00:00.016151091  2751 0x5622b6758360 LOG   GST_POLL gstpoll.c:994:gst_poll_fd_ctl_write: 0x5622b677cd30: pfd->events now 60 (POLLOUT:4)
0:00:00.021394916  2750 0x5637aa37e360 DEBUG   GST_REFCOUNTING gstobject.c:708:gst_object_set_parent: set parent (ref and sink)
0:00:00.016158122  2751 0x5622b6758360 DEBUG   GST_POLL gstpoll.c:979:gst_poll_fd_ctl_write: 0x5622b677cd30: fd (fd:0, idx:1), active : 1
0:00:00.021403392  2750 0x5637aa37e360 TRACE   GST_REFCOUNTING gstobject.c:292:gst_object_ref_sink: 0x5637aa3a40d0 ref_sink 1->2
0:00:00.016164542  2751 0x5622b6758360 LOG   GST_POLL gstpoll.c:994:gst_poll_fd_ctl_write: 0x5622b677cd30: pfd->events now 60 (POLLOUT:4)
0:00:00.021411096  2750 0x5637aa37e360 LOG   GST_REGISTRY gstregistry.c:607:gst_registry_add_feature: emitting feature-added for leaks
0:00:00.016174189  2751 0x5622b6758360 DEBUG   GST_POLL gstpoll.c:979:gst_poll_fd_ctl_write: 0x5622b677cd30: fd (fd:0, idx:1), active : 1
0:00:00.021421229  2750 0x5637aa37e360 DEBUG   GST_REGISTRY gstregistrychunks.c:741:gst_registry_chunks_load_feature: Added feature leaks, plugin 0x5637aa3af1e0 coretracers
0:00:00.016181285  2751 0x5622b6758360 LOG   GST_POLL gstpoll.c:994:gst_poll_fd_ctl_write: 0x5622b677cd30: pfd->events now 60 (POLLOUT:4)
0:00:00.021430040  2750 0x5637aa37e360 DEBUG   GST_REGISTRY gstregistrychunks.c:583:gst_registry_chunks_load_feature: Plugin 'coretracers' feature 'stats' typename : 'GstTracerFactory'
0:00:00.016190756  2751 0x5622b6758360 DEBUG   GST_POLL gstpoll.c:979:gst_poll_fd_ctl_write: 0x5622b677cd30: fd (fd:0, idx:1), active : 1
0:00:00.016198282  2751 0x5622b6758360 LOG   GST_POLL gstpoll.c:994:gst_poll_fd_ctl_write: 0x5622b677cd30: pfd->events now 60 (POLLOUT:4)
0:00:00.021439896  2750 0x5637aa37e360 TRACE   GST_REFCOUNTING gstobject.c:208:gst_object_init: 0x5637aa3a4290 new
0:00:00.016213260  2751 0x5622b6758360 DEBUG   GST_POLL gstpoll.c:979:gst_poll_fd_ctl_write: 0x5622b677cd30: fd (fd:0, idx:1), active : 1
0:00:00.021457352  2750 0x5637aa37e360 DEBUG   GST_REGISTRY gstregistrychunks.c:717:gst_registry_chunks_load_feature: Reading/casting for GstRegistryChunkPluginFeature at address 0x5637aa3a3e50
0:00:00.016220425  2751 0x5622b6758360 LOG   GST_POLL gstpoll.c:994:gst_poll_fd_ctl_write: 0x5622b677cd30: pfd->events now 60 (POLLOUT:4)
0:00:00.016227577  2751 0x5622b6758360 DEBUG   GST_POLL gstpoll.c:979:gst_poll_fd_ctl_write: 0x5622b677cd30: fd (fd:0, idx:1), active : 1
0:00:00.021468150  2750 0x5637aa37e360 DEBUG   GST_REGISTRY gstregistry.c:589:gst_registry_add_feature: adding feature 0x5637aa3a4290 (stats)
0:00:00.016249245  2751 0x5622b6758360 LOG   GST_POLL gstpoll.c:994:gst_poll_fd_ctl_write: 0x5622b677cd30: pfd->events now 60 (POLLOUT:4)
0:00:00.021494398  2750 0x5637aa37e360 DEBUG   GST_REFCOUNTING gstobject.c:708:gst_object_set_parent: set parent (ref and sink)
0:00:00.016263764  2751 0x5622b6758360 DEBUG   GST_POLL gstpoll.c:979:gst_poll_fd_ctl_write: 0x5622b677cd30: fd (fd:0, idx:1), active : 1
0:00:00.021505755  2750 0x5637aa37e360 TRACE   GST_REFCOUNTING gstobject.c:292:gst_object_ref_sink: 0x5637aa3a4290 ref_sink 1->2
0:00:00.016273860  2751 0x5622b6758360 LOG   GST_POLL gstpoll.c:994:gst_poll_fd_ctl_write: 0x5622b677cd30: pfd->events now 60 (POLLOUT:4)
0:00:00.021516269  2750 0x5637aa37e360 LOG   GST_REGISTRY gstregistry.c:607:gst_registry_add_feature: emitting feature-added for stats
0:00:00.016284659  2751 0x5622b6758360 DEBUG   GST_POLL gstpoll.c:979:gst_poll_fd_ctl_write: 0x5622b677cd30: fd (fd:0, idx:1), active : 1
0:00:00.021528065  2750 0x5637aa37e360 DEBUG   GST_REGISTRY gstregistrychunks.c:741:gst_registry_chunks_load_feature: Added feature stats, plugin 0x5637aa3af1e0 coretracers
0:00:00.016295981  2751 0x5622b6758360 LOG   GST_POLL gstpoll.c:994:gst_poll_fd_ctl_write: 0x5622b677cd30: pfd->events now 60 (POLLOUT:4)
0:00:00.021538600  2750 0x5637aa37e360 DEBUG   GST_REGISTRY gstregistrychunks.c:583:gst_registry_chunks_load_feature: Plugin 'coretracers' feature 'rusage' typename : 'GstTracerFactory'
0:00:00.016303451  2751 0x5622b6758360 DEBUG   GST_POLL gstpoll.c:979:gst_poll_fd_ctl_write: 0x5622b677cd30: fd (fd:0, idx:1), active : 1
0:00:00.021549036  2750 0x5637aa37e360 TRACE   GST_REFCOUNTING gstobject.c:208:gst_object_init: 0x5637aa3a4450 new
0:00:00.016309986  2751 0x5622b6758360 LOG   GST_POLL gstpoll.c:994:gst_poll_fd_ctl_write: 0x5622b677cd30: pfd->events now 60 (POLLOUT:4)
0:00:00.021558894  2750 0x5637aa37e360 DEBUG   GST_REGISTRY gstregistrychunks.c:717:gst_registry_chunks_load_feature: Reading/casting for GstRegistryChunkPluginFeature at address 0x5637aa3a3e70
0:00:00.016318436  2751 0x5622b6758360 DEBUG   GST_POLL gstpoll.c:979:gst_poll_fd_ctl_write: 0x5622b677cd30: fd (fd:0, idx:1), active : 1
0:00:00.021570661  2750 0x5637aa37e360 DEBUG   GST_REGISTRY gstregistry.c:589:gst_registry_add_feature: adding feature 0x5637aa3a4450 (rusage)
0:00:00.016336355  2751 0x5622b6758360 LOG   GST_POLL gstpoll.c:994:gst_poll_fd_ctl_write: 0x5622b677cd30: pfd->events now 60 (POLLOUT:4)
0:00:00.021578844  2750 0x5637aa37e360 DEBUG   GST_REFCOUNTING gstobject.c:708:gst_object_set_parent: set parent (ref and sink)
0:00:00.016345473  2751 0x5622b6758360 TRACE   GST_REFCOUNTING gstobject.c:264:gst_object_unref: 0x5622b677e3d0 unref 2->1
0:00:00.021587624  2750 0x5637aa37e360 TRACE   GST_REFCOUNTING gstobject.c:292:gst_object_ref_sink: 0x5637aa3a4450 ref_sink 1->2
0:00:00.016353978  2751 0x5622b6758360 DEBUG   GST_POLL gstpoll.c:1241:gst_poll_fd_has_error: 0x5622b677cd30: fd (fd:0, idx:1) 0
0:00:00.021596797  2750 0x5637aa37e360 LOG   GST_REGISTRY gstregistry.c:607:gst_registry_add_feature: emitting feature-added for rusage
0:00:00.016361204  2751 0x5622b6758360 DEBUG   GST_POLL gstpoll.c:1335:gst_poll_fd_can_write: 0x5622b677cd30: fd (fd:0, idx:1) 1
0:00:00.021607002  2750 0x5637aa37e360 DEBUG   GST_REGISTRY gstregistrychunks.c:741:gst_registry_chunks_load_feature: Added feature rusage, plugin 0x5637aa3af1e0 coretracers
0:00:00.016370794  2751 0x5622b6758360 LOG   GST_PLUGIN_LOADING gstpluginloader.c:689:write_one: Writing packet of size 6872 bytes to fd 0
0:00:00.021614795  2750 0x5637aa37e360 DEBUG   GST_REGISTRY gstregistrychunks.c:583:gst_registry_chunks_load_feature: Plugin 'coretracers' feature 'log' typename : 'GstTracerFactory'
0:00:00.021624230  2750 0x5637aa37e360 TRACE   GST_REFCOUNTING gstobject.c:208:gst_object_init: 0x5637aa3a4610 new
0:00:00.016384799  2751 0x5622b6758360 DEBUG   GST_POLL gstpoll.c:1414:gst_poll_wait: 0x5622b677cd30: timeout :0:00:01.000000000
0:00:00.021633060  2750 0x5637aa37e360 DEBUG   GST_REGISTRY gstregistrychunks.c:717:gst_registry_chunks_load_feature: Reading/casting for GstRegistryChunkPluginFeature at address 0x5637aa3a3e90
0:00:00.016395863  2751 0x5622b6758360 LOG   GST_PLUGIN_LOADING gstpluginloader.c:1026:exchange_packets: Poll res = 2. 528 bytes pending for write
0:00:00.021644073  2750 0x5637aa37e360 DEBUG   GST_REGISTRY gstregistry.c:589:gst_registry_add_feature: adding feature 0x5637aa3a4610 (log)
0:00:00.016405954  2751 0x5622b6758360 DEBUG   GST_POLL gstpoll.c:1241:gst_poll_fd_has_error: 0x5622b677cd30: fd (fd:5, idx:2) 0
0:00:00.021652206  2750 0x5637aa37e360 DEBUG   GST_REFCOUNTING gstobject.c:708:gst_object_set_parent: set parent (ref and sink)
0:00:00.016413552  2751 0x5622b6758360 DEBUG   GST_POLL gstpoll.c:1266:gst_poll_fd_can_read_unlocked: 0x5622b677cd30: fd (fd:5, idx:2) 1
0:00:00.021660307  2750 0x5637aa37e360 TRACE   GST_REFCOUNTING gstobject.c:292:gst_object_ref_sink: 0x5637aa3a4610 ref_sink 1->2
0:00:00.016424660  2751 0x5622b6758360 DEBUG   GST_PLUGIN_LOADING gstpluginloader.c:721:do_plugin_load: Plugin scanner loading file /home/conan/w/prod/BuildSingleReference/.conan/data/gstreamer/1.19.2/_/_/package/272fbcd9d24b96d15fa29c90965666ae8e9f2d35/lib/gstreamer-1.0/libgstcoreelements.so. tag 3
0:00:00.021667997  2750 0x5637aa37e360 LOG   GST_REGISTRY gstregistry.c:607:gst_registry_add_feature: emitting feature-added for log
0:00:00.016441037  2751 0x5622b6758360 TRACE   GST_REFCOUNTING gstobject.c:237:gst_object_ref: 0x5622b67822f0 ref 1->2
0:00:00.021683329  2750 0x5637aa37e360 DEBUG   GST_REGISTRY gstregistrychunks.c:741:gst_registry_chunks_load_feature: Added feature log, plugin 0x5637aa3af1e0 coretracers
0:00:00.016450195  2751 0x5622b6758360 TRACE   GST_REFCOUNTING gstobject.c:237:gst_object_ref: 0x5622b679fb20 ref 1->2
0:00:00.021692760  2750 0x5637aa37e360 DEBUG   GST_REGISTRY gstregistrychunks.c:583:gst_registry_chunks_load_feature: Plugin 'coretracers' feature 'latency' typename : 'GstTracerFactory'
0:00:00.016458171  2751 0x5622b6758360 TRACE   GST_REFCOUNTING gstobject.c:237:gst_object_ref: 0x5622b679e960 ref 1->2
0:00:00.021703153  2750 0x5637aa37e360 TRACE   GST_REFCOUNTING gstobject.c:208:gst_object_init: 0x5637aa3a47d0 new
0:00:00.016465840  2751 0x5622b6758360 TRACE   GST_REFCOUNTING gstobject.c:237:gst_object_ref: 0x5622b679cfb0 ref 1->2
0:00:00.021712620  2750 0x5637aa37e360 DEBUG   GST_REGISTRY gstregistrychunks.c:717:gst_registry_chunks_load_feature: Reading/casting for GstRegistryChunkPluginFeature at address 0x5637aa3a3eb8
0:00:00.016476527  2751 0x5622b6758360 TRACE   GST_REFCOUNTING gstobject.c:237:gst_object_ref: 0x5622b679bfb0 ref 1->2
0:00:00.021723607  2750 0x5637aa37e360 DEBUG   GST_REGISTRY gstregistry.c:589:gst_registry_add_feature: adding feature 0x5637aa3a47d0 (latency)
0:00:00.016484486  2751 0x5622b6758360 TRACE   GST_REFCOUNTING gstobject.c:237:gst_object_ref: 0x5622b679abd0 ref 1->2
0:00:00.021733120  2750 0x5637aa37e360 DEBUG   GST_REFCOUNTING gstobject.c:708:gst_object_set_parent: set parent (ref and sink)
0:00:00.016492507  2751 0x5622b6758360 TRACE   GST_REFCOUNTING gstobject.c:237:gst_object_ref: 0x5622b6799750 ref 1->2
0:00:00.021741578  2750 0x5637aa37e360 TRACE   GST_REFCOUNTING gstobject.c:292:gst_object_ref_sink: 0x5637aa3a47d0 ref_sink 1->2
0:00:00.016502363  2751 0x5622b6758360 TRACE   GST_REFCOUNTING gstobject.c:237:gst_object_ref: 0x5622b6797eb0 ref 1->2
0:00:00.021749051  2750 0x5637aa37e360 LOG   GST_REGISTRY gstregistry.c:607:gst_registry_add_feature: emitting feature-added for latency
0:00:00.016512470  2751 0x5622b6758360 TRACE   GST_REFCOUNTING gstobject.c:237:gst_object_ref: 0x5622b6795c30 ref 1->2
0:00:00.021759224  2750 0x5637aa37e360 DEBUG   GST_REGISTRY gstregistrychunks.c:741:gst_registry_chunks_load_feature: Added feature latency, plugin 0x5637aa3af1e0 coretracers
0:00:00.016520412  2751 0x5622b6758360 TRACE   GST_REFCOUNTING gstobject.c:237:gst_object_ref: 0x5622b6794af0 ref 1->2
0:00:00.016527803  2751 0x5622b6758360 TRACE   GST_REFCOUNTING gstobject.c:237:gst_object_ref: 0x5622b67938b0 ref 1->2
0:00:00.016534378  2751 0x5622b6758360 TRACE   GST_REFCOUNTING gstobject.c:237:gst_object_ref: 0x5622b6792370 ref 1->2
0:00:00.016550273  2751 0x5622b6758360 TRACE   GST_REFCOUNTING gstobject.c:237:gst_object_ref: 0x5622b6791690 ref 1->2
0:00:00.021767879  2750 0x5637aa37e360 LOG   GST_PLUGIN_LOADING gstpluginloader.c:886:handle_rx_packet: marking plugin 0x5637aa3af1e0 as registered as /home/conan/w/prod/BuildSingleReference/.conan/data/gstreamer/1.19.2/_/_/package/272fbcd9d24b96d15fa29c90965666ae8e9f2d35/lib/gstreamer-1.0/libgstcoretracers.so
0:00:00.016557692  2751 0x5622b6758360 TRACE   GST_REFCOUNTING gstobject.c:237:gst_object_ref: 0x5622b67909c0 ref 1->2
0:00:00.016566540  2751 0x5622b6758360 TRACE   GST_REFCOUNTING gstobject.c:237:gst_object_ref: 0x5622b678fc00 ref 1->2
0:00:00.021812150  2750 0x5637aa37e360 DEBUG   GST_POLL gstpoll.c:1414:gst_poll_wait: 0x5637aa3a3920: timeout :0:00:01.000000000
0:00:00.016573755  2751 0x5622b6758360 TRACE   GST_REFCOUNTING gstobject.c:237:gst_object_ref: 0x5622b678d550 ref 1->2
0:00:00.016584501  2751 0x5622b6758360 TRACE   GST_REFCOUNTING gstobject.c:237:gst_object_ref: 0x5622b678af30 ref 1->2
0:00:00.021826178  2750 0x5637aa37e360 LOG   GST_PLUGIN_LOADING gstpluginloader.c:1026:exchange_packets: Poll res = 1. 0 bytes pending for write
0:00:00.016591852  2751 0x5622b6758360 TRACE   GST_REFCOUNTING gstobject.c:237:gst_object_ref: 0x5622b6789290 ref 1->2
0:00:00.021836473  2750 0x5637aa37e360 DEBUG   GST_POLL gstpoll.c:1241:gst_poll_fd_has_error: 0x5637aa3a3920: fd (fd:8, idx:2) 0
