0:00:00.025149971  2750 0x5637aa37e360 DEBUG   GST_REGISTRY gstregistrychunks.c:640:gst_registry_chunks_load_feature: Reading 1 UriTypes at address 0x5637aa3a5d98
0:00:00.019913021  2751 0x5622b6758360 DEBUG   GST_POLL gstpoll.c:979:gst_poll_fd_ctl_write: 0x5622b677cd30: fd (fd:0, idx:1), active : 1
0:00:00.025157777  2750 0x5637aa37e360 DEBUG   GST_REGISTRY gstregistrychunks.c:655:gst_registry_chunks_load_feature: Reading 1 Interfaces at address 0x5637aa3a5d9f
0:00:00.019919931  2751 0x5622b6758360 LOG   GST_POLL gstpoll.c:994:gst_poll_fd_ctl_write: 0x5622b677cd30: pfd->events now 60 (POLLOUT:4)
0:00:00.025167081  2750 0x5637aa37e360 DEBUG   GST_REGISTRY gstregistry.c:589:gst_registry_add_feature: adding feature 0x5637aa3af8f0 (fdsrc)
0:00:00.019927186  2751 0x5622b6758360 DEBUG   GST_POLL gstpoll.c:979:gst_poll_fd_ctl_write: 0x5622b677cd30: fd (fd:0, idx:1), active : 1
0:00:00.025174756  2750 0x5637aa37e360 DEBUG   GST_REFCOUNTING gstobject.c:708:gst_object_set_parent: set parent (ref and sink)
0:00:00.019937980  2751 0x5622b6758360 LOG   GST_POLL gstpoll.c:994:gst_poll_fd_ctl_write: 0x5622b677cd30: pfd->events now 60 (POLLOUT:4)
0:00:00.019945658  2751 0x5622b6758360 DEBUG   GST_POLL gstpoll.c:979:gst_poll_fd_ctl_write: 0x5622b677cd30: fd (fd:0, idx:1), active : 1
0:00:00.025191262  2750 0x5637aa37e360 TRACE   GST_REFCOUNTING gstobject.c:292:gst_object_ref_sink: 0x5637aa3af8f0 ref_sink 1->2
0:00:00.019951846  2751 0x5622b6758360 LOG   GST_POLL gstpoll.c:994:gst_poll_fd_ctl_write: 0x5622b677cd30: pfd->events now 60 (POLLOUT:4)
0:00:00.025200766  2750 0x5637aa37e360 LOG   GST_REGISTRY gstregistry.c:607:gst_registry_add_feature: emitting feature-added for fdsrc
0:00:00.019961543  2751 0x5622b6758360 DEBUG   GST_POLL gstpoll.c:979:gst_poll_fd_ctl_write: 0x5622b677cd30: fd (fd:0, idx:1), active : 1
0:00:00.025215672  2750 0x5637aa37e360 DEBUG   GST_REGISTRY gstregistrychunks.c:741:gst_registry_chunks_load_feature: Added feature fdsrc, plugin 0x5637aa3a3cc0 coreelements
0:00:00.019978356  2751 0x5622b6758360 LOG   GST_POLL gstpoll.c:994:gst_poll_fd_ctl_write: 0x5622b677cd30: pfd->events now 60 (POLLOUT:4)
0:00:00.025223664  2750 0x5637aa37e360 DEBUG   GST_REGISTRY gstregistrychunks.c:583:gst_registry_chunks_load_feature: Plugin 'coreelements' feature 'fakesink' typename : 'GstElementFactory'
0:00:00.019986567  2751 0x5622b6758360 DEBUG   GST_POLL gstpoll.c:979:gst_poll_fd_ctl_write: 0x5622b677cd30: fd (fd:0, idx:1), active : 1
0:00:00.019993861  2751 0x5622b6758360 LOG   GST_POLL gstpoll.c:994:gst_poll_fd_ctl_write: 0x5622b677cd30: pfd->events now 60 (POLLOUT:4)
0:00:00.025236760  2750 0x5637aa37e360 TRACE   GST_REFCOUNTING gstobject.c:208:gst_object_init: 0x5637aa3affa0 new
0:00:00.020000645  2751 0x5622b6758360 DEBUG   GST_POLL gstpoll.c:979:gst_poll_fd_ctl_write: 0x5622b677cd30: fd (fd:0, idx:1), active : 1
0:00:00.025246918  2750 0x5637aa37e360 LOG   GST_REGISTRY gstregistrychunks.c:610:gst_registry_chunks_load_feature: Reading/casting for GstRegistryChunkElementFactory at address 0x5637aa3a5dc8
0:00:00.020009956  2751 0x5622b6758360 LOG   GST_POLL gstpoll.c:994:gst_poll_fd_ctl_write: 0x5622b677cd30: pfd->events now 60 (POLLOUT:4)
0:00:00.025254056  2750 0x5637aa37e360 TRACE   structure gststructure.c:292:gst_structure_new_id_empty_with_size: created structure 0x5637aa3b01d0
0:00:00.020017816  2751 0x5622b6758360 DEBUG   GST_POLL gstpoll.c:979:gst_poll_fd_ctl_write: 0x5622b677cd30: fd (fd:0, idx:1), active : 1
0:00:00.025261014  2750 0x5637aa37e360 DEBUG   structure gststructure.c:2258:gst_structure_parse_field: trying field name 'long-name'
0:00:00.020024813  2751 0x5622b6758360 LOG   GST_POLL gstpoll.c:994:gst_poll_fd_ctl_write: 0x5622b677cd30: pfd->events now 60 (POLLOUT:4)
0:00:00.025271624  2750 0x5637aa37e360 DEBUG   default gstvalue.c:2776:_priv_gst_value_parse_value: trying type name 'string'
0:00:00.020032361  2751 0x5622b6758360 DEBUG   GST_POLL gstpoll.c:979:gst_poll_fd_ctl_write: 0x5622b677cd30: fd (fd:0, idx:1), active : 1
0:00:00.025282418  2750 0x5637aa37e360 DEBUG   structure gststructure.c:2258:gst_structure_parse_field: trying field name 'klass'
0:00:00.020047081  2751 0x5622b6758360 LOG   GST_POLL gstpoll.c:994:gst_poll_fd_ctl_write: 0x5622b677cd30: pfd->events now 60 (POLLOUT:4)
0:00:00.025288886  2750 0x5637aa37e360 DEBUG   default gstvalue.c:2776:_priv_gst_value_parse_value: trying type name 'string'
0:00:00.020054846  2751 0x5622b6758360 DEBUG   GST_POLL gstpoll.c:979:gst_poll_fd_ctl_write: 0x5622b677cd30: fd (fd:0, idx:1), active : 1
0:00:00.025298172  2750 0x5637aa37e360 DEBUG   structure gststructure.c:2258:gst_structure_parse_field: trying field name 'description'
0:00:00.020062182  2751 0x5622b6758360 LOG   GST_POLL gstpoll.c:994:gst_poll_fd_ctl_write: 0x5622b677cd30: pfd->events now 60 (POLLOUT:4)
0:00:00.025307868  2750 0x5637aa37e360 DEBUG   default gstvalue.c:2776:_priv_gst_value_parse_value: trying type name 'string'
0:00:00.020074503  2751 0x5622b6758360 DEBUG   GST_POLL gstpoll.c:979:gst_poll_fd_ctl_write: 0x5622b677cd30: fd (fd:0, idx:1), active : 1
0:00:00.025319316  2750 0x5637aa37e360 DEBUG   structure gststructure.c:2258:gst_structure_parse_field: trying field name 'author'
0:00:00.020084521  2751 0x5622b6758360 LOG   GST_POLL gstpoll.c:994:gst_poll_fd_ctl_write: 0x5622b677cd30: pfd->events now 60 (POLLOUT:4)
0:00:00.025326551  2750 0x5637aa37e360 DEBUG   default gstvalue.c:2776:_priv_gst_value_parse_value: trying type name 'string'
0:00:00.020092073  2751 0x5622b6758360 DEBUG   GST_POLL gstpoll.c:979:gst_poll_fd_ctl_write: 0x5622b677cd30: fd (fd:0, idx:1), active : 1
0:00:00.025337876  2750 0x5637aa37e360 DEBUG   GST_REGISTRY gstregistrychunks.c:627:gst_registry_chunks_load_feature: Element factory : npadtemplates=1
0:00:00.020099333  2751 0x5622b6758360 LOG   GST_POLL gstpoll.c:994:gst_poll_fd_ctl_write: 0x5622b677cd30: pfd->events now 60 (POLLOUT:4)
0:00:00.025347378  2750 0x5637aa37e360 DEBUG   GST_REGISTRY gstregistrychunks.c:526:gst_registry_chunks_load_pad_template: Reading/casting for GstRegistryChunkPadTemplate at address 0x5637aa3a5ef0
0:00:00.020108668  2751 0x5622b6758360 DEBUG   GST_POLL gstpoll.c:979:gst_poll_fd_ctl_write: 0x5622b677cd30: fd (fd:0, idx:1), active : 1
0:00:00.025355188  2750 0x5637aa37e360 DEBUG   GST_REGISTRY gstregistrychunks.c:540:gst_registry_chunks_load_pad_template: Added pad_template sink
0:00:00.020118642  2751 0x5622b6758360 LOG   GST_POLL gstpoll.c:994:gst_poll_fd_ctl_write: 0x5622b677cd30: pfd->events now 60 (POLLOUT:4)
0:00:00.025365133  2750 0x5637aa37e360 DEBUG   GST_REGISTRY gstregistry.c:589:gst_registry_add_feature: adding feature 0x5637aa3affa0 (fakesink)
0:00:00.020126766  2751 0x5622b6758360 DEBUG   GST_POLL gstpoll.c:979:gst_poll_fd_ctl_write: 0x5622b677cd30: fd (fd:0, idx:1), active : 1
0:00:00.025372784  2750 0x5637aa37e360 DEBUG   GST_REFCOUNTING gstobject.c:708:gst_object_set_parent: set parent (ref and sink)
0:00:00.020133730  2751 0x5622b6758360 LOG   GST_POLL gstpoll.c:994:gst_poll_fd_ctl_write: 0x5622b677cd30: pfd->events now 60 (POLLOUT:4)
0:00:00.025384059  2750 0x5637aa37e360 TRACE   GST_REFCOUNTING gstobject.c:292:gst_object_ref_sink: 0x5637aa3affa0 ref_sink 1->2
0:00:00.020144022  2751 0x5622b6758360 DEBUG   GST_POLL gstpoll.c:979:gst_poll_fd_ctl_write: 0x5622b677cd30: fd (fd:0, idx:1), active : 1
0:00:00.025392463  2750 0x5637aa37e360 LOG   GST_REGISTRY gstregistry.c:607:gst_registry_add_feature: emitting feature-added for fakesink
0:00:00.020154865  2751 0x5622b6758360 LOG   GST_POLL gstpoll.c:994:gst_poll_fd_ctl_write: 0x5622b677cd30: pfd->events now 60 (POLLOUT:4)
0:00:00.025400631  2750 0x5637aa37e360 DEBUG   GST_REGISTRY gstregistrychunks.c:741:gst_registry_chunks_load_feature: Added feature fakesink, plugin 0x5637aa3a3cc0 coreelements
0:00:00.020162416  2751 0x5622b6758360 DEBUG   GST_POLL gstpoll.c:979:gst_poll_fd_ctl_write: 0x5622b677cd30: fd (fd:0, idx:1), active : 1
0:00:00.025414933  2750 0x5637aa37e360 DEBUG   GST_REGISTRY gstregistrychunks.c:583:gst_registry_chunks_load_feature: Plugin 'coreelements' feature 'fakesrc' typename : 'GstElementFactory'
0:00:00.020176085  2751 0x5622b6758360 LOG   GST_POLL gstpoll.c:994:gst_poll_fd_ctl_write: 0x5622b677cd30: pfd->events now 60 (POLLOUT:4)
0:00:00.020186014  2751 0x5622b6758360 DEBUG   GST_POLL gstpoll.c:979:gst_poll_fd_ctl_write: 0x5622b677cd30: fd (fd:0, idx:1), active : 1
0:00:00.025427567  2750 0x5637aa37e360 TRACE   GST_REFCOUNTING gstobject.c:208:gst_object_init: 0x5637aa3b0530 new
0:00:00.020195823  2751 0x5622b6758360 LOG   GST_POLL gstpoll.c:994:gst_poll_fd_ctl_write: 0x5622b677cd30: pfd->events now 60 (POLLOUT:4)
0:00:00.025440397  2750 0x5637aa37e360 LOG   GST_REGISTRY gstregistrychunks.c:610:gst_registry_chunks_load_feature: Reading/casting for GstRegistryChunkElementFactory at address 0x5637aa3a5f20
0:00:00.020203729  2751 0x5622b6758360 DEBUG   GST_POLL gstpoll.c:979:gst_poll_fd_ctl_write: 0x5622b677cd30: fd (fd:0, idx:1), active : 1
0:00:00.025448097  2750 0x5637aa37e360 TRACE   structure gststructure.c:292:gst_structure_new_id_empty_with_size: created structure 0x5637aa3b0620
0:00:00.020210964  2751 0x5622b6758360 LOG   GST_POLL gstpoll.c:994:gst_poll_fd_ctl_write: 0x5622b677cd30: pfd->events now 60 (POLLOUT:4)
0:00:00.025454661  2750 0x5637aa37e360 DEBUG   structure gststructure.c:2258:gst_structure_parse_field: trying field name 'long-name'
0:00:00.020218430  2751 0x5622b6758360 DEBUG   GST_POLL gstpoll.c:979:gst_poll_fd_ctl_write: 0x5622b677cd30: fd (fd:0, idx:1), active : 1
0:00:00.025463857  2750 0x5637aa37e360 DEBUG   default gstvalue.c:2776:_priv_gst_value_parse_value: trying type name 'string'
0:00:00.020228070  2751 0x5622b6758360 LOG   GST_POLL gstpoll.c:994:gst_poll_fd_ctl_write: 0x5622b677cd30: pfd->events now 60 (POLLOUT:4)
0:00:00.025472201  2750 0x5637aa37e360 DEBUG   structure gststructure.c:2258:gst_structure_parse_field: trying field name 'klass'
0:00:00.020246110  2751 0x5622b6758360 DEBUG   GST_POLL gstpoll.c:979:gst_poll_fd_ctl_write: 0x5622b677cd30: fd (fd:0, idx:1), active : 1
0:00:00.025491183  2750 0x5637aa37e360 DEBUG   default gstvalue.c:2776:_priv_gst_value_parse_value: trying type name 'string'
0:00:00.020253350  2751 0x5622b6758360 LOG   GST_POLL gstpoll.c:994:gst_poll_fd_ctl_write: 0x5622b677cd30: pfd->events now 60 (POLLOUT:4)
0:00:00.025501716  2750 0x5637aa37e360 DEBUG   structure gststructure.c:2258:gst_structure_parse_field: trying field name 'description'
0:00:00.020263748  2751 0x5622b6758360 DEBUG   GST_POLL gstpoll.c:979:gst_poll_fd_ctl_write: 0x5622b677cd30: fd (fd:0, idx:1), active : 1
0:00:00.025508993  2750 0x5637aa37e360 DEBUG   default gstvalue.c:2776:_priv_gst_value_parse_value: trying type name 'string'
0:00:00.020271811  2751 0x5622b6758360 LOG   GST_POLL gstpoll.c:994:gst_poll_fd_ctl_write: 0x5622b677cd30: pfd->events now 60 (POLLOUT:4)
0:00:00.025517081  2750 0x5637aa37e360 DEBUG   structure gststructure.c:2258:gst_structure_parse_field: trying field name 'author'
0:00:00.020279574  2751 0x5622b6758360 DEBUG   GST_POLL gstpoll.c:979:gst_poll_fd_ctl_write: 0x5622b677cd30: fd (fd:0, idx:1), active : 1
0:00:00.025529442  2750 0x5637aa37e360 DEBUG   default gstvalue.c:2776:_priv_gst_value_parse_value: trying type name 'string'
0:00:00.020291386  2751 0x5622b6758360 LOG   GST_POLL gstpoll.c:994:gst_poll_fd_ctl_write: 0x5622b677cd30: pfd->events now 60 (POLLOUT:4)
0:00:00.025540968  2750 0x5637aa37e360 DEBUG   GST_REGISTRY gstregistrychunks.c:627:gst_registry_chunks_load_feature: Element factory : npadtemplates=1
0:00:00.020301903  2751 0x5622b6758360 DEBUG   GST_POLL gstpoll.c:979:gst_poll_fd_ctl_write: 0x5622b677cd30: fd (fd:0, idx:1), active : 1
0:00:00.025548204  2750 0x5637aa37e360 DEBUG   GST_REGISTRY gstregistrychunks.c:526:gst_registry_chunks_load_pad_template: Reading/casting for GstRegistryChunkPadTemplate at address 0x5637aa3a6020
0:00:00.020309961  2751 0x5622b6758360 LOG   GST_POLL gstpoll.c:994:gst_poll_fd_ctl_write: 0x5622b677cd30: pfd->events now 60 (POLLOUT:4)
0:00:00.025555210  2750 0x5637aa37e360 DEBUG   GST_REGISTRY gstregistrychunks.c:540:gst_registry_chunks_load_pad_template: Added pad_template src
0:00:00.020317842  2751 0x5622b6758360 LOG   GST_PLUGIN_LOADING gstpluginloader.c:644:put_chunk: Expanding tx buf from 13209 to 17023 for chunk of size 229
0:00:00.025564587  2750 0x5637aa37e360 DEBUG   GST_REGISTRY gstregistry.c:589:gst_registry_add_feature: adding feature 0x5637aa3b0530 (fakesrc)
0:00:00.025574379  2750 0x5637aa37e360 DEBUG   GST_REFCOUNTING gstobject.c:708:gst_object_set_parent: set parent (ref and sink)
0:00:00.020334125  2751 0x5622b6758360 DEBUG   GST_POLL gstpoll.c:979:gst_poll_fd_ctl_write: 0x5622b677cd30: fd (fd:0, idx:1), active : 1
0:00:00.025583375  2750 0x5637aa37e360 TRACE   GST_REFCOUNTING gstobject.c:292:gst_object_ref_sink: 0x5637aa3b0530 ref_sink 1->2
0:00:00.020345216  2751 0x5622b6758360 LOG   GST_POLL gstpoll.c:994:gst_poll_fd_ctl_write: 0x5622b677cd30: pfd->events now 60 (POLLOUT:4)
0:00:00.025591276  2750 0x5637aa37e360 LOG   GST_REGISTRY gstregistry.c:607:gst_registry_add_feature: emitting feature-added for fakesrc
0:00:00.020353250  2751 0x5622b6758360 DEBUG   GST_POLL gstpoll.c:979:gst_poll_fd_ctl_write: 0x5622b677cd30: fd (fd:0, idx:1), active : 1
0:00:00.025598921  2750 0x5637aa37e360 DEBUG   GST_REGISTRY gstregistrychunks.c:741:gst_registry_chunks_load_feature: Added feature fakesrc, plugin 0x5637aa3a3cc0 coreelements
0:00:00.020360419  2751 0x5622b6758360 LOG   GST_POLL gstpoll.c:994:gst_poll_fd_ctl_write: 0x5622b677cd30: pfd->events now 60 (POLLOUT:4)
0:00:00.025609007  2750 0x5637aa37e360 DEBUG   GST_REGISTRY gstregistrychunks.c:583:gst_registry_chunks_load_feature: Plugin 'coreelements' feature 'downloadbuffer' typename : 'GstElementFactory'
0:00:00.020369498  2751 0x5622b6758360 DEBUG   GST_POLL gstpoll.c:979:gst_poll_fd_ctl_write: 0x5622b677cd30: fd (fd:0, idx:1), active : 1
0:00:00.025618790  2750 0x5637aa37e360 TRACE   GST_REFCOUNTING gstobject.c:208:gst_object_init: 0x5637aa3b0a70 new
0:00:00.020378902  2751 0x5622b6758360 LOG   GST_POLL gstpoll.c:994:gst_poll_fd_ctl_write: 0x5622b677cd30: pfd->events now 60 (POLLOUT:4)
0:00:00.025634607  2750 0x5637aa37e360 LOG   GST_REGISTRY gstregistrychunks.c:610:gst_registry_chunks_load_feature: Reading/casting for GstRegistryChunkElementFactory at address 0x5637aa3a6058
0:00:00.020394234  2751 0x5622b6758360 DEBUG   GST_POLL gstpoll.c:979:gst_poll_fd_ctl_write: 0x5622b677cd30: fd (fd:0, idx:1), active : 1
0:00:00.025642353  2750 0x5637aa37e360 TRACE   structure gststructure.c:292:gst_structure_new_id_empty_with_size: created structure 0x5637aa3b0d70
0:00:00.020403532  2751 0x5622b6758360 LOG   GST_POLL gstpoll.c:994:gst_poll_fd_ctl_write: 0x5622b677cd30: pfd->events now 60 (POLLOUT:4)
0:00:00.025651939  2750 0x5637aa37e360 DEBUG   structure gststructure.c:2258:gst_structure_parse_field: trying field name 'long-name'
0:00:00.020412595  2751 0x5622b6758360 DEBUG   GST_POLL gstpoll.c:979:gst_poll_fd_ctl_write: 0x5622b677cd30: fd (fd:0, idx:1), active : 1
0:00:00.025658705  2750 0x5637aa37e360 DEBUG   default gstvalue.c:2776:_priv_gst_value_parse_value: trying type name 'string'
0:00:00.020422274  2751 0x5622b6758360 LOG   GST_POLL gstpoll.c:994:gst_poll_fd_ctl_write: 0x5622b677cd30: pfd->events now 60 (POLLOUT:4)
0:00:00.025666758  2750 0x5637aa37e360 DEBUG   structure gststructure.c:2258:gst_structure_parse_field: trying field name 'klass'
0:00:00.020429937  2751 0x5622b6758360 DEBUG   GST_POLL gstpoll.c:979:gst_poll_fd_ctl_write: 0x5622b677cd30: fd (fd:0, idx:1), active : 1
0:00:00.020436672  2751 0x5622b6758360 LOG   GST_POLL gstpoll.c:994:gst_poll_fd_ctl_write: 0x5622b677cd30: pfd->events now 60 (POLLOUT:4)
0:00:00.025673263  2750 0x5637aa37e360 DEBUG   default gstvalue.c:2776:_priv_gst_value_parse_value: trying type name 'string'
0:00:00.020443041  2751 0x5622b6758360 DEBUG   GST_POLL gstpoll.c:979:gst_poll_fd_ctl_write: 0x5622b677cd30: fd (fd:0, idx:1), active : 1
0:00:00.025689392  2750 0x5637aa37e360 DEBUG   structure gststructure.c:2258:gst_structure_parse_field: trying field name 'description'
0:00:00.020452767  2751 0x5622b6758360 LOG   GST_POLL gstpoll.c:994:gst_poll_fd_ctl_write: 0x5622b677cd30: pfd->events now 60 (POLLOUT:4)
0:00:00.025696553  2750 0x5637aa37e360 DEBUG   default gstvalue.c:2776:_priv_gst_value_parse_value: trying type name 'string'
0:00:00.020460289  2751 0x5622b6758360 DEBUG   GST_POLL gstpoll.c:979:gst_poll_fd_ctl_write: 0x5622b677cd30: fd (fd:0, idx:1), active : 1
0:00:00.025704636  2750 0x5637aa37e360 DEBUG   structure gststructure.c:2258:gst_structure_parse_field: trying field name 'author'
0:00:00.020467050  2751 0x5622b6758360 LOG   GST_POLL gstpoll.c:994:gst_poll_fd_ctl_write: 0x5622b677cd30: pfd->events now 60 (POLLOUT:4)
0:00:00.020474354  2751 0x5622b6758360 DEBUG   GST_POLL gstpoll.c:979:gst_poll_fd_ctl_write: 0x5622b677cd30: fd (fd:0, idx:1), active : 1
0:00:00.025715200  2750 0x5637aa37e360 DEBUG   default gstvalue.c:2776:_priv_gst_value_parse_value: trying type name 'string'
0:00:00.020484246  2751 0x5622b6758360 LOG   GST_POLL gstpoll.c:994:gst_poll_fd_ctl_write: 0x5622b677cd30: pfd->events now 60 (POLLOUT:4)
0:00:00.025729229  2750 0x5637aa37e360 DEBUG   GST_REGISTRY gstregistrychunks.c:627:gst_registry_chunks_load_feature: Element factory : npadtemplates=2
0:00:00.020498215  2751 0x5622b6758360 DEBUG   GST_POLL gstpoll.c:979:gst_poll_fd_ctl_write: 0x5622b677cd30: fd (fd:0, idx:1), active : 1
0:00:00.025741190  2750 0x5637aa37e360 DEBUG   GST_REGISTRY gstregistrychunks.c:526:gst_registry_chunks_load_pad_template: Reading/casting for GstRegistryChunkPadTemplate at address 0x5637aa3a6120
0:00:00.020504980  2751 0x5622b6758360 LOG   GST_POLL gstpoll.c:994:gst_poll_fd_ctl_write: 0x5622b677cd30: pfd->events now 60 (POLLOUT:4)
0:00:00.025748383  2750 0x5637aa37e360 DEBUG   GST_REGISTRY gstregistrychunks.c:540:gst_registry_chunks_load_pad_template: Added pad_template sink
0:00:00.020512037  2751 0x5622b6758360 DEBUG   GST_POLL gstpoll.c:979:gst_poll_fd_ctl_write: 0x5622b677cd30: fd (fd:0, idx:1), active : 1
0:00:00.025756831  2750 0x5637aa37e360 DEBUG   GST_REGISTRY gstregistrychunks.c:526:gst_registry_chunks_load_pad_template: Reading/casting for GstRegistryChunkPadTemplate at address 0x5637aa3a6138
0:00:00.020521642  2751 0x5622b6758360 LOG   GST_POLL gstpoll.c:994:gst_poll_fd_ctl_write: 0x5622b677cd30: pfd->events now 60 (POLLOUT:4)
0:00:00.025764805  2750 0x5637aa37e360 DEBUG   GST_REGISTRY gstregistrychunks.c:540:gst_registry_chunks_load_pad_template: Added pad_template src
0:00:00.020529855  2751 0x5622b6758360 DEBUG   GST_POLL gstpoll.c:979:gst_poll_fd_ctl_write: 0x5622b677cd30: fd (fd:0, idx:1), active : 1
0:00:00.025780086  2750 0x5637aa37e360 DEBUG   GST_REGISTRY gstregistry.c:589:gst_registry_add_feature: adding feature 0x5637aa3b0a70 (downloadbuffer)
0:00:00.020540961  2751 0x5622b6758360 LOG   GST_POLL gstpoll.c:994:gst_poll_fd_ctl_write: 0x5622b677cd30: pfd->events now 60 (POLLOUT:4)
0:00:00.025787629  2750 0x5637aa37e360 DEBUG   GST_REFCOUNTING gstobject.c:708:gst_object_set_parent: set parent (ref and sink)
0:00:00.020548744  2751 0x5622b6758360 DEBUG   GST_POLL gstpoll.c:979:gst_poll_fd_ctl_write: 0x5622b677cd30: fd (fd:0, idx:1), active : 1
0:00:00.025798592  2750 0x5637aa37e360 TRACE   GST_REFCOUNTING gstobject.c:292:gst_object_ref_sink: 0x5637aa3b0a70 ref_sink 1->2
0:00:00.020559343  2751 0x5622b6758360 LOG   GST_POLL gstpoll.c:994:gst_poll_fd_ctl_write: 0x5622b677cd30: pfd->events now 60 (POLLOUT:4)
0:00:00.025807327  2750 0x5637aa37e360 LOG   GST_REGISTRY gstregistry.c:607:gst_registry_add_feature: emitting feature-added for downloadbuffer
0:00:00.020568688  2751 0x5622b6758360 DEBUG   GST_POLL gstpoll.c:979:gst_poll_fd_ctl_write: 0x5622b677cd30: fd (fd:0, idx:1), active : 1
0:00:00.025815350  2750 0x5637aa37e360 DEBUG   GST_REGISTRY gstregistrychunks.c:741:gst_registry_chunks_load_feature: Added feature downloadbuffer, plugin 0x5637aa3a3cc0 coreelements
0:00:00.020575670  2751 0x5622b6758360 LOG   GST_POLL gstpoll.c:994:gst_poll_fd_ctl_write: 0x5622b677cd30: pfd->events now 60 (POLLOUT:4)
0:00:00.025822919  2750 0x5637aa37e360 DEBUG   GST_REGISTRY gstregistrychunks.c:583:gst_registry_chunks_load_feature: Plugin 'coreelements' feature 'dataurisrc' typename : 'GstElementFactory'
0:00:00.020583975  2751 0x5622b6758360 DEBUG   GST_POLL gstpoll.c:979:gst_poll_fd_ctl_write: 0x5622b677cd30: fd (fd:0, idx:1), active : 1
0:00:00.020599505  2751 0x5622b6758360 LOG   GST_POLL gstpoll.c:994:gst_poll_fd_ctl_write: 0x5622b677cd30: pfd->events now 60 (POLLOUT:4)
0:00:00.025840348  2750 0x5637aa37e360 TRACE   GST_REFCOUNTING gstobject.c:208:gst_object_init: 0x5637aa3b1250 new
0:00:00.020606818  2751 0x5622b6758360 DEBUG   GST_POLL gstpoll.c:979:gst_poll_fd_ctl_write: 0x5622b677cd30: fd (fd:0, idx:1), active : 1
0:00:00.025851686  2750 0x5637aa37e360 LOG   GST_REGISTRY gstregistrychunks.c:610:gst_registry_chunks_load_feature: Reading/casting for GstRegistryChunkElementFactory at address 0x5637aa3a6168
0:00:00.020613539  2751 0x5622b6758360 LOG   GST_POLL gstpoll.c:994:gst_poll_fd_ctl_write: 0x5622b677cd30: pfd->events now 60 (POLLOUT:4)
0:00:00.025858989  2750 0x5637aa37e360 TRACE   structure gststructure.c:292:gst_structure_new_id_empty_with_size: created structure 0x5637aa3b1560
0:00:00.020620643  2751 0x5622b6758360 DEBUG   GST_POLL gstpoll.c:979:gst_poll_fd_ctl_write: 0x5622b677cd30: fd (fd:0, idx:1), active : 1
0:00:00.025865839  2750 0x5637aa37e360 DEBUG   structure gststructure.c:2258:gst_structure_parse_field: trying field name 'long-name'
0:00:00.020629991  2751 0x5622b6758360 LOG   GST_POLL gstpoll.c:994:gst_poll_fd_ctl_write: 0x5622b677cd30: pfd->events now 60 (POLLOUT:4)
0:00:00.025874120  2750 0x5637aa37e360 DEBUG   default gstvalue.c:2776:_priv_gst_value_parse_value: trying type name 'string'
0:00:00.020637762  2751 0x5622b6758360 DEBUG   GST_POLL gstpoll.c:979:gst_poll_fd_ctl_write: 0x5622b677cd30: fd (fd:0, idx:1), active : 1
0:00:00.025883704  2750 0x5637aa37e360 DEBUG   structure gststructure.c:2258:gst_structure_parse_field: trying field name 'klass'
0:00:00.020644703  2751 0x5622b6758360 LOG   GST_POLL gstpoll.c:994:gst_poll_fd_ctl_write: 0x5622b677cd30: pfd->events now 60 (POLLOUT:4)
0:00:00.025890551  2750 0x5637aa37e360 DEBUG   default gstvalue.c:2776:_priv_gst_value_parse_value: trying type name 'string'
0:00:00.020652699  2751 0x5622b6758360 DEBUG   GST_POLL gstpoll.c:979:gst_poll_fd_ctl_write: 0x5622b677cd30: fd (fd:0, idx:1), active : 1
0:00:00.025898319  2750 0x5637aa37e360 DEBUG   structure gststructure.c:2258:gst_structure_parse_field: trying field name 'description'
0:00:00.020662405  2751 0x5622b6758360 LOG   GST_POLL gstpoll.c:994:gst_poll_fd_ctl_write: 0x5622b677cd30: pfd->events now 60 (POLLOUT:4)
0:00:00.025906629  2750 0x5637aa37e360 DEBUG   default gstvalue.c:2776:_priv_gst_value_parse_value: trying type name 'string'
0:00:00.020670040  2751 0x5622b6758360 DEBUG   GST_POLL gstpoll.c:979:gst_poll_fd_ctl_write: 0x5622b677cd30: fd (fd:0, idx:1), active : 1
0:00:00.025916438  2750 0x5637aa37e360 DEBUG   structure gststructure.c:2258:gst_structure_parse_field: trying field name 'author'
0:00:00.020677001  2751 0x5622b6758360 LOG   GST_POLL gstpoll.c:994:gst_poll_fd_ctl_write: 0x5622b677cd30: pfd->events now 60 (POLLOUT:4)
0:00:00.025923157  2750 0x5637aa37e360 DEBUG   default gstvalue.c:2776:_priv_gst_value_parse_value: trying type name 'string'
0:00:00.020690073  2751 0x5622b6758360 DEBUG   GST_POLL gstpoll.c:979:gst_poll_fd_ctl_write: 0x5622b677cd30: fd (fd:0, idx:1), active : 1
0:00:00.025935694  2750 0x5637aa37e360 DEBUG   GST_REGISTRY gstregistrychunks.c:627:gst_registry_chunks_load_feature: Element factory : npadtemplates=1
0:00:00.020699935  2751 0x5622b6758360 LOG   GST_POLL gstpoll.c:994:gst_poll_fd_ctl_write: 0x5622b677cd30: pfd->events now 60 (POLLOUT:4)
0:00:00.025944024  2750 0x5637aa37e360 DEBUG   GST_REGISTRY gstregistrychunks.c:526:gst_registry_chunks_load_pad_template: Reading/casting for GstRegistryChunkPadTemplate at address 0x5637aa3a6280
0:00:00.020707367  2751 0x5622b6758360 DEBUG   GST_POLL gstpoll.c:979:gst_poll_fd_ctl_write: 0x5622b677cd30: fd (fd:0, idx:1), active : 1
0:00:00.025951826  2750 0x5637aa37e360 DEBUG   GST_REGISTRY gstregistrychunks.c:540:gst_registry_chunks_load_pad_template: Added pad_template src
0:00:00.020714066  2751 0x5622b6758360 LOG   GST_POLL gstpoll.c:994:gst_poll_fd_ctl_write: 0x5622b677cd30: pfd->events now 60 (POLLOUT:4)
0:00:00.025959366  2750 0x5637aa37e360 DEBUG   GST_REGISTRY gstregistrychunks.c:640:gst_registry_chunks_load_feature: Reading 1 UriTypes at address 0x5637aa3a6290
0:00:00.020721334  2751 0x5622b6758360 DEBUG   GST_POLL gstpoll.c:979:gst_poll_fd_ctl_write: 0x5622b677cd30: fd (fd:0, idx:1), active : 1
0:00:00.025966909  2750 0x5637aa37e360 DEBUG   GST_REGISTRY gstregistrychunks.c:655:gst_registry_chunks_load_feature: Reading 1 Interfaces at address 0x5637aa3a6299
0:00:00.020731108  2751 0x5622b6758360 LOG   GST_POLL gstpoll.c:994:gst_poll_fd_ctl_write: 0x5622b677cd30: pfd->events now 60 (POLLOUT:4)
0:00:00.020738969  2751 0x5622b6758360 DEBUG   GST_POLL gstpoll.c:979:gst_poll_fd_ctl_write: 0x5622b677cd30: fd (fd:0, idx:1), active : 1
0:00:00.025979196  2750 0x5637aa37e360 DEBUG   GST_REGISTRY gstregistry.c:589:gst_registry_add_feature: adding feature 0x5637aa3b1250 (dataurisrc)
0:00:00.020745238  2751 0x5622b6758360 LOG   GST_POLL gstpoll.c:994:gst_poll_fd_ctl_write: 0x5622b677cd30: pfd->events now 60 (POLLOUT:4)
0:00:00.025988847  2750 0x5637aa37e360 DEBUG   GST_REFCOUNTING gstobject.c:708:gst_object_set_parent: set parent (ref and sink)
0:00:00.020752336  2751 0x5622b6758360 DEBUG   GST_POLL gstpoll.c:979:gst_poll_fd_ctl_write: 0x5622b677cd30: fd (fd:0, idx:1), active : 1
0:00:00.025997196  2750 0x5637aa37e360 TRACE   GST_REFCOUNTING gstobject.c:292:gst_object_ref_sink: 0x5637aa3b1250 ref_sink 1->2
0:00:00.020761655  2751 0x5622b6758360 LOG   GST_POLL gstpoll.c:994:gst_poll_fd_ctl_write: 0x5622b677cd30: pfd->events now 60 (POLLOUT:4)
0:00:00.026004615  2750 0x5637aa37e360 LOG   GST_REGISTRY gstregistry.c:607:gst_registry_add_feature: emitting feature-added for dataurisrc
0:00:00.020769259  2751 0x5622b6758360 DEBUG   GST_POLL gstpoll.c:979:gst_poll_fd_ctl_write: 0x5622b677cd30: fd (fd:0, idx:1), active : 1
0:00:00.026014305  2750 0x5637aa37e360 DEBUG   GST_REGISTRY gstregistrychunks.c:741:gst_registry_chunks_load_feature: Added feature dataurisrc, plugin 0x5637aa3a3cc0 coreelements
0:00:00.020776277  2751 0x5622b6758360 LOG   GST_POLL gstpoll.c:994:gst_poll_fd_ctl_write: 0x5622b677cd30: pfd->events now 60 (POLLOUT:4)
0:00:00.026030316  2750 0x5637aa37e360 DEBUG   GST_REGISTRY gstregistrychunks.c:583:gst_registry_chunks_load_feature: Plugin 'coreelements' feature 'concat' typename : 'GstElementFactory'
0:00:00.020790930  2751 0x5622b6758360 DEBUG   GST_POLL gstpoll.c:979:gst_poll_fd_ctl_write: 0x5622b677cd30: fd (fd:0, idx:1), active : 1
0:00:00.026040167  2750 0x5637aa37e360 TRACE   GST_REFCOUNTING gstobject.c:208:gst_object_init: 0x5637aa3b1ca0 new
0:00:00.020800527  2751 0x5622b6758360 LOG   GST_POLL gstpoll.c:994:gst_poll_fd_ctl_write: 0x5622b677cd30: pfd->events now 60 (POLLOUT:4)
0:00:00.020809943  2751 0x5622b6758360 DEBUG   GST_POLL gstpoll.c:979:gst_poll_fd_ctl_write: 0x5622b677cd30: fd (fd:0, idx:1), active : 1
0:00:00.026050445  2750 0x5637aa37e360 LOG   GST_REGISTRY gstregistrychunks.c:610:gst_registry_chunks_load_feature: Reading/casting for GstRegistryChunkElementFactory at address 0x5637aa3a62c0
0:00:00.020816692  2751 0x5622b6758360 LOG   GST_POLL gstpoll.c:994:gst_poll_fd_ctl_write: 0x5622b677cd30: pfd->events now 60 (POLLOUT:4)
0:00:00.026062603  2750 0x5637aa37e360 TRACE   structure gststructure.c:292:gst_structure_new_id_empty_with_size: created structure 0x5637aa3b1ed0
0:00:00.020823980  2751 0x5622b6758360 DEBUG   GST_POLL gstpoll.c:979:gst_poll_fd_ctl_write: 0x5622b677cd30: fd (fd:0, idx:1), active : 1
0:00:00.026070481  2750 0x5637aa37e360 DEBUG   structure gststructure.c:2258:gst_structure_parse_field: trying field name 'long-name'
0:00:00.020833651  2751 0x5622b6758360 LOG   GST_POLL gstpoll.c:994:gst_poll_fd_ctl_write: 0x5622b677cd30: pfd->events now 60 (POLLOUT:4)
0:00:00.026077092  2750 0x5637aa37e360 DEBUG   default gstvalue.c:2776:_priv_gst_value_parse_value: trying type name 'string'
0:00:00.020841254  2751 0x5622b6758360 DEBUG   GST_POLL gstpoll.c:979:gst_poll_fd_ctl_write: 0x5622b677cd30: fd (fd:0, idx:1), active : 1
0:00:00.026084701  2750 0x5637aa37e360 DEBUG   structure gststructure.c:2258:gst_structure_parse_field: trying field name 'klass'
0:00:00.020848041  2751 0x5622b6758360 LOG   GST_POLL gstpoll.c:994:gst_poll_fd_ctl_write: 0x5622b677cd30: pfd->events now 60 (POLLOUT:4)
0:00:00.026095743  2750 0x5637aa37e360 DEBUG   default gstvalue.c:2776:_priv_gst_value_parse_value: trying type name 'string'
0:00:00.020855850  2751 0x5622b6758360 DEBUG   GST_POLL gstpoll.c:979:gst_poll_fd_ctl_write: 0x5622b677cd30: fd (fd:0, idx:1), active : 1
0:00:00.026105344  2750 0x5637aa37e360 DEBUG   structure gststructure.c:2258:gst_structure_parse_field: trying field name 'description'
0:00:00.020866842  2751 0x5622b6758360 LOG   GST_POLL gstpoll.c:994:gst_poll_fd_ctl_write: 0x5622b677cd30: pfd->events now 60 (POLLOUT:4)
0:00:00.020874834  2751 0x5622b6758360 DEBUG   GST_POLL gstpoll.c:979:gst_poll_fd_ctl_write: 0x5622b677cd30: fd (fd:0, idx:1), active : 1
0:00:00.026118324  2750 0x5637aa37e360 DEBUG   default gstvalue.c:2776:_priv_gst_value_parse_value: trying type name 'string'
0:00:00.020881089  2751 0x5622b6758360 LOG   GST_POLL gstpoll.c:994:gst_poll_fd_ctl_write: 0x5622b677cd30: pfd->events now 60 (POLLOUT:4)
0:00:00.026131466  2750 0x5637aa37e360 DEBUG   structure gststructure.c:2258:gst_structure_parse_field: trying field name 'author'
0:00:00.020892044  2751 0x5622b6758360 DEBUG   GST_POLL gstpoll.c:979:gst_poll_fd_ctl_write: 0x5622b677cd30: fd (fd:0, idx:1), active : 1
0:00:00.026140969  2750 0x5637aa37e360 DEBUG   default gstvalue.c:2776:_priv_gst_value_parse_value: trying type name 'string'
0:00:00.020903472  2751 0x5622b6758360 LOG   GST_POLL gstpoll.c:994:gst_poll_fd_ctl_write: 0x5622b677cd30: pfd->events now 60 (POLLOUT:4)
0:00:00.026150284  2750 0x5637aa37e360 DEBUG   GST_REGISTRY gstregistrychunks.c:627:gst_registry_chunks_load_feature: Element factory : npadtemplates=2
0:00:00.020911228  2751 0x5622b6758360 DEBUG   GST_POLL gstpoll.c:979:gst_poll_fd_ctl_write: 0x5622b677cd30: fd (fd:0, idx:1), active : 1
0:00:00.026157409  2750 0x5637aa37e360 DEBUG   GST_REGISTRY gstregistrychunks.c:526:gst_registry_chunks_load_pad_template: Reading/casting for GstRegistryChunkPadTemplate at address 0x5637aa3a6398
0:00:00.020918774  2751 0x5622b6758360 LOG   GST_POLL gstpoll.c:994:gst_poll_fd_ctl_write: 0x5622b677cd30: pfd->events now 60 (POLLOUT:4)
0:00:00.026164032  2750 0x5637aa37e360 DEBUG   GST_REGISTRY gstregistrychunks.c:540:gst_registry_chunks_load_pad_template: Added pad_template src
0:00:00.020926055  2751 0x5622b6758360 DEBUG   GST_POLL gstpoll.c:979:gst_poll_fd_ctl_write: 0x5622b677cd30: fd (fd:0, idx:1), active : 1
0:00:00.026172935  2750 0x5637aa37e360 DEBUG   GST_REGISTRY gstregistrychunks.c:526:gst_registry_chunks_load_pad_template: Reading/casting for GstRegistryChunkPadTemplate at address 0x5637aa3a63a8
0:00:00.020935634  2751 0x5622b6758360 LOG   GST_POLL gstpoll.c:994:gst_poll_fd_ctl_write: 0x5622b677cd30: pfd->events now 60 (POLLOUT:4)
0:00:00.026180003  2750 0x5637aa37e360 DEBUG   GST_REGISTRY gstregistrychunks.c:540:gst_registry_chunks_load_pad_template: Added pad_template sink_%u
0:00:00.020943229  2751 0x5622b6758360 DEBUG   GST_POLL gstpoll.c:979:gst_poll_fd_ctl_write: 0x5622b677cd30: fd (fd:0, idx:1), active : 1
0:00:00.026188597  2750 0x5637aa37e360 DEBUG   GST_REGISTRY gstregistry.c:589:gst_registry_add_feature: adding feature 0x5637aa3b1ca0 (concat)
0:00:00.020949841  2751 0x5622b6758360 LOG   GST_POLL gstpoll.c:994:gst_poll_fd_ctl_write: 0x5622b677cd30: pfd->events now 60 (POLLOUT:4)
0:00:00.026195648  2750 0x5637aa37e360 DEBUG   GST_REFCOUNTING gstobject.c:708:gst_object_set_parent: set parent (ref and sink)
0:00:00.020956873  2751 0x5622b6758360 DEBUG   GST_POLL gstpoll.c:979:gst_poll_fd_ctl_write: 0x5622b677cd30: fd (fd:0, idx:1), active : 1
0:00:00.026207011  2750 0x5637aa37e360 TRACE   GST_REFCOUNTING gstobject.c:292:gst_object_ref_sink: 0x5637aa3b1ca0 ref_sink 1->2
0:00:00.020968057  2751 0x5622b6758360 LOG   GST_POLL gstpoll.c:994:gst_poll_fd_ctl_write: 0x5622b677cd30: pfd->events now 60 (POLLOUT:4)
0:00:00.026215157  2750 0x5637aa37e360 LOG   GST_REGISTRY gstregistry.c:607:gst_registry_add_feature: emitting feature-added for concat
0:00:00.020976298  2751 0x5622b6758360 DEBUG   GST_POLL gstpoll.c:979:gst_poll_fd_ctl_write: 0x5622b677cd30: fd (fd:0, idx:1), active : 1
0:00:00.026227883  2750 0x5637aa37e360 DEBUG   GST_REGISTRY gstregistrychunks.c:741:gst_registry_chunks_load_feature: Added feature concat, plugin 0x5637aa3a3cc0 coreelements
0:00:00.020988128  2751 0x5622b6758360 LOG   GST_POLL gstpoll.c:994:gst_poll_fd_ctl_write: 0x5622b677cd30: pfd->events now 60 (POLLOUT:4)
0:00:00.026235596  2750 0x5637aa37e360 DEBUG   GST_REGISTRY gstregistrychunks.c:583:gst_registry_chunks_load_feature: Plugin 'coreelements' feature 'clocksync' typename : 'GstElementFactory'
0:00:00.020996923  2751 0x5622b6758360 DEBUG   GST_POLL gstpoll.c:979:gst_poll_fd_ctl_write: 0x5622b677cd30: fd (fd:0, idx:1), active : 1
0:00:00.026248410  2750 0x5637aa37e360 TRACE   GST_REFCOUNTING gstobject.c:208:gst_object_init: 0x5637aa3b1b50 new
0:00:00.021008518  2751 0x5622b6758360 LOG   GST_POLL gstpoll.c:994:gst_poll_fd_ctl_write: 0x5622b677cd30: pfd->events now 60 (POLLOUT:4)
0:00:00.026258492  2750 0x5637aa37e360 LOG   GST_REGISTRY gstregistrychunks.c:610:gst_registry_chunks_load_feature: Reading/casting for GstRegistryChunkElementFactory at address 0x5637aa3a63d8
0:00:00.021018633  2751 0x5622b6758360 DEBUG   GST_POLL gstpoll.c:979:gst_poll_fd_ctl_write: 0x5622b677cd30: fd (fd:0, idx:1), active : 1
0:00:00.026266215  2750 0x5637aa37e360 TRACE   structure gststructure.c:292:gst_structure_new_id_empty_with_size: created structure 0x5637aa3b24a0
0:00:00.021027180  2751 0x5622b6758360 LOG   GST_POLL gstpoll.c:994:gst_poll_fd_ctl_write: 0x5622b677cd30: pfd->events now 60 (POLLOUT:4)
0:00:00.026274652  2750 0x5637aa37e360 DEBUG   structure gststructure.c:2258:gst_structure_parse_field: trying field name 'long-name'
0:00:00.026284164  2750 0x5637aa37e360 DEBUG   default gstvalue.c:2776:_priv_gst_value_parse_value: trying type name 'string'
0:00:00.021035598  2751 0x5622b6758360 DEBUG   GST_POLL gstpoll.c:979:gst_poll_fd_ctl_write: 0x5622b677cd30: fd (fd:0, idx:1), active : 1
0:00:00.026291897  2750 0x5637aa37e360 DEBUG   structure gststructure.c:2258:gst_structure_parse_field: trying field name 'klass'
0:00:00.021055920  2751 0x5622b6758360 LOG   GST_POLL gstpoll.c:994:gst_poll_fd_ctl_write: 0x5622b677cd30: pfd->events now 60 (POLLOUT:4)
0:00:00.026298444  2750 0x5637aa37e360 DEBUG   default gstvalue.c:2776:_priv_gst_value_parse_value: trying type name 'string'
0:00:00.021063730  2751 0x5622b6758360 DEBUG   GST_POLL gstpoll.c:979:gst_poll_fd_ctl_write: 0x5622b677cd30: fd (fd:0, idx:1), active : 1
0:00:00.026306674  2750 0x5637aa37e360 DEBUG   structure gststructure.c:2258:gst_structure_parse_field: trying field name 'description'
0:00:00.021070967  2751 0x5622b6758360 LOG   GST_POLL gstpoll.c:994:gst_poll_fd_ctl_write: 0x5622b677cd30: pfd->events now 60 (POLLOUT:4)
0:00:00.026315806  2750 0x5637aa37e360 DEBUG   default gstvalue.c:2776:_priv_gst_value_parse_value: trying type name 'string'
0:00:00.021078300  2751 0x5622b6758360 DEBUG   GST_POLL gstpoll.c:979:gst_poll_fd_ctl_write: 0x5622b677cd30: fd (fd:0, idx:1), active : 1
0:00:00.026324276  2750 0x5637aa37e360 DEBUG   structure gststructure.c:2258:gst_structure_parse_field: trying field name 'author'
0:00:00.021094206  2751 0x5622b6758360 LOG   GST_POLL gstpoll.c:994:gst_poll_fd_ctl_write: 0x5622b677cd30: pfd->events now 60 (POLLOUT:4)
0:00:00.026335928  2750 0x5637aa37e360 DEBUG   default gstvalue.c:2776:_priv_gst_value_parse_value: trying type name 'string'
0:00:00.021102074  2751 0x5622b6758360 DEBUG   GST_POLL gstpoll.c:979:gst_poll_fd_ctl_write: 0x5622b677cd30: fd (fd:0, idx:1), active : 1
0:00:00.026347717  2750 0x5637aa37e360 DEBUG   GST_REGISTRY gstregistrychunks.c:627:gst_registry_chunks_load_feature: Element factory : npadtemplates=2
0:00:00.021109426  2751 0x5622b6758360 LOG   GST_POLL gstpoll.c:994:gst_poll_fd_ctl_write: 0x5622b677cd30: pfd->events now 60 (POLLOUT:4)
0:00:00.026357273  2750 0x5637aa37e360 DEBUG   GST_REGISTRY gstregistrychunks.c:526:gst_registry_chunks_load_pad_template: Reading/casting for GstRegistryChunkPadTemplate at address 0x5637aa3a64a8
0:00:00.021118661  2751 0x5622b6758360 DEBUG   GST_POLL gstpoll.c:979:gst_poll_fd_ctl_write: 0x5622b677cd30: fd (fd:0, idx:1), active : 1
0:00:00.026364400  2750 0x5637aa37e360 DEBUG   GST_REGISTRY gstregistrychunks.c:540:gst_registry_chunks_load_pad_template: Added pad_template sink
0:00:00.021128141  2751 0x5622b6758360 LOG   GST_POLL gstpoll.c:994:gst_poll_fd_ctl_write: 0x5622b677cd30: pfd->events now 60 (POLLOUT:4)
0:00:00.026371081  2750 0x5637aa37e360 DEBUG   GST_REGISTRY gstregistrychunks.c:526:gst_registry_chunks_load_pad_template: Reading/casting for GstRegistryChunkPadTemplate at address 0x5637aa3a64c0
0:00:00.021135761  2751 0x5622b6758360 DEBUG   GST_POLL gstpoll.c:979:gst_poll_fd_ctl_write: 0x5622b677cd30: fd (fd:0, idx:1), active : 1
0:00:00.026378000  2750 0x5637aa37e360 DEBUG   GST_REGISTRY gstregistrychunks.c:540:gst_registry_chunks_load_pad_template: Added pad_template src
0:00:00.021142456  2751 0x5622b6758360 LOG   GST_POLL gstpoll.c:994:gst_poll_fd_ctl_write: 0x5622b677cd30: pfd->events now 60 (POLLOUT:4)
0:00:00.026389545  2750 0x5637aa37e360 DEBUG   GST_REGISTRY gstregistry.c:589:gst_registry_add_feature: adding feature 0x5637aa3b1b50 (clocksync)
0:00:00.021149731  2751 0x5622b6758360 DEBUG   GST_POLL gstpoll.c:979:gst_poll_fd_ctl_write: 0x5622b677cd30: fd (fd:0, idx:1), active : 1
0:00:00.026397089  2750 0x5637aa37e360 DEBUG   GST_REFCOUNTING gstobject.c:708:gst_object_set_parent: set parent (ref and sink)
0:00:00.021159584  2751 0x5622b6758360 LOG   GST_POLL gstpoll.c:994:gst_poll_fd_ctl_write: 0x5622b677cd30: pfd->events now 60 (POLLOUT:4)
0:00:00.026405564  2750 0x5637aa37e360 TRACE   GST_REFCOUNTING gstobject.c:292:gst_object_ref_sink: 0x5637aa3b1b50 ref_sink 1->2
0:00:00.021167402  2751 0x5622b6758360 DEBUG   GST_POLL gstpoll.c:979:gst_poll_fd_ctl_write: 0x5622b677cd30: fd (fd:0, idx:1), active : 1
0:00:00.026413234  2750 0x5637aa37e360 LOG   GST_REGISTRY gstregistry.c:607:gst_registry_add_feature: emitting feature-added for clocksync
0:00:00.021174230  2751 0x5622b6758360 LOG   GST_POLL gstpoll.c:994:gst_poll_fd_ctl_write: 0x5622b677cd30: pfd->events now 60 (POLLOUT:4)
0:00:00.026423663  2750 0x5637aa37e360 DEBUG   GST_REGISTRY gstregistrychunks.c:741:gst_registry_chunks_load_feature: Added feature clocksync, plugin 0x5637aa3a3cc0 coreelements
0:00:00.021189494  2751 0x5622b6758360 DEBUG   GST_POLL gstpoll.c:979:gst_poll_fd_ctl_write: 0x5622b677cd30: fd (fd:0, idx:1), active : 1
0:00:00.026432804  2750 0x5637aa37e360 DEBUG   GST_REGISTRY gstregistrychunks.c:583:gst_registry_chunks_load_feature: Plugin 'coreelements' feature 'capsfilter' typename : 'GstElementFactory'
0:00:00.021199057  2751 0x5622b6758360 LOG   GST_POLL gstpoll.c:994:gst_poll_fd_ctl_write: 0x5622b677cd30: pfd->events now 60 (POLLOUT:4)
0:00:00.026444146  2750 0x5637aa37e360 TRACE   GST_REFCOUNTING gstobject.c:208:gst_object_init: 0x5637aa3b2a00 new
0:00:00.021206703  2751 0x5622b6758360 DEBUG   GST_POLL gstpoll.c:979:gst_poll_fd_ctl_write: 0x5622b677cd30: fd (fd:0, idx:1), active : 1
0:00:00.021213505  2751 0x5622b6758360 LOG   GST_POLL gstpoll.c:994:gst_poll_fd_ctl_write: 0x5622b677cd30: pfd->events now 60 (POLLOUT:4)
0:00:00.026453532  2750 0x5637aa37e360 LOG   GST_REGISTRY gstregistrychunks.c:610:gst_registry_chunks_load_feature: Reading/casting for GstRegistryChunkElementFactory at address 0x5637aa3a64f0
0:00:00.021220373  2751 0x5622b6758360 DEBUG   GST_POLL gstpoll.c:979:gst_poll_fd_ctl_write: 0x5622b677cd30: fd (fd:0, idx:1), active : 1
0:00:00.026464963  2750 0x5637aa37e360 TRACE   structure gststructure.c:292:gst_structure_new_id_empty_with_size: created structure 0x5637aa3b2d10
0:00:00.021229625  2751 0x5622b6758360 LOG   GST_POLL gstpoll.c:994:gst_poll_fd_ctl_write: 0x5622b677cd30: pfd->events now 60 (POLLOUT:4)
0:00:00.026472254  2750 0x5637aa37e360 DEBUG   structure gststructure.c:2258:gst_structure_parse_field: trying field name 'long-name'
0:00:00.021253194  2751 0x5622b6758360 DEBUG   GST_POLL gstpoll.c:979:gst_poll_fd_ctl_write: 0x5622b677cd30: fd (fd:0, idx:1), active : 1
0:00:00.026494834  2750 0x5637aa37e360 DEBUG   default gstvalue.c:2776:_priv_gst_value_parse_value: trying type name 'string'
0:00:00.021263930  2751 0x5622b6758360 LOG   GST_POLL gstpoll.c:994:gst_poll_fd_ctl_write: 0x5622b677cd30: pfd->events now 60 (POLLOUT:4)
0:00:00.026508137  2750 0x5637aa37e360 DEBUG   structure gststructure.c:2258:gst_structure_parse_field: trying field name 'klass'
0:00:00.026517044  2750 0x5637aa37e360 DEBUG   default gstvalue.c:2776:_priv_gst_value_parse_value: trying type name 'string'
0:00:00.021277096  2751 0x5622b6758360 DEBUG   GST_POLL gstpoll.c:979:gst_poll_fd_ctl_write: 0x5622b677cd30: fd (fd:0, idx:1), active : 1
0:00:00.026523748  2750 0x5637aa37e360 DEBUG   structure gststructure.c:2258:gst_structure_parse_field: trying field name 'description'
0:00:00.021288127  2751 0x5622b6758360 LOG   GST_POLL gstpoll.c:994:gst_poll_fd_ctl_write: 0x5622b677cd30: pfd->events now 60 (POLLOUT:4)
0:00:00.026530117  2750 0x5637aa37e360 DEBUG   default gstvalue.c:2776:_priv_gst_value_parse_value: trying type name 'string'
0:00:00.021296576  2751 0x5622b6758360 DEBUG   GST_POLL gstpoll.c:979:gst_poll_fd_ctl_write: 0x5622b677cd30: fd (fd:0, idx:1), active : 1
0:00:00.026542146  2750 0x5637aa37e360 DEBUG   structure gststructure.c:2258:gst_structure_parse_field: trying field name 'author'
0:00:00.021308286  2751 0x5622b6758360 LOG   GST_POLL gstpoll.c:994:gst_poll_fd_ctl_write: 0x5622b677cd30: pfd->events now 60 (POLLOUT:4)
0:00:00.026551260  2750 0x5637aa37e360 DEBUG   default gstvalue.c:2776:_priv_gst_value_parse_value: trying type name 'string'
0:00:00.026560352  2750 0x5637aa37e360 DEBUG   GST_REGISTRY gstregistrychunks.c:627:gst_registry_chunks_load_feature: Element factory : npadtemplates=2
0:00:00.021323994  2751 0x5622b6758360 TRACE   GST_REFCOUNTING gstobject.c:264:gst_object_unref: 0x5622b67822f0 unref 2->1
0:00:00.026566573  2750 0x5637aa37e360 DEBUG   GST_REGISTRY gstregistrychunks.c:526:gst_registry_chunks_load_pad_template: Reading/casting for GstRegistryChunkPadTemplate at address 0x5637aa3a65d0
0:00:00.021334601  2751 0x5622b6758360 DEBUG   GST_POLL gstpoll.c:1241:gst_poll_fd_has_error: 0x5622b677cd30: fd (fd:0, idx:1) 0
0:00:00.026577309  2750 0x5637aa37e360 DEBUG   GST_REGISTRY gstregistrychunks.c:540:gst_registry_chunks_load_pad_template: Added pad_template sink
0:00:00.021342346  2751 0x5622b6758360 DEBUG   GST_POLL gstpoll.c:1335:gst_poll_fd_can_write: 0x5622b677cd30: fd (fd:0, idx:1) 1
0:00:00.026588136  2750 0x5637aa37e360 DEBUG   GST_REGISTRY gstregistrychunks.c:526:gst_registry_chunks_load_pad_template: Reading/casting for GstRegistryChunkPadTemplate at address 0x5637aa3a65e8
0:00:00.021349279  2751 0x5622b6758360 LOG   GST_PLUGIN_LOADING gstpluginloader.c:689:write_one: Writing packet of size 528 bytes to fd 0
0:00:00.026594943  2750 0x5637aa37e360 DEBUG   GST_REGISTRY gstregistrychunks.c:540:gst_registry_chunks_load_pad_template: Added pad_template src
0:00:00.021363957  2751 0x5622b6758360 DEBUG   GST_POLL gstpoll.c:1414:gst_poll_wait: 0x5622b677cd30: timeout :0:00:01.000000000
0:00:00.026605956  2750 0x5637aa37e360 DEBUG   GST_REGISTRY gstregistry.c:589:gst_registry_add_feature: adding feature 0x5637aa3b2a00 (capsfilter)
0:00:00.026615205  2750 0x5637aa37e360 DEBUG   GST_REFCOUNTING gstobject.c:708:gst_object_set_parent: set parent (ref and sink)
0:00:00.021377173  2751 0x5622b6758360 LOG   GST_PLUGIN_LOADING gstpluginloader.c:1026:exchange_packets: Poll res = 2. 6872 bytes pending for write
0:00:00.026622999  2750 0x5637aa37e360 TRACE   GST_REFCOUNTING gstobject.c:292:gst_object_ref_sink: 0x5637aa3b2a00 ref_sink 1->2
0:00:00.021385214  2751 0x5622b6758360 DEBUG   GST_POLL gstpoll.c:1241:gst_poll_fd_has_error: 0x5622b677cd30: fd (fd:5, idx:2) 0
0:00:00.026630852  2750 0x5637aa37e360 LOG   GST_REGISTRY gstregistry.c:607:gst_registry_add_feature: emitting feature-added for capsfilter
0:00:00.021394898  2751 0x5622b6758360 DEBUG   GST_POLL gstpoll.c:1266:gst_poll_fd_can_read_unlocked: 0x5622b677cd30: fd (fd:5, idx:2) 1
0:00:00.026640446  2750 0x5637aa37e360 DEBUG   GST_REGISTRY gstregistrychunks.c:741:gst_registry_chunks_load_feature: Added feature capsfilter, plugin 0x5637aa3a3cc0 coreelements
0:00:00.021405652  2751 0x5622b6758360 LOG   GST_PLUGIN_LOADING gstpluginloader.c:1004:read_one: No payload to read for 0 length packet type 1 tag 0
0:00:00.026649616  2750 0x5637aa37e360 LOG   GST_PLUGIN_LOADING gstpluginloader.c:886:handle_rx_packet: marking plugin 0x5637aa3a3cc0 as registered as /home/conan/w/prod/BuildSingleReference/.conan/data/gstreamer/1.19.2/_/_/package/272fbcd9d24b96d15fa29c90965666ae8e9f2d35/lib/gstreamer-1.0/libgstcoreelements.so
0:00:00.021420205  2751 0x5622b6758360 DEBUG   GST_POLL gstpoll.c:1014:gst_poll_fd_ctl_read_unlocked: 0x5622b677cd30: fd (fd:5, idx:2), active : 0
0:00:00.026666790  2750 0x5637aa37e360 DEBUG   GST_POLL gstpoll.c:1414:gst_poll_wait: 0x5637aa3a3920: timeout :0:00:01.000000000
0:00:00.021427843  2751 0x5622b6758360 DEBUG   GST_POLL gstpoll.c:979:gst_poll_fd_ctl_write: 0x5622b677cd30: fd (fd:0, idx:1), active : 1
0:00:00.021438224  2751 0x5622b6758360 LOG   GST_POLL gstpoll.c:994:gst_poll_fd_ctl_write: 0x5622b677cd30: pfd->events now 60 (POLLOUT:4)
0:00:00.026680163  2750 0x5637aa37e360 LOG   GST_PLUGIN_LOADING gstpluginloader.c:1026:exchange_packets: Poll res = 1. 0 bytes pending for write
0:00:00.021445839  2751 0x5622b6758360 DEBUG   GST_POLL gstpoll.c:1241:gst_poll_fd_has_error: 0x5622b677cd30: fd (fd:0, idx:1) 0
0:00:00.026691768  2750 0x5637aa37e360 DEBUG   GST_POLL gstpoll.c:1241:gst_poll_fd_has_error: 0x5637aa3a3920: fd (fd:8, idx:2) 0
0:00:00.021453165  2751 0x5622b6758360 DEBUG   GST_POLL gstpoll.c:1335:gst_poll_fd_can_write: 0x5622b677cd30: fd (fd:0, idx:1) 1
0:00:00.026699766  2750 0x5637aa37e360 DEBUG   GST_POLL gstpoll.c:1266:gst_poll_fd_can_read_unlocked: 0x5637aa3a3920: fd (fd:8, idx:2) 1
0:00:00.021460175  2751 0x5622b6758360 LOG   GST_PLUGIN_LOADING gstpluginloader.c:689:write_one: Writing packet of size 6872 bytes to fd 0
0:00:00.026713016  2750 0x5637aa37e360 DEBUG   GST_PLUGIN_LOADING gstpluginloader.c:847:handle_rx_packet: Received plugin details from child w/ tag 2. 516 bytes info
0:00:00.021477063  2751 0x5622b6758360 DEBUG   GST_POLL gstpoll.c:1414:gst_poll_wait: 0x5622b677cd30: timeout :0:00:01.000000000
0:00:00.026722894  2750 0x5637aa37e360 LOG   GST_REGISTRY gstregistrychunks.c:837:_priv_gst_registry_chunks_load_plugin: Reading/casting for GstRegistryChunkPluginElement at address 0x5637aa3a4b30
0:00:00.021487000  2751 0x5622b6758360 LOG   GST_PLUGIN_LOADING gstpluginloader.c:1026:exchange_packets: Poll res = 1. 12 bytes pending for write
0:00:00.026732836  2750 0x5637aa37e360 TRACE   GST_REFCOUNTING gstobject.c:208:gst_object_init: 0x5637aa3b31b0 new
0:00:00.021494914  2751 0x5622b6758360 DEBUG   GST_POLL gstpoll.c:1241:gst_poll_fd_has_error: 0x5622b677cd30: fd (fd:0, idx:1) 0
0:00:00.021504802  2751 0x5622b6758360 DEBUG   GST_POLL gstpoll.c:1335:gst_poll_fd_can_write: 0x5622b677cd30: fd (fd:0, idx:1) 1
0:00:00.026746543  2750 0x5637aa37e360 LOG   GST_REGISTRY gstregistrychunks.c:859:_priv_gst_registry_chunks_load_plugin: read strings for name='coretracers'
0:00:00.021511766  2751 0x5622b6758360 LOG   GST_PLUGIN_LOADING gstpluginloader.c:689:write_one: Writing packet of size 12 bytes to fd 0
0:00:00.026755127  2750 0x5637aa37e360 LOG   GST_REGISTRY gstregistrychunks.c:860:_priv_gst_registry_chunks_load_plugin: desc.description='GStreamer core tracers'
0:00:00.021520732  2751 0x5622b6758360 DEBUG   GST_POLL gstpoll.c:979:gst_poll_fd_ctl_write: 0x5622b677cd30: fd (fd:0, idx:1), active : 0
0:00:00.021534364  2751 0x5622b6758360 LOG   GST_POLL gstpoll.c:994:gst_poll_fd_ctl_write: 0x5622b677cd30: pfd->events now 56 (POLLOUT:4)
0:00:00.026776337  2750 0x5637aa37e360 LOG   GST_REGISTRY gstregistrychunks.c:861:_priv_gst_registry_chunks_load_plugin: filename='/home/conan/w/prod/BuildSingleReference/.conan/data/gstreamer/1.19.2/_/_/package/272fbcd9d24b96d15fa29c90965666ae8e9f2d35/lib/gstreamer-1.0/libgstcoretracers.so'
0:00:00.026786399  2750 0x5637aa37e360 LOG   GST_REGISTRY gstregistrychunks.c:862:_priv_gst_registry_chunks_load_plugin: desc.version='1.19.2'
0:00:00.026792359  2750 0x5637aa37e360 LOG   GST_REGISTRY gstregistrychunks.c:863:_priv_gst_registry_chunks_load_plugin: desc.license='LGPL'
0:00:00.021557434  2751 0x5622b6758360 DEBUG   GST_POLL gstpoll.c:772:gst_poll_free: 0x5622b677cd30: freeing
0:00:00.026798016  2750 0x5637aa37e360 LOG   GST_REGISTRY gstregistrychunks.c:864:_priv_gst_registry_chunks_load_plugin: desc.source='gstreamer'
0:00:00.026809847  2750 0x5637aa37e360 LOG   GST_REGISTRY gstregistrychunks.c:865:_priv_gst_registry_chunks_load_plugin: desc.package='GStreamer source release'
0:00:00.026816430  2750 0x5637aa37e360 LOG   GST_REGISTRY gstregistrychunks.c:866:_priv_gst_registry_chunks_load_plugin: desc.origin='Unknown package origin'
