0:00:00.018320615  2751 0x5622b6758360 LOG   GST_POLL gstpoll.c:994:gst_poll_fd_ctl_write: 0x5622b677cd30: pfd->events now 60 (POLLOUT:4)
0:00:00.023567880  2750 0x5637aa37e360 DEBUG   GST_REGISTRY gstregistrychunks.c:741:gst_registry_chunks_load_feature: Added feature queue2, plugin 0x5637aa3a3cc0 coreelements
0:00:00.018328387  2751 0x5622b6758360 DEBUG   GST_POLL gstpoll.c:979:gst_poll_fd_ctl_write: 0x5622b677cd30: fd (fd:0, idx:1), active : 1
0:00:00.023575048  2750 0x5637aa37e360 DEBUG   GST_REGISTRY gstregistrychunks.c:583:gst_registry_chunks_load_feature: Plugin 'coreelements' feature 'queue' typename : 'GstElementFactory'
0:00:00.018337451  2751 0x5622b6758360 LOG   GST_POLL gstpoll.c:994:gst_poll_fd_ctl_write: 0x5622b677cd30: pfd->events now 60 (POLLOUT:4)
0:00:00.018345291  2751 0x5622b6758360 DEBUG   GST_POLL gstpoll.c:979:gst_poll_fd_ctl_write: 0x5622b677cd30: fd (fd:0, idx:1), active : 1
0:00:00.023588548  2750 0x5637aa37e360 TRACE   GST_REFCOUNTING gstobject.c:208:gst_object_init: 0x5637aa3a8a10 new
0:00:00.018351457  2751 0x5622b6758360 LOG   GST_POLL gstpoll.c:994:gst_poll_fd_ctl_write: 0x5622b677cd30: pfd->events now 60 (POLLOUT:4)
0:00:00.023600019  2750 0x5637aa37e360 LOG   GST_REGISTRY gstregistrychunks.c:610:gst_registry_chunks_load_feature: Reading/casting for GstRegistryChunkElementFactory at address 0x5637aa3a5490
0:00:00.018359134  2751 0x5622b6758360 DEBUG   GST_POLL gstpoll.c:979:gst_poll_fd_ctl_write: 0x5622b677cd30: fd (fd:0, idx:1), active : 1
0:00:00.023607869  2750 0x5637aa37e360 TRACE   structure gststructure.c:292:gst_structure_new_id_empty_with_size: created structure 0x5637aa3a8c40
0:00:00.018375492  2751 0x5622b6758360 LOG   GST_POLL gstpoll.c:994:gst_poll_fd_ctl_write: 0x5622b677cd30: pfd->events now 60 (POLLOUT:4)
0:00:00.023617633  2750 0x5637aa37e360 DEBUG   structure gststructure.c:2258:gst_structure_parse_field: trying field name 'long-name'
0:00:00.018383354  2751 0x5622b6758360 DEBUG   GST_POLL gstpoll.c:979:gst_poll_fd_ctl_write: 0x5622b677cd30: fd (fd:0, idx:1), active : 1
0:00:00.023627568  2750 0x5637aa37e360 DEBUG   default gstvalue.c:2776:_priv_gst_value_parse_value: trying type name 'string'
0:00:00.018390284  2751 0x5622b6758360 LOG   GST_POLL gstpoll.c:994:gst_poll_fd_ctl_write: 0x5622b677cd30: pfd->events now 60 (POLLOUT:4)
0:00:00.023636178  2750 0x5637aa37e360 DEBUG   structure gststructure.c:2258:gst_structure_parse_field: trying field name 'klass'
0:00:00.018397458  2751 0x5622b6758360 DEBUG   GST_POLL gstpoll.c:979:gst_poll_fd_ctl_write: 0x5622b677cd30: fd (fd:0, idx:1), active : 1
0:00:00.023642644  2750 0x5637aa37e360 DEBUG   default gstvalue.c:2776:_priv_gst_value_parse_value: trying type name 'string'
0:00:00.018408799  2751 0x5622b6758360 LOG   GST_POLL gstpoll.c:994:gst_poll_fd_ctl_write: 0x5622b677cd30: pfd->events now 60 (POLLOUT:4)
0:00:00.023651099  2750 0x5637aa37e360 DEBUG   structure gststructure.c:2258:gst_structure_parse_field: trying field name 'description'
0:00:00.018416393  2751 0x5622b6758360 DEBUG   GST_POLL gstpoll.c:979:gst_poll_fd_ctl_write: 0x5622b677cd30: fd (fd:0, idx:1), active : 1
0:00:00.023660309  2750 0x5637aa37e360 DEBUG   default gstvalue.c:2776:_priv_gst_value_parse_value: trying type name 'string'
0:00:00.018423062  2751 0x5622b6758360 LOG   GST_POLL gstpoll.c:994:gst_poll_fd_ctl_write: 0x5622b677cd30: pfd->events now 60 (POLLOUT:4)
0:00:00.023669000  2750 0x5637aa37e360 DEBUG   structure gststructure.c:2258:gst_structure_parse_field: trying field name 'author'
0:00:00.018430073  2751 0x5622b6758360 DEBUG   GST_POLL gstpoll.c:979:gst_poll_fd_ctl_write: 0x5622b677cd30: fd (fd:0, idx:1), active : 1
0:00:00.023675470  2750 0x5637aa37e360 DEBUG   default gstvalue.c:2776:_priv_gst_value_parse_value: trying type name 'string'
0:00:00.018439323  2751 0x5622b6758360 LOG   GST_POLL gstpoll.c:994:gst_poll_fd_ctl_write: 0x5622b677cd30: pfd->events now 60 (POLLOUT:4)
0:00:00.023683509  2750 0x5637aa37e360 DEBUG   GST_REGISTRY gstregistrychunks.c:627:gst_registry_chunks_load_feature: Element factory : npadtemplates=2
0:00:00.018446668  2751 0x5622b6758360 DEBUG   GST_POLL gstpoll.c:979:gst_poll_fd_ctl_write: 0x5622b677cd30: fd (fd:0, idx:1), active : 1
0:00:00.023692484  2750 0x5637aa37e360 DEBUG   GST_REGISTRY gstregistrychunks.c:526:gst_registry_chunks_load_pad_template: Reading/casting for GstRegistryChunkPadTemplate at address 0x5637aa3a5548
0:00:00.018453299  2751 0x5622b6758360 LOG   GST_POLL gstpoll.c:994:gst_poll_fd_ctl_write: 0x5622b677cd30: pfd->events now 60 (POLLOUT:4)
0:00:00.023700267  2750 0x5637aa37e360 DEBUG   GST_REGISTRY gstregistrychunks.c:540:gst_registry_chunks_load_pad_template: Added pad_template sink
0:00:00.018461743  2751 0x5622b6758360 DEBUG   GST_POLL gstpoll.c:979:gst_poll_fd_ctl_write: 0x5622b677cd30: fd (fd:0, idx:1), active : 1
0:00:00.023716959  2750 0x5637aa37e360 DEBUG   GST_REGISTRY gstregistrychunks.c:526:gst_registry_chunks_load_pad_template: Reading/casting for GstRegistryChunkPadTemplate at address 0x5637aa3a5560
0:00:00.018476302  2751 0x5622b6758360 LOG   GST_POLL gstpoll.c:994:gst_poll_fd_ctl_write: 0x5622b677cd30: pfd->events now 60 (POLLOUT:4)
0:00:00.023726601  2750 0x5637aa37e360 DEBUG   GST_REGISTRY gstregistrychunks.c:540:gst_registry_chunks_load_pad_template: Added pad_template src
0:00:00.018487224  2751 0x5622b6758360 DEBUG   GST_POLL gstpoll.c:979:gst_poll_fd_ctl_write: 0x5622b677cd30: fd (fd:0, idx:1), active : 1
0:00:00.018495500  2751 0x5622b6758360 LOG   GST_POLL gstpoll.c:994:gst_poll_fd_ctl_write: 0x5622b677cd30: pfd->events now 60 (POLLOUT:4)
0:00:00.023737007  2750 0x5637aa37e360 DEBUG   GST_REGISTRY gstregistry.c:589:gst_registry_add_feature: adding feature 0x5637aa3a8a10 (queue)
0:00:00.018501824  2751 0x5622b6758360 DEBUG   GST_POLL gstpoll.c:979:gst_poll_fd_ctl_write: 0x5622b677cd30: fd (fd:0, idx:1), active : 1
0:00:00.023747716  2750 0x5637aa37e360 DEBUG   GST_REFCOUNTING gstobject.c:708:gst_object_set_parent: set parent (ref and sink)
0:00:00.018511312  2751 0x5622b6758360 LOG   GST_POLL gstpoll.c:994:gst_poll_fd_ctl_write: 0x5622b677cd30: pfd->events now 60 (POLLOUT:4)
0:00:00.023756448  2750 0x5637aa37e360 TRACE   GST_REFCOUNTING gstobject.c:292:gst_object_ref_sink: 0x5637aa3a8a10 ref_sink 1->2
0:00:00.018518874  2751 0x5622b6758360 DEBUG   GST_POLL gstpoll.c:979:gst_poll_fd_ctl_write: 0x5622b677cd30: fd (fd:0, idx:1), active : 1
0:00:00.018525655  2751 0x5622b6758360 LOG   GST_POLL gstpoll.c:994:gst_poll_fd_ctl_write: 0x5622b677cd30: pfd->events now 60 (POLLOUT:4)
0:00:00.023766017  2750 0x5637aa37e360 LOG   GST_REGISTRY gstregistry.c:607:gst_registry_add_feature: emitting feature-added for queue
0:00:00.018531926  2751 0x5622b6758360 DEBUG   GST_POLL gstpoll.c:979:gst_poll_fd_ctl_write: 0x5622b677cd30: fd (fd:0, idx:1), active : 1
0:00:00.023780912  2750 0x5637aa37e360 DEBUG   GST_REGISTRY gstregistrychunks.c:741:gst_registry_chunks_load_feature: Added feature queue, plugin 0x5637aa3a3cc0 coreelements
0:00:00.018543859  2751 0x5622b6758360 LOG   GST_POLL gstpoll.c:994:gst_poll_fd_ctl_write: 0x5622b677cd30: pfd->events now 60 (POLLOUT:4)
0:00:00.023788791  2750 0x5637aa37e360 DEBUG   GST_REGISTRY gstregistrychunks.c:583:gst_registry_chunks_load_feature: Plugin 'coreelements' feature 'output-selector' typename : 'GstElementFactory'
0:00:00.018551346  2751 0x5622b6758360 DEBUG   GST_POLL gstpoll.c:979:gst_poll_fd_ctl_write: 0x5622b677cd30: fd (fd:0, idx:1), active : 1
0:00:00.018558346  2751 0x5622b6758360 LOG   GST_POLL gstpoll.c:994:gst_poll_fd_ctl_write: 0x5622b677cd30: pfd->events now 60 (POLLOUT:4)
0:00:00.023798421  2750 0x5637aa37e360 TRACE   GST_REFCOUNTING gstobject.c:208:gst_object_init: 0x5637aa3a9340 new
0:00:00.018565506  2751 0x5622b6758360 LOG   GST_PLUGIN_LOADING gstpluginloader.c:644:put_chunk: Expanding tx buf from 10158 to 13209 for chunk of size 209
0:00:00.023811319  2750 0x5637aa37e360 LOG   GST_REGISTRY gstregistrychunks.c:610:gst_registry_chunks_load_feature: Reading/casting for GstRegistryChunkElementFactory at address 0x5637aa3a5598
0:00:00.023824899  2750 0x5637aa37e360 TRACE   structure gststructure.c:292:gst_structure_new_id_empty_with_size: created structure 0x5637aa3a94c0
0:00:00.023831459  2750 0x5637aa37e360 DEBUG   structure gststructure.c:2258:gst_structure_parse_field: trying field name 'long-name'
0:00:00.018596636  2751 0x5622b6758360 DEBUG   GST_POLL gstpoll.c:979:gst_poll_fd_ctl_write: 0x5622b677cd30: fd (fd:0, idx:1), active : 1
0:00:00.023837302  2750 0x5637aa37e360 DEBUG   default gstvalue.c:2776:_priv_gst_value_parse_value: trying type name 'string'
0:00:00.018604649  2751 0x5622b6758360 LOG   GST_POLL gstpoll.c:994:gst_poll_fd_ctl_write: 0x5622b677cd30: pfd->events now 60 (POLLOUT:4)
0:00:00.023850398  2750 0x5637aa37e360 DEBUG   structure gststructure.c:2258:gst_structure_parse_field: trying field name 'klass'
0:00:00.018614521  2751 0x5622b6758360 DEBUG   GST_POLL gstpoll.c:979:gst_poll_fd_ctl_write: 0x5622b677cd30: fd (fd:0, idx:1), active : 1
0:00:00.023857592  2750 0x5637aa37e360 DEBUG   default gstvalue.c:2776:_priv_gst_value_parse_value: trying type name 'string'
0:00:00.018622422  2751 0x5622b6758360 LOG   GST_POLL gstpoll.c:994:gst_poll_fd_ctl_write: 0x5622b677cd30: pfd->events now 60 (POLLOUT:4)
0:00:00.023866141  2750 0x5637aa37e360 DEBUG   structure gststructure.c:2258:gst_structure_parse_field: trying field name 'description'
0:00:00.018629598  2751 0x5622b6758360 DEBUG   GST_POLL gstpoll.c:979:gst_poll_fd_ctl_write: 0x5622b677cd30: fd (fd:0, idx:1), active : 1
0:00:00.023873212  2750 0x5637aa37e360 DEBUG   default gstvalue.c:2776:_priv_gst_value_parse_value: trying type name 'string'
0:00:00.018636293  2751 0x5622b6758360 LOG   GST_POLL gstpoll.c:994:gst_poll_fd_ctl_write: 0x5622b677cd30: pfd->events now 60 (POLLOUT:4)
0:00:00.023884489  2750 0x5637aa37e360 DEBUG   structure gststructure.c:2258:gst_structure_parse_field: trying field name 'author'
0:00:00.018645681  2751 0x5622b6758360 DEBUG   GST_POLL gstpoll.c:979:gst_poll_fd_ctl_write: 0x5622b677cd30: fd (fd:0, idx:1), active : 1
0:00:00.023891331  2750 0x5637aa37e360 DEBUG   default gstvalue.c:2776:_priv_gst_value_parse_value: trying type name 'string'
0:00:00.018653181  2751 0x5622b6758360 LOG   GST_POLL gstpoll.c:994:gst_poll_fd_ctl_write: 0x5622b677cd30: pfd->events now 60 (POLLOUT:4)
0:00:00.023899273  2750 0x5637aa37e360 DEBUG   GST_REGISTRY gstregistrychunks.c:627:gst_registry_chunks_load_feature: Element factory : npadtemplates=2
0:00:00.018660274  2751 0x5622b6758360 DEBUG   GST_POLL gstpoll.c:979:gst_poll_fd_ctl_write: 0x5622b677cd30: fd (fd:0, idx:1), active : 1
0:00:00.023905972  2750 0x5637aa37e360 DEBUG   GST_REGISTRY gstregistrychunks.c:526:gst_registry_chunks_load_pad_template: Reading/casting for GstRegistryChunkPadTemplate at address 0x5637aa3a5670
0:00:00.018667206  2751 0x5622b6758360 LOG   GST_POLL gstpoll.c:994:gst_poll_fd_ctl_write: 0x5622b677cd30: pfd->events now 60 (POLLOUT:4)
0:00:00.023915171  2750 0x5637aa37e360 DEBUG   GST_REGISTRY gstregistrychunks.c:540:gst_registry_chunks_load_pad_template: Added pad_template src_%u
0:00:00.018683086  2751 0x5622b6758360 DEBUG   GST_POLL gstpoll.c:979:gst_poll_fd_ctl_write: 0x5622b677cd30: fd (fd:0, idx:1), active : 1
0:00:00.023924635  2750 0x5637aa37e360 DEBUG   GST_REGISTRY gstregistrychunks.c:526:gst_registry_chunks_load_pad_template: Reading/casting for GstRegistryChunkPadTemplate at address 0x5637aa3a5688
0:00:00.018690692  2751 0x5622b6758360 LOG   GST_POLL gstpoll.c:994:gst_poll_fd_ctl_write: 0x5622b677cd30: pfd->events now 60 (POLLOUT:4)
0:00:00.023933589  2750 0x5637aa37e360 DEBUG   GST_REGISTRY gstregistrychunks.c:540:gst_registry_chunks_load_pad_template: Added pad_template sink
0:00:00.018697813  2751 0x5622b6758360 DEBUG   GST_POLL gstpoll.c:979:gst_poll_fd_ctl_write: 0x5622b677cd30: fd (fd:0, idx:1), active : 1
0:00:00.023942754  2750 0x5637aa37e360 DEBUG   GST_REGISTRY gstregistry.c:589:gst_registry_add_feature: adding feature 0x5637aa3a9340 (output-selector)
0:00:00.018704522  2751 0x5622b6758360 LOG   GST_POLL gstpoll.c:994:gst_poll_fd_ctl_write: 0x5622b677cd30: pfd->events now 60 (POLLOUT:4)
0:00:00.023952789  2750 0x5637aa37e360 DEBUG   GST_REFCOUNTING gstobject.c:708:gst_object_set_parent: set parent (ref and sink)
0:00:00.018715671  2751 0x5622b6758360 DEBUG   GST_POLL gstpoll.c:979:gst_poll_fd_ctl_write: 0x5622b677cd30: fd (fd:0, idx:1), active : 1
0:00:00.023962089  2750 0x5637aa37e360 TRACE   GST_REFCOUNTING gstobject.c:292:gst_object_ref_sink: 0x5637aa3a9340 ref_sink 1->2
0:00:00.018723549  2751 0x5622b6758360 LOG   GST_POLL gstpoll.c:994:gst_poll_fd_ctl_write: 0x5622b677cd30: pfd->events now 60 (POLLOUT:4)
0:00:00.023970087  2750 0x5637aa37e360 LOG   GST_REGISTRY gstregistry.c:607:gst_registry_add_feature: emitting feature-added for output-selector
0:00:00.018731385  2751 0x5622b6758360 DEBUG   GST_POLL gstpoll.c:979:gst_poll_fd_ctl_write: 0x5622b677cd30: fd (fd:0, idx:1), active : 1
0:00:00.018738291  2751 0x5622b6758360 LOG   GST_POLL gstpoll.c:994:gst_poll_fd_ctl_write: 0x5622b677cd30: pfd->events now 60 (POLLOUT:4)
0:00:00.023978260  2750 0x5637aa37e360 DEBUG   GST_REGISTRY gstregistrychunks.c:741:gst_registry_chunks_load_feature: Added feature output-selector, plugin 0x5637aa3a3cc0 coreelements
0:00:00.018747426  2751 0x5622b6758360 DEBUG   GST_POLL gstpoll.c:979:gst_poll_fd_ctl_write: 0x5622b677cd30: fd (fd:0, idx:1), active : 1
0:00:00.023990743  2750 0x5637aa37e360 DEBUG   GST_REGISTRY gstregistrychunks.c:583:gst_registry_chunks_load_feature: Plugin 'coreelements' feature 'input-selector' typename : 'GstElementFactory'
0:00:00.018754953  2751 0x5622b6758360 LOG   GST_POLL gstpoll.c:994:gst_poll_fd_ctl_write: 0x5622b677cd30: pfd->events now 60 (POLLOUT:4)
0:00:00.024000906  2750 0x5637aa37e360 TRACE   GST_REFCOUNTING gstobject.c:208:gst_object_init: 0x5637aa3a9900 new
0:00:00.018762131  2751 0x5622b6758360 DEBUG   GST_POLL gstpoll.c:979:gst_poll_fd_ctl_write: 0x5622b677cd30: fd (fd:0, idx:1), active : 1
0:00:00.024010523  2750 0x5637aa37e360 LOG   GST_REGISTRY gstregistrychunks.c:610:gst_registry_chunks_load_feature: Reading/casting for GstRegistryChunkElementFactory at address 0x5637aa3a56c0
0:00:00.018774021  2751 0x5622b6758360 LOG   GST_POLL gstpoll.c:994:gst_poll_fd_ctl_write: 0x5622b677cd30: pfd->events now 60 (POLLOUT:4)
0:00:00.024021036  2750 0x5637aa37e360 TRACE   structure gststructure.c:292:gst_structure_new_id_empty_with_size: created structure 0x5637aa3a9c10
0:00:00.018783994  2751 0x5622b6758360 DEBUG   GST_POLL gstpoll.c:979:gst_poll_fd_ctl_write: 0x5622b677cd30: fd (fd:0, idx:1), active : 1
0:00:00.024030009  2750 0x5637aa37e360 DEBUG   structure gststructure.c:2258:gst_structure_parse_field: trying field name 'long-name'
0:00:00.018791714  2751 0x5622b6758360 LOG   GST_POLL gstpoll.c:994:gst_poll_fd_ctl_write: 0x5622b677cd30: pfd->events now 60 (POLLOUT:4)
0:00:00.024036682  2750 0x5637aa37e360 DEBUG   default gstvalue.c:2776:_priv_gst_value_parse_value: trying type name 'string'
0:00:00.018798827  2751 0x5622b6758360 DEBUG   GST_POLL gstpoll.c:979:gst_poll_fd_ctl_write: 0x5622b677cd30: fd (fd:0, idx:1), active : 1
0:00:00.024044774  2750 0x5637aa37e360 DEBUG   structure gststructure.c:2258:gst_structure_parse_field: trying field name 'klass'
0:00:00.018805604  2751 0x5622b6758360 LOG   GST_POLL gstpoll.c:994:gst_poll_fd_ctl_write: 0x5622b677cd30: pfd->events now 60 (POLLOUT:4)
0:00:00.024053242  2750 0x5637aa37e360 DEBUG   default gstvalue.c:2776:_priv_gst_value_parse_value: trying type name 'string'
0:00:00.024061800  2750 0x5637aa37e360 DEBUG   structure gststructure.c:2258:gst_structure_parse_field: trying field name 'description'
0:00:00.018816186  2751 0x5622b6758360 DEBUG   GST_POLL gstpoll.c:979:gst_poll_fd_ctl_write: 0x5622b677cd30: fd (fd:0, idx:1), active : 1
0:00:00.024067664  2750 0x5637aa37e360 DEBUG   default gstvalue.c:2776:_priv_gst_value_parse_value: trying type name 'string'
0:00:00.018830454  2751 0x5622b6758360 LOG   GST_POLL gstpoll.c:994:gst_poll_fd_ctl_write: 0x5622b677cd30: pfd->events now 60 (POLLOUT:4)
0:00:00.024075435  2750 0x5637aa37e360 DEBUG   structure gststructure.c:2258:gst_structure_parse_field: trying field name 'author'
0:00:00.018837790  2751 0x5622b6758360 DEBUG   GST_POLL gstpoll.c:979:gst_poll_fd_ctl_write: 0x5622b677cd30: fd (fd:0, idx:1), active : 1
0:00:00.024084208  2750 0x5637aa37e360 DEBUG   default gstvalue.c:2776:_priv_gst_value_parse_value: trying type name 'string'
0:00:00.018844698  2751 0x5622b6758360 LOG   GST_POLL gstpoll.c:994:gst_poll_fd_ctl_write: 0x5622b677cd30: pfd->events now 60 (POLLOUT:4)
0:00:00.024095067  2750 0x5637aa37e360 DEBUG   GST_REGISTRY gstregistrychunks.c:627:gst_registry_chunks_load_feature: Element factory : npadtemplates=2
0:00:00.018855467  2751 0x5622b6758360 DEBUG   GST_POLL gstpoll.c:979:gst_poll_fd_ctl_write: 0x5622b677cd30: fd (fd:0, idx:1), active : 1
0:00:00.024102283  2750 0x5637aa37e360 DEBUG   GST_REGISTRY gstregistrychunks.c:526:gst_registry_chunks_load_pad_template: Reading/casting for GstRegistryChunkPadTemplate at address 0x5637aa3a57f0
0:00:00.018863568  2751 0x5622b6758360 LOG   GST_POLL gstpoll.c:994:gst_poll_fd_ctl_write: 0x5622b677cd30: pfd->events now 60 (POLLOUT:4)
0:00:00.024117989  2750 0x5637aa37e360 DEBUG   GST_REGISTRY gstregistrychunks.c:540:gst_registry_chunks_load_pad_template: Added pad_template src
0:00:00.018879533  2751 0x5622b6758360 DEBUG   GST_POLL gstpoll.c:979:gst_poll_fd_ctl_write: 0x5622b677cd30: fd (fd:0, idx:1), active : 1
0:00:00.018886825  2751 0x5622b6758360 LOG   GST_POLL gstpoll.c:994:gst_poll_fd_ctl_write: 0x5622b677cd30: pfd->events now 60 (POLLOUT:4)
0:00:00.024129594  2750 0x5637aa37e360 DEBUG   GST_REGISTRY gstregistrychunks.c:526:gst_registry_chunks_load_pad_template: Reading/casting for GstRegistryChunkPadTemplate at address 0x5637aa3a5800
0:00:00.018895752  2751 0x5622b6758360 DEBUG   GST_POLL gstpoll.c:979:gst_poll_fd_ctl_write: 0x5622b677cd30: fd (fd:0, idx:1), active : 1
0:00:00.024137462  2750 0x5637aa37e360 DEBUG   GST_REGISTRY gstregistrychunks.c:540:gst_registry_chunks_load_pad_template: Added pad_template sink_%u
0:00:00.018903378  2751 0x5622b6758360 LOG   GST_POLL gstpoll.c:994:gst_poll_fd_ctl_write: 0x5622b677cd30: pfd->events now 60 (POLLOUT:4)
0:00:00.024148864  2750 0x5637aa37e360 DEBUG   GST_REGISTRY gstregistry.c:589:gst_registry_add_feature: adding feature 0x5637aa3a9900 (input-selector)
0:00:00.018910875  2751 0x5622b6758360 DEBUG   GST_POLL gstpoll.c:979:gst_poll_fd_ctl_write: 0x5622b677cd30: fd (fd:0, idx:1), active : 1
0:00:00.024155865  2750 0x5637aa37e360 DEBUG   GST_REFCOUNTING gstobject.c:708:gst_object_set_parent: set parent (ref and sink)
0:00:00.018917693  2751 0x5622b6758360 LOG   GST_POLL gstpoll.c:994:gst_poll_fd_ctl_write: 0x5622b677cd30: pfd->events now 60 (POLLOUT:4)
0:00:00.024167057  2750 0x5637aa37e360 TRACE   GST_REFCOUNTING gstobject.c:292:gst_object_ref_sink: 0x5637aa3a9900 ref_sink 1->2
0:00:00.018928738  2751 0x5622b6758360 DEBUG   GST_POLL gstpoll.c:979:gst_poll_fd_ctl_write: 0x5622b677cd30: fd (fd:0, idx:1), active : 1
0:00:00.024175222  2750 0x5637aa37e360 LOG   GST_REGISTRY gstregistry.c:607:gst_registry_add_feature: emitting feature-added for input-selector
0:00:00.018936202  2751 0x5622b6758360 LOG   GST_POLL gstpoll.c:994:gst_poll_fd_ctl_write: 0x5622b677cd30: pfd->events now 60 (POLLOUT:4)
0:00:00.024183056  2750 0x5637aa37e360 DEBUG   GST_REGISTRY gstregistrychunks.c:741:gst_registry_chunks_load_feature: Added feature input-selector, plugin 0x5637aa3a3cc0 coreelements
0:00:00.018943638  2751 0x5622b6758360 DEBUG   GST_POLL gstpoll.c:979:gst_poll_fd_ctl_write: 0x5622b677cd30: fd (fd:0, idx:1), active : 1
0:00:00.024190365  2750 0x5637aa37e360 DEBUG   GST_REGISTRY gstregistrychunks.c:583:gst_registry_chunks_load_feature: Plugin 'coreelements' feature 'identity' typename : 'GstElementFactory'
0:00:00.018950758  2751 0x5622b6758360 LOG   GST_POLL gstpoll.c:994:gst_poll_fd_ctl_write: 0x5622b677cd30: pfd->events now 60 (POLLOUT:4)
0:00:00.024204821  2750 0x5637aa37e360 TRACE   GST_REFCOUNTING gstobject.c:208:gst_object_init: 0x5637aa3aa0c0 new
0:00:00.018964588  2751 0x5622b6758360 DEBUG   GST_POLL gstpoll.c:979:gst_poll_fd_ctl_write: 0x5622b677cd30: fd (fd:0, idx:1), active : 1
0:00:00.024215049  2750 0x5637aa37e360 LOG   GST_REGISTRY gstregistrychunks.c:610:gst_registry_chunks_load_feature: Reading/casting for GstRegistryChunkElementFactory at address 0x5637aa3a5830
0:00:00.018979396  2751 0x5622b6758360 LOG   GST_POLL gstpoll.c:994:gst_poll_fd_ctl_write: 0x5622b677cd30: pfd->events now 60 (POLLOUT:4)
0:00:00.024222859  2750 0x5637aa37e360 TRACE   structure gststructure.c:292:gst_structure_new_id_empty_with_size: created structure 0x5637aa3aa2f0
0:00:00.018986888  2751 0x5622b6758360 DEBUG   GST_POLL gstpoll.c:979:gst_poll_fd_ctl_write: 0x5622b677cd30: fd (fd:0, idx:1), active : 1
0:00:00.024229978  2750 0x5637aa37e360 DEBUG   structure gststructure.c:2258:gst_structure_parse_field: trying field name 'long-name'
0:00:00.018993708  2751 0x5622b6758360 LOG   GST_POLL gstpoll.c:994:gst_poll_fd_ctl_write: 0x5622b677cd30: pfd->events now 60 (POLLOUT:4)
0:00:00.024239023  2750 0x5637aa37e360 DEBUG   default gstvalue.c:2776:_priv_gst_value_parse_value: trying type name 'string'
0:00:00.019003112  2751 0x5622b6758360 DEBUG   GST_POLL gstpoll.c:979:gst_poll_fd_ctl_write: 0x5622b677cd30: fd (fd:0, idx:1), active : 1
0:00:00.024247316  2750 0x5637aa37e360 DEBUG   structure gststructure.c:2258:gst_structure_parse_field: trying field name 'klass'
0:00:00.019010512  2751 0x5622b6758360 LOG   GST_POLL gstpoll.c:994:gst_poll_fd_ctl_write: 0x5622b677cd30: pfd->events now 60 (POLLOUT:4)
0:00:00.024253681  2750 0x5637aa37e360 DEBUG   default gstvalue.c:2776:_priv_gst_value_parse_value: trying type name 'string'
0:00:00.019017658  2751 0x5622b6758360 DEBUG   GST_POLL gstpoll.c:979:gst_poll_fd_ctl_write: 0x5622b677cd30: fd (fd:0, idx:1), active : 1
0:00:00.024261145  2750 0x5637aa37e360 DEBUG   structure gststructure.c:2258:gst_structure_parse_field: trying field name 'description'
0:00:00.019024452  2751 0x5622b6758360 LOG   GST_POLL gstpoll.c:994:gst_poll_fd_ctl_write: 0x5622b677cd30: pfd->events now 60 (POLLOUT:4)
0:00:00.024270879  2750 0x5637aa37e360 DEBUG   default gstvalue.c:2776:_priv_gst_value_parse_value: trying type name 'string'
0:00:00.019033810  2751 0x5622b6758360 DEBUG   GST_POLL gstpoll.c:979:gst_poll_fd_ctl_write: 0x5622b677cd30: fd (fd:0, idx:1), active : 1
0:00:00.024282644  2750 0x5637aa37e360 DEBUG   structure gststructure.c:2258:gst_structure_parse_field: trying field name 'author'
0:00:00.019046496  2751 0x5622b6758360 LOG   GST_POLL gstpoll.c:994:gst_poll_fd_ctl_write: 0x5622b677cd30: pfd->events now 60 (POLLOUT:4)
0:00:00.024289342  2750 0x5637aa37e360 DEBUG   default gstvalue.c:2776:_priv_gst_value_parse_value: trying type name 'string'
0:00:00.019053886  2751 0x5622b6758360 DEBUG   GST_POLL gstpoll.c:979:gst_poll_fd_ctl_write: 0x5622b677cd30: fd (fd:0, idx:1), active : 1
0:00:00.024297742  2750 0x5637aa37e360 DEBUG   GST_REGISTRY gstregistrychunks.c:627:gst_registry_chunks_load_feature: Element factory : npadtemplates=2
0:00:00.019060694  2751 0x5622b6758360 LOG   GST_POLL gstpoll.c:994:gst_poll_fd_ctl_write: 0x5622b677cd30: pfd->events now 60 (POLLOUT:4)
0:00:00.024307013  2750 0x5637aa37e360 DEBUG   GST_REGISTRY gstregistrychunks.c:526:gst_registry_chunks_load_pad_template: Reading/casting for GstRegistryChunkPadTemplate at address 0x5637aa3a5900
0:00:00.019075239  2751 0x5622b6758360 DEBUG   GST_POLL gstpoll.c:979:gst_poll_fd_ctl_write: 0x5622b677cd30: fd (fd:0, idx:1), active : 1
0:00:00.024317059  2750 0x5637aa37e360 DEBUG   GST_REGISTRY gstregistrychunks.c:540:gst_registry_chunks_load_pad_template: Added pad_template sink
0:00:00.019082319  2751 0x5622b6758360 LOG   GST_POLL gstpoll.c:994:gst_poll_fd_ctl_write: 0x5622b677cd30: pfd->events now 60 (POLLOUT:4)
0:00:00.024325013  2750 0x5637aa37e360 DEBUG   GST_REGISTRY gstregistrychunks.c:526:gst_registry_chunks_load_pad_template: Reading/casting for GstRegistryChunkPadTemplate at address 0x5637aa3a5918
0:00:00.019089430  2751 0x5622b6758360 DEBUG   GST_POLL gstpoll.c:979:gst_poll_fd_ctl_write: 0x5622b677cd30: fd (fd:0, idx:1), active : 1
0:00:00.024331747  2750 0x5637aa37e360 DEBUG   GST_REGISTRY gstregistrychunks.c:540:gst_registry_chunks_load_pad_template: Added pad_template src
0:00:00.019096107  2751 0x5622b6758360 LOG   GST_POLL gstpoll.c:994:gst_poll_fd_ctl_write: 0x5622b677cd30: pfd->events now 60 (POLLOUT:4)
0:00:00.024342931  2750 0x5637aa37e360 DEBUG   GST_REGISTRY gstregistry.c:589:gst_registry_add_feature: adding feature 0x5637aa3aa0c0 (identity)
0:00:00.019106106  2751 0x5622b6758360 DEBUG   GST_POLL gstpoll.c:979:gst_poll_fd_ctl_write: 0x5622b677cd30: fd (fd:0, idx:1), active : 1
0:00:00.024349835  2750 0x5637aa37e360 DEBUG   GST_REFCOUNTING gstobject.c:708:gst_object_set_parent: set parent (ref and sink)
0:00:00.019113118  2751 0x5622b6758360 LOG   GST_POLL gstpoll.c:994:gst_poll_fd_ctl_write: 0x5622b677cd30: pfd->events now 60 (POLLOUT:4)
0:00:00.024358212  2750 0x5637aa37e360 TRACE   GST_REFCOUNTING gstobject.c:292:gst_object_ref_sink: 0x5637aa3aa0c0 ref_sink 1->2
0:00:00.019120352  2751 0x5622b6758360 DEBUG   GST_POLL gstpoll.c:979:gst_poll_fd_ctl_write: 0x5622b677cd30: fd (fd:0, idx:1), active : 1
0:00:00.024366174  2750 0x5637aa37e360 LOG   GST_REGISTRY gstregistry.c:607:gst_registry_add_feature: emitting feature-added for identity
0:00:00.019127077  2751 0x5622b6758360 LOG   GST_POLL gstpoll.c:994:gst_poll_fd_ctl_write: 0x5622b677cd30: pfd->events now 60 (POLLOUT:4)
0:00:00.024376556  2750 0x5637aa37e360 DEBUG   GST_REGISTRY gstregistrychunks.c:741:gst_registry_chunks_load_feature: Added feature identity, plugin 0x5637aa3a3cc0 coreelements
0:00:00.019138458  2751 0x5622b6758360 DEBUG   GST_POLL gstpoll.c:979:gst_poll_fd_ctl_write: 0x5622b677cd30: fd (fd:0, idx:1), active : 1
0:00:00.024384379  2750 0x5637aa37e360 DEBUG   GST_REGISTRY gstregistrychunks.c:583:gst_registry_chunks_load_feature: Plugin 'coreelements' feature 'funnel' typename : 'GstElementFactory'
0:00:00.019145533  2751 0x5622b6758360 LOG   GST_POLL gstpoll.c:994:gst_poll_fd_ctl_write: 0x5622b677cd30: pfd->events now 60 (POLLOUT:4)
0:00:00.019152836  2751 0x5622b6758360 DEBUG   GST_POLL gstpoll.c:979:gst_poll_fd_ctl_write: 0x5622b677cd30: fd (fd:0, idx:1), active : 1
0:00:00.024393853  2750 0x5637aa37e360 TRACE   GST_REFCOUNTING gstobject.c:208:gst_object_init: 0x5637aa3aa730 new
0:00:00.019163490  2751 0x5622b6758360 LOG   GST_POLL gstpoll.c:994:gst_poll_fd_ctl_write: 0x5622b677cd30: pfd->events now 60 (POLLOUT:4)
0:00:00.024408989  2750 0x5637aa37e360 LOG   GST_REGISTRY gstregistrychunks.c:610:gst_registry_chunks_load_feature: Reading/casting for GstRegistryChunkElementFactory at address 0x5637aa3a5948
0:00:00.019173313  2751 0x5622b6758360 DEBUG   GST_POLL gstpoll.c:979:gst_poll_fd_ctl_write: 0x5622b677cd30: fd (fd:0, idx:1), active : 1
0:00:00.024419042  2750 0x5637aa37e360 TRACE   structure gststructure.c:292:gst_structure_new_id_empty_with_size: created structure 0x5637aa3aaa30
0:00:00.019180321  2751 0x5622b6758360 LOG   GST_POLL gstpoll.c:994:gst_poll_fd_ctl_write: 0x5622b677cd30: pfd->events now 60 (POLLOUT:4)
0:00:00.024425908  2750 0x5637aa37e360 DEBUG   structure gststructure.c:2258:gst_structure_parse_field: trying field name 'long-name'
0:00:00.019187540  2751 0x5622b6758360 DEBUG   GST_POLL gstpoll.c:979:gst_poll_fd_ctl_write: 0x5622b677cd30: fd (fd:0, idx:1), active : 1
0:00:00.024432348  2750 0x5637aa37e360 DEBUG   default gstvalue.c:2776:_priv_gst_value_parse_value: trying type name 'string'
0:00:00.019194223  2751 0x5622b6758360 LOG   GST_POLL gstpoll.c:994:gst_poll_fd_ctl_write: 0x5622b677cd30: pfd->events now 60 (POLLOUT:4)
0:00:00.024440566  2750 0x5637aa37e360 DEBUG   structure gststructure.c:2258:gst_structure_parse_field: trying field name 'klass'
0:00:00.019204223  2751 0x5622b6758360 DEBUG   GST_POLL gstpoll.c:979:gst_poll_fd_ctl_write: 0x5622b677cd30: fd (fd:0, idx:1), active : 1
0:00:00.024449933  2750 0x5637aa37e360 DEBUG   default gstvalue.c:2776:_priv_gst_value_parse_value: trying type name 'string'
0:00:00.019211268  2751 0x5622b6758360 LOG   GST_POLL gstpoll.c:994:gst_poll_fd_ctl_write: 0x5622b677cd30: pfd->events now 60 (POLLOUT:4)
0:00:00.024458064  2750 0x5637aa37e360 DEBUG   structure gststructure.c:2258:gst_structure_parse_field: trying field name 'description'
0:00:00.019218356  2751 0x5622b6758360 DEBUG   GST_POLL gstpoll.c:979:gst_poll_fd_ctl_write: 0x5622b677cd30: fd (fd:0, idx:1), active : 1
0:00:00.024464670  2750 0x5637aa37e360 DEBUG   default gstvalue.c:2776:_priv_gst_value_parse_value: trying type name 'string'
0:00:00.019226196  2751 0x5622b6758360 LOG   GST_POLL gstpoll.c:994:gst_poll_fd_ctl_write: 0x5622b677cd30: pfd->events now 60 (POLLOUT:4)
0:00:00.024472568  2750 0x5637aa37e360 DEBUG   structure gststructure.c:2258:gst_structure_parse_field: trying field name 'author'
0:00:00.019245168  2751 0x5622b6758360 DEBUG   GST_POLL gstpoll.c:979:gst_poll_fd_ctl_write: 0x5622b677cd30: fd (fd:0, idx:1), active : 1
0:00:00.024493928  2750 0x5637aa37e360 DEBUG   default gstvalue.c:2776:_priv_gst_value_parse_value: trying type name 'string'
0:00:00.019254621  2751 0x5622b6758360 LOG   GST_POLL gstpoll.c:994:gst_poll_fd_ctl_write: 0x5622b677cd30: pfd->events now 60 (POLLOUT:4)
0:00:00.024503404  2750 0x5637aa37e360 DEBUG   GST_REGISTRY gstregistrychunks.c:627:gst_registry_chunks_load_feature: Element factory : npadtemplates=2
0:00:00.019262959  2751 0x5622b6758360 DEBUG   GST_POLL gstpoll.c:979:gst_poll_fd_ctl_write: 0x5622b677cd30: fd (fd:0, idx:1), active : 1
0:00:00.024517286  2750 0x5637aa37e360 DEBUG   GST_REGISTRY gstregistrychunks.c:526:gst_registry_chunks_load_pad_template: Reading/casting for GstRegistryChunkPadTemplate at address 0x5637aa3a5a20
0:00:00.019280917  2751 0x5622b6758360 LOG   GST_POLL gstpoll.c:994:gst_poll_fd_ctl_write: 0x5622b677cd30: pfd->events now 60 (POLLOUT:4)
0:00:00.024527175  2750 0x5637aa37e360 DEBUG   GST_REGISTRY gstregistrychunks.c:540:gst_registry_chunks_load_pad_template: Added pad_template src
0:00:00.019288713  2751 0x5622b6758360 DEBUG   GST_POLL gstpoll.c:979:gst_poll_fd_ctl_write: 0x5622b677cd30: fd (fd:0, idx:1), active : 1
0:00:00.024534161  2750 0x5637aa37e360 DEBUG   GST_REGISTRY gstregistrychunks.c:526:gst_registry_chunks_load_pad_template: Reading/casting for GstRegistryChunkPadTemplate at address 0x5637aa3a5a30
0:00:00.019295505  2751 0x5622b6758360 LOG   GST_POLL gstpoll.c:994:gst_poll_fd_ctl_write: 0x5622b677cd30: pfd->events now 60 (POLLOUT:4)
0:00:00.024541526  2750 0x5637aa37e360 DEBUG   GST_REGISTRY gstregistrychunks.c:540:gst_registry_chunks_load_pad_template: Added pad_template sink_%u
0:00:00.019303243  2751 0x5622b6758360 DEBUG   GST_POLL gstpoll.c:979:gst_poll_fd_ctl_write: 0x5622b677cd30: fd (fd:0, idx:1), active : 1
0:00:00.024551153  2750 0x5637aa37e360 DEBUG   GST_REGISTRY gstregistry.c:589:gst_registry_add_feature: adding feature 0x5637aa3aa730 (funnel)
0:00:00.019313306  2751 0x5622b6758360 LOG   GST_POLL gstpoll.c:994:gst_poll_fd_ctl_write: 0x5622b677cd30: pfd->events now 60 (POLLOUT:4)
0:00:00.024560951  2750 0x5637aa37e360 DEBUG   GST_REFCOUNTING gstobject.c:708:gst_object_set_parent: set parent (ref and sink)
0:00:00.019322465  2751 0x5622b6758360 DEBUG   GST_POLL gstpoll.c:979:gst_poll_fd_ctl_write: 0x5622b677cd30: fd (fd:0, idx:1), active : 1
0:00:00.019330594  2751 0x5622b6758360 LOG   GST_POLL gstpoll.c:994:gst_poll_fd_ctl_write: 0x5622b677cd30: pfd->events now 60 (POLLOUT:4)
0:00:00.024572824  2750 0x5637aa37e360 TRACE   GST_REFCOUNTING gstobject.c:292:gst_object_ref_sink: 0x5637aa3aa730 ref_sink 1->2
0:00:00.019337178  2751 0x5622b6758360 DEBUG   GST_POLL gstpoll.c:979:gst_poll_fd_ctl_write: 0x5622b677cd30: fd (fd:0, idx:1), active : 1
0:00:00.024581955  2750 0x5637aa37e360 LOG   GST_REGISTRY gstregistry.c:607:gst_registry_add_feature: emitting feature-added for funnel
0:00:00.019346667  2751 0x5622b6758360 LOG   GST_POLL gstpoll.c:994:gst_poll_fd_ctl_write: 0x5622b677cd30: pfd->events now 60 (POLLOUT:4)
0:00:00.024590159  2750 0x5637aa37e360 DEBUG   GST_REGISTRY gstregistrychunks.c:741:gst_registry_chunks_load_feature: Added feature funnel, plugin 0x5637aa3a3cc0 coreelements
0:00:00.019354250  2751 0x5622b6758360 DEBUG   GST_POLL gstpoll.c:979:gst_poll_fd_ctl_write: 0x5622b677cd30: fd (fd:0, idx:1), active : 1
0:00:00.024600302  2750 0x5637aa37e360 DEBUG   GST_REGISTRY gstregistrychunks.c:583:gst_registry_chunks_load_feature: Plugin 'coreelements' feature 'filesrc' typename : 'GstElementFactory'
0:00:00.019361100  2751 0x5622b6758360 LOG   GST_POLL gstpoll.c:994:gst_poll_fd_ctl_write: 0x5622b677cd30: pfd->events now 60 (POLLOUT:4)
0:00:00.024615785  2750 0x5637aa37e360 TRACE   GST_REFCOUNTING gstobject.c:208:gst_object_init: 0x5637aa3aae50 new
0:00:00.019375053  2751 0x5622b6758360 DEBUG   GST_POLL gstpoll.c:979:gst_poll_fd_ctl_write: 0x5622b677cd30: fd (fd:0, idx:1), active : 1
0:00:00.024625968  2750 0x5637aa37e360 LOG   GST_REGISTRY gstregistrychunks.c:610:gst_registry_chunks_load_feature: Reading/casting for GstRegistryChunkElementFactory at address 0x5637aa3a5a60
0:00:00.019386761  2751 0x5622b6758360 LOG   GST_POLL gstpoll.c:994:gst_poll_fd_ctl_write: 0x5622b677cd30: pfd->events now 60 (POLLOUT:4)
0:00:00.024633769  2750 0x5637aa37e360 TRACE   structure gststructure.c:292:gst_structure_new_id_empty_with_size: created structure 0x5637aa3ab150
0:00:00.019395173  2751 0x5622b6758360 DEBUG   GST_POLL gstpoll.c:979:gst_poll_fd_ctl_write: 0x5622b677cd30: fd (fd:0, idx:1), active : 1
0:00:00.024643202  2750 0x5637aa37e360 DEBUG   structure gststructure.c:2258:gst_structure_parse_field: trying field name 'long-name'
0:00:00.019403792  2751 0x5622b6758360 LOG   GST_POLL gstpoll.c:994:gst_poll_fd_ctl_write: 0x5622b677cd30: pfd->events now 60 (POLLOUT:4)
0:00:00.024650545  2750 0x5637aa37e360 DEBUG   default gstvalue.c:2776:_priv_gst_value_parse_value: trying type name 'string'
0:00:00.019411897  2751 0x5622b6758360 DEBUG   GST_POLL gstpoll.c:979:gst_poll_fd_ctl_write: 0x5622b677cd30: fd (fd:0, idx:1), active : 1
0:00:00.024659128  2750 0x5637aa37e360 DEBUG   structure gststructure.c:2258:gst_structure_parse_field: trying field name 'klass'
0:00:00.019421442  2751 0x5622b6758360 LOG   GST_POLL gstpoll.c:994:gst_poll_fd_ctl_write: 0x5622b677cd30: pfd->events now 60 (POLLOUT:4)
0:00:00.024665974  2750 0x5637aa37e360 DEBUG   default gstvalue.c:2776:_priv_gst_value_parse_value: trying type name 'string'
0:00:00.019428705  2751 0x5622b6758360 DEBUG   GST_POLL gstpoll.c:979:gst_poll_fd_ctl_write: 0x5622b677cd30: fd (fd:0, idx:1), active : 1
0:00:00.019436389  2751 0x5622b6758360 LOG   GST_POLL gstpoll.c:994:gst_poll_fd_ctl_write: 0x5622b677cd30: pfd->events now 60 (POLLOUT:4)
0:00:00.024677019  2750 0x5637aa37e360 DEBUG   structure gststructure.c:2258:gst_structure_parse_field: trying field name 'description'
0:00:00.019443042  2751 0x5622b6758360 DEBUG   GST_POLL gstpoll.c:979:gst_poll_fd_ctl_write: 0x5622b677cd30: fd (fd:0, idx:1), active : 1
0:00:00.024686088  2750 0x5637aa37e360 DEBUG   default gstvalue.c:2776:_priv_gst_value_parse_value: trying type name 'string'
0:00:00.019452677  2751 0x5622b6758360 LOG   GST_POLL gstpoll.c:994:gst_poll_fd_ctl_write: 0x5622b677cd30: pfd->events now 60 (POLLOUT:4)
0:00:00.024696210  2750 0x5637aa37e360 DEBUG   structure gststructure.c:2258:gst_structure_parse_field: trying field name 'author'
0:00:00.019460438  2751 0x5622b6758360 DEBUG   GST_POLL gstpoll.c:979:gst_poll_fd_ctl_write: 0x5622b677cd30: fd (fd:0, idx:1), active : 1
0:00:00.024702564  2750 0x5637aa37e360 DEBUG   default gstvalue.c:2776:_priv_gst_value_parse_value: trying type name 'string'
0:00:00.019467274  2751 0x5622b6758360 LOG   GST_POLL gstpoll.c:994:gst_poll_fd_ctl_write: 0x5622b677cd30: pfd->events now 60 (POLLOUT:4)
0:00:00.024719336  2750 0x5637aa37e360 DEBUG   GST_REGISTRY gstregistrychunks.c:627:gst_registry_chunks_load_feature: Element factory : npadtemplates=1
0:00:00.019478614  2751 0x5622b6758360 DEBUG   GST_POLL gstpoll.c:979:gst_poll_fd_ctl_write: 0x5622b677cd30: fd (fd:0, idx:1), active : 1
0:00:00.024726500  2750 0x5637aa37e360 DEBUG   GST_REGISTRY gstregistrychunks.c:526:gst_registry_chunks_load_pad_template: Reading/casting for GstRegistryChunkPadTemplate at address 0x5637aa3a5b40
0:00:00.019489681  2751 0x5622b6758360 LOG   GST_POLL gstpoll.c:994:gst_poll_fd_ctl_write: 0x5622b677cd30: pfd->events now 60 (POLLOUT:4)
0:00:00.024733768  2750 0x5637aa37e360 DEBUG   GST_REGISTRY gstregistrychunks.c:540:gst_registry_chunks_load_pad_template: Added pad_template src
0:00:00.019497429  2751 0x5622b6758360 DEBUG   GST_POLL gstpoll.c:979:gst_poll_fd_ctl_write: 0x5622b677cd30: fd (fd:0, idx:1), active : 1
0:00:00.024741075  2750 0x5637aa37e360 DEBUG   GST_REGISTRY gstregistrychunks.c:640:gst_registry_chunks_load_feature: Reading 1 UriTypes at address 0x5637aa3a5b50
0:00:00.019504429  2751 0x5622b6758360 LOG   GST_POLL gstpoll.c:994:gst_poll_fd_ctl_write: 0x5622b677cd30: pfd->events now 60 (POLLOUT:4)
0:00:00.024751180  2750 0x5637aa37e360 DEBUG   GST_REGISTRY gstregistrychunks.c:655:gst_registry_chunks_load_feature: Reading 1 Interfaces at address 0x5637aa3a5b59
0:00:00.019511556  2751 0x5622b6758360 DEBUG   GST_POLL gstpoll.c:979:gst_poll_fd_ctl_write: 0x5622b677cd30: fd (fd:0, idx:1), active : 1
0:00:00.024762309  2750 0x5637aa37e360 DEBUG   GST_REGISTRY gstregistry.c:589:gst_registry_add_feature: adding feature 0x5637aa3aae50 (filesrc)
0:00:00.019521912  2751 0x5622b6758360 LOG   GST_POLL gstpoll.c:994:gst_poll_fd_ctl_write: 0x5622b677cd30: pfd->events now 60 (POLLOUT:4)
0:00:00.019531402  2751 0x5622b6758360 DEBUG   GST_POLL gstpoll.c:979:gst_poll_fd_ctl_write: 0x5622b677cd30: fd (fd:0, idx:1), active : 1
0:00:00.024774988  2750 0x5637aa37e360 DEBUG   GST_REFCOUNTING gstobject.c:708:gst_object_set_parent: set parent (ref and sink)
0:00:00.019538725  2751 0x5622b6758360 LOG   GST_POLL gstpoll.c:994:gst_poll_fd_ctl_write: 0x5622b677cd30: pfd->events now 60 (POLLOUT:4)
0:00:00.024786480  2750 0x5637aa37e360 TRACE   GST_REFCOUNTING gstobject.c:292:gst_object_ref_sink: 0x5637aa3aae50 ref_sink 1->2
0:00:00.019546658  2751 0x5622b6758360 DEBUG   GST_POLL gstpoll.c:979:gst_poll_fd_ctl_write: 0x5622b677cd30: fd (fd:0, idx:1), active : 1
0:00:00.024795379  2750 0x5637aa37e360 LOG   GST_REGISTRY gstregistry.c:607:gst_registry_add_feature: emitting feature-added for filesrc
0:00:00.019557478  2751 0x5622b6758360 LOG   GST_POLL gstpoll.c:994:gst_poll_fd_ctl_write: 0x5622b677cd30: pfd->events now 60 (POLLOUT:4)
0:00:00.024803391  2750 0x5637aa37e360 DEBUG   GST_REGISTRY gstregistrychunks.c:741:gst_registry_chunks_load_feature: Added feature filesrc, plugin 0x5637aa3a3cc0 coreelements
0:00:00.019565208  2751 0x5622b6758360 DEBUG   GST_POLL gstpoll.c:979:gst_poll_fd_ctl_write: 0x5622b677cd30: fd (fd:0, idx:1), active : 1
0:00:00.024816676  2750 0x5637aa37e360 DEBUG   GST_REGISTRY gstregistrychunks.c:583:gst_registry_chunks_load_feature: Plugin 'coreelements' feature 'fdsink' typename : 'GstElementFactory'
0:00:00.019577163  2751 0x5622b6758360 LOG   GST_POLL gstpoll.c:994:gst_poll_fd_ctl_write: 0x5622b677cd30: pfd->events now 60 (POLLOUT:4)
0:00:00.019585832  2751 0x5622b6758360 DEBUG   GST_POLL gstpoll.c:979:gst_poll_fd_ctl_write: 0x5622b677cd30: fd (fd:0, idx:1), active : 1
0:00:00.024828142  2750 0x5637aa37e360 TRACE   GST_REFCOUNTING gstobject.c:208:gst_object_init: 0x5637aa3ab600 new
0:00:00.019595154  2751 0x5622b6758360 LOG   GST_POLL gstpoll.c:994:gst_poll_fd_ctl_write: 0x5622b677cd30: pfd->events now 60 (POLLOUT:4)
0:00:00.024839840  2750 0x5637aa37e360 LOG   GST_REGISTRY gstregistrychunks.c:610:gst_registry_chunks_load_feature: Reading/casting for GstRegistryChunkElementFactory at address 0x5637aa3a5b80
0:00:00.019602873  2751 0x5622b6758360 DEBUG   GST_POLL gstpoll.c:979:gst_poll_fd_ctl_write: 0x5622b677cd30: fd (fd:0, idx:1), active : 1
0:00:00.024847944  2750 0x5637aa37e360 TRACE   structure gststructure.c:292:gst_structure_new_id_empty_with_size: created structure 0x5637aa3ab980
0:00:00.019609691  2751 0x5622b6758360 LOG   GST_POLL gstpoll.c:994:gst_poll_fd_ctl_write: 0x5622b677cd30: pfd->events now 60 (POLLOUT:4)
0:00:00.024854711  2750 0x5637aa37e360 DEBUG   structure gststructure.c:2258:gst_structure_parse_field: trying field name 'long-name'
0:00:00.019616746  2751 0x5622b6758360 DEBUG   GST_POLL gstpoll.c:979:gst_poll_fd_ctl_write: 0x5622b677cd30: fd (fd:0, idx:1), active : 1
0:00:00.024862948  2750 0x5637aa37e360 DEBUG   default gstvalue.c:2776:_priv_gst_value_parse_value: trying type name 'string'
0:00:00.019626232  2751 0x5622b6758360 LOG   GST_POLL gstpoll.c:994:gst_poll_fd_ctl_write: 0x5622b677cd30: pfd->events now 60 (POLLOUT:4)
0:00:00.024872408  2750 0x5637aa37e360 DEBUG   structure gststructure.c:2258:gst_structure_parse_field: trying field name 'klass'
0:00:00.019634067  2751 0x5622b6758360 DEBUG   GST_POLL gstpoll.c:979:gst_poll_fd_ctl_write: 0x5622b677cd30: fd (fd:0, idx:1), active : 1
0:00:00.024878628  2750 0x5637aa37e360 DEBUG   default gstvalue.c:2776:_priv_gst_value_parse_value: trying type name 'string'
0:00:00.019640932  2751 0x5622b6758360 LOG   GST_POLL gstpoll.c:994:gst_poll_fd_ctl_write: 0x5622b677cd30: pfd->events now 60 (POLLOUT:4)
0:00:00.024886173  2750 0x5637aa37e360 DEBUG   structure gststructure.c:2258:gst_structure_parse_field: trying field name 'description'
0:00:00.019648278  2751 0x5622b6758360 DEBUG   GST_POLL gstpoll.c:979:gst_poll_fd_ctl_write: 0x5622b677cd30: fd (fd:0, idx:1), active : 1
0:00:00.024894955  2750 0x5637aa37e360 DEBUG   default gstvalue.c:2776:_priv_gst_value_parse_value: trying type name 'string'
0:00:00.019657814  2751 0x5622b6758360 LOG   GST_POLL gstpoll.c:994:gst_poll_fd_ctl_write: 0x5622b677cd30: pfd->events now 60 (POLLOUT:4)
0:00:00.024905093  2750 0x5637aa37e360 DEBUG   structure gststructure.c:2258:gst_structure_parse_field: trying field name 'author'
0:00:00.019665846  2751 0x5622b6758360 DEBUG   GST_POLL gstpoll.c:979:gst_poll_fd_ctl_write: 0x5622b677cd30: fd (fd:0, idx:1), active : 1
0:00:00.024917488  2750 0x5637aa37e360 DEBUG   default gstvalue.c:2776:_priv_gst_value_parse_value: trying type name 'string'
0:00:00.019678888  2751 0x5622b6758360 LOG   GST_POLL gstpoll.c:994:gst_poll_fd_ctl_write: 0x5622b677cd30: pfd->events now 60 (POLLOUT:4)
0:00:00.024925487  2750 0x5637aa37e360 DEBUG   GST_REGISTRY gstregistrychunks.c:627:gst_registry_chunks_load_feature: Element factory : npadtemplates=1
0:00:00.019686463  2751 0x5622b6758360 DEBUG   GST_POLL gstpoll.c:979:gst_poll_fd_ctl_write: 0x5622b677cd30: fd (fd:0, idx:1), active : 1
0:00:00.024933893  2750 0x5637aa37e360 DEBUG   GST_REGISTRY gstregistrychunks.c:526:gst_registry_chunks_load_pad_template: Reading/casting for GstRegistryChunkPadTemplate at address 0x5637aa3a5c60
0:00:00.019696048  2751 0x5622b6758360 LOG   GST_POLL gstpoll.c:994:gst_poll_fd_ctl_write: 0x5622b677cd30: pfd->events now 60 (POLLOUT:4)
0:00:00.024941868  2750 0x5637aa37e360 DEBUG   GST_REGISTRY gstregistrychunks.c:540:gst_registry_chunks_load_pad_template: Added pad_template sink
0:00:00.019704043  2751 0x5622b6758360 DEBUG   GST_POLL gstpoll.c:979:gst_poll_fd_ctl_write: 0x5622b677cd30: fd (fd:0, idx:1), active : 1
0:00:00.024949402  2750 0x5637aa37e360 DEBUG   GST_REGISTRY gstregistrychunks.c:640:gst_registry_chunks_load_feature: Reading 1 UriTypes at address 0x5637aa3a5c71
0:00:00.019710938  2751 0x5622b6758360 LOG   GST_POLL gstpoll.c:994:gst_poll_fd_ctl_write: 0x5622b677cd30: pfd->events now 60 (POLLOUT:4)
0:00:00.024956894  2750 0x5637aa37e360 DEBUG   GST_REGISTRY gstregistrychunks.c:655:gst_registry_chunks_load_feature: Reading 1 Interfaces at address 0x5637aa3a5c7f
0:00:00.019717987  2751 0x5622b6758360 DEBUG   GST_POLL gstpoll.c:979:gst_poll_fd_ctl_write: 0x5622b677cd30: fd (fd:0, idx:1), active : 1
0:00:00.019727491  2751 0x5622b6758360 LOG   GST_POLL gstpoll.c:994:gst_poll_fd_ctl_write: 0x5622b677cd30: pfd->events now 60 (POLLOUT:4)
0:00:00.024968034  2750 0x5637aa37e360 DEBUG   GST_REGISTRY gstregistry.c:589:gst_registry_add_feature: adding feature 0x5637aa3ab600 (fdsink)
0:00:00.019735311  2751 0x5622b6758360 DEBUG   GST_POLL gstpoll.c:979:gst_poll_fd_ctl_write: 0x5622b677cd30: fd (fd:0, idx:1), active : 1
0:00:00.024978484  2750 0x5637aa37e360 DEBUG   GST_REFCOUNTING gstobject.c:708:gst_object_set_parent: set parent (ref and sink)
0:00:00.019742757  2751 0x5622b6758360 LOG   GST_POLL gstpoll.c:994:gst_poll_fd_ctl_write: 0x5622b677cd30: pfd->events now 60 (POLLOUT:4)
0:00:00.024987522  2750 0x5637aa37e360 TRACE   GST_REFCOUNTING gstobject.c:292:gst_object_ref_sink: 0x5637aa3ab600 ref_sink 1->2
0:00:00.019750172  2751 0x5622b6758360 DEBUG   GST_POLL gstpoll.c:979:gst_poll_fd_ctl_write: 0x5622b677cd30: fd (fd:0, idx:1), active : 1
0:00:00.024995881  2750 0x5637aa37e360 LOG   GST_REGISTRY gstregistry.c:607:gst_registry_add_feature: emitting feature-added for fdsink
0:00:00.019759843  2751 0x5622b6758360 LOG   GST_POLL gstpoll.c:994:gst_poll_fd_ctl_write: 0x5622b677cd30: pfd->events now 60 (POLLOUT:4)
0:00:00.025005311  2750 0x5637aa37e360 DEBUG   GST_REGISTRY gstregistrychunks.c:741:gst_registry_chunks_load_feature: Added feature fdsink, plugin 0x5637aa3a3cc0 coreelements
0:00:00.019775089  2751 0x5622b6758360 DEBUG   GST_POLL gstpoll.c:979:gst_poll_fd_ctl_write: 0x5622b677cd30: fd (fd:0, idx:1), active : 1
0:00:00.025018424  2750 0x5637aa37e360 DEBUG   GST_REGISTRY gstregistrychunks.c:583:gst_registry_chunks_load_feature: Plugin 'coreelements' feature 'fdsrc' typename : 'GstElementFactory'
0:00:00.019781970  2751 0x5622b6758360 LOG   GST_POLL gstpoll.c:994:gst_poll_fd_ctl_write: 0x5622b677cd30: pfd->events now 60 (POLLOUT:4)
0:00:00.025028448  2750 0x5637aa37e360 TRACE   GST_REFCOUNTING gstobject.c:208:gst_object_init: 0x5637aa3af8f0 new
0:00:00.019789146  2751 0x5622b6758360 DEBUG   GST_POLL gstpoll.c:979:gst_poll_fd_ctl_write: 0x5622b677cd30: fd (fd:0, idx:1), active : 1
0:00:00.025038133  2750 0x5637aa37e360 LOG   GST_REGISTRY gstregistrychunks.c:610:gst_registry_chunks_load_feature: Reading/casting for GstRegistryChunkElementFactory at address 0x5637aa3a5ca8
0:00:00.019799264  2751 0x5622b6758360 LOG   GST_POLL gstpoll.c:994:gst_poll_fd_ctl_write: 0x5622b677cd30: pfd->events now 60 (POLLOUT:4)
0:00:00.025048071  2750 0x5637aa37e360 TRACE   structure gststructure.c:292:gst_structure_new_id_empty_with_size: created structure 0x5637aa3afb20
0:00:00.019808204  2751 0x5622b6758360 DEBUG   GST_POLL gstpoll.c:979:gst_poll_fd_ctl_write: 0x5622b677cd30: fd (fd:0, idx:1), active : 1
0:00:00.025056152  2750 0x5637aa37e360 DEBUG   structure gststructure.c:2258:gst_structure_parse_field: trying field name 'long-name'
0:00:00.019817205  2751 0x5622b6758360 LOG   GST_POLL gstpoll.c:994:gst_poll_fd_ctl_write: 0x5622b677cd30: pfd->events now 60 (POLLOUT:4)
0:00:00.025062873  2750 0x5637aa37e360 DEBUG   default gstvalue.c:2776:_priv_gst_value_parse_value: trying type name 'string'
0:00:00.019824732  2751 0x5622b6758360 DEBUG   GST_POLL gstpoll.c:979:gst_poll_fd_ctl_write: 0x5622b677cd30: fd (fd:0, idx:1), active : 1
0:00:00.025071696  2750 0x5637aa37e360 DEBUG   structure gststructure.c:2258:gst_structure_parse_field: trying field name 'klass'
0:00:00.019834478  2751 0x5622b6758360 LOG   GST_POLL gstpoll.c:994:gst_poll_fd_ctl_write: 0x5622b677cd30: pfd->events now 60 (POLLOUT:4)
0:00:00.025080216  2750 0x5637aa37e360 DEBUG   default gstvalue.c:2776:_priv_gst_value_parse_value: trying type name 'string'
0:00:00.019842224  2751 0x5622b6758360 DEBUG   GST_POLL gstpoll.c:979:gst_poll_fd_ctl_write: 0x5622b677cd30: fd (fd:0, idx:1), active : 1
0:00:00.025089324  2750 0x5637aa37e360 DEBUG   structure gststructure.c:2258:gst_structure_parse_field: trying field name 'description'
0:00:00.019849241  2751 0x5622b6758360 LOG   GST_POLL gstpoll.c:994:gst_poll_fd_ctl_write: 0x5622b677cd30: pfd->events now 60 (POLLOUT:4)
0:00:00.025096045  2750 0x5637aa37e360 DEBUG   default gstvalue.c:2776:_priv_gst_value_parse_value: trying type name 'string'
0:00:00.019857990  2751 0x5622b6758360 DEBUG   GST_POLL gstpoll.c:979:gst_poll_fd_ctl_write: 0x5622b677cd30: fd (fd:0, idx:1), active : 1
0:00:00.025104012  2750 0x5637aa37e360 DEBUG   structure gststructure.c:2258:gst_structure_parse_field: trying field name 'author'
0:00:00.019873993  2751 0x5622b6758360 LOG   GST_POLL gstpoll.c:994:gst_poll_fd_ctl_write: 0x5622b677cd30: pfd->events now 60 (POLLOUT:4)
0:00:00.025117495  2750 0x5637aa37e360 DEBUG   default gstvalue.c:2776:_priv_gst_value_parse_value: trying type name 'string'
0:00:00.019881328  2751 0x5622b6758360 DEBUG   GST_POLL gstpoll.c:979:gst_poll_fd_ctl_write: 0x5622b677cd30: fd (fd:0, idx:1), active : 1
0:00:00.025126747  2750 0x5637aa37e360 DEBUG   GST_REGISTRY gstregistrychunks.c:627:gst_registry_chunks_load_feature: Element factory : npadtemplates=1
0:00:00.019887889  2751 0x5622b6758360 LOG   GST_POLL gstpoll.c:994:gst_poll_fd_ctl_write: 0x5622b677cd30: pfd->events now 60 (POLLOUT:4)
0:00:00.025133617  2750 0x5637aa37e360 DEBUG   GST_REGISTRY gstregistrychunks.c:526:gst_registry_chunks_load_pad_template: Reading/casting for GstRegistryChunkPadTemplate at address 0x5637aa3a5d88
0:00:00.019895536  2751 0x5622b6758360 DEBUG   GST_POLL gstpoll.c:979:gst_poll_fd_ctl_write: 0x5622b677cd30: fd (fd:0, idx:1), active : 1
0:00:00.025140704  2750 0x5637aa37e360 DEBUG   GST_REGISTRY gstregistrychunks.c:540:gst_registry_chunks_load_pad_template: Added pad_template src
0:00:00.019905598  2751 0x5622b6758360 LOG   GST_POLL gstpoll.c:994:gst_poll_fd_ctl_write: 0x5622b677cd30: pfd->events now 60 (POLLOUT:4)
