0:00:00.008238662  2750 0x5637aa37e360 LOG   GST_PLUGIN_LOADING gstpluginloader.c:689:write_one: Writing packet of size 174 bytes to fd 7
0:00:00.008249800  2750 0x5637aa37e360 DEBUG   GST_POLL gstpoll.c:979:gst_poll_fd_ctl_write: 0x5637aa3a3920: fd (fd:7, idx:1), active : 0
0:00:00.008256681  2750 0x5637aa37e360 LOG   GST_POLL gstpoll.c:994:gst_poll_fd_ctl_write: 0x5637aa3a3920: pfd->events now 56 (POLLOUT:4)
0:00:00.008277409  2750 0x5637aa37e360 DEBUG   GST_REGISTRY gstregistry.c:1383:gst_registry_scan_path_internal: registry changed in path /home/conan/w/prod/BuildSingleReference/.conan/data/gstreamer/1.19.2/_/_/package/272fbcd9d24b96d15fa29c90965666ae8e9f2d35/lib/gstreamer-1.0: 0
0:00:00.008287615  2750 0x5637aa37e360 DEBUG   GST_REGISTRY gstregistry.c:1659:scan_and_update_registry: GST_PLUGIN_SYSTEM_PATH not set
0:00:00.008301778  2750 0x5637aa37e360 DEBUG   GST_REGISTRY gstregistry.c:1666:scan_and_update_registry: scanning home plugins /home/conan/.local/share/gstreamer-1.0/plugins
0:00:00.008309590  2750 0x5637aa37e360 DEBUG   GST_REGISTRY gstregistry.c:1380:gst_registry_scan_path_internal: scanning path /home/conan/.local/share/gstreamer-1.0/plugins
0:00:00.008338985  2750 0x5637aa37e360 DEBUG   GST_REGISTRY gstregistry.c:1383:gst_registry_scan_path_internal: registry changed in path /home/conan/.local/share/gstreamer-1.0/plugins: 0
0:00:00.008346358  2750 0x5637aa37e360 DEBUG   GST_REGISTRY gstregistry.c:1691:scan_and_update_registry: scanning main plugins /home/conan/w/prod/BuildSingleReference/.conan/data/gstreamer/1.19.2/_/_/package/272fbcd9d24b96d15fa29c90965666ae8e9f2d35/lib/gstreamer-1.0
0:00:00.008352666  2750 0x5637aa37e360 DEBUG   GST_REGISTRY gstregistry.c:1380:gst_registry_scan_path_internal: scanning path /home/conan/w/prod/BuildSingleReference/.conan/data/gstreamer/1.19.2/_/_/package/272fbcd9d24b96d15fa29c90965666ae8e9f2d35/lib/gstreamer-1.0
0:00:00.008395603  2750 0x5637aa37e360 LOG   GST_REGISTRY gstregistry.c:1299:gst_registry_scan_path_level: file /home/conan/w/prod/BuildSingleReference/.conan/data/gstreamer/1.19.2/_/_/package/272fbcd9d24b96d15fa29c90965666ae8e9f2d35/lib/gstreamer-1.0/libgstcoretracers.so looks like a possible module
0:00:00.008440884  2750 0x5637aa37e360 DEBUG   GST_REGISTRY gstregistry.c:1360:gst_registry_scan_path_level: file /home/conan/w/prod/BuildSingleReference/.conan/data/gstreamer/1.19.2/_/_/package/272fbcd9d24b96d15fa29c90965666ae8e9f2d35/lib/gstreamer-1.0/libgstcoretracers.so not yet in registry
0:00:00.008448813  2750 0x5637aa37e360 DEBUG   GST_REGISTRY gstregistry.c:1172:gst_registry_scan_plugin_file: Using scan-helper to load plugin /home/conan/w/prod/BuildSingleReference/.conan/data/gstreamer/1.19.2/_/_/package/272fbcd9d24b96d15fa29c90965666ae8e9f2d35/lib/gstreamer-1.0/libgstcoretracers.so
0:00:00.008462548  2750 0x5637aa37e360 LOG   GST_PLUGIN_LOADING gstpluginloader.c:235:plugin_loader_load: Sending file /home/conan/w/prod/BuildSingleReference/.conan/data/gstreamer/1.19.2/_/_/package/272fbcd9d24b96d15fa29c90965666ae8e9f2d35/lib/gstreamer-1.0/libgstcoretracers.so to child. tag 2
0:00:00.008471244  2750 0x5637aa37e360 DEBUG   GST_POLL gstpoll.c:979:gst_poll_fd_ctl_write: 0x5637aa3a3920: fd (fd:7, idx:1), active : 1
0:00:00.008499115  2750 0x5637aa37e360 LOG   GST_POLL gstpoll.c:994:gst_poll_fd_ctl_write: 0x5637aa3a3920: pfd->events now 60 (POLLOUT:4)
0:00:00.008507406  2750 0x5637aa37e360 DEBUG   GST_POLL gstpoll.c:1414:gst_poll_wait: 0x5637aa3a3920: timeout :0:00:01.000000000
0:00:00.003267185  2751 0x5622b6758360 TRACE   GST_REFCOUNTING gstobject.c:208:gst_object_init: 0x5622b677e3d0 new
0:00:00.008518861  2750 0x5637aa37e360 LOG   GST_PLUGIN_LOADING gstpluginloader.c:1026:exchange_packets: Poll res = 1. 173 bytes pending for write
0:00:00.008529850  2750 0x5637aa37e360 DEBUG   GST_POLL gstpoll.c:1241:gst_poll_fd_has_error: 0x5637aa3a3920: fd (fd:8, idx:2) 0
0:00:00.008536906  2750 0x5637aa37e360 DEBUG   GST_POLL gstpoll.c:1266:gst_poll_fd_can_read_unlocked: 0x5637aa3a3920: fd (fd:8, idx:2) 0
0:00:00.008543589  2750 0x5637aa37e360 DEBUG   GST_POLL gstpoll.c:1195:gst_poll_fd_has_closed: 0x5637aa3a3920: fd (fd:8, idx:2) 0
0:00:00.003309039  2751 0x5622b6758360 LOG   GST_PLUGIN_LOADING gstplugin.c:886:_priv_gst_plugin_load_file_for_registry: Plugin 0x5622b677e3d0 for file "/home/conan/w/prod/BuildSingleReference/.conan/data/gstreamer/1.19.2/_/_/package/272fbcd9d24b96d15fa29c90965666ae8e9f2d35/lib/gstreamer-1.0/libgstcoretracers.so" prepared, calling entry function...
0:00:00.008552546  2750 0x5637aa37e360 DEBUG   GST_POLL gstpoll.c:1241:gst_poll_fd_has_error: 0x5637aa3a3920: fd (fd:7, idx:1) 0
0:00:00.008563163  2750 0x5637aa37e360 DEBUG   GST_POLL gstpoll.c:1335:gst_poll_fd_can_write: 0x5637aa3a3920: fd (fd:7, idx:1) 1
0:00:00.003324276  2751 0x5622b6758360 LOG   GST_PLUGIN_LOADING gstplugin.c:893:_priv_gst_plugin_load_file_for_registry: Plugin 0x5622b677e3d0 for file "/home/conan/w/prod/BuildSingleReference/.conan/data/gstreamer/1.19.2/_/_/package/272fbcd9d24b96d15fa29c90965666ae8e9f2d35/lib/gstreamer-1.0/libgstcoretracers.so" prepared, registering...
0:00:00.008569383  2750 0x5637aa37e360 LOG   GST_PLUGIN_LOADING gstpluginloader.c:689:write_one: Writing packet of size 173 bytes to fd 7
0:00:00.003331799  2751 0x5622b6758360 LOG   GST_PLUGIN_LOADING gstplugin.c:511:gst_plugin_register_func: plugin "/home/conan/w/prod/BuildSingleReference/.conan/data/gstreamer/1.19.2/_/_/package/272fbcd9d24b96d15fa29c90965666ae8e9f2d35/lib/gstreamer-1.0/libgstcoretracers.so" looks good
0:00:00.008578652  2750 0x5637aa37e360 DEBUG   GST_POLL gstpoll.c:979:gst_poll_fd_ctl_write: 0x5637aa3a3920: fd (fd:7, idx:1), active : 0
0:00:00.008588420  2750 0x5637aa37e360 LOG   GST_POLL gstpoll.c:994:gst_poll_fd_ctl_write: 0x5637aa3a3920: pfd->events now 56 (POLLOUT:4)
0:00:00.008605083  2750 0x5637aa37e360 LOG   GST_REGISTRY gstregistry.c:1299:gst_registry_scan_path_level: file /home/conan/w/prod/BuildSingleReference/.conan/data/gstreamer/1.19.2/_/_/package/272fbcd9d24b96d15fa29c90965666ae8e9f2d35/lib/gstreamer-1.0/libgstcoreelements.so looks like a possible module
0:00:00.003374215  2751 0x5622b6758360 TRACE   GST_REFCOUNTING gstobject.c:208:gst_object_init: 0x5622b677f420 new
0:00:00.008617246  2750 0x5637aa37e360 DEBUG   GST_REGISTRY gstregistry.c:1360:gst_registry_scan_path_level: file /home/conan/w/prod/BuildSingleReference/.conan/data/gstreamer/1.19.2/_/_/package/272fbcd9d24b96d15fa29c90965666ae8e9f2d35/lib/gstreamer-1.0/libgstcoreelements.so not yet in registry
0:00:00.008628165  2750 0x5637aa37e360 DEBUG   GST_REGISTRY gstregistry.c:1172:gst_registry_scan_plugin_file: Using scan-helper to load plugin /home/conan/w/prod/BuildSingleReference/.conan/data/gstreamer/1.19.2/_/_/package/272fbcd9d24b96d15fa29c90965666ae8e9f2d35/lib/gstreamer-1.0/libgstcoreelements.so
0:00:00.003387556  2751 0x5622b6758360 DEBUG   GST_TRACER gsttracer.c:169:gst_tracer_register: new tracer factory for latency
0:00:00.008636528  2750 0x5637aa37e360 LOG   GST_PLUGIN_LOADING gstpluginloader.c:235:plugin_loader_load: Sending file /home/conan/w/prod/BuildSingleReference/.conan/data/gstreamer/1.19.2/_/_/package/272fbcd9d24b96d15fa29c90965666ae8e9f2d35/lib/gstreamer-1.0/libgstcoreelements.so to child. tag 3
0:00:00.008645128  2750 0x5637aa37e360 DEBUG   GST_POLL gstpoll.c:979:gst_poll_fd_ctl_write: 0x5637aa3a3920: fd (fd:7, idx:1), active : 1
0:00:00.003403035  2751 0x5622b6758360 DEBUG   GST_TRACER gsttracer.c:176:gst_tracer_register: tracer factory for 3061295520:GstLatencyTracer
0:00:00.008651821  2750 0x5637aa37e360 LOG   GST_POLL gstpoll.c:994:gst_poll_fd_ctl_write: 0x5637aa3a3920: pfd->events now 60 (POLLOUT:4)
0:00:00.003416488  2751 0x5622b6758360 DEBUG   GST_REGISTRY gstregistry.c:589:gst_registry_add_feature: adding feature 0x5622b677f420 (latency)
0:00:00.008661987  2750 0x5637aa37e360 DEBUG   GST_POLL gstpoll.c:1414:gst_poll_wait: 0x5637aa3a3920: timeout :0:00:01.000000000
0:00:00.003424283  2751 0x5622b6758360 DEBUG   GST_REFCOUNTING gstobject.c:708:gst_object_set_parent: set parent (ref and sink)
0:00:00.008671878  2750 0x5637aa37e360 LOG   GST_PLUGIN_LOADING gstpluginloader.c:1026:exchange_packets: Poll res = 1. 174 bytes pending for write
0:00:00.003432953  2751 0x5622b6758360 TRACE   GST_REFCOUNTING gstobject.c:292:gst_object_ref_sink: 0x5622b677f420 ref_sink 1->2
0:00:00.008679756  2750 0x5637aa37e360 DEBUG   GST_POLL gstpoll.c:1241:gst_poll_fd_has_error: 0x5637aa3a3920: fd (fd:8, idx:2) 0
0:00:00.003440776  2751 0x5622b6758360 LOG   GST_REGISTRY gstregistry.c:607:gst_registry_add_feature: emitting feature-added for latency
0:00:00.008687274  2750 0x5637aa37e360 DEBUG   GST_POLL gstpoll.c:1266:gst_poll_fd_can_read_unlocked: 0x5637aa3a3920: fd (fd:8, idx:2) 0
0:00:00.008697219  2750 0x5637aa37e360 DEBUG   GST_POLL gstpoll.c:1195:gst_poll_fd_has_closed: 0x5637aa3a3920: fd (fd:8, idx:2) 0
0:00:00.003462013  2751 0x5622b6758360 TRACE   GST_REFCOUNTING gstobject.c:208:gst_object_init: 0x5622b677f930 new
0:00:00.008704289  2750 0x5637aa37e360 DEBUG   GST_POLL gstpoll.c:1241:gst_poll_fd_has_error: 0x5637aa3a3920: fd (fd:7, idx:1) 0
0:00:00.008713790  2750 0x5637aa37e360 DEBUG   GST_POLL gstpoll.c:1335:gst_poll_fd_can_write: 0x5637aa3a3920: fd (fd:7, idx:1) 1
0:00:00.003473107  2751 0x5622b6758360 DEBUG   GST_TRACER gsttracer.c:169:gst_tracer_register: new tracer factory for log
0:00:00.008724478  2750 0x5637aa37e360 LOG   GST_PLUGIN_LOADING gstpluginloader.c:689:write_one: Writing packet of size 174 bytes to fd 7
0:00:00.003487732  2751 0x5622b6758360 DEBUG   GST_TRACER gsttracer.c:176:gst_tracer_register: tracer factory for 3061315520:GstLogTracer
0:00:00.008736139  2750 0x5637aa37e360 DEBUG   GST_POLL gstpoll.c:979:gst_poll_fd_ctl_write: 0x5637aa3a3920: fd (fd:7, idx:1), active : 0
0:00:00.003498586  2751 0x5622b6758360 DEBUG   GST_REGISTRY gstregistry.c:589:gst_registry_add_feature: adding feature 0x5622b677f930 (log)
0:00:00.008743513  2750 0x5637aa37e360 LOG   GST_POLL gstpoll.c:994:gst_poll_fd_ctl_write: 0x5637aa3a3920: pfd->events now 56 (POLLOUT:4)
0:00:00.003505992  2751 0x5622b6758360 DEBUG   GST_REFCOUNTING gstobject.c:708:gst_object_set_parent: set parent (ref and sink)
0:00:00.003514315  2751 0x5622b6758360 TRACE   GST_REFCOUNTING gstobject.c:292:gst_object_ref_sink: 0x5622b677f930 ref_sink 1->2
0:00:00.008757075  2750 0x5637aa37e360 DEBUG   GST_REGISTRY gstregistry.c:1383:gst_registry_scan_path_internal: registry changed in path /home/conan/w/prod/BuildSingleReference/.conan/data/gstreamer/1.19.2/_/_/package/272fbcd9d24b96d15fa29c90965666ae8e9f2d35/lib/gstreamer-1.0: 0
0:00:00.003521039  2751 0x5622b6758360 LOG   GST_REGISTRY gstregistry.c:607:gst_registry_add_feature: emitting feature-added for log
0:00:00.008769723  2750 0x5637aa37e360 DEBUG   GST_POLL gstpoll.c:979:gst_poll_fd_ctl_write: 0x5637aa3a3920: fd (fd:7, idx:1), active : 1
0:00:00.008776947  2750 0x5637aa37e360 LOG   GST_POLL gstpoll.c:994:gst_poll_fd_ctl_write: 0x5637aa3a3920: pfd->events now 60 (POLLOUT:4)
0:00:00.003538228  2751 0x5622b6758360 TRACE   GST_REFCOUNTING gstobject.c:208:gst_object_init: 0x5622b677fc00 new
0:00:00.008784413  2750 0x5637aa37e360 DEBUG   GST_POLL gstpoll.c:1414:gst_poll_wait: 0x5637aa3a3920: timeout :0:00:01.000000000
0:00:00.003550717  2751 0x5622b6758360 DEBUG   GST_TRACER gsttracer.c:169:gst_tracer_register: new tracer factory for rusage
0:00:00.008796141  2750 0x5637aa37e360 LOG   GST_PLUGIN_LOADING gstpluginloader.c:1026:exchange_packets: Poll res = 1. 12 bytes pending for write
0:00:00.003559432  2751 0x5622b6758360 DEBUG   GST_TRACER gsttracer.c:176:gst_tracer_register: tracer factory for 3061316080:GstRUsageTracer
0:00:00.008804547  2750 0x5637aa37e360 DEBUG   GST_POLL gstpoll.c:1241:gst_poll_fd_has_error: 0x5637aa3a3920: fd (fd:8, idx:2) 0
0:00:00.003567695  2751 0x5622b6758360 DEBUG   GST_REGISTRY gstregistry.c:589:gst_registry_add_feature: adding feature 0x5622b677fc00 (rusage)
0:00:00.008812064  2750 0x5637aa37e360 DEBUG   GST_POLL gstpoll.c:1266:gst_poll_fd_can_read_unlocked: 0x5637aa3a3920: fd (fd:8, idx:2) 0
0:00:00.003577110  2751 0x5622b6758360 DEBUG   GST_REFCOUNTING gstobject.c:708:gst_object_set_parent: set parent (ref and sink)
0:00:00.008821756  2750 0x5637aa37e360 DEBUG   GST_POLL gstpoll.c:1195:gst_poll_fd_has_closed: 0x5637aa3a3920: fd (fd:8, idx:2) 0
0:00:00.003593391  2751 0x5622b6758360 TRACE   GST_REFCOUNTING gstobject.c:292:gst_object_ref_sink: 0x5622b677fc00 ref_sink 1->2
0:00:00.008835870  2750 0x5637aa37e360 DEBUG   GST_POLL gstpoll.c:1241:gst_poll_fd_has_error: 0x5637aa3a3920: fd (fd:7, idx:1) 0
0:00:00.003601271  2751 0x5622b6758360 LOG   GST_REGISTRY gstregistry.c:607:gst_registry_add_feature: emitting feature-added for rusage
0:00:00.008844060  2750 0x5637aa37e360 DEBUG   GST_POLL gstpoll.c:1335:gst_poll_fd_can_write: 0x5637aa3a3920: fd (fd:7, idx:1) 1
0:00:00.008851162  2750 0x5637aa37e360 LOG   GST_PLUGIN_LOADING gstpluginloader.c:689:write_one: Writing packet of size 12 bytes to fd 7
0:00:00.008862259  2750 0x5637aa37e360 DEBUG   GST_POLL gstpoll.c:979:gst_poll_fd_ctl_write: 0x5637aa3a3920: fd (fd:7, idx:1), active : 0
0:00:00.003621234  2751 0x5622b6758360 TRACE   GST_REFCOUNTING gstobject.c:208:gst_object_init: 0x5622b677ff20 new
0:00:00.008869837  2750 0x5637aa37e360 LOG   GST_POLL gstpoll.c:994:gst_poll_fd_ctl_write: 0x5637aa3a3920: pfd->events now 56 (POLLOUT:4)
0:00:00.003634216  2751 0x5622b6758360 DEBUG   GST_TRACER gsttracer.c:169:gst_tracer_register: new tracer factory for stats
0:00:00.008882014  2750 0x5637aa37e360 DEBUG   GST_POLL gstpoll.c:1414:gst_poll_wait: 0x5637aa3a3920: timeout :0:00:01.000000000
0:00:00.003643336  2751 0x5622b6758360 DEBUG   GST_TRACER gsttracer.c:176:gst_tracer_register: tracer factory for 3061316880:GstStatsTracer
0:00:00.003652336  2751 0x5622b6758360 DEBUG   GST_REGISTRY gstregistry.c:589:gst_registry_add_feature: adding feature 0x5622b677ff20 (stats)
0:00:00.003670275  2751 0x5622b6758360 DEBUG   GST_REFCOUNTING gstobject.c:708:gst_object_set_parent: set parent (ref and sink)
0:00:00.003678545  2751 0x5622b6758360 TRACE   GST_REFCOUNTING gstobject.c:292:gst_object_ref_sink: 0x5622b677ff20 ref_sink 1->2
0:00:00.003685551  2751 0x5622b6758360 LOG   GST_REGISTRY gstregistry.c:607:gst_registry_add_feature: emitting feature-added for stats
0:00:00.003700750  2751 0x5622b6758360 TRACE   GST_REFCOUNTING gstobject.c:208:gst_object_init: 0x5622b67801a0 new
0:00:00.003712201  2751 0x5622b6758360 DEBUG   GST_TRACER gsttracer.c:169:gst_tracer_register: new tracer factory for leaks
0:00:00.003720369  2751 0x5622b6758360 DEBUG   GST_TRACER gsttracer.c:176:gst_tracer_register: tracer factory for 3061317600:GstLeaksTracer
0:00:00.003727919  2751 0x5622b6758360 DEBUG   GST_REGISTRY gstregistry.c:589:gst_registry_add_feature: adding feature 0x5622b67801a0 (leaks)
0:00:00.003738620  2751 0x5622b6758360 DEBUG   GST_REFCOUNTING gstobject.c:708:gst_object_set_parent: set parent (ref and sink)
0:00:00.003747688  2751 0x5622b6758360 TRACE   GST_REFCOUNTING gstobject.c:292:gst_object_ref_sink: 0x5622b67801a0 ref_sink 1->2
0:00:00.003754445  2751 0x5622b6758360 LOG   GST_REGISTRY gstregistry.c:607:gst_registry_add_feature: emitting feature-added for leaks
0:00:00.003771530  2751 0x5622b6758360 TRACE   GST_REFCOUNTING gstobject.c:208:gst_object_init: 0x5622b6780400 new
0:00:00.003784457  2751 0x5622b6758360 DEBUG   GST_TRACER gsttracer.c:169:gst_tracer_register: new tracer factory for factories
0:00:00.003793233  2751 0x5622b6758360 DEBUG   GST_TRACER gsttracer.c:176:gst_tracer_register: tracer factory for 3061318240:GstFactoriesTracer
0:00:00.003800867  2751 0x5622b6758360 DEBUG   GST_REGISTRY gstregistry.c:589:gst_registry_add_feature: adding feature 0x5622b6780400 (factories)
0:00:00.003808339  2751 0x5622b6758360 DEBUG   GST_REFCOUNTING gstobject.c:708:gst_object_set_parent: set parent (ref and sink)
0:00:00.003818854  2751 0x5622b6758360 TRACE   GST_REFCOUNTING gstobject.c:292:gst_object_ref_sink: 0x5622b6780400 ref_sink 1->2
0:00:00.003826184  2751 0x5622b6758360 LOG   GST_REGISTRY gstregistry.c:607:gst_registry_add_feature: emitting feature-added for factories
0:00:00.003832775  2751 0x5622b6758360 LOG   GST_PLUGIN_LOADING gstplugin.c:538:gst_plugin_register_func: plugin "/home/conan/w/prod/BuildSingleReference/.conan/data/gstreamer/1.19.2/_/_/package/272fbcd9d24b96d15fa29c90965666ae8e9f2d35/lib/gstreamer-1.0/libgstcoretracers.so" initialised
0:00:00.003841215  2751 0x5622b6758360 INFO   GST_PLUGIN_LOADING gstplugin.c:912:_priv_gst_plugin_load_file_for_registry: plugin "/home/conan/w/prod/BuildSingleReference/.conan/data/gstreamer/1.19.2/_/_/package/272fbcd9d24b96d15fa29c90965666ae8e9f2d35/lib/gstreamer-1.0/libgstcoretracers.so" loaded
0:00:00.003851117  2751 0x5622b6758360 TRACE   GST_REFCOUNTING gstobject.c:237:gst_object_ref: 0x5622b677e3d0 ref 1->2
0:00:00.003859898  2751 0x5622b6758360 DEBUG   GST_REGISTRY gstregistry.c:473:gst_registry_add_plugin: adding plugin 0x5622b677e3d0 for filename "/home/conan/w/prod/BuildSingleReference/.conan/data/gstreamer/1.19.2/_/_/package/272fbcd9d24b96d15fa29c90965666ae8e9f2d35/lib/gstreamer-1.0/libgstcoretracers.so"
0:00:00.003867606  2751 0x5622b6758360 TRACE   GST_REFCOUNTING gstobject.c:292:gst_object_ref_sink: 0x5622b677e3d0 ref_sink 2->3
0:00:00.003878178  2751 0x5622b6758360 LOG   GST_REGISTRY gstregistry.c:486:gst_registry_add_plugin: emitting plugin-added for filename "/home/conan/w/prod/BuildSingleReference/.conan/data/gstreamer/1.19.2/_/_/package/272fbcd9d24b96d15fa29c90965666ae8e9f2d35/lib/gstreamer-1.0/libgstcoretracers.so"
0:00:00.003887719  2751 0x5622b6758360 TRACE   GST_REFCOUNTING gstobject.c:237:gst_object_ref: 0x5622b6780400 ref 1->2
0:00:00.003895340  2751 0x5622b6758360 TRACE   GST_REFCOUNTING gstobject.c:237:gst_object_ref: 0x5622b67801a0 ref 1->2
0:00:00.003902414  2751 0x5622b6758360 TRACE   GST_REFCOUNTING gstobject.c:237:gst_object_ref: 0x5622b677ff20 ref 1->2
0:00:00.003912256  2751 0x5622b6758360 TRACE   GST_REFCOUNTING gstobject.c:237:gst_object_ref: 0x5622b677fc00 ref 1->2
0:00:00.003920296  2751 0x5622b6758360 TRACE   GST_REFCOUNTING gstobject.c:237:gst_object_ref: 0x5622b677f930 ref 1->2
0:00:00.003927151  2751 0x5622b6758360 TRACE   GST_REFCOUNTING gstobject.c:237:gst_object_ref: 0x5622b677f420 ref 1->2
0:00:00.003954116  2751 0x5622b6758360 TRACE   GST_REFCOUNTING gstobject.c:264:gst_object_unref: 0x5622b677f420 unref 2->1
0:00:00.003964945  2751 0x5622b6758360 TRACE   GST_REFCOUNTING gstobject.c:264:gst_object_unref: 0x5622b677f930 unref 2->1
0:00:00.003972267  2751 0x5622b6758360 TRACE   GST_REFCOUNTING gstobject.c:264:gst_object_unref: 0x5622b677fc00 unref 2->1
0:00:00.003978935  2751 0x5622b6758360 TRACE   GST_REFCOUNTING gstobject.c:264:gst_object_unref: 0x5622b677ff20 unref 2->1
0:00:00.003988625  2751 0x5622b6758360 TRACE   GST_REFCOUNTING gstobject.c:264:gst_object_unref: 0x5622b67801a0 unref 2->1
0:00:00.003996448  2751 0x5622b6758360 TRACE   GST_REFCOUNTING gstobject.c:264:gst_object_unref: 0x5622b6780400 unref 2->1
0:00:00.004006775  2751 0x5622b6758360 DEBUG   GST_REGISTRY gstregistrychunks.c:498:_priv_gst_registry_chunks_save_plugin: Found 6 features in plugin 0x5622b677e3d0 (coretracers)
0:00:00.004015031  2751 0x5622b6758360 DEBUG   GST_POLL gstpoll.c:979:gst_poll_fd_ctl_write: 0x5622b677cd30: fd (fd:0, idx:1), active : 1
0:00:00.004024644  2751 0x5622b6758360 LOG   GST_POLL gstpoll.c:994:gst_poll_fd_ctl_write: 0x5622b677cd30: pfd->events now 60 (POLLOUT:4)
0:00:00.004032574  2751 0x5622b6758360 DEBUG   GST_POLL gstpoll.c:979:gst_poll_fd_ctl_write: 0x5622b677cd30: fd (fd:0, idx:1), active : 1
0:00:00.004045726  2751 0x5622b6758360 LOG   GST_POLL gstpoll.c:994:gst_poll_fd_ctl_write: 0x5622b677cd30: pfd->events now 60 (POLLOUT:4)
0:00:00.004053464  2751 0x5622b6758360 DEBUG   GST_POLL gstpoll.c:979:gst_poll_fd_ctl_write: 0x5622b677cd30: fd (fd:0, idx:1), active : 1
0:00:00.004062270  2751 0x5622b6758360 LOG   GST_POLL gstpoll.c:994:gst_poll_fd_ctl_write: 0x5622b677cd30: pfd->events now 60 (POLLOUT:4)
0:00:00.004070033  2751 0x5622b6758360 DEBUG   GST_POLL gstpoll.c:979:gst_poll_fd_ctl_write: 0x5622b677cd30: fd (fd:0, idx:1), active : 1
0:00:00.004076119  2751 0x5622b6758360 LOG   GST_POLL gstpoll.c:994:gst_poll_fd_ctl_write: 0x5622b677cd30: pfd->events now 60 (POLLOUT:4)
0:00:00.004082642  2751 0x5622b6758360 DEBUG   GST_POLL gstpoll.c:979:gst_poll_fd_ctl_write: 0x5622b677cd30: fd (fd:0, idx:1), active : 1
0:00:00.004091347  2751 0x5622b6758360 LOG   GST_POLL gstpoll.c:994:gst_poll_fd_ctl_write: 0x5622b677cd30: pfd->events now 60 (POLLOUT:4)
0:00:00.004098777  2751 0x5622b6758360 DEBUG   GST_POLL gstpoll.c:979:gst_poll_fd_ctl_write: 0x5622b677cd30: fd (fd:0, idx:1), active : 1
0:00:00.004104670  2751 0x5622b6758360 LOG   GST_POLL gstpoll.c:994:gst_poll_fd_ctl_write: 0x5622b677cd30: pfd->events now 60 (POLLOUT:4)
0:00:00.004110936  2751 0x5622b6758360 DEBUG   GST_POLL gstpoll.c:979:gst_poll_fd_ctl_write: 0x5622b677cd30: fd (fd:0, idx:1), active : 1
0:00:00.004119604  2751 0x5622b6758360 LOG   GST_POLL gstpoll.c:994:gst_poll_fd_ctl_write: 0x5622b677cd30: pfd->events now 60 (POLLOUT:4)
0:00:00.004127216  2751 0x5622b6758360 DEBUG   GST_POLL gstpoll.c:979:gst_poll_fd_ctl_write: 0x5622b677cd30: fd (fd:0, idx:1), active : 1
0:00:00.004138179  2751 0x5622b6758360 LOG   GST_POLL gstpoll.c:994:gst_poll_fd_ctl_write: 0x5622b677cd30: pfd->events now 60 (POLLOUT:4)
0:00:00.004144543  2751 0x5622b6758360 DEBUG   GST_POLL gstpoll.c:979:gst_poll_fd_ctl_write: 0x5622b677cd30: fd (fd:0, idx:1), active : 1
0:00:00.004153023  2751 0x5622b6758360 LOG   GST_POLL gstpoll.c:994:gst_poll_fd_ctl_write: 0x5622b677cd30: pfd->events now 60 (POLLOUT:4)
0:00:00.004160394  2751 0x5622b6758360 DEBUG   GST_POLL gstpoll.c:979:gst_poll_fd_ctl_write: 0x5622b677cd30: fd (fd:0, idx:1), active : 1
0:00:00.004166349  2751 0x5622b6758360 LOG   GST_POLL gstpoll.c:994:gst_poll_fd_ctl_write: 0x5622b677cd30: pfd->events now 60 (POLLOUT:4)
0:00:00.004172627  2751 0x5622b6758360 DEBUG   GST_POLL gstpoll.c:979:gst_poll_fd_ctl_write: 0x5622b677cd30: fd (fd:0, idx:1), active : 1
0:00:00.004181057  2751 0x5622b6758360 LOG   GST_POLL gstpoll.c:994:gst_poll_fd_ctl_write: 0x5622b677cd30: pfd->events now 60 (POLLOUT:4)
0:00:00.004188358  2751 0x5622b6758360 DEBUG   GST_POLL gstpoll.c:979:gst_poll_fd_ctl_write: 0x5622b677cd30: fd (fd:0, idx:1), active : 1
0:00:00.004194417  2751 0x5622b6758360 LOG   GST_POLL gstpoll.c:994:gst_poll_fd_ctl_write: 0x5622b677cd30: pfd->events now 60 (POLLOUT:4)
0:00:00.004200573  2751 0x5622b6758360 DEBUG   GST_POLL gstpoll.c:979:gst_poll_fd_ctl_write: 0x5622b677cd30: fd (fd:0, idx:1), active : 1
0:00:00.004209044  2751 0x5622b6758360 LOG   GST_POLL gstpoll.c:994:gst_poll_fd_ctl_write: 0x5622b677cd30: pfd->events now 60 (POLLOUT:4)
0:00:00.004216269  2751 0x5622b6758360 DEBUG   GST_POLL gstpoll.c:979:gst_poll_fd_ctl_write: 0x5622b677cd30: fd (fd:0, idx:1), active : 1
0:00:00.004222311  2751 0x5622b6758360 LOG   GST_POLL gstpoll.c:994:gst_poll_fd_ctl_write: 0x5622b677cd30: pfd->events now 60 (POLLOUT:4)
0:00:00.004228660  2751 0x5622b6758360 DEBUG   GST_POLL gstpoll.c:979:gst_poll_fd_ctl_write: 0x5622b677cd30: fd (fd:0, idx:1), active : 1
0:00:00.004248608  2751 0x5622b6758360 LOG   GST_POLL gstpoll.c:994:gst_poll_fd_ctl_write: 0x5622b677cd30: pfd->events now 60 (POLLOUT:4)
0:00:00.004256402  2751 0x5622b6758360 DEBUG   GST_POLL gstpoll.c:979:gst_poll_fd_ctl_write: 0x5622b677cd30: fd (fd:0, idx:1), active : 1
0:00:00.004262462  2751 0x5622b6758360 LOG   GST_POLL gstpoll.c:994:gst_poll_fd_ctl_write: 0x5622b677cd30: pfd->events now 60 (POLLOUT:4)
0:00:00.004268671  2751 0x5622b6758360 DEBUG   GST_POLL gstpoll.c:979:gst_poll_fd_ctl_write: 0x5622b677cd30: fd (fd:0, idx:1), active : 1
0:00:00.004279155  2751 0x5622b6758360 LOG   GST_POLL gstpoll.c:994:gst_poll_fd_ctl_write: 0x5622b677cd30: pfd->events now 60 (POLLOUT:4)
0:00:00.004286061  2751 0x5622b6758360 DEBUG   GST_POLL gstpoll.c:979:gst_poll_fd_ctl_write: 0x5622b677cd30: fd (fd:0, idx:1), active : 1
0:00:00.004291878  2751 0x5622b6758360 LOG   GST_POLL gstpoll.c:994:gst_poll_fd_ctl_write: 0x5622b677cd30: pfd->events now 60 (POLLOUT:4)
0:00:00.004298235  2751 0x5622b6758360 DEBUG   GST_POLL gstpoll.c:979:gst_poll_fd_ctl_write: 0x5622b677cd30: fd (fd:0, idx:1), active : 1
0:00:00.004307209  2751 0x5622b6758360 LOG   GST_POLL gstpoll.c:994:gst_poll_fd_ctl_write: 0x5622b677cd30: pfd->events now 60 (POLLOUT:4)
0:00:00.004318990  2751 0x5622b6758360 DEBUG   GST_POLL gstpoll.c:979:gst_poll_fd_ctl_write: 0x5622b677cd30: fd (fd:0, idx:1), active : 1
0:00:00.004324963  2751 0x5622b6758360 LOG   GST_POLL gstpoll.c:994:gst_poll_fd_ctl_write: 0x5622b677cd30: pfd->events now 60 (POLLOUT:4)
0:00:00.004331156  2751 0x5622b6758360 DEBUG   GST_POLL gstpoll.c:979:gst_poll_fd_ctl_write: 0x5622b677cd30: fd (fd:0, idx:1), active : 1
0:00:00.004340270  2751 0x5622b6758360 LOG   GST_POLL gstpoll.c:994:gst_poll_fd_ctl_write: 0x5622b677cd30: pfd->events now 60 (POLLOUT:4)
0:00:00.004347419  2751 0x5622b6758360 DEBUG   GST_POLL gstpoll.c:979:gst_poll_fd_ctl_write: 0x5622b677cd30: fd (fd:0, idx:1), active : 1
0:00:00.004353363  2751 0x5622b6758360 LOG   GST_POLL gstpoll.c:994:gst_poll_fd_ctl_write: 0x5622b677cd30: pfd->events now 60 (POLLOUT:4)
0:00:00.004359608  2751 0x5622b6758360 DEBUG   GST_POLL gstpoll.c:979:gst_poll_fd_ctl_write: 0x5622b677cd30: fd (fd:0, idx:1), active : 1
0:00:00.004368492  2751 0x5622b6758360 LOG   GST_POLL gstpoll.c:994:gst_poll_fd_ctl_write: 0x5622b677cd30: pfd->events now 60 (POLLOUT:4)
0:00:00.004375447  2751 0x5622b6758360 DEBUG   GST_POLL gstpoll.c:979:gst_poll_fd_ctl_write: 0x5622b677cd30: fd (fd:0, idx:1), active : 1
0:00:00.004381319  2751 0x5622b6758360 LOG   GST_POLL gstpoll.c:994:gst_poll_fd_ctl_write: 0x5622b677cd30: pfd->events now 60 (POLLOUT:4)
0:00:00.004387541  2751 0x5622b6758360 DEBUG   GST_POLL gstpoll.c:979:gst_poll_fd_ctl_write: 0x5622b677cd30: fd (fd:0, idx:1), active : 1
0:00:00.004396407  2751 0x5622b6758360 LOG   GST_POLL gstpoll.c:994:gst_poll_fd_ctl_write: 0x5622b677cd30: pfd->events now 60 (POLLOUT:4)
0:00:00.004403263  2751 0x5622b6758360 DEBUG   GST_POLL gstpoll.c:979:gst_poll_fd_ctl_write: 0x5622b677cd30: fd (fd:0, idx:1), active : 1
0:00:00.004409135  2751 0x5622b6758360 LOG   GST_POLL gstpoll.c:994:gst_poll_fd_ctl_write: 0x5622b677cd30: pfd->events now 60 (POLLOUT:4)
0:00:00.004415399  2751 0x5622b6758360 DEBUG   GST_POLL gstpoll.c:979:gst_poll_fd_ctl_write: 0x5622b677cd30: fd (fd:0, idx:1), active : 1
0:00:00.004424296  2751 0x5622b6758360 LOG   GST_POLL gstpoll.c:994:gst_poll_fd_ctl_write: 0x5622b677cd30: pfd->events now 60 (POLLOUT:4)
0:00:00.004431203  2751 0x5622b6758360 DEBUG   GST_POLL gstpoll.c:979:gst_poll_fd_ctl_write: 0x5622b677cd30: fd (fd:0, idx:1), active : 1
0:00:00.004437065  2751 0x5622b6758360 LOG   GST_POLL gstpoll.c:994:gst_poll_fd_ctl_write: 0x5622b677cd30: pfd->events now 60 (POLLOUT:4)
0:00:00.004443543  2751 0x5622b6758360 LOG   GST_PLUGIN_LOADING gstpluginloader.c:644:put_chunk: Expanding tx buf from 512 to 1152 for chunk of size 8
0:00:00.004454316  2751 0x5622b6758360 DEBUG   GST_POLL gstpoll.c:979:gst_poll_fd_ctl_write: 0x5622b677cd30: fd (fd:0, idx:1), active : 1
0:00:00.004460888  2751 0x5622b6758360 LOG   GST_POLL gstpoll.c:994:gst_poll_fd_ctl_write: 0x5622b677cd30: pfd->events now 60 (POLLOUT:4)
0:00:00.004467316  2751 0x5622b6758360 DEBUG   GST_POLL gstpoll.c:979:gst_poll_fd_ctl_write: 0x5622b677cd30: fd (fd:0, idx:1), active : 1
0:00:00.004477594  2751 0x5622b6758360 LOG   GST_POLL gstpoll.c:994:gst_poll_fd_ctl_write: 0x5622b677cd30: pfd->events now 60 (POLLOUT:4)
0:00:00.004488087  2751 0x5622b6758360 TRACE   GST_REFCOUNTING gstobject.c:264:gst_object_unref: 0x5622b677e3d0 unref 2->1
0:00:00.004497059  2751 0x5622b6758360 DEBUG   GST_POLL gstpoll.c:1241:gst_poll_fd_has_error: 0x5622b677cd30: fd (fd:0, idx:1) 0
0:00:00.004504052  2751 0x5622b6758360 DEBUG   GST_POLL gstpoll.c:1335:gst_poll_fd_can_write: 0x5622b677cd30: fd (fd:0, idx:1) 0
0:00:00.004510949  2751 0x5622b6758360 DEBUG   GST_POLL gstpoll.c:1195:gst_poll_fd_has_closed: 0x5622b677cd30: fd (fd:0, idx:1) 0
0:00:00.004521636  2751 0x5622b6758360 DEBUG   GST_POLL gstpoll.c:1414:gst_poll_wait: 0x5622b677cd30: timeout :0:00:01.000000000
0:00:00.004533819  2751 0x5622b6758360 LOG   GST_PLUGIN_LOADING gstpluginloader.c:1026:exchange_packets: Poll res = 2. 528 bytes pending for write
0:00:00.004542625  2751 0x5622b6758360 DEBUG   GST_POLL gstpoll.c:1241:gst_poll_fd_has_error: 0x5622b677cd30: fd (fd:5, idx:2) 0
0:00:00.004551834  2751 0x5622b6758360 DEBUG   GST_POLL gstpoll.c:1266:gst_poll_fd_can_read_unlocked: 0x5622b677cd30: fd (fd:5, idx:2) 1
0:00:00.004563619  2751 0x5622b6758360 DEBUG   GST_PLUGIN_LOADING gstpluginloader.c:721:do_plugin_load: Plugin scanner loading file /home/conan/w/prod/BuildSingleReference/.conan/data/gstreamer/1.19.2/_/_/package/272fbcd9d24b96d15fa29c90965666ae8e9f2d35/lib/gstreamer-1.0/libgstcoreelements.so. tag 1
0:00:00.004571374  2751 0x5622b6758360 DEBUG   GST_PLUGIN_LOADING gstplugin.c:764:_priv_gst_plugin_load_file_for_registry: attempt to load plugin "/home/conan/w/prod/BuildSingleReference/.conan/data/gstreamer/1.19.2/_/_/package/272fbcd9d24b96d15fa29c90965666ae8e9f2d35/lib/gstreamer-1.0/libgstcoreelements.so"
0:00:00.005050652  2751 0x5622b6758360 TRACE   GST_REFCOUNTING gstobject.c:208:gst_object_init: 0x5622b67822f0 new
0:00:00.005076432  2751 0x5622b6758360 LOG   GST_PLUGIN_LOADING gstplugin.c:886:_priv_gst_plugin_load_file_for_registry: Plugin 0x5622b67822f0 for file "/home/conan/w/prod/BuildSingleReference/.conan/data/gstreamer/1.19.2/_/_/package/272fbcd9d24b96d15fa29c90965666ae8e9f2d35/lib/gstreamer-1.0/libgstcoreelements.so" prepared, calling entry function...
0:00:00.005088322  2751 0x5622b6758360 LOG   GST_PLUGIN_LOADING gstplugin.c:893:_priv_gst_plugin_load_file_for_registry: Plugin 0x5622b67822f0 for file "/home/conan/w/prod/BuildSingleReference/.conan/data/gstreamer/1.19.2/_/_/package/272fbcd9d24b96d15fa29c90965666ae8e9f2d35/lib/gstreamer-1.0/libgstcoreelements.so" prepared, registering...
0:00:00.005096312  2751 0x5622b6758360 LOG   GST_PLUGIN_LOADING gstplugin.c:511:gst_plugin_register_func: plugin "/home/conan/w/prod/BuildSingleReference/.conan/data/gstreamer/1.19.2/_/_/package/272fbcd9d24b96d15fa29c90965666ae8e9f2d35/lib/gstreamer-1.0/libgstcoreelements.so" looks good
0:00:00.005130789  2751 0x5622b6758360 TRACE   GST_REFCOUNTING gstobject.c:208:gst_object_init: 0x5622b6782950 new
0:00:00.005144612  2751 0x5622b6758360 LOG   GST_ELEMENT_FACTORY gstelementfactory.c:239:gst_element_register: Created new elementfactory for type GstCapsFilter
0:00:00.005158922  2751 0x5622b6758360 TRACE   structure gststructure.c:292:gst_structure_new_id_empty_with_size: created structure 0x5622b6782ee0
0:00:00.005175471  2751 0x5622b6758360 TRACE   GST_PERFORMANCE gststructure.c:511:gst_structure_copy: doing copy 0x5622b67672b0 -> 0x5622b6782ee0
0:00:00.005184165  2751 0x5622b6758360 DEBUG   GST_ELEMENT_PADS gstelement.c:311:gst_element_base_class_init: type GstBaseTransform : factory (nil)
0:00:00.005192607  2751 0x5622b6758360 DEBUG   basetransform gstbasetransform.c:333:gst_base_transform_class_init: gst_base_transform_class_init
0:00:00.005207663  2751 0x5622b6758360 TRACE   structure gststructure.c:292:gst_structure_new_id_empty_with_size: created structure 0x5622b67834e0
0:00:00.005216555  2751 0x5622b6758360 TRACE   GST_PERFORMANCE gststructure.c:511:gst_structure_copy: doing copy 0x5622b6782ee0 -> 0x5622b67834e0
0:00:00.005224705  2751 0x5622b6758360 DEBUG   GST_ELEMENT_PADS gstelement.c:311:gst_element_base_class_init: type GstCapsFilter : factory 0x5622b6782950
0:00:00.005271963  2751 0x5622b6758360 TRACE   GST_CAPS gstcaps.c:263:gst_caps_new_empty: created caps 0x5622b67813f0
0:00:00.005287709  2751 0x5622b6758360 TRACE   GST_CAPS gstcaps.c:439:gst_static_caps_get: created 0x7feb0282af70 from string ANY
0:00:00.005299184  2751 0x5622b6758360 TRACE   GST_REFCOUNTING gstminiobject.c:478:gst_mini_object_ref: 0x5622b67813f0 ref 1->2
0:00:00.005342142  2751 0x5622b6758360 TRACE   GST_REFCOUNTING gstobject.c:208:gst_object_init: 0x5622b6783e80 new
0:00:00.005363390  2751 0x5622b6758360 TRACE   GST_REFCOUNTING gstminiobject.c:478:gst_mini_object_ref: 0x5622b67813f0 ref 2->3
0:00:00.005378910  2751 0x5622b6758360 TRACE   GST_REFCOUNTING gstminiobject.c:660:gst_mini_object_unref: 0x5622b67813f0 unref 3->2
0:00:00.005387467  2751 0x5622b6758360 TRACE   GST_REFCOUNTING gstobject.c:292:gst_object_ref_sink: 0x5622b6783e80 ref_sink 1->2
0:00:00.005394908  2751 0x5622b6758360 TRACE   GST_CAPS gstcaps.c:263:gst_caps_new_empty: created caps 0x5622b6781110
0:00:00.005404429  2751 0x5622b6758360 TRACE   GST_CAPS gstcaps.c:439:gst_static_caps_get: created 0x7feb0282af30 from string ANY
0:00:00.005411395  2751 0x5622b6758360 TRACE   GST_REFCOUNTING gstminiobject.c:478:gst_mini_object_ref: 0x5622b6781110 ref 1->2
0:00:00.005421924  2751 0x5622b6758360 TRACE   GST_REFCOUNTING gstobject.c:208:gst_object_init: 0x5622b67840f0 new
0:00:00.005431213  2751 0x5622b6758360 TRACE   GST_REFCOUNTING gstminiobject.c:478:gst_mini_object_ref: 0x5622b6781110 ref 2->3
0:00:00.005452694  2751 0x5622b6758360 TRACE   GST_REFCOUNTING gstminiobject.c:660:gst_mini_object_unref: 0x5622b6781110 unref 3->2
0:00:00.005461061  2751 0x5622b6758360 TRACE   GST_REFCOUNTING gstobject.c:292:gst_object_ref_sink: 0x5622b67840f0 ref_sink 1->2
0:00:00.005472989  2751 0x5622b6758360 TRACE   structure gststructure.c:292:gst_structure_new_id_empty_with_size: created structure 0x5622b6784280
0:00:00.005480967  2751 0x5622b6758360 TRACE   GST_PERFORMANCE gststructure.c:511:gst_structure_copy: doing copy 0x5622b67834e0 -> 0x5622b6784280
0:00:00.005496165  2751 0x5622b6758360 DEBUG   GST_REGISTRY gstregistry.c:589:gst_registry_add_feature: adding feature 0x5622b6782950 (capsfilter)
0:00:00.005509984  2751 0x5622b6758360 DEBUG   GST_REFCOUNTING gstobject.c:708:gst_object_set_parent: set parent (ref and sink)
0:00:00.005517954  2751 0x5622b6758360 TRACE   GST_REFCOUNTING gstobject.c:292:gst_object_ref_sink: 0x5622b6782950 ref_sink 1->2
0:00:00.005524745  2751 0x5622b6758360 LOG   GST_REGISTRY gstregistry.c:607:gst_registry_add_feature: emitting feature-added for capsfilter
0:00:00.005544403  2751 0x5622b6758360 TRACE   GST_REFCOUNTING gstobject.c:208:gst_object_init: 0x5622b67846f0 new
0:00:00.005556733  2751 0x5622b6758360 LOG   GST_ELEMENT_FACTORY gstelementfactory.c:239:gst_element_register: Created new elementfactory for type GstClockSync
0:00:00.005565140  2751 0x5622b6758360 TRACE   structure gststructure.c:292:gst_structure_new_id_empty_with_size: created structure 0x5622b6784ad0
0:00:00.005574083  2751 0x5622b6758360 TRACE   GST_PERFORMANCE gststructure.c:511:gst_structure_copy: doing copy 0x5622b67672b0 -> 0x5622b6784ad0
0:00:00.005582195  2751 0x5622b6758360 DEBUG   GST_ELEMENT_PADS gstelement.c:311:gst_element_base_class_init: type GstClockSync : factory 0x5622b67846f0
0:00:00.005600508  2751 0x5622b6758360 TRACE   GST_CAPS gstcaps.c:263:gst_caps_new_empty: created caps 0x5622b6784820
0:00:00.005607355  2751 0x5622b6758360 TRACE   GST_CAPS gstcaps.c:439:gst_static_caps_get: created 0x7feb0282aff0 from string ANY
0:00:00.005616130  2751 0x5622b6758360 TRACE   GST_REFCOUNTING gstminiobject.c:478:gst_mini_object_ref: 0x5622b6784820 ref 1->2
0:00:00.005626956  2751 0x5622b6758360 TRACE   GST_REFCOUNTING gstobject.c:208:gst_object_init: 0x5622b6784df0 new
0:00:00.005640531  2751 0x5622b6758360 TRACE   GST_REFCOUNTING gstminiobject.c:478:gst_mini_object_ref: 0x5622b6784820 ref 2->3
0:00:00.005650187  2751 0x5622b6758360 TRACE   GST_REFCOUNTING gstminiobject.c:660:gst_mini_object_unref: 0x5622b6784820 unref 3->2
0:00:00.005661042  2751 0x5622b6758360 TRACE   GST_REFCOUNTING gstobject.c:292:gst_object_ref_sink: 0x5622b6784df0 ref_sink 1->2
0:00:00.005668607  2751 0x5622b6758360 TRACE   GST_CAPS gstcaps.c:263:gst_caps_new_empty: created caps 0x5622b6784540
0:00:00.005675221  2751 0x5622b6758360 TRACE   GST_CAPS gstcaps.c:439:gst_static_caps_get: created 0x7feb0282afb0 from string ANY
0:00:00.005681569  2751 0x5622b6758360 TRACE   GST_REFCOUNTING gstminiobject.c:478:gst_mini_object_ref: 0x5622b6784540 ref 1->2
0:00:00.005694376  2751 0x5622b6758360 TRACE   GST_REFCOUNTING gstobject.c:208:gst_object_init: 0x5622b6784fb0 new
0:00:00.005704332  2751 0x5622b6758360 TRACE   GST_REFCOUNTING gstminiobject.c:478:gst_mini_object_ref: 0x5622b6784540 ref 2->3
0:00:00.005713421  2751 0x5622b6758360 TRACE   GST_REFCOUNTING gstminiobject.c:660:gst_mini_object_unref: 0x5622b6784540 unref 3->2
0:00:00.005721231  2751 0x5622b6758360 TRACE   GST_REFCOUNTING gstobject.c:292:gst_object_ref_sink: 0x5622b6784fb0 ref_sink 1->2
0:00:00.005752914  2751 0x5622b6758360 TRACE   structure gststructure.c:292:gst_structure_new_id_empty_with_size: created structure 0x5622b6785290
0:00:00.005761652  2751 0x5622b6758360 TRACE   GST_PERFORMANCE gststructure.c:511:gst_structure_copy: doing copy 0x5622b6784ad0 -> 0x5622b6785290
0:00:00.005772109  2751 0x5622b6758360 DEBUG   GST_REGISTRY gstregistry.c:589:gst_registry_add_feature: adding feature 0x5622b67846f0 (clocksync)
0:00:00.005778847  2751 0x5622b6758360 DEBUG   GST_REFCOUNTING gstobject.c:708:gst_object_set_parent: set parent (ref and sink)
0:00:00.005789728  2751 0x5622b6758360 TRACE   GST_REFCOUNTING gstobject.c:292:gst_object_ref_sink: 0x5622b67846f0 ref_sink 1->2
0:00:00.005796919  2751 0x5622b6758360 LOG   GST_REGISTRY gstregistry.c:607:gst_registry_add_feature: emitting feature-added for clocksync
0:00:00.005811189  2751 0x5622b6758360 TRACE   GST_REFCOUNTING gstobject.c:208:gst_object_init: 0x5622b6785480 new
0:00:00.005825179  2751 0x5622b6758360 LOG   GST_ELEMENT_FACTORY gstelementfactory.c:239:gst_element_register: Created new elementfactory for type GstConcat
0:00:00.005834944  2751 0x5622b6758360 TRACE   structure gststructure.c:292:gst_structure_new_id_empty_with_size: created structure 0x5622b6785860
0:00:00.005841160  2751 0x5622b6758360 TRACE   GST_PERFORMANCE gststructure.c:511:gst_structure_copy: doing copy 0x5622b67672b0 -> 0x5622b6785860
0:00:00.005848246  2751 0x5622b6758360 DEBUG   GST_ELEMENT_PADS gstelement.c:311:gst_element_base_class_init: type GstConcat : factory 0x5622b6785480
0:00:00.005866769  2751 0x5622b6758360 TRACE   GST_CAPS gstcaps.c:263:gst_caps_new_empty: created caps 0x5622b67855b0
0:00:00.005874835  2751 0x5622b6758360 TRACE   GST_CAPS gstcaps.c:439:gst_static_caps_get: created 0x7feb0282b030 from string ANY
0:00:00.005881932  2751 0x5622b6758360 TRACE   GST_REFCOUNTING gstminiobject.c:478:gst_mini_object_ref: 0x5622b67855b0 ref 1->2
0:00:00.005891599  2751 0x5622b6758360 TRACE   GST_REFCOUNTING gstobject.c:208:gst_object_init: 0x5622b6785b20 new
0:00:00.005903471  2751 0x5622b6758360 TRACE   GST_REFCOUNTING gstminiobject.c:478:gst_mini_object_ref: 0x5622b67855b0 ref 2->3
0:00:00.005913320  2751 0x5622b6758360 TRACE   GST_REFCOUNTING gstminiobject.c:660:gst_mini_object_unref: 0x5622b67855b0 unref 3->2
0:00:00.005921111  2751 0x5622b6758360 TRACE   GST_REFCOUNTING gstobject.c:292:gst_object_ref_sink: 0x5622b6785b20 ref_sink 1->2
0:00:00.005927909  2751 0x5622b6758360 TRACE   GST_CAPS gstcaps.c:263:gst_caps_new_empty: created caps 0x5622b6785150
0:00:00.005936489  2751 0x5622b6758360 TRACE   GST_CAPS gstcaps.c:439:gst_static_caps_get: created 0x7feb0282b070 from string ANY
0:00:00.005943973  2751 0x5622b6758360 TRACE   GST_REFCOUNTING gstminiobject.c:478:gst_mini_object_ref: 0x5622b6785150 ref 1->2
0:00:00.005954033  2751 0x5622b6758360 TRACE   GST_REFCOUNTING gstobject.c:208:gst_object_init: 0x5622b6785ca0 new
0:00:00.005968345  2751 0x5622b6758360 TRACE   GST_REFCOUNTING gstminiobject.c:478:gst_mini_object_ref: 0x5622b6785150 ref 2->3
0:00:00.005983752  2751 0x5622b6758360 TRACE   GST_REFCOUNTING gstminiobject.c:660:gst_mini_object_unref: 0x5622b6785150 unref 3->2
0:00:00.005992322  2751 0x5622b6758360 TRACE   GST_REFCOUNTING gstobject.c:292:gst_object_ref_sink: 0x5622b6785ca0 ref_sink 1->2
0:00:00.006001702  2751 0x5622b6758360 TRACE   structure gststructure.c:292:gst_structure_new_id_empty_with_size: created structure 0x5622b6785f80
0:00:00.006008792  2751 0x5622b6758360 TRACE   GST_PERFORMANCE gststructure.c:511:gst_structure_copy: doing copy 0x5622b6785860 -> 0x5622b6785f80
0:00:00.006022173  2751 0x5622b6758360 DEBUG   GST_REGISTRY gstregistry.c:589:gst_registry_add_feature: adding feature 0x5622b6785480 (concat)
0:00:00.006029094  2751 0x5622b6758360 DEBUG   GST_REFCOUNTING gstobject.c:708:gst_object_set_parent: set parent (ref and sink)
0:00:00.006036324  2751 0x5622b6758360 TRACE   GST_REFCOUNTING gstobject.c:292:gst_object_ref_sink: 0x5622b6785480 ref_sink 1->2
0:00:00.006052671  2751 0x5622b6758360 LOG   GST_REGISTRY gstregistry.c:607:gst_registry_add_feature: emitting feature-added for concat
0:00:00.006077573  2751 0x5622b6758360 TRACE   GST_REFCOUNTING gstobject.c:208:gst_object_init: 0x5622b67862c0 new
0:00:00.006088388  2751 0x5622b6758360 LOG   GST_ELEMENT_FACTORY gstelementfactory.c:239:gst_element_register: Created new elementfactory for type GstDataURISrc
0:00:00.006099665  2751 0x5622b6758360 TRACE   structure gststructure.c:292:gst_structure_new_id_empty_with_size: created structure 0x5622b67867e0
0:00:00.006106161  2751 0x5622b6758360 TRACE   GST_PERFORMANCE gststructure.c:511:gst_structure_copy: doing copy 0x5622b67672b0 -> 0x5622b67867e0
0:00:00.006113224  2751 0x5622b6758360 DEBUG   GST_ELEMENT_PADS gstelement.c:311:gst_element_base_class_init: type GstBaseSrc : factory (nil)
0:00:00.006148831  2751 0x5622b6758360 TRACE   structure gststructure.c:292:gst_structure_new_id_empty_with_size: created structure 0x5622b677c530
0:00:00.006157659  2751 0x5622b6758360 TRACE   GST_PERFORMANCE gststructure.c:511:gst_structure_copy: doing copy 0x5622b67867e0 -> 0x5622b677c530
0:00:00.006165102  2751 0x5622b6758360 DEBUG   GST_ELEMENT_PADS gstelement.c:311:gst_element_base_class_init: type GstDataURISrc : factory 0x5622b67862c0
0:00:00.006175815  2751 0x5622b6758360 TRACE   GST_CAPS gstcaps.c:263:gst_caps_new_empty: created caps 0x5622b67863f0
0:00:00.006190957  2751 0x5622b6758360 TRACE   GST_CAPS gstcaps.c:439:gst_static_caps_get: created 0x7feb0282b0b0 from string ANY
0:00:00.006199128  2751 0x5622b6758360 TRACE   GST_REFCOUNTING gstminiobject.c:478:gst_mini_object_ref: 0x5622b67863f0 ref 1->2
0:00:00.006209372  2751 0x5622b6758360 TRACE   GST_REFCOUNTING gstobject.c:208:gst_object_init: 0x5622b6787a70 new
0:00:00.006218707  2751 0x5622b6758360 TRACE   GST_REFCOUNTING gstminiobject.c:478:gst_mini_object_ref: 0x5622b67863f0 ref 2->3
0:00:00.006231357  2751 0x5622b6758360 TRACE   GST_REFCOUNTING gstminiobject.c:660:gst_mini_object_unref: 0x5622b67863f0 unref 3->2
0:00:00.006336349  2751 0x5622b6758360 TRACE   GST_REFCOUNTING gstobject.c:292:gst_object_ref_sink: 0x5622b6787a70 ref_sink 1->2
0:00:00.006356497  2751 0x5622b6758360 TRACE   structure gststructure.c:292:gst_structure_new_id_empty_with_size: created structure 0x5622b6787db0
0:00:00.006374012  2751 0x5622b6758360 TRACE   GST_PERFORMANCE gststructure.c:511:gst_structure_copy: doing copy 0x5622b677c530 -> 0x5622b6787db0
0:00:00.006391344  2751 0x5622b6758360 DEBUG   GST_REGISTRY gstregistry.c:589:gst_registry_add_feature: adding feature 0x5622b67862c0 (dataurisrc)
0:00:00.006398526  2751 0x5622b6758360 DEBUG   GST_REFCOUNTING gstobject.c:708:gst_object_set_parent: set parent (ref and sink)
0:00:00.006408791  2751 0x5622b6758360 TRACE   GST_REFCOUNTING gstobject.c:292:gst_object_ref_sink: 0x5622b67862c0 ref_sink 1->2
0:00:00.006416885  2751 0x5622b6758360 LOG   GST_REGISTRY gstregistry.c:607:gst_registry_add_feature: emitting feature-added for dataurisrc
0:00:00.006431882  2751 0x5622b6758360 TRACE   GST_REFCOUNTING gstobject.c:208:gst_object_init: 0x5622b67881c0 new
0:00:00.006442949  2751 0x5622b6758360 LOG   GST_ELEMENT_FACTORY gstelementfactory.c:239:gst_element_register: Created new elementfactory for type GstDownloadBuffer
0:00:00.006454339  2751 0x5622b6758360 TRACE   structure gststructure.c:292:gst_structure_new_id_empty_with_size: created structure 0x5622b67885a0
0:00:00.006460926  2751 0x5622b6758360 TRACE   GST_PERFORMANCE gststructure.c:511:gst_structure_copy: doing copy 0x5622b67672b0 -> 0x5622b67885a0
0:00:00.006468164  2751 0x5622b6758360 DEBUG   GST_ELEMENT_PADS gstelement.c:311:gst_element_base_class_init: type GstDownloadBuffer : factory 0x5622b67881c0
0:00:00.006493003  2751 0x5622b6758360 TRACE   GST_CAPS gstcaps.c:263:gst_caps_new_empty: created caps 0x5622b67882f0
0:00:00.006502645  2751 0x5622b6758360 TRACE   GST_CAPS gstcaps.c:439:gst_static_caps_get: created 0x7feb0282b150 from string ANY
0:00:00.006509695  2751 0x5622b6758360 TRACE   GST_REFCOUNTING gstminiobject.c:478:gst_mini_object_ref: 0x5622b67882f0 ref 1->2
0:00:00.006520723  2751 0x5622b6758360 TRACE   GST_REFCOUNTING gstobject.c:208:gst_object_init: 0x5622b6788a80 new
0:00:00.006530127  2751 0x5622b6758360 TRACE   GST_REFCOUNTING gstminiobject.c:478:gst_mini_object_ref: 0x5622b67882f0 ref 2->3
0:00:00.006574789  2751 0x5622b6758360 TRACE   GST_REFCOUNTING gstminiobject.c:660:gst_mini_object_unref: 0x5622b67882f0 unref 3->2
0:00:00.006583515  2751 0x5622b6758360 TRACE   GST_REFCOUNTING gstobject.c:292:gst_object_ref_sink: 0x5622b6788a80 ref_sink 1->2
0:00:00.006591014  2751 0x5622b6758360 TRACE   GST_CAPS gstcaps.c:263:gst_caps_new_empty: created caps 0x5622b6788bf0
0:00:00.006597319  2751 0x5622b6758360 TRACE   GST_CAPS gstcaps.c:439:gst_static_caps_get: created 0x7feb0282b110 from string ANY
0:00:00.006606548  2751 0x5622b6758360 TRACE   GST_REFCOUNTING gstminiobject.c:478:gst_mini_object_ref: 0x5622b6788bf0 ref 1->2
0:00:00.006623643  2751 0x5622b6758360 TRACE   GST_REFCOUNTING gstobject.c:208:gst_object_init: 0x5622b6788c80 new
0:00:00.006633025  2751 0x5622b6758360 TRACE   GST_REFCOUNTING gstminiobject.c:478:gst_mini_object_ref: 0x5622b6788bf0 ref 2->3
0:00:00.006647517  2751 0x5622b6758360 TRACE   GST_REFCOUNTING gstminiobject.c:660:gst_mini_object_unref: 0x5622b6788bf0 unref 3->2
0:00:00.006657858  2751 0x5622b6758360 TRACE   GST_REFCOUNTING gstobject.c:292:gst_object_ref_sink: 0x5622b6788c80 ref_sink 1->2
0:00:00.006669988  2751 0x5622b6758360 TRACE   structure gststructure.c:292:gst_structure_new_id_empty_with_size: created structure 0x5622b6788f40
0:00:00.006677256  2751 0x5622b6758360 TRACE   GST_PERFORMANCE gststructure.c:511:gst_structure_copy: doing copy 0x5622b67885a0 -> 0x5622b6788f40
0:00:00.006690593  2751 0x5622b6758360 DEBUG   GST_REGISTRY gstregistry.c:589:gst_registry_add_feature: adding feature 0x5622b67881c0 (downloadbuffer)
0:00:00.006698402  2751 0x5622b6758360 DEBUG   GST_REFCOUNTING gstobject.c:708:gst_object_set_parent: set parent (ref and sink)
0:00:00.006705875  2751 0x5622b6758360 TRACE   GST_REFCOUNTING gstobject.c:292:gst_object_ref_sink: 0x5622b67881c0 ref_sink 1->2
0:00:00.006714039  2751 0x5622b6758360 LOG   GST_REGISTRY gstregistry.c:607:gst_registry_add_feature: emitting feature-added for downloadbuffer
0:00:00.006732000  2751 0x5622b6758360 TRACE   GST_REFCOUNTING gstobject.c:208:gst_object_init: 0x5622b6789290 new
0:00:00.006743805  2751 0x5622b6758360 LOG   GST_ELEMENT_FACTORY gstelementfactory.c:239:gst_element_register: Created new elementfactory for type GstFakeSrc
0:00:00.006752111  2751 0x5622b6758360 TRACE   structure gststructure.c:292:gst_structure_new_id_empty_with_size: created structure 0x5622b67897b0
0:00:00.006758218  2751 0x5622b6758360 TRACE   GST_PERFORMANCE gststructure.c:511:gst_structure_copy: doing copy 0x5622b67867e0 -> 0x5622b67897b0
0:00:00.006767849  2751 0x5622b6758360 DEBUG   GST_ELEMENT_PADS gstelement.c:311:gst_element_base_class_init: type GstFakeSrc : factory 0x5622b6789290
0:00:00.006841543  2751 0x5622b6758360 TRACE   GST_CAPS gstcaps.c:263:gst_caps_new_empty: created caps 0x5622b67893c0
0:00:00.006849774  2751 0x5622b6758360 TRACE   GST_CAPS gstcaps.c:439:gst_static_caps_get: created 0x7feb0282b1d0 from string ANY
0:00:00.006859236  2751 0x5622b6758360 TRACE   GST_REFCOUNTING gstminiobject.c:478:gst_mini_object_ref: 0x5622b67893c0 ref 1->2
0:00:00.006869939  2751 0x5622b6758360 TRACE   GST_REFCOUNTING gstobject.c:208:gst_object_init: 0x5622b678a740 new
0:00:00.006879171  2751 0x5622b6758360 TRACE   GST_REFCOUNTING gstminiobject.c:478:gst_mini_object_ref: 0x5622b67893c0 ref 2->3
0:00:00.006888056  2751 0x5622b6758360 TRACE   GST_REFCOUNTING gstminiobject.c:660:gst_mini_object_unref: 0x5622b67893c0 unref 3->2
0:00:00.006898534  2751 0x5622b6758360 TRACE   GST_REFCOUNTING gstobject.c:292:gst_object_ref_sink: 0x5622b678a740 ref_sink 1->2
0:00:00.006915231  2751 0x5622b6758360 TRACE   structure gststructure.c:292:gst_structure_new_id_empty_with_size: created structure 0x5622b678a9a0
0:00:00.006922772  2751 0x5622b6758360 TRACE   GST_PERFORMANCE gststructure.c:511:gst_structure_copy: doing copy 0x5622b67897b0 -> 0x5622b678a9a0
0:00:00.006932089  2751 0x5622b6758360 DEBUG   GST_REGISTRY gstregistry.c:589:gst_registry_add_feature: adding feature 0x5622b6789290 (fakesrc)
0:00:00.006941575  2751 0x5622b6758360 DEBUG   GST_REFCOUNTING gstobject.c:708:gst_object_set_parent: set parent (ref and sink)
0:00:00.006949529  2751 0x5622b6758360 TRACE   GST_REFCOUNTING gstobject.c:292:gst_object_ref_sink: 0x5622b6789290 ref_sink 1->2
0:00:00.006956332  2751 0x5622b6758360 LOG   GST_REGISTRY gstregistry.c:607:gst_registry_add_feature: emitting feature-added for fakesrc
0:00:00.006986793  2751 0x5622b6758360 TRACE   GST_REFCOUNTING gstobject.c:208:gst_object_init: 0x5622b678af30 new
0:00:00.006999791  2751 0x5622b6758360 LOG   GST_ELEMENT_FACTORY gstelementfactory.c:239:gst_element_register: Created new elementfactory for type GstFakeSink
