0:00:00.015457531  2776 0x2557320 DEBUG   GST_POLL gstpoll.c:980:gst_poll_fd_ctl_write: 0x255f9e0: fd (fd:0, idx:1), active : 1
0:00:00.019348355  2775 0x7f0390 DEBUG   default gstvalue.c:2776:_priv_gst_value_parse_value: trying type name 'string'
0:00:00.015463733  2776 0x2557320 LOG   GST_POLL gstpoll.c:994:gst_poll_fd_ctl_write: 0x255f9e0: pfd->events now 60 (POLLOUT:4)
0:00:00.019354965  2775 0x7f0390 DEBUG   structure gststructure.c:2258:gst_structure_parse_field: trying field name 'klass'
0:00:00.015470078  2776 0x2557320 DEBUG   GST_POLL gstpoll.c:980:gst_poll_fd_ctl_write: 0x255f9e0: fd (fd:0, idx:1), active : 1
0:00:00.019361029  2775 0x7f0390 DEBUG   default gstvalue.c:2776:_priv_gst_value_parse_value: trying type name 'string'
0:00:00.015476192  2776 0x2557320 LOG   GST_POLL gstpoll.c:994:gst_poll_fd_ctl_write: 0x255f9e0: pfd->events now 60 (POLLOUT:4)
0:00:00.019367516  2775 0x7f0390 DEBUG   structure gststructure.c:2258:gst_structure_parse_field: trying field name 'description'
0:00:00.015482551  2776 0x2557320 DEBUG   GST_POLL gstpoll.c:980:gst_poll_fd_ctl_write: 0x255f9e0: fd (fd:0, idx:1), active : 1
0:00:00.019373536  2775 0x7f0390 DEBUG   default gstvalue.c:2776:_priv_gst_value_parse_value: trying type name 'string'
0:00:00.015489017  2776 0x2557320 LOG   GST_POLL gstpoll.c:994:gst_poll_fd_ctl_write: 0x255f9e0: pfd->events now 60 (POLLOUT:4)
0:00:00.019380297  2775 0x7f0390 DEBUG   structure gststructure.c:2258:gst_structure_parse_field: trying field name 'author'
0:00:00.015495453  2776 0x2557320 DEBUG   GST_POLL gstpoll.c:980:gst_poll_fd_ctl_write: 0x255f9e0: fd (fd:0, idx:1), active : 1
0:00:00.019386243  2775 0x7f0390 DEBUG   default gstvalue.c:2776:_priv_gst_value_parse_value: trying type name 'string'
0:00:00.015506359  2776 0x2557320 LOG   GST_POLL gstpoll.c:994:gst_poll_fd_ctl_write: 0x255f9e0: pfd->events now 60 (POLLOUT:4)
0:00:00.019397091  2775 0x7f0390 DEBUG   GST_REGISTRY gstregistrychunks.c:627:gst_registry_chunks_load_feature: Element factory : npadtemplates=2
0:00:00.015512732  2776 0x2557320 DEBUG   GST_POLL gstpoll.c:980:gst_poll_fd_ctl_write: 0x255f9e0: fd (fd:0, idx:1), active : 1
0:00:00.019403225  2775 0x7f0390 DEBUG   GST_REGISTRY gstregistrychunks.c:527:gst_registry_chunks_load_pad_template: Reading/casting for GstRegistryChunkPadTemplate at address 0x80d3c8
0:00:00.015518851  2776 0x2557320 LOG   GST_POLL gstpoll.c:994:gst_poll_fd_ctl_write: 0x255f9e0: pfd->events now 60 (POLLOUT:4)
0:00:00.019409402  2775 0x7f0390 DEBUG   GST_REGISTRY gstregistrychunks.c:540:gst_registry_chunks_load_pad_template: Added pad_template src
0:00:00.015525176  2776 0x2557320 DEBUG   GST_POLL gstpoll.c:980:gst_poll_fd_ctl_write: 0x255f9e0: fd (fd:0, idx:1), active : 1
0:00:00.019415473  2775 0x7f0390 DEBUG   GST_REGISTRY gstregistrychunks.c:527:gst_registry_chunks_load_pad_template: Reading/casting for GstRegistryChunkPadTemplate at address 0x80d3d8
0:00:00.015531245  2776 0x2557320 LOG   GST_POLL gstpoll.c:994:gst_poll_fd_ctl_write: 0x255f9e0: pfd->events now 60 (POLLOUT:4)
0:00:00.019421981  2775 0x7f0390 DEBUG   GST_REGISTRY gstregistrychunks.c:540:gst_registry_chunks_load_pad_template: Added pad_template sink_%u
0:00:00.015537682  2776 0x2557320 DEBUG   GST_POLL gstpoll.c:980:gst_poll_fd_ctl_write: 0x255f9e0: fd (fd:0, idx:1), active : 1
0:00:00.019429357  2775 0x7f0390 DEBUG   GST_REGISTRY gstregistry.c:590:gst_registry_add_feature: adding feature 0x811d60 (concat)
0:00:00.015543716  2776 0x2557320 LOG   GST_POLL gstpoll.c:994:gst_poll_fd_ctl_write: 0x255f9e0: pfd->events now 60 (POLLOUT:4)
0:00:00.019435836  2775 0x7f0390 DEBUG   GST_REFCOUNTING gstobject.c:709:gst_object_set_parent: set parent (ref and sink)
0:00:00.015550800  2776 0x2557320 DEBUG   GST_POLL gstpoll.c:980:gst_poll_fd_ctl_write: 0x255f9e0: fd (fd:0, idx:1), active : 1
0:00:00.019443321  2775 0x7f0390 TRACE   GST_REFCOUNTING gstobject.c:294:gst_object_ref_sink: 0x811d60 ref_sink 1->2
0:00:00.015557378  2776 0x2557320 LOG   GST_POLL gstpoll.c:994:gst_poll_fd_ctl_write: 0x255f9e0: pfd->events now 60 (POLLOUT:4)
0:00:00.019450856  2775 0x7f0390 LOG   GST_REGISTRY gstregistry.c:608:gst_registry_add_feature: emitting feature-added for concat
0:00:00.015564985  2776 0x2557320 DEBUG   GST_POLL gstpoll.c:980:gst_poll_fd_ctl_write: 0x255f9e0: fd (fd:0, idx:1), active : 1
0:00:00.019457905  2775 0x7f0390 DEBUG   GST_REGISTRY gstregistrychunks.c:742:gst_registry_chunks_load_feature: Added feature concat, plugin 0x80b7b0 coreelements
0:00:00.015571952  2776 0x2557320 LOG   GST_POLL gstpoll.c:994:gst_poll_fd_ctl_write: 0x255f9e0: pfd->events now 60 (POLLOUT:4)
0:00:00.019464884  2775 0x7f0390 DEBUG   GST_REGISTRY gstregistrychunks.c:584:gst_registry_chunks_load_feature: Plugin 'coreelements' feature 'clocksync' typename : 'GstElementFactory'
0:00:00.015582914  2776 0x2557320 DEBUG   GST_POLL gstpoll.c:980:gst_poll_fd_ctl_write: 0x255f9e0: fd (fd:0, idx:1), active : 1
0:00:00.019473983  2775 0x7f0390 TRACE   GST_REFCOUNTING gstobject.c:208:gst_object_init: 0x811bb0 new
0:00:00.015589019  2776 0x2557320 LOG   GST_POLL gstpoll.c:994:gst_poll_fd_ctl_write: 0x255f9e0: pfd->events now 60 (POLLOUT:4)
0:00:00.019481656  2775 0x7f0390 LOG   GST_REGISTRY gstregistrychunks.c:611:gst_registry_chunks_load_feature: Reading/casting for GstRegistryChunkElementFactory at address 0x80d408
0:00:00.015595732  2776 0x2557320 DEBUG   GST_POLL gstpoll.c:980:gst_poll_fd_ctl_write: 0x255f9e0: fd (fd:0, idx:1), active : 1
0:00:00.019488490  2775 0x7f0390 TRACE   structure gststructure.c:292:gst_structure_new_id_empty_with_size: created structure 0x8126a0
0:00:00.015602831  2776 0x2557320 LOG   GST_POLL gstpoll.c:994:gst_poll_fd_ctl_write: 0x255f9e0: pfd->events now 60 (POLLOUT:4)
0:00:00.019494865  2775 0x7f0390 DEBUG   structure gststructure.c:2258:gst_structure_parse_field: trying field name 'long-name'
0:00:00.015609922  2776 0x2557320 DEBUG   GST_POLL gstpoll.c:980:gst_poll_fd_ctl_write: 0x255f9e0: fd (fd:0, idx:1), active : 1
0:00:00.015615934  2776 0x2557320 LOG   GST_POLL gstpoll.c:994:gst_poll_fd_ctl_write: 0x255f9e0: pfd->events now 60 (POLLOUT:4)
0:00:00.019506035  2775 0x7f0390 DEBUG   default gstvalue.c:2776:_priv_gst_value_parse_value: trying type name 'string'
0:00:00.015621641  2776 0x2557320 DEBUG   GST_POLL gstpoll.c:980:gst_poll_fd_ctl_write: 0x255f9e0: fd (fd:0, idx:1), active : 1
0:00:00.019512782  2775 0x7f0390 DEBUG   structure gststructure.c:2258:gst_structure_parse_field: trying field name 'klass'
0:00:00.015627651  2776 0x2557320 LOG   GST_POLL gstpoll.c:994:gst_poll_fd_ctl_write: 0x255f9e0: pfd->events now 60 (POLLOUT:4)
0:00:00.019519080  2775 0x7f0390 DEBUG   default gstvalue.c:2776:_priv_gst_value_parse_value: trying type name 'string'
0:00:00.015634483  2776 0x2557320 DEBUG   GST_POLL gstpoll.c:980:gst_poll_fd_ctl_write: 0x255f9e0: fd (fd:0, idx:1), active : 1
0:00:00.019525730  2775 0x7f0390 DEBUG   structure gststructure.c:2258:gst_structure_parse_field: trying field name 'description'
0:00:00.015640565  2776 0x2557320 LOG   GST_POLL gstpoll.c:994:gst_poll_fd_ctl_write: 0x255f9e0: pfd->events now 60 (POLLOUT:4)
0:00:00.019531779  2775 0x7f0390 DEBUG   default gstvalue.c:2776:_priv_gst_value_parse_value: trying type name 'string'
0:00:00.015647034  2776 0x2557320 DEBUG   GST_POLL gstpoll.c:980:gst_poll_fd_ctl_write: 0x255f9e0: fd (fd:0, idx:1), active : 1
0:00:00.019538665  2775 0x7f0390 DEBUG   structure gststructure.c:2258:gst_structure_parse_field: trying field name 'author'
0:00:00.015653171  2776 0x2557320 LOG   GST_POLL gstpoll.c:994:gst_poll_fd_ctl_write: 0x255f9e0: pfd->events now 60 (POLLOUT:4)
0:00:00.019544651  2775 0x7f0390 DEBUG   default gstvalue.c:2776:_priv_gst_value_parse_value: trying type name 'string'
0:00:00.015668571  2776 0x2557320 DEBUG   GST_POLL gstpoll.c:980:gst_poll_fd_ctl_write: 0x255f9e0: fd (fd:0, idx:1), active : 1
0:00:00.019558828  2775 0x7f0390 DEBUG   GST_REGISTRY gstregistrychunks.c:627:gst_registry_chunks_load_feature: Element factory : npadtemplates=2
0:00:00.015674495  2776 0x2557320 LOG   GST_POLL gstpoll.c:994:gst_poll_fd_ctl_write: 0x255f9e0: pfd->events now 60 (POLLOUT:4)
0:00:00.019565005  2775 0x7f0390 DEBUG   GST_REGISTRY gstregistrychunks.c:527:gst_registry_chunks_load_pad_template: Reading/casting for GstRegistryChunkPadTemplate at address 0x80d4d8
0:00:00.015680849  2776 0x2557320 DEBUG   GST_POLL gstpoll.c:980:gst_poll_fd_ctl_write: 0x255f9e0: fd (fd:0, idx:1), active : 1
0:00:00.019571066  2775 0x7f0390 DEBUG   GST_REGISTRY gstregistrychunks.c:540:gst_registry_chunks_load_pad_template: Added pad_template sink
0:00:00.015686766  2776 0x2557320 LOG   GST_POLL gstpoll.c:994:gst_poll_fd_ctl_write: 0x255f9e0: pfd->events now 60 (POLLOUT:4)
0:00:00.019576993  2775 0x7f0390 DEBUG   GST_REGISTRY gstregistrychunks.c:527:gst_registry_chunks_load_pad_template: Reading/casting for GstRegistryChunkPadTemplate at address 0x80d4f0
0:00:00.015693247  2776 0x2557320 DEBUG   GST_POLL gstpoll.c:980:gst_poll_fd_ctl_write: 0x255f9e0: fd (fd:0, idx:1), active : 1
0:00:00.019583670  2775 0x7f0390 DEBUG   GST_REGISTRY gstregistrychunks.c:540:gst_registry_chunks_load_pad_template: Added pad_template src
0:00:00.015699371  2776 0x2557320 LOG   GST_POLL gstpoll.c:994:gst_poll_fd_ctl_write: 0x255f9e0: pfd->events now 60 (POLLOUT:4)
0:00:00.019591250  2775 0x7f0390 DEBUG   GST_REGISTRY gstregistry.c:590:gst_registry_add_feature: adding feature 0x811bb0 (clocksync)
0:00:00.015705486  2776 0x2557320 DEBUG   GST_POLL gstpoll.c:980:gst_poll_fd_ctl_write: 0x255f9e0: fd (fd:0, idx:1), active : 1
0:00:00.019597576  2775 0x7f0390 DEBUG   GST_REFCOUNTING gstobject.c:709:gst_object_set_parent: set parent (ref and sink)
0:00:00.015712234  2776 0x2557320 LOG   GST_POLL gstpoll.c:994:gst_poll_fd_ctl_write: 0x255f9e0: pfd->events now 60 (POLLOUT:4)
0:00:00.019605685  2775 0x7f0390 TRACE   GST_REFCOUNTING gstobject.c:294:gst_object_ref_sink: 0x811bb0 ref_sink 1->2
0:00:00.015719439  2776 0x2557320 DEBUG   GST_POLL gstpoll.c:980:gst_poll_fd_ctl_write: 0x255f9e0: fd (fd:0, idx:1), active : 1
0:00:00.019613096  2775 0x7f0390 LOG   GST_REGISTRY gstregistry.c:608:gst_registry_add_feature: emitting feature-added for clocksync
0:00:00.015727281  2776 0x2557320 LOG   GST_POLL gstpoll.c:994:gst_poll_fd_ctl_write: 0x255f9e0: pfd->events now 60 (POLLOUT:4)
0:00:00.019620319  2775 0x7f0390 DEBUG   GST_REGISTRY gstregistrychunks.c:742:gst_registry_chunks_load_feature: Added feature clocksync, plugin 0x80b7b0 coreelements
0:00:00.015734134  2776 0x2557320 DEBUG   GST_POLL gstpoll.c:980:gst_poll_fd_ctl_write: 0x255f9e0: fd (fd:0, idx:1), active : 1
0:00:00.019627409  2775 0x7f0390 DEBUG   GST_REGISTRY gstregistrychunks.c:584:gst_registry_chunks_load_feature: Plugin 'coreelements' feature 'capsfilter' typename : 'GstElementFactory'
0:00:00.015745259  2776 0x2557320 LOG   GST_POLL gstpoll.c:994:gst_poll_fd_ctl_write: 0x255f9e0: pfd->events now 60 (POLLOUT:4)
0:00:00.019636534  2775 0x7f0390 TRACE   GST_REFCOUNTING gstobject.c:208:gst_object_init: 0x812420 new
0:00:00.015751670  2776 0x2557320 DEBUG   GST_POLL gstpoll.c:980:gst_poll_fd_ctl_write: 0x255f9e0: fd (fd:0, idx:1), active : 1
0:00:00.019644265  2775 0x7f0390 LOG   GST_REGISTRY gstregistrychunks.c:611:gst_registry_chunks_load_feature: Reading/casting for GstRegistryChunkElementFactory at address 0x80d520
0:00:00.015758114  2776 0x2557320 LOG   GST_POLL gstpoll.c:994:gst_poll_fd_ctl_write: 0x255f9e0: pfd->events now 60 (POLLOUT:4)
0:00:00.019650779  2775 0x7f0390 TRACE   structure gststructure.c:292:gst_structure_new_id_empty_with_size: created structure 0x812af0
0:00:00.015765610  2776 0x2557320 DEBUG   GST_POLL gstpoll.c:980:gst_poll_fd_ctl_write: 0x255f9e0: fd (fd:0, idx:1), active : 1
0:00:00.019657023  2775 0x7f0390 DEBUG   structure gststructure.c:2258:gst_structure_parse_field: trying field name 'long-name'
0:00:00.015771776  2776 0x2557320 LOG   GST_POLL gstpoll.c:994:gst_poll_fd_ctl_write: 0x255f9e0: pfd->events now 60 (POLLOUT:4)
0:00:00.019662922  2775 0x7f0390 DEBUG   default gstvalue.c:2776:_priv_gst_value_parse_value: trying type name 'string'
0:00:00.015777947  2776 0x2557320 DEBUG   GST_POLL gstpoll.c:980:gst_poll_fd_ctl_write: 0x255f9e0: fd (fd:0, idx:1), active : 1
0:00:00.019669792  2775 0x7f0390 DEBUG   structure gststructure.c:2258:gst_structure_parse_field: trying field name 'klass'
0:00:00.015783955  2776 0x2557320 LOG   GST_POLL gstpoll.c:994:gst_poll_fd_ctl_write: 0x255f9e0: pfd->events now 60 (POLLOUT:4)
0:00:00.019675976  2775 0x7f0390 DEBUG   default gstvalue.c:2776:_priv_gst_value_parse_value: trying type name 'string'
0:00:00.015790854  2776 0x2557320 DEBUG   GST_POLL gstpoll.c:980:gst_poll_fd_ctl_write: 0x255f9e0: fd (fd:0, idx:1), active : 1
0:00:00.019682457  2775 0x7f0390 DEBUG   structure gststructure.c:2258:gst_structure_parse_field: trying field name 'description'
0:00:00.015796873  2776 0x2557320 LOG   GST_POLL gstpoll.c:994:gst_poll_fd_ctl_write: 0x255f9e0: pfd->events now 60 (POLLOUT:4)
0:00:00.019688546  2775 0x7f0390 DEBUG   default gstvalue.c:2776:_priv_gst_value_parse_value: trying type name 'string'
0:00:00.015803604  2776 0x2557320 DEBUG   GST_POLL gstpoll.c:980:gst_poll_fd_ctl_write: 0x255f9e0: fd (fd:0, idx:1), active : 1
0:00:00.019695646  2775 0x7f0390 DEBUG   structure gststructure.c:2258:gst_structure_parse_field: trying field name 'author'
0:00:00.015809656  2776 0x2557320 LOG   GST_POLL gstpoll.c:994:gst_poll_fd_ctl_write: 0x255f9e0: pfd->events now 60 (POLLOUT:4)
0:00:00.019701882  2775 0x7f0390 DEBUG   default gstvalue.c:2776:_priv_gst_value_parse_value: trying type name 'string'
0:00:00.015820806  2776 0x2557320 DEBUG   GST_POLL gstpoll.c:980:gst_poll_fd_ctl_write: 0x255f9e0: fd (fd:0, idx:1), active : 1
0:00:00.019711163  2775 0x7f0390 DEBUG   GST_REGISTRY gstregistrychunks.c:627:gst_registry_chunks_load_feature: Element factory : npadtemplates=2
0:00:00.015826706  2776 0x2557320 LOG   GST_POLL gstpoll.c:994:gst_poll_fd_ctl_write: 0x255f9e0: pfd->events now 60 (POLLOUT:4)
0:00:00.019717248  2775 0x7f0390 DEBUG   GST_REGISTRY gstregistrychunks.c:527:gst_registry_chunks_load_pad_template: Reading/casting for GstRegistryChunkPadTemplate at address 0x80d600
0:00:00.015832974  2776 0x2557320 DEBUG   GST_POLL gstpoll.c:980:gst_poll_fd_ctl_write: 0x255f9e0: fd (fd:0, idx:1), active : 1
0:00:00.019723629  2775 0x7f0390 DEBUG   GST_REGISTRY gstregistrychunks.c:540:gst_registry_chunks_load_pad_template: Added pad_template sink
0:00:00.015838887  2776 0x2557320 LOG   GST_POLL gstpoll.c:994:gst_poll_fd_ctl_write: 0x255f9e0: pfd->events now 60 (POLLOUT:4)
0:00:00.019729659  2775 0x7f0390 DEBUG   GST_REGISTRY gstregistrychunks.c:527:gst_registry_chunks_load_pad_template: Reading/casting for GstRegistryChunkPadTemplate at address 0x80d618
0:00:00.015844990  2776 0x2557320 DEBUG   GST_POLL gstpoll.c:980:gst_poll_fd_ctl_write: 0x255f9e0: fd (fd:0, idx:1), active : 1
0:00:00.019735813  2775 0x7f0390 DEBUG   GST_REGISTRY gstregistrychunks.c:540:gst_registry_chunks_load_pad_template: Added pad_template src
0:00:00.015850828  2776 0x2557320 LOG   GST_POLL gstpoll.c:994:gst_poll_fd_ctl_write: 0x255f9e0: pfd->events now 60 (POLLOUT:4)
0:00:00.019743542  2775 0x7f0390 DEBUG   GST_REGISTRY gstregistry.c:590:gst_registry_add_feature: adding feature 0x812420 (capsfilter)
0:00:00.015857225  2776 0x2557320 DEBUG   GST_POLL gstpoll.c:980:gst_poll_fd_ctl_write: 0x255f9e0: fd (fd:0, idx:1), active : 1
0:00:00.019749876  2775 0x7f0390 DEBUG   GST_REFCOUNTING gstobject.c:709:gst_object_set_parent: set parent (ref and sink)
0:00:00.015864556  2776 0x2557320 LOG   GST_POLL gstpoll.c:994:gst_poll_fd_ctl_write: 0x255f9e0: pfd->events now 60 (POLLOUT:4)
0:00:00.019757569  2775 0x7f0390 TRACE   GST_REFCOUNTING gstobject.c:294:gst_object_ref_sink: 0x812420 ref_sink 1->2
0:00:00.015871508  2776 0x2557320 DEBUG   GST_POLL gstpoll.c:980:gst_poll_fd_ctl_write: 0x255f9e0: fd (fd:0, idx:1), active : 1
0:00:00.019764728  2775 0x7f0390 LOG   GST_REGISTRY gstregistry.c:608:gst_registry_add_feature: emitting feature-added for capsfilter
0:00:00.015878787  2776 0x2557320 LOG   GST_POLL gstpoll.c:994:gst_poll_fd_ctl_write: 0x255f9e0: pfd->events now 60 (POLLOUT:4)
0:00:00.019771622  2775 0x7f0390 DEBUG   GST_REGISTRY gstregistrychunks.c:742:gst_registry_chunks_load_feature: Added feature capsfilter, plugin 0x80b7b0 coreelements
0:00:00.015885859  2776 0x2557320 DEBUG   GST_POLL gstpoll.c:980:gst_poll_fd_ctl_write: 0x255f9e0: fd (fd:0, idx:1), active : 1
0:00:00.019780073  2775 0x7f0390 LOG   GST_PLUGIN_LOADING gstpluginloader.c:888:handle_rx_packet: marking plugin 0x80b7b0 as registered as /home/conan/w/prod/BuildSingleReference/.conan/data/gstreamer/1.19.2/_/_/package/3ad8b12e986bc654ebd8f9dbd570a3969420bafe/lib/gstreamer-1.0/libgstcoreelements.so
0:00:00.015896313  2776 0x2557320 LOG   GST_POLL gstpoll.c:994:gst_poll_fd_ctl_write: 0x255f9e0: pfd->events now 60 (POLLOUT:4)
0:00:00.015902711  2776 0x2557320 DEBUG   GST_POLL gstpoll.c:980:gst_poll_fd_ctl_write: 0x255f9e0: fd (fd:0, idx:1), active : 1
0:00:00.019790096  2775 0x7f0390 DEBUG   GST_POLL gstpoll.c:1414:gst_poll_wait: 0x809d10: timeout :0:00:01.000000000
0:00:00.015908190  2776 0x2557320 LOG   GST_POLL gstpoll.c:994:gst_poll_fd_ctl_write: 0x255f9e0: pfd->events now 60 (POLLOUT:4)
0:00:00.015914428  2776 0x2557320 DEBUG   GST_POLL gstpoll.c:980:gst_poll_fd_ctl_write: 0x255f9e0: fd (fd:0, idx:1), active : 1
0:00:00.015919900  2776 0x2557320 LOG   GST_POLL gstpoll.c:994:gst_poll_fd_ctl_write: 0x255f9e0: pfd->events now 60 (POLLOUT:4)
0:00:00.015925904  2776 0x2557320 DEBUG   GST_POLL gstpoll.c:980:gst_poll_fd_ctl_write: 0x255f9e0: fd (fd:0, idx:1), active : 1
0:00:00.015931482  2776 0x2557320 LOG   GST_POLL gstpoll.c:994:gst_poll_fd_ctl_write: 0x255f9e0: pfd->events now 60 (POLLOUT:4)
0:00:00.015937262  2776 0x2557320 DEBUG   GST_POLL gstpoll.c:980:gst_poll_fd_ctl_write: 0x255f9e0: fd (fd:0, idx:1), active : 1
0:00:00.015942858  2776 0x2557320 LOG   GST_POLL gstpoll.c:994:gst_poll_fd_ctl_write: 0x255f9e0: pfd->events now 60 (POLLOUT:4)
0:00:00.015948565  2776 0x2557320 DEBUG   GST_POLL gstpoll.c:980:gst_poll_fd_ctl_write: 0x255f9e0: fd (fd:0, idx:1), active : 1
0:00:00.015954241  2776 0x2557320 LOG   GST_POLL gstpoll.c:994:gst_poll_fd_ctl_write: 0x255f9e0: pfd->events now 60 (POLLOUT:4)
0:00:00.015959979  2776 0x2557320 DEBUG   GST_POLL gstpoll.c:980:gst_poll_fd_ctl_write: 0x255f9e0: fd (fd:0, idx:1), active : 1
0:00:00.015965401  2776 0x2557320 LOG   GST_POLL gstpoll.c:994:gst_poll_fd_ctl_write: 0x255f9e0: pfd->events now 60 (POLLOUT:4)
0:00:00.015971027  2776 0x2557320 DEBUG   GST_POLL gstpoll.c:980:gst_poll_fd_ctl_write: 0x255f9e0: fd (fd:0, idx:1), active : 1
0:00:00.015976492  2776 0x2557320 LOG   GST_POLL gstpoll.c:994:gst_poll_fd_ctl_write: 0x255f9e0: pfd->events now 60 (POLLOUT:4)
0:00:00.015982097  2776 0x2557320 DEBUG   GST_POLL gstpoll.c:980:gst_poll_fd_ctl_write: 0x255f9e0: fd (fd:0, idx:1), active : 1
0:00:00.015987679  2776 0x2557320 LOG   GST_POLL gstpoll.c:994:gst_poll_fd_ctl_write: 0x255f9e0: pfd->events now 60 (POLLOUT:4)
0:00:00.015993382  2776 0x2557320 DEBUG   GST_POLL gstpoll.c:980:gst_poll_fd_ctl_write: 0x255f9e0: fd (fd:0, idx:1), active : 1
0:00:00.015998787  2776 0x2557320 LOG   GST_POLL gstpoll.c:994:gst_poll_fd_ctl_write: 0x255f9e0: pfd->events now 60 (POLLOUT:4)
0:00:00.016004676  2776 0x2557320 DEBUG   GST_POLL gstpoll.c:980:gst_poll_fd_ctl_write: 0x255f9e0: fd (fd:0, idx:1), active : 1
0:00:00.016014142  2776 0x2557320 LOG   GST_POLL gstpoll.c:994:gst_poll_fd_ctl_write: 0x255f9e0: pfd->events now 60 (POLLOUT:4)
0:00:00.016023779  2776 0x2557320 TRACE   GST_REFCOUNTING gstobject.c:265:gst_object_unref: 0x2573840 unref 2->1
0:00:00.016030792  2776 0x2557320 DEBUG   GST_POLL gstpoll.c:1241:gst_poll_fd_has_error: 0x255f9e0: fd (fd:0, idx:1) 0
0:00:00.016036746  2776 0x2557320 DEBUG   GST_POLL gstpoll.c:1335:gst_poll_fd_can_write: 0x255f9e0: fd (fd:0, idx:1) 1
0:00:00.016042322  2776 0x2557320 LOG   GST_PLUGIN_LOADING gstpluginloader.c:689:write_one: Writing packet of size 528 bytes to fd 0
0:00:00.016058190  2776 0x2557320 DEBUG   GST_POLL gstpoll.c:1414:gst_poll_wait: 0x255f9e0: timeout :0:00:01.000000000
0:00:00.016067499  2776 0x2557320 LOG   GST_PLUGIN_LOADING gstpluginloader.c:1027:exchange_packets: Poll res = 2. 6872 bytes pending for write
0:00:00.016073766  2776 0x2557320 DEBUG   GST_POLL gstpoll.c:1241:gst_poll_fd_has_error: 0x255f9e0: fd (fd:5, idx:2) 0
0:00:00.019962661  2775 0x7f0390 LOG   GST_PLUGIN_LOADING gstpluginloader.c:1027:exchange_packets: Poll res = 1. 0 bytes pending for write
0:00:00.016079592  2776 0x2557320 DEBUG   GST_POLL gstpoll.c:1266:gst_poll_fd_can_read_unlocked: 0x255f9e0: fd (fd:5, idx:2) 1
0:00:00.019972234  2775 0x7f0390 DEBUG   GST_POLL gstpoll.c:1241:gst_poll_fd_has_error: 0x809d10: fd (fd:8, idx:2) 0
0:00:00.016088011  2776 0x2557320 LOG   GST_PLUGIN_LOADING gstpluginloader.c:1005:read_one: No payload to read for 0 length packet type 1 tag 0
0:00:00.019979143  2775 0x7f0390 DEBUG   GST_POLL gstpoll.c:1266:gst_poll_fd_can_read_unlocked: 0x809d10: fd (fd:8, idx:2) 1
0:00:00.016094964  2776 0x2557320 DEBUG   GST_POLL gstpoll.c:1015:gst_poll_fd_ctl_read_unlocked: 0x255f9e0: fd (fd:5, idx:2), active : 0
0:00:00.016101390  2776 0x2557320 DEBUG   GST_POLL gstpoll.c:980:gst_poll_fd_ctl_write: 0x255f9e0: fd (fd:0, idx:1), active : 1
0:00:00.019990057  2775 0x7f0390 DEBUG   GST_PLUGIN_LOADING gstpluginloader.c:849:handle_rx_packet: Received plugin details from child w/ tag 2. 516 bytes info
0:00:00.016106990  2776 0x2557320 LOG   GST_POLL gstpoll.c:994:gst_poll_fd_ctl_write: 0x255f9e0: pfd->events now 60 (POLLOUT:4)
0:00:00.019996864  2775 0x7f0390 LOG   GST_REGISTRY gstregistrychunks.c:838:_priv_gst_registry_chunks_load_plugin: Reading/casting for GstRegistryChunkPluginElement at address 0x80bb60
0:00:00.016113337  2776 0x2557320 DEBUG   GST_POLL gstpoll.c:1241:gst_poll_fd_has_error: 0x255f9e0: fd (fd:0, idx:1) 0
0:00:00.020004711  2775 0x7f0390 TRACE   GST_REFCOUNTING gstobject.c:208:gst_object_init: 0x812c80 new
0:00:00.016119508  2776 0x2557320 DEBUG   GST_POLL gstpoll.c:1335:gst_poll_fd_can_write: 0x255f9e0: fd (fd:0, idx:1) 1
0:00:00.016126455  2776 0x2557320 LOG   GST_PLUGIN_LOADING gstpluginloader.c:689:write_one: Writing packet of size 6872 bytes to fd 0
0:00:00.020015158  2775 0x7f0390 LOG   GST_REGISTRY gstregistrychunks.c:859:_priv_gst_registry_chunks_load_plugin: read strings for name='coretracers'
0:00:00.016136270  2776 0x2557320 DEBUG   GST_POLL gstpoll.c:1414:gst_poll_wait: 0x255f9e0: timeout :0:00:01.000000000
0:00:00.020028052  2775 0x7f0390 LOG   GST_REGISTRY gstregistrychunks.c:860:_priv_gst_registry_chunks_load_plugin: desc.description='GStreamer core tracers'
0:00:00.016144434  2776 0x2557320 LOG   GST_PLUGIN_LOADING gstpluginloader.c:1027:exchange_packets: Poll res = 1. 12 bytes pending for write
0:00:00.020035222  2775 0x7f0390 LOG   GST_REGISTRY gstregistrychunks.c:861:_priv_gst_registry_chunks_load_plugin: filename='/home/conan/w/prod/BuildSingleReference/.conan/data/gstreamer/1.19.2/_/_/package/3ad8b12e986bc654ebd8f9dbd570a3969420bafe/lib/gstreamer-1.0/libgstcoretracers.so'
0:00:00.016150912  2776 0x2557320 DEBUG   GST_POLL gstpoll.c:1241:gst_poll_fd_has_error: 0x255f9e0: fd (fd:0, idx:1) 0
0:00:00.020041858  2775 0x7f0390 LOG   GST_REGISTRY gstregistrychunks.c:862:_priv_gst_registry_chunks_load_plugin: desc.version='1.19.2'
0:00:00.016156824  2776 0x2557320 DEBUG   GST_POLL gstpoll.c:1335:gst_poll_fd_can_write: 0x255f9e0: fd (fd:0, idx:1) 1
0:00:00.020047844  2775 0x7f0390 LOG   GST_REGISTRY gstregistrychunks.c:863:_priv_gst_registry_chunks_load_plugin: desc.license='LGPL'
0:00:00.016162477  2776 0x2557320 LOG   GST_PLUGIN_LOADING gstpluginloader.c:689:write_one: Writing packet of size 12 bytes to fd 0
0:00:00.020053771  2775 0x7f0390 LOG   GST_REGISTRY gstregistrychunks.c:864:_priv_gst_registry_chunks_load_plugin: desc.source='gstreamer'
0:00:00.016170263  2776 0x2557320 DEBUG   GST_POLL gstpoll.c:980:gst_poll_fd_ctl_write: 0x255f9e0: fd (fd:0, idx:1), active : 0
0:00:00.020059878  2775 0x7f0390 LOG   GST_REGISTRY gstregistrychunks.c:865:_priv_gst_registry_chunks_load_plugin: desc.package='GStreamer source release'
0:00:00.016176390  2776 0x2557320 LOG   GST_POLL gstpoll.c:994:gst_poll_fd_ctl_write: 0x255f9e0: pfd->events now 56 (POLLOUT:4)
0:00:00.020066259  2775 0x7f0390 LOG   GST_REGISTRY gstregistrychunks.c:866:_priv_gst_registry_chunks_load_plugin: desc.origin='Unknown package origin'
0:00:00.020072284  2775 0x7f0390 LOG   GST_REGISTRY gstregistrychunks.c:867:_priv_gst_registry_chunks_load_plugin: desc.datetime=2021-09-23
0:00:00.016190953  2776 0x2557320 DEBUG   GST_POLL gstpoll.c:772:gst_poll_free: 0x255f9e0: freeing
0:00:00.020081286  2775 0x7f0390 DEBUG   GST_REGISTRY gstregistry.c:449:gst_registry_add_plugin: Replacing existing plugin "/home/conan/w/prod/BuildSingleReference/.conan/data/gstreamer/1.19.2/_/_/package/3ad8b12e986bc654ebd8f9dbd570a3969420bafe/lib/gstreamer-1.0/libgstcoretracers.so" 0x80a240 with new plugin 0x812c80 for filename "/home/conan/w/prod/BuildSingleReference/.conan/data/gstreamer/1.19.2/_/_/package/3ad8b12e986bc654ebd8f9dbd570a3969420bafe/lib/gstreamer-1.0/libgstcoretracers.so"
0:00:00.020111984  2775 0x7f0390 TRACE   GST_REFCOUNTING gstobject.c:265:gst_object_unref: 0x80a240 unref 1->0
0:00:00.020126800  2775 0x7f0390 TRACE   GST_REFCOUNTING gstobject.c:381:gst_object_dispose: 0x80a240 dispose
0:00:00.020135676  2775 0x7f0390 DEBUG   GST_PLUGIN_LOADING gstplugin.c:132:gst_plugin_finalize: finalizing plugin
0:00:00.020149990  2775 0x7f0390 TRACE   GST_REFCOUNTING gstobject.c:423:gst_object_finalize: 0x80a240 finalize
0:00:00.020162442  2775 0x7f0390 DEBUG   GST_REGISTRY gstregistry.c:474:gst_registry_add_plugin: adding plugin 0x812c80 for filename "/home/conan/w/prod/BuildSingleReference/.conan/data/gstreamer/1.19.2/_/_/package/3ad8b12e986bc654ebd8f9dbd570a3969420bafe/lib/gstreamer-1.0/libgstcoretracers.so"
0:00:00.020170317  2775 0x7f0390 TRACE   GST_REFCOUNTING gstobject.c:294:gst_object_ref_sink: 0x812c80 ref_sink 1->2
0:00:00.020177783  2775 0x7f0390 LOG   GST_REGISTRY gstregistry.c:487:gst_registry_add_plugin: emitting plugin-added for filename "/home/conan/w/prod/BuildSingleReference/.conan/data/gstreamer/1.19.2/_/_/package/3ad8b12e986bc654ebd8f9dbd570a3969420bafe/lib/gstreamer-1.0/libgstcoretracers.so"
0:00:00.020185376  2775 0x7f0390 DEBUG   GST_REGISTRY gstregistrychunks.c:888:_priv_gst_registry_chunks_load_plugin: Added plugin 'coretracers' plugin with 6 features from binary registry
0:00:00.020192300  2775 0x7f0390 DEBUG   GST_REGISTRY gstregistrychunks.c:584:gst_registry_chunks_load_feature: Plugin 'coretracers' feature 'factories' typename : 'GstTracerFactory'
0:00:00.020200105  2775 0x7f0390 TRACE   GST_REFCOUNTING gstobject.c:208:gst_object_init: 0x80a230 new
0:00:00.020208063  2775 0x7f0390 DEBUG   GST_REGISTRY gstregistrychunks.c:719:gst_registry_chunks_load_feature: Reading/casting for GstRegistryChunkPluginFeature at address 0x80bcb0
0:00:00.020215517  2775 0x7f0390 DEBUG   GST_REGISTRY gstregistry.c:581:gst_registry_add_feature: replacing existing feature 0x80adb0 (factories)
0:00:00.020223185  2775 0x7f0390 DEBUG   GST_REGISTRY gstregistry.c:590:gst_registry_add_feature: adding feature 0x80a230 (factories)
0:00:00.020229206  2775 0x7f0390 TRACE   GST_REFCOUNTING gstobject.c:788:gst_object_unparent: unparent
0:00:00.020236477  2775 0x7f0390 TRACE   GST_REFCOUNTING gstobject.c:265:gst_object_unref: 0x80adb0 unref 1->0
0:00:00.020242996  2775 0x7f0390 TRACE   GST_REFCOUNTING gstobject.c:381:gst_object_dispose: 0x80adb0 dispose
0:00:00.020250175  2775 0x7f0390 DEBUG   GST_PLUGIN_LOADING gstpluginfeature.c:67:gst_plugin_feature_finalize: finalizing feature 0x80adb0: 'factories'
0:00:00.020256675  2775 0x7f0390 TRACE   GST_REFCOUNTING gstobject.c:423:gst_object_finalize: 0x80adb0 finalize
0:00:00.020263251  2775 0x7f0390 DEBUG   GST_REFCOUNTING gstobject.c:709:gst_object_set_parent: set parent (ref and sink)
0:00:00.020270229  2775 0x7f0390 TRACE   GST_REFCOUNTING gstobject.c:294:gst_object_ref_sink: 0x80a230 ref_sink 1->2
0:00:00.020276723  2775 0x7f0390 LOG   GST_REGISTRY gstregistry.c:608:gst_registry_add_feature: emitting feature-added for factories
0:00:00.020283366  2775 0x7f0390 DEBUG   GST_REGISTRY gstregistrychunks.c:742:gst_registry_chunks_load_feature: Added feature factories, plugin 0x812c80 coretracers
0:00:00.020289994  2775 0x7f0390 DEBUG   GST_REGISTRY gstregistrychunks.c:584:gst_registry_chunks_load_feature: Plugin 'coretracers' feature 'leaks' typename : 'GstTracerFactory'
0:00:00.020301181  2775 0x7f0390 TRACE   GST_REFCOUNTING gstobject.c:208:gst_object_init: 0x80adb0 new
0:00:00.020308260  2775 0x7f0390 DEBUG   GST_REGISTRY gstregistrychunks.c:719:gst_registry_chunks_load_feature: Reading/casting for GstRegistryChunkPluginFeature at address 0x80bcd0
0:00:00.020315357  2775 0x7f0390 DEBUG   GST_REGISTRY gstregistry.c:581:gst_registry_add_feature: replacing existing feature 0x80aff0 (leaks)
0:00:00.020322176  2775 0x7f0390 DEBUG   GST_REGISTRY gstregistry.c:590:gst_registry_add_feature: adding feature 0x80adb0 (leaks)
0:00:00.020327918  2775 0x7f0390 TRACE   GST_REFCOUNTING gstobject.c:788:gst_object_unparent: unparent
0:00:00.020334809  2775 0x7f0390 TRACE   GST_REFCOUNTING gstobject.c:265:gst_object_unref: 0x80aff0 unref 1->0
0:00:00.020341214  2775 0x7f0390 TRACE   GST_REFCOUNTING gstobject.c:381:gst_object_dispose: 0x80aff0 dispose
0:00:00.020348048  2775 0x7f0390 DEBUG   GST_PLUGIN_LOADING gstpluginfeature.c:67:gst_plugin_feature_finalize: finalizing feature 0x80aff0: 'leaks'
0:00:00.020354247  2775 0x7f0390 TRACE   GST_REFCOUNTING gstobject.c:423:gst_object_finalize: 0x80aff0 finalize
0:00:00.020360360  2775 0x7f0390 DEBUG   GST_REFCOUNTING gstobject.c:709:gst_object_set_parent: set parent (ref and sink)
0:00:00.020367269  2775 0x7f0390 TRACE   GST_REFCOUNTING gstobject.c:294:gst_object_ref_sink: 0x80adb0 ref_sink 1->2
0:00:00.020373702  2775 0x7f0390 LOG   GST_REGISTRY gstregistry.c:608:gst_registry_add_feature: emitting feature-added for leaks
0:00:00.020380111  2775 0x7f0390 DEBUG   GST_REGISTRY gstregistrychunks.c:742:gst_registry_chunks_load_feature: Added feature leaks, plugin 0x812c80 coretracers
0:00:00.020386474  2775 0x7f0390 DEBUG   GST_REGISTRY gstregistrychunks.c:584:gst_registry_chunks_load_feature: Plugin 'coretracers' feature 'stats' typename : 'GstTracerFactory'
0:00:00.020392957  2775 0x7f0390 TRACE   GST_REFCOUNTING gstobject.c:208:gst_object_init: 0x80aff0 new
0:00:00.020399801  2775 0x7f0390 DEBUG   GST_REGISTRY gstregistrychunks.c:719:gst_registry_chunks_load_feature: Reading/casting for GstRegistryChunkPluginFeature at address 0x80bcf0
0:00:00.020406762  2775 0x7f0390 DEBUG   GST_REGISTRY gstregistry.c:581:gst_registry_add_feature: replacing existing feature 0x80b1b0 (stats)
0:00:00.020413507  2775 0x7f0390 DEBUG   GST_REGISTRY gstregistry.c:590:gst_registry_add_feature: adding feature 0x80aff0 (stats)
0:00:00.020419066  2775 0x7f0390 TRACE   GST_REFCOUNTING gstobject.c:788:gst_object_unparent: unparent
0:00:00.020425789  2775 0x7f0390 TRACE   GST_REFCOUNTING gstobject.c:265:gst_object_unref: 0x80b1b0 unref 1->0
0:00:00.020431965  2775 0x7f0390 TRACE   GST_REFCOUNTING gstobject.c:381:gst_object_dispose: 0x80b1b0 dispose
0:00:00.020438723  2775 0x7f0390 DEBUG   GST_PLUGIN_LOADING gstpluginfeature.c:67:gst_plugin_feature_finalize: finalizing feature 0x80b1b0: 'stats'
0:00:00.020454948  2775 0x7f0390 TRACE   GST_REFCOUNTING gstobject.c:423:gst_object_finalize: 0x80b1b0 finalize
0:00:00.020461153  2775 0x7f0390 DEBUG   GST_REFCOUNTING gstobject.c:709:gst_object_set_parent: set parent (ref and sink)
0:00:00.020467859  2775 0x7f0390 TRACE   GST_REFCOUNTING gstobject.c:294:gst_object_ref_sink: 0x80aff0 ref_sink 1->2
0:00:00.020474233  2775 0x7f0390 LOG   GST_REGISTRY gstregistry.c:608:gst_registry_add_feature: emitting feature-added for stats
0:00:00.020480517  2775 0x7f0390 DEBUG   GST_REGISTRY gstregistrychunks.c:742:gst_registry_chunks_load_feature: Added feature stats, plugin 0x812c80 coretracers
0:00:00.020486857  2775 0x7f0390 DEBUG   GST_REGISTRY gstregistrychunks.c:584:gst_registry_chunks_load_feature: Plugin 'coretracers' feature 'rusage' typename : 'GstTracerFactory'
0:00:00.020493420  2775 0x7f0390 TRACE   GST_REFCOUNTING gstobject.c:208:gst_object_init: 0x80b1b0 new
0:00:00.020509651  2775 0x7f0390 DEBUG   GST_REGISTRY gstregistrychunks.c:719:gst_registry_chunks_load_feature: Reading/casting for GstRegistryChunkPluginFeature at address 0x80bd10
0:00:00.020517198  2775 0x7f0390 DEBUG   GST_REGISTRY gstregistry.c:581:gst_registry_add_feature: replacing existing feature 0x80b370 (rusage)
0:00:00.020523982  2775 0x7f0390 DEBUG   GST_REGISTRY gstregistry.c:590:gst_registry_add_feature: adding feature 0x80b1b0 (rusage)
0:00:00.020529684  2775 0x7f0390 TRACE   GST_REFCOUNTING gstobject.c:788:gst_object_unparent: unparent
0:00:00.020536449  2775 0x7f0390 TRACE   GST_REFCOUNTING gstobject.c:265:gst_object_unref: 0x80b370 unref 1->0
0:00:00.020542760  2775 0x7f0390 TRACE   GST_REFCOUNTING gstobject.c:381:gst_object_dispose: 0x80b370 dispose
0:00:00.020549531  2775 0x7f0390 DEBUG   GST_PLUGIN_LOADING gstpluginfeature.c:67:gst_plugin_feature_finalize: finalizing feature 0x80b370: 'rusage'
0:00:00.020555694  2775 0x7f0390 TRACE   GST_REFCOUNTING gstobject.c:423:gst_object_finalize: 0x80b370 finalize
0:00:00.020561803  2775 0x7f0390 DEBUG   GST_REFCOUNTING gstobject.c:709:gst_object_set_parent: set parent (ref and sink)
0:00:00.020568473  2775 0x7f0390 TRACE   GST_REFCOUNTING gstobject.c:294:gst_object_ref_sink: 0x80b1b0 ref_sink 1->2
0:00:00.020574911  2775 0x7f0390 LOG   GST_REGISTRY gstregistry.c:608:gst_registry_add_feature: emitting feature-added for rusage
0:00:00.020581155  2775 0x7f0390 DEBUG   GST_REGISTRY gstregistrychunks.c:742:gst_registry_chunks_load_feature: Added feature rusage, plugin 0x812c80 coretracers
0:00:00.020587688  2775 0x7f0390 DEBUG   GST_REGISTRY gstregistrychunks.c:584:gst_registry_chunks_load_feature: Plugin 'coretracers' feature 'log' typename : 'GstTracerFactory'
0:00:00.020594347  2775 0x7f0390 TRACE   GST_REFCOUNTING gstobject.c:208:gst_object_init: 0x80b370 new
0:00:00.020606492  2775 0x7f0390 DEBUG   GST_REGISTRY gstregistrychunks.c:719:gst_registry_chunks_load_feature: Reading/casting for GstRegistryChunkPluginFeature at address 0x80bd30
0:00:00.020613802  2775 0x7f0390 DEBUG   GST_REGISTRY gstregistry.c:581:gst_registry_add_feature: replacing existing feature 0x80b530 (log)
0:00:00.020620283  2775 0x7f0390 DEBUG   GST_REGISTRY gstregistry.c:590:gst_registry_add_feature: adding feature 0x80b370 (log)
0:00:00.020625974  2775 0x7f0390 TRACE   GST_REFCOUNTING gstobject.c:788:gst_object_unparent: unparent
0:00:00.020633132  2775 0x7f0390 TRACE   GST_REFCOUNTING gstobject.c:265:gst_object_unref: 0x80b530 unref 1->0
0:00:00.020639695  2775 0x7f0390 TRACE   GST_REFCOUNTING gstobject.c:381:gst_object_dispose: 0x80b530 dispose
0:00:00.020646570  2775 0x7f0390 DEBUG   GST_PLUGIN_LOADING gstpluginfeature.c:67:gst_plugin_feature_finalize: finalizing feature 0x80b530: 'log'
0:00:00.020652781  2775 0x7f0390 TRACE   GST_REFCOUNTING gstobject.c:423:gst_object_finalize: 0x80b530 finalize
0:00:00.020659023  2775 0x7f0390 DEBUG   GST_REFCOUNTING gstobject.c:709:gst_object_set_parent: set parent (ref and sink)
0:00:00.020665873  2775 0x7f0390 TRACE   GST_REFCOUNTING gstobject.c:294:gst_object_ref_sink: 0x80b370 ref_sink 1->2
0:00:00.020672391  2775 0x7f0390 LOG   GST_REGISTRY gstregistry.c:608:gst_registry_add_feature: emitting feature-added for log
0:00:00.020678889  2775 0x7f0390 DEBUG   GST_REGISTRY gstregistrychunks.c:742:gst_registry_chunks_load_feature: Added feature log, plugin 0x812c80 coretracers
0:00:00.020685629  2775 0x7f0390 DEBUG   GST_REGISTRY gstregistrychunks.c:584:gst_registry_chunks_load_feature: Plugin 'coretracers' feature 'latency' typename : 'GstTracerFactory'
0:00:00.020692335  2775 0x7f0390 TRACE   GST_REFCOUNTING gstobject.c:208:gst_object_init: 0x812db0 new
0:00:00.020699119  2775 0x7f0390 DEBUG   GST_REGISTRY gstregistrychunks.c:719:gst_registry_chunks_load_feature: Reading/casting for GstRegistryChunkPluginFeature at address 0x80bd58
0:00:00.020706304  2775 0x7f0390 DEBUG   GST_REGISTRY gstregistry.c:581:gst_registry_add_feature: replacing existing feature 0x80b8e0 (latency)
0:00:00.020713322  2775 0x7f0390 DEBUG   GST_REGISTRY gstregistry.c:590:gst_registry_add_feature: adding feature 0x812db0 (latency)
0:00:00.020719050  2775 0x7f0390 TRACE   GST_REFCOUNTING gstobject.c:788:gst_object_unparent: unparent
0:00:00.020726030  2775 0x7f0390 TRACE   GST_REFCOUNTING gstobject.c:265:gst_object_unref: 0x80b8e0 unref 1->0
0:00:00.020732295  2775 0x7f0390 TRACE   GST_REFCOUNTING gstobject.c:381:gst_object_dispose: 0x80b8e0 dispose
0:00:00.020739110  2775 0x7f0390 DEBUG   GST_PLUGIN_LOADING gstpluginfeature.c:67:gst_plugin_feature_finalize: finalizing feature 0x80b8e0: 'latency'
0:00:00.020745364  2775 0x7f0390 TRACE   GST_REFCOUNTING gstobject.c:423:gst_object_finalize: 0x80b8e0 finalize
0:00:00.020751452  2775 0x7f0390 DEBUG   GST_REFCOUNTING gstobject.c:709:gst_object_set_parent: set parent (ref and sink)
0:00:00.020762310  2775 0x7f0390 TRACE   GST_REFCOUNTING gstobject.c:294:gst_object_ref_sink: 0x812db0 ref_sink 1->2
0:00:00.020768824  2775 0x7f0390 LOG   GST_REGISTRY gstregistry.c:608:gst_registry_add_feature: emitting feature-added for latency
0:00:00.020775394  2775 0x7f0390 DEBUG   GST_REGISTRY gstregistrychunks.c:742:gst_registry_chunks_load_feature: Added feature latency, plugin 0x812c80 coretracers
0:00:00.020783277  2775 0x7f0390 LOG   GST_PLUGIN_LOADING gstpluginloader.c:888:handle_rx_packet: marking plugin 0x812c80 as registered as /home/conan/w/prod/BuildSingleReference/.conan/data/gstreamer/1.19.2/_/_/package/3ad8b12e986bc654ebd8f9dbd570a3969420bafe/lib/gstreamer-1.0/libgstcoretracers.so
0:00:00.020792375  2775 0x7f0390 DEBUG   GST_POLL gstpoll.c:1414:gst_poll_wait: 0x809d10: timeout :0:00:01.000000000
0:00:00.020801575  2775 0x7f0390 LOG   GST_PLUGIN_LOADING gstpluginloader.c:1027:exchange_packets: Poll res = 2. 0 bytes pending for write
0:00:00.020808617  2775 0x7f0390 DEBUG   GST_POLL gstpoll.c:1241:gst_poll_fd_has_error: 0x809d10: fd (fd:8, idx:2) 0
0:00:00.020814890  2775 0x7f0390 DEBUG   GST_POLL gstpoll.c:1266:gst_poll_fd_can_read_unlocked: 0x809d10: fd (fd:8, idx:2) 1
0:00:00.020825505  2775 0x7f0390 DEBUG   GST_PLUGIN_LOADING gstpluginloader.c:849:handle_rx_packet: Received plugin details from child w/ tag 3. 6860 bytes info
0:00:00.020831688  2775 0x7f0390 LOG   GST_REGISTRY gstregistrychunks.c:838:_priv_gst_registry_chunks_load_plugin: Reading/casting for GstRegistryChunkPluginElement at address 0x80bb60
0:00:00.020838419  2775 0x7f0390 TRACE   GST_REFCOUNTING gstobject.c:208:gst_object_init: 0x812e80 new
0:00:00.020847801  2775 0x7f0390 LOG   GST_REGISTRY gstregistrychunks.c:859:_priv_gst_registry_chunks_load_plugin: read strings for name='coreelements'
0:00:00.020853761  2775 0x7f0390 LOG   GST_REGISTRY gstregistrychunks.c:860:_priv_gst_registry_chunks_load_plugin: desc.description='GStreamer core elements'
0:00:00.020860550  2775 0x7f0390 LOG   GST_REGISTRY gstregistrychunks.c:861:_priv_gst_registry_chunks_load_plugin: filename='/home/conan/w/prod/BuildSingleReference/.conan/data/gstreamer/1.19.2/_/_/package/3ad8b12e986bc654ebd8f9dbd570a3969420bafe/lib/gstreamer-1.0/libgstcoreelements.so'
0:00:00.020866680  2775 0x7f0390 LOG   GST_REGISTRY gstregistrychunks.c:862:_priv_gst_registry_chunks_load_plugin: desc.version='1.19.2'
0:00:00.020871983  2775 0x7f0390 LOG   GST_REGISTRY gstregistrychunks.c:863:_priv_gst_registry_chunks_load_plugin: desc.license='LGPL'
0:00:00.020877177  2775 0x7f0390 LOG   GST_REGISTRY gstregistrychunks.c:864:_priv_gst_registry_chunks_load_plugin: desc.source='gstreamer'
0:00:00.020882620  2775 0x7f0390 LOG   GST_REGISTRY gstregistrychunks.c:865:_priv_gst_registry_chunks_load_plugin: desc.package='GStreamer source release'
0:00:00.020888191  2775 0x7f0390 LOG   GST_REGISTRY gstregistrychunks.c:866:_priv_gst_registry_chunks_load_plugin: desc.origin='Unknown package origin'
0:00:00.020898397  2775 0x7f0390 LOG   GST_REGISTRY gstregistrychunks.c:867:_priv_gst_registry_chunks_load_plugin: desc.datetime=2021-09-23
0:00:00.020907472  2775 0x7f0390 DEBUG   GST_REGISTRY gstregistry.c:449:gst_registry_add_plugin: Replacing existing plugin "/home/conan/w/prod/BuildSingleReference/.conan/data/gstreamer/1.19.2/_/_/package/3ad8b12e986bc654ebd8f9dbd570a3969420bafe/lib/gstreamer-1.0/libgstcoreelements.so" 0x80b7b0 with new plugin 0x812e80 for filename "/home/conan/w/prod/BuildSingleReference/.conan/data/gstreamer/1.19.2/_/_/package/3ad8b12e986bc654ebd8f9dbd570a3969420bafe/lib/gstreamer-1.0/libgstcoreelements.so"
0:00:00.020915801  2775 0x7f0390 TRACE   GST_REFCOUNTING gstobject.c:265:gst_object_unref: 0x80b7b0 unref 1->0
0:00:00.020922469  2775 0x7f0390 TRACE   GST_REFCOUNTING gstobject.c:381:gst_object_dispose: 0x80b7b0 dispose
0:00:00.020929538  2775 0x7f0390 DEBUG   GST_PLUGIN_LOADING gstplugin.c:132:gst_plugin_finalize: finalizing plugin
0:00:00.020935858  2775 0x7f0390 TRACE   GST_REFCOUNTING gstobject.c:423:gst_object_finalize: 0x80b7b0 finalize
0:00:00.020943741  2775 0x7f0390 DEBUG   GST_REGISTRY gstregistry.c:474:gst_registry_add_plugin: adding plugin 0x812e80 for filename "/home/conan/w/prod/BuildSingleReference/.conan/data/gstreamer/1.19.2/_/_/package/3ad8b12e986bc654ebd8f9dbd570a3969420bafe/lib/gstreamer-1.0/libgstcoreelements.so"
0:00:00.020951027  2775 0x7f0390 TRACE   GST_REFCOUNTING gstobject.c:294:gst_object_ref_sink: 0x812e80 ref_sink 1->2
0:00:00.020958261  2775 0x7f0390 LOG   GST_REGISTRY gstregistry.c:487:gst_registry_add_plugin: emitting plugin-added for filename "/home/conan/w/prod/BuildSingleReference/.conan/data/gstreamer/1.19.2/_/_/package/3ad8b12e986bc654ebd8f9dbd570a3969420bafe/lib/gstreamer-1.0/libgstcoreelements.so"
0:00:00.020965165  2775 0x7f0390 DEBUG   GST_REGISTRY gstregistrychunks.c:888:_priv_gst_registry_chunks_load_plugin: Added plugin 'coreelements' plugin with 22 features from binary registry
0:00:00.020971895  2775 0x7f0390 DEBUG   GST_REGISTRY gstregistrychunks.c:584:gst_registry_chunks_load_feature: Plugin 'coreelements' feature 'streamiddemux' typename : 'GstElementFactory'
0:00:00.020978957  2775 0x7f0390 TRACE   GST_REFCOUNTING gstobject.c:208:gst_object_init: 0x80ac50 new
0:00:00.020986304  2775 0x7f0390 LOG   GST_REGISTRY gstregistrychunks.c:611:gst_registry_chunks_load_feature: Reading/casting for GstRegistryChunkElementFactory at address 0x80bcb8
0:00:00.020992858  2775 0x7f0390 TRACE   structure gststructure.c:292:gst_structure_new_id_empty_with_size: created structure 0x8128f0
0:00:00.020999064  2775 0x7f0390 DEBUG   structure gststructure.c:2258:gst_structure_parse_field: trying field name 'long-name'
0:00:00.021005075  2775 0x7f0390 DEBUG   default gstvalue.c:2776:_priv_gst_value_parse_value: trying type name 'string'
0:00:00.021011927  2775 0x7f0390 DEBUG   structure gststructure.c:2258:gst_structure_parse_field: trying field name 'klass'
0:00:00.021017340  2775 0x7f0390 DEBUG   default gstvalue.c:2776:_priv_gst_value_parse_value: trying type name 'string'
0:00:00.021023241  2775 0x7f0390 DEBUG   structure gststructure.c:2258:gst_structure_parse_field: trying field name 'description'
0:00:00.021033798  2775 0x7f0390 DEBUG   default gstvalue.c:2776:_priv_gst_value_parse_value: trying type name 'string'
0:00:00.021040344  2775 0x7f0390 DEBUG   structure gststructure.c:2258:gst_structure_parse_field: trying field name 'author'
0:00:00.021045691  2775 0x7f0390 DEBUG   default gstvalue.c:2776:_priv_gst_value_parse_value: trying type name 'string'
0:00:00.021051940  2775 0x7f0390 DEBUG   GST_REGISTRY gstregistrychunks.c:627:gst_registry_chunks_load_feature: Element factory : npadtemplates=2
0:00:00.021057651  2775 0x7f0390 DEBUG   GST_REGISTRY gstregistrychunks.c:527:gst_registry_chunks_load_pad_template: Reading/casting for GstRegistryChunkPadTemplate at address 0x80bd90
0:00:00.021063384  2775 0x7f0390 DEBUG   GST_REGISTRY gstregistrychunks.c:540:gst_registry_chunks_load_pad_template: Added pad_template src_%u
0:00:00.021068792  2775 0x7f0390 DEBUG   GST_REGISTRY gstregistrychunks.c:527:gst_registry_chunks_load_pad_template: Reading/casting for GstRegistryChunkPadTemplate at address 0x80bda8
0:00:00.021074366  2775 0x7f0390 DEBUG   GST_REGISTRY gstregistrychunks.c:540:gst_registry_chunks_load_pad_template: Added pad_template sink
0:00:00.021094620  2775 0x7f0390 DEBUG   GST_REGISTRY gstregistry.c:581:gst_registry_add_feature: replacing existing feature 0x80a370 (streamiddemux)
0:00:00.021122751  2775 0x7f0390 DEBUG   GST_REGISTRY gstregistry.c:590:gst_registry_add_feature: adding feature 0x80ac50 (streamiddemux)
0:00:00.021131718  2775 0x7f0390 TRACE   GST_REFCOUNTING gstobject.c:788:gst_object_unparent: unparent
0:00:00.021139579  2775 0x7f0390 TRACE   GST_REFCOUNTING gstobject.c:265:gst_object_unref: 0x80a370 unref 1->0
0:00:00.021146115  2775 0x7f0390 TRACE   GST_REFCOUNTING gstobject.c:381:gst_object_dispose: 0x80a370 dispose
0:00:00.021152977  2775 0x7f0390 TRACE   structure gststructure.c:547:gst_structure_free: free structure 0x80a900
0:00:00.021160763  2775 0x7f0390 TRACE   GST_REFCOUNTING gstminiobject.c:736:gst_mini_object_replace: replace (nil) (0) with (nil) (0)
0:00:00.021167682  2775 0x7f0390 TRACE   GST_REFCOUNTING gstminiobject.c:736:gst_mini_object_replace: replace (nil) (0) with (nil) (0)
0:00:00.021174040  2775 0x7f0390 DEBUG   GST_PLUGIN_LOADING gstpluginfeature.c:67:gst_plugin_feature_finalize: finalizing feature 0x80a370: 'streamiddemux'
0:00:00.021180024  2775 0x7f0390 TRACE   GST_REFCOUNTING gstobject.c:423:gst_object_finalize: 0x80a370 finalize
0:00:00.021186244  2775 0x7f0390 DEBUG   GST_REFCOUNTING gstobject.c:709:gst_object_set_parent: set parent (ref and sink)
0:00:00.021192785  2775 0x7f0390 TRACE   GST_REFCOUNTING gstobject.c:294:gst_object_ref_sink: 0x80ac50 ref_sink 1->2
0:00:00.021199038  2775 0x7f0390 LOG   GST_REGISTRY gstregistry.c:608:gst_registry_add_feature: emitting feature-added for streamiddemux
0:00:00.021205815  2775 0x7f0390 DEBUG   GST_REGISTRY gstregistrychunks.c:742:gst_registry_chunks_load_feature: Added feature streamiddemux, plugin 0x812e80 coreelements
0:00:00.021217351  2775 0x7f0390 DEBUG   GST_REGISTRY gstregistrychunks.c:584:gst_registry_chunks_load_feature: Plugin 'coreelements' feature 'valve' typename : 'GstElementFactory'
0:00:00.021224639  2775 0x7f0390 TRACE   GST_REFCOUNTING gstobject.c:208:gst_object_init: 0x80a370 new
0:00:00.021231825  2775 0x7f0390 LOG   GST_REGISTRY gstregistrychunks.c:611:gst_registry_chunks_load_feature: Reading/casting for GstRegistryChunkElementFactory at address 0x80bdd8
0:00:00.021237998  2775 0x7f0390 TRACE   structure gststructure.c:292:gst_structure_new_id_empty_with_size: created structure 0x812fb0
0:00:00.021243704  2775 0x7f0390 DEBUG   structure gststructure.c:2258:gst_structure_parse_field: trying field name 'long-name'
0:00:00.021249122  2775 0x7f0390 DEBUG   default gstvalue.c:2776:_priv_gst_value_parse_value: trying type name 'string'
0:00:00.021255306  2775 0x7f0390 DEBUG   structure gststructure.c:2258:gst_structure_parse_field: trying field name 'klass'
0:00:00.021260622  2775 0x7f0390 DEBUG   default gstvalue.c:2776:_priv_gst_value_parse_value: trying type name 'string'
0:00:00.021266345  2775 0x7f0390 DEBUG   structure gststructure.c:2258:gst_structure_parse_field: trying field name 'description'
0:00:00.021271533  2775 0x7f0390 DEBUG   default gstvalue.c:2776:_priv_gst_value_parse_value: trying type name 'string'
0:00:00.021277447  2775 0x7f0390 DEBUG   structure gststructure.c:2258:gst_structure_parse_field: trying field name 'author'
0:00:00.021282742  2775 0x7f0390 DEBUG   default gstvalue.c:2776:_priv_gst_value_parse_value: trying type name 'string'
0:00:00.021288974  2775 0x7f0390 DEBUG   GST_REGISTRY gstregistrychunks.c:627:gst_registry_chunks_load_feature: Element factory : npadtemplates=2
0:00:00.021294405  2775 0x7f0390 DEBUG   GST_REGISTRY gstregistrychunks.c:527:gst_registry_chunks_load_pad_template: Reading/casting for GstRegistryChunkPadTemplate at address 0x80bec8
0:00:00.021299948  2775 0x7f0390 DEBUG   GST_REGISTRY gstregistrychunks.c:540:gst_registry_chunks_load_pad_template: Added pad_template sink
0:00:00.021305135  2775 0x7f0390 DEBUG   GST_REGISTRY gstregistrychunks.c:527:gst_registry_chunks_load_pad_template: Reading/casting for GstRegistryChunkPadTemplate at address 0x80bee0
0:00:00.021310517  2775 0x7f0390 DEBUG   GST_REGISTRY gstregistrychunks.c:540:gst_registry_chunks_load_pad_template: Added pad_template src
0:00:00.021317536  2775 0x7f0390 DEBUG   GST_REGISTRY gstregistry.c:581:gst_registry_add_feature: replacing existing feature 0x80d8b0 (valve)
0:00:00.021324204  2775 0x7f0390 DEBUG   GST_REGISTRY gstregistry.c:590:gst_registry_add_feature: adding feature 0x80a370 (valve)
0:00:00.021329821  2775 0x7f0390 TRACE   GST_REFCOUNTING gstobject.c:788:gst_object_unparent: unparent
0:00:00.021336422  2775 0x7f0390 TRACE   GST_REFCOUNTING gstobject.c:265:gst_object_unref: 0x80d8b0 unref 1->0
0:00:00.021346923  2775 0x7f0390 TRACE   GST_REFCOUNTING gstobject.c:381:gst_object_dispose: 0x80d8b0 dispose
0:00:00.021353240  2775 0x7f0390 TRACE   structure gststructure.c:547:gst_structure_free: free structure 0x80da80
0:00:00.021359552  2775 0x7f0390 TRACE   GST_REFCOUNTING gstminiobject.c:736:gst_mini_object_replace: replace (nil) (0) with (nil) (0)
0:00:00.021366047  2775 0x7f0390 TRACE   GST_REFCOUNTING gstminiobject.c:736:gst_mini_object_replace: replace (nil) (0) with (nil) (0)
