0:00:00.017915069  2775 0x7f0390 DEBUG   GST_REGISTRY gstregistrychunks.c:527:gst_registry_chunks_load_pad_template: Reading/casting for GstRegistryChunkPadTemplate at address 0x80c930
0:00:00.014031316  2776 0x2557320 DEBUG   GST_POLL gstpoll.c:980:gst_poll_fd_ctl_write: 0x255f9e0: fd (fd:0, idx:1), active : 1
0:00:00.017921110  2775 0x7f0390 DEBUG   GST_REGISTRY gstregistrychunks.c:540:gst_registry_chunks_load_pad_template: Added pad_template sink
0:00:00.014037329  2776 0x2557320 LOG   GST_POLL gstpoll.c:994:gst_poll_fd_ctl_write: 0x255f9e0: pfd->events now 60 (POLLOUT:4)
0:00:00.017926971  2775 0x7f0390 DEBUG   GST_REGISTRY gstregistrychunks.c:527:gst_registry_chunks_load_pad_template: Reading/casting for GstRegistryChunkPadTemplate at address 0x80c948
0:00:00.014043629  2776 0x2557320 DEBUG   GST_POLL gstpoll.c:980:gst_poll_fd_ctl_write: 0x255f9e0: fd (fd:0, idx:1), active : 1
0:00:00.017933005  2775 0x7f0390 DEBUG   GST_REGISTRY gstregistrychunks.c:540:gst_registry_chunks_load_pad_template: Added pad_template src
0:00:00.014049658  2776 0x2557320 LOG   GST_POLL gstpoll.c:994:gst_poll_fd_ctl_write: 0x255f9e0: pfd->events now 60 (POLLOUT:4)
0:00:00.014059636  2776 0x2557320 DEBUG   GST_POLL gstpoll.c:980:gst_poll_fd_ctl_write: 0x255f9e0: fd (fd:0, idx:1), active : 1
0:00:00.017949060  2775 0x7f0390 DEBUG   GST_REGISTRY gstregistry.c:590:gst_registry_add_feature: adding feature 0x80fb90 (identity)
0:00:00.014065177  2776 0x2557320 LOG   GST_POLL gstpoll.c:994:gst_poll_fd_ctl_write: 0x255f9e0: pfd->events now 60 (POLLOUT:4)
0:00:00.014073245  2776 0x2557320 DEBUG   GST_POLL gstpoll.c:980:gst_poll_fd_ctl_write: 0x255f9e0: fd (fd:0, idx:1), active : 1
0:00:00.017960554  2775 0x7f0390 DEBUG   GST_REFCOUNTING gstobject.c:709:gst_object_set_parent: set parent (ref and sink)
0:00:00.014078797  2776 0x2557320 LOG   GST_POLL gstpoll.c:994:gst_poll_fd_ctl_write: 0x255f9e0: pfd->events now 60 (POLLOUT:4)
0:00:00.017969663  2775 0x7f0390 TRACE   GST_REFCOUNTING gstobject.c:294:gst_object_ref_sink: 0x80fb90 ref_sink 1->2
0:00:00.014085143  2776 0x2557320 DEBUG   GST_POLL gstpoll.c:980:gst_poll_fd_ctl_write: 0x255f9e0: fd (fd:0, idx:1), active : 1
0:00:00.017976932  2775 0x7f0390 LOG   GST_REGISTRY gstregistry.c:608:gst_registry_add_feature: emitting feature-added for identity
0:00:00.014091215  2776 0x2557320 LOG   GST_POLL gstpoll.c:994:gst_poll_fd_ctl_write: 0x255f9e0: pfd->events now 60 (POLLOUT:4)
0:00:00.017984157  2775 0x7f0390 DEBUG   GST_REGISTRY gstregistrychunks.c:742:gst_registry_chunks_load_feature: Added feature identity, plugin 0x80b7b0 coreelements
0:00:00.014098300  2776 0x2557320 DEBUG   GST_POLL gstpoll.c:980:gst_poll_fd_ctl_write: 0x255f9e0: fd (fd:0, idx:1), active : 1
0:00:00.017991373  2775 0x7f0390 DEBUG   GST_REGISTRY gstregistrychunks.c:584:gst_registry_chunks_load_feature: Plugin 'coreelements' feature 'funnel' typename : 'GstElementFactory'
0:00:00.014105258  2776 0x2557320 LOG   GST_POLL gstpoll.c:994:gst_poll_fd_ctl_write: 0x255f9e0: pfd->events now 60 (POLLOUT:4)
0:00:00.017999074  2775 0x7f0390 TRACE   GST_REFCOUNTING gstobject.c:208:gst_object_init: 0x80ff00 new
0:00:00.014112838  2776 0x2557320 DEBUG   GST_POLL gstpoll.c:980:gst_poll_fd_ctl_write: 0x255f9e0: fd (fd:0, idx:1), active : 1
0:00:00.018006631  2775 0x7f0390 LOG   GST_REGISTRY gstregistrychunks.c:611:gst_registry_chunks_load_feature: Reading/casting for GstRegistryChunkElementFactory at address 0x80c978
0:00:00.014120499  2776 0x2557320 LOG   GST_POLL gstpoll.c:994:gst_poll_fd_ctl_write: 0x255f9e0: pfd->events now 60 (POLLOUT:4)
0:00:00.018013381  2775 0x7f0390 TRACE   structure gststructure.c:292:gst_structure_new_id_empty_with_size: created structure 0x8100c0
0:00:00.014128109  2776 0x2557320 DEBUG   GST_POLL gstpoll.c:980:gst_poll_fd_ctl_write: 0x255f9e0: fd (fd:0, idx:1), active : 1
0:00:00.018019615  2775 0x7f0390 DEBUG   structure gststructure.c:2258:gst_structure_parse_field: trying field name 'long-name'
0:00:00.014134280  2776 0x2557320 LOG   GST_POLL gstpoll.c:994:gst_poll_fd_ctl_write: 0x255f9e0: pfd->events now 60 (POLLOUT:4)
0:00:00.018029483  2775 0x7f0390 DEBUG   default gstvalue.c:2776:_priv_gst_value_parse_value: trying type name 'string'
0:00:00.014144768  2776 0x2557320 DEBUG   GST_POLL gstpoll.c:980:gst_poll_fd_ctl_write: 0x255f9e0: fd (fd:0, idx:1), active : 1
0:00:00.018036223  2775 0x7f0390 DEBUG   structure gststructure.c:2258:gst_structure_parse_field: trying field name 'klass'
0:00:00.014150845  2776 0x2557320 LOG   GST_POLL gstpoll.c:994:gst_poll_fd_ctl_write: 0x255f9e0: pfd->events now 60 (POLLOUT:4)
0:00:00.018042200  2775 0x7f0390 DEBUG   default gstvalue.c:2776:_priv_gst_value_parse_value: trying type name 'string'
0:00:00.014157605  2776 0x2557320 DEBUG   GST_POLL gstpoll.c:980:gst_poll_fd_ctl_write: 0x255f9e0: fd (fd:0, idx:1), active : 1
0:00:00.018048477  2775 0x7f0390 DEBUG   structure gststructure.c:2258:gst_structure_parse_field: trying field name 'description'
0:00:00.014163630  2776 0x2557320 LOG   GST_POLL gstpoll.c:994:gst_poll_fd_ctl_write: 0x255f9e0: pfd->events now 60 (POLLOUT:4)
0:00:00.018054491  2775 0x7f0390 DEBUG   default gstvalue.c:2776:_priv_gst_value_parse_value: trying type name 'string'
0:00:00.014170196  2776 0x2557320 DEBUG   GST_POLL gstpoll.c:980:gst_poll_fd_ctl_write: 0x255f9e0: fd (fd:0, idx:1), active : 1
0:00:00.018061463  2775 0x7f0390 DEBUG   structure gststructure.c:2258:gst_structure_parse_field: trying field name 'author'
0:00:00.014176295  2776 0x2557320 LOG   GST_POLL gstpoll.c:994:gst_poll_fd_ctl_write: 0x255f9e0: pfd->events now 60 (POLLOUT:4)
0:00:00.018067758  2775 0x7f0390 DEBUG   default gstvalue.c:2776:_priv_gst_value_parse_value: trying type name 'string'
0:00:00.014182618  2776 0x2557320 DEBUG   GST_POLL gstpoll.c:980:gst_poll_fd_ctl_write: 0x255f9e0: fd (fd:0, idx:1), active : 1
0:00:00.018075034  2775 0x7f0390 DEBUG   GST_REGISTRY gstregistrychunks.c:627:gst_registry_chunks_load_feature: Element factory : npadtemplates=2
0:00:00.014188647  2776 0x2557320 LOG   GST_POLL gstpoll.c:994:gst_poll_fd_ctl_write: 0x255f9e0: pfd->events now 60 (POLLOUT:4)
0:00:00.018081328  2775 0x7f0390 DEBUG   GST_REGISTRY gstregistrychunks.c:527:gst_registry_chunks_load_pad_template: Reading/casting for GstRegistryChunkPadTemplate at address 0x80ca50
0:00:00.014196524  2776 0x2557320 DEBUG   GST_POLL gstpoll.c:980:gst_poll_fd_ctl_write: 0x255f9e0: fd (fd:0, idx:1), active : 1
0:00:00.018099817  2775 0x7f0390 DEBUG   GST_REGISTRY gstregistrychunks.c:540:gst_registry_chunks_load_pad_template: Added pad_template src
0:00:00.014221658  2776 0x2557320 LOG   GST_POLL gstpoll.c:994:gst_poll_fd_ctl_write: 0x255f9e0: pfd->events now 60 (POLLOUT:4)
0:00:00.018111580  2775 0x7f0390 DEBUG   GST_REGISTRY gstregistrychunks.c:527:gst_registry_chunks_load_pad_template: Reading/casting for GstRegistryChunkPadTemplate at address 0x80ca60
0:00:00.014232161  2776 0x2557320 DEBUG   GST_POLL gstpoll.c:980:gst_poll_fd_ctl_write: 0x255f9e0: fd (fd:0, idx:1), active : 1
0:00:00.018129435  2775 0x7f0390 DEBUG   GST_REGISTRY gstregistrychunks.c:540:gst_registry_chunks_load_pad_template: Added pad_template sink_%u
0:00:00.014243399  2776 0x2557320 LOG   GST_POLL gstpoll.c:994:gst_poll_fd_ctl_write: 0x255f9e0: pfd->events now 60 (POLLOUT:4)
0:00:00.018139585  2775 0x7f0390 DEBUG   GST_REGISTRY gstregistry.c:590:gst_registry_add_feature: adding feature 0x80ff00 (funnel)
0:00:00.014252445  2776 0x2557320 DEBUG   GST_POLL gstpoll.c:980:gst_poll_fd_ctl_write: 0x255f9e0: fd (fd:0, idx:1), active : 1
0:00:00.018146252  2775 0x7f0390 DEBUG   GST_REFCOUNTING gstobject.c:709:gst_object_set_parent: set parent (ref and sink)
0:00:00.014260623  2776 0x2557320 LOG   GST_POLL gstpoll.c:994:gst_poll_fd_ctl_write: 0x255f9e0: pfd->events now 60 (POLLOUT:4)
0:00:00.018153970  2775 0x7f0390 TRACE   GST_REFCOUNTING gstobject.c:294:gst_object_ref_sink: 0x80ff00 ref_sink 1->2
0:00:00.014267974  2776 0x2557320 DEBUG   GST_POLL gstpoll.c:980:gst_poll_fd_ctl_write: 0x255f9e0: fd (fd:0, idx:1), active : 1
0:00:00.018161245  2775 0x7f0390 LOG   GST_REGISTRY gstregistry.c:608:gst_registry_add_feature: emitting feature-added for funnel
0:00:00.014275390  2776 0x2557320 LOG   GST_POLL gstpoll.c:994:gst_poll_fd_ctl_write: 0x255f9e0: pfd->events now 60 (POLLOUT:4)
0:00:00.018168412  2775 0x7f0390 DEBUG   GST_REGISTRY gstregistrychunks.c:742:gst_registry_chunks_load_feature: Added feature funnel, plugin 0x80b7b0 coreelements
0:00:00.014282550  2776 0x2557320 DEBUG   GST_POLL gstpoll.c:980:gst_poll_fd_ctl_write: 0x255f9e0: fd (fd:0, idx:1), active : 1
0:00:00.018175560  2775 0x7f0390 DEBUG   GST_REGISTRY gstregistrychunks.c:584:gst_registry_chunks_load_feature: Plugin 'coreelements' feature 'filesrc' typename : 'GstElementFactory'
0:00:00.014289646  2776 0x2557320 LOG   GST_POLL gstpoll.c:994:gst_poll_fd_ctl_write: 0x255f9e0: pfd->events now 60 (POLLOUT:4)
0:00:00.018183884  2775 0x7f0390 TRACE   GST_REFCOUNTING gstobject.c:208:gst_object_init: 0x80fe00 new
0:00:00.014296961  2776 0x2557320 DEBUG   GST_POLL gstpoll.c:980:gst_poll_fd_ctl_write: 0x255f9e0: fd (fd:0, idx:1), active : 1
0:00:00.018191931  2775 0x7f0390 LOG   GST_REGISTRY gstregistrychunks.c:611:gst_registry_chunks_load_feature: Reading/casting for GstRegistryChunkElementFactory at address 0x80ca90
0:00:00.014305387  2776 0x2557320 LOG   GST_POLL gstpoll.c:994:gst_poll_fd_ctl_write: 0x255f9e0: pfd->events now 60 (POLLOUT:4)
0:00:00.018198834  2775 0x7f0390 TRACE   structure gststructure.c:292:gst_structure_new_id_empty_with_size: created structure 0x810460
0:00:00.014313152  2776 0x2557320 DEBUG   GST_POLL gstpoll.c:980:gst_poll_fd_ctl_write: 0x255f9e0: fd (fd:0, idx:1), active : 1
0:00:00.018205440  2775 0x7f0390 DEBUG   structure gststructure.c:2258:gst_structure_parse_field: trying field name 'long-name'
0:00:00.014319683  2776 0x2557320 LOG   GST_POLL gstpoll.c:994:gst_poll_fd_ctl_write: 0x255f9e0: pfd->events now 60 (POLLOUT:4)
0:00:00.018211571  2775 0x7f0390 DEBUG   default gstvalue.c:2776:_priv_gst_value_parse_value: trying type name 'string'
0:00:00.014331377  2776 0x2557320 DEBUG   GST_POLL gstpoll.c:980:gst_poll_fd_ctl_write: 0x255f9e0: fd (fd:0, idx:1), active : 1
0:00:00.018221666  2775 0x7f0390 DEBUG   structure gststructure.c:2258:gst_structure_parse_field: trying field name 'klass'
0:00:00.014337548  2776 0x2557320 LOG   GST_POLL gstpoll.c:994:gst_poll_fd_ctl_write: 0x255f9e0: pfd->events now 60 (POLLOUT:4)
0:00:00.018227797  2775 0x7f0390 DEBUG   default gstvalue.c:2776:_priv_gst_value_parse_value: trying type name 'string'
0:00:00.014344183  2776 0x2557320 DEBUG   GST_POLL gstpoll.c:980:gst_poll_fd_ctl_write: 0x255f9e0: fd (fd:0, idx:1), active : 1
0:00:00.018234295  2775 0x7f0390 DEBUG   structure gststructure.c:2258:gst_structure_parse_field: trying field name 'description'
0:00:00.014350280  2776 0x2557320 LOG   GST_POLL gstpoll.c:994:gst_poll_fd_ctl_write: 0x255f9e0: pfd->events now 60 (POLLOUT:4)
0:00:00.018240247  2775 0x7f0390 DEBUG   default gstvalue.c:2776:_priv_gst_value_parse_value: trying type name 'string'
0:00:00.014356620  2776 0x2557320 DEBUG   GST_POLL gstpoll.c:980:gst_poll_fd_ctl_write: 0x255f9e0: fd (fd:0, idx:1), active : 1
0:00:00.018247242  2775 0x7f0390 DEBUG   structure gststructure.c:2258:gst_structure_parse_field: trying field name 'author'
0:00:00.014362653  2776 0x2557320 LOG   GST_POLL gstpoll.c:994:gst_poll_fd_ctl_write: 0x255f9e0: pfd->events now 60 (POLLOUT:4)
0:00:00.018253411  2775 0x7f0390 DEBUG   default gstvalue.c:2776:_priv_gst_value_parse_value: trying type name 'string'
0:00:00.014368998  2776 0x2557320 DEBUG   GST_POLL gstpoll.c:980:gst_poll_fd_ctl_write: 0x255f9e0: fd (fd:0, idx:1), active : 1
0:00:00.018260418  2775 0x7f0390 DEBUG   GST_REGISTRY gstregistrychunks.c:627:gst_registry_chunks_load_feature: Element factory : npadtemplates=1
0:00:00.014374978  2776 0x2557320 LOG   GST_POLL gstpoll.c:994:gst_poll_fd_ctl_write: 0x255f9e0: pfd->events now 60 (POLLOUT:4)
0:00:00.018266542  2775 0x7f0390 DEBUG   GST_REGISTRY gstregistrychunks.c:527:gst_registry_chunks_load_pad_template: Reading/casting for GstRegistryChunkPadTemplate at address 0x80cb70
0:00:00.014381886  2776 0x2557320 DEBUG   GST_POLL gstpoll.c:980:gst_poll_fd_ctl_write: 0x255f9e0: fd (fd:0, idx:1), active : 1
0:00:00.018272830  2775 0x7f0390 DEBUG   GST_REGISTRY gstregistrychunks.c:540:gst_registry_chunks_load_pad_template: Added pad_template src
0:00:00.014387858  2776 0x2557320 LOG   GST_POLL gstpoll.c:994:gst_poll_fd_ctl_write: 0x255f9e0: pfd->events now 60 (POLLOUT:4)
0:00:00.018279375  2775 0x7f0390 DEBUG   GST_REGISTRY gstregistrychunks.c:640:gst_registry_chunks_load_feature: Reading 1 UriTypes at address 0x80cb80
0:00:00.014394213  2776 0x2557320 DEBUG   GST_POLL gstpoll.c:980:gst_poll_fd_ctl_write: 0x255f9e0: fd (fd:0, idx:1), active : 1
0:00:00.018286152  2775 0x7f0390 DEBUG   GST_REGISTRY gstregistrychunks.c:655:gst_registry_chunks_load_feature: Reading 1 Interfaces at address 0x80cb89
0:00:00.014404357  2776 0x2557320 LOG   GST_POLL gstpoll.c:994:gst_poll_fd_ctl_write: 0x255f9e0: pfd->events now 60 (POLLOUT:4)
0:00:00.018295984  2775 0x7f0390 DEBUG   GST_REGISTRY gstregistry.c:590:gst_registry_add_feature: adding feature 0x80fe00 (filesrc)
0:00:00.014410804  2776 0x2557320 DEBUG   GST_POLL gstpoll.c:980:gst_poll_fd_ctl_write: 0x255f9e0: fd (fd:0, idx:1), active : 1
0:00:00.018302651  2775 0x7f0390 DEBUG   GST_REFCOUNTING gstobject.c:709:gst_object_set_parent: set parent (ref and sink)
0:00:00.014417083  2776 0x2557320 LOG   GST_POLL gstpoll.c:994:gst_poll_fd_ctl_write: 0x255f9e0: pfd->events now 60 (POLLOUT:4)
0:00:00.018310723  2775 0x7f0390 TRACE   GST_REFCOUNTING gstobject.c:294:gst_object_ref_sink: 0x80fe00 ref_sink 1->2
0:00:00.014424585  2776 0x2557320 DEBUG   GST_POLL gstpoll.c:980:gst_poll_fd_ctl_write: 0x255f9e0: fd (fd:0, idx:1), active : 1
0:00:00.018318004  2775 0x7f0390 LOG   GST_REGISTRY gstregistry.c:608:gst_registry_add_feature: emitting feature-added for filesrc
0:00:00.014432012  2776 0x2557320 LOG   GST_POLL gstpoll.c:994:gst_poll_fd_ctl_write: 0x255f9e0: pfd->events now 60 (POLLOUT:4)
0:00:00.018325354  2775 0x7f0390 DEBUG   GST_REGISTRY gstregistrychunks.c:742:gst_registry_chunks_load_feature: Added feature filesrc, plugin 0x80b7b0 coreelements
0:00:00.014439392  2776 0x2557320 DEBUG   GST_POLL gstpoll.c:980:gst_poll_fd_ctl_write: 0x255f9e0: fd (fd:0, idx:1), active : 1
0:00:00.018332538  2775 0x7f0390 DEBUG   GST_REGISTRY gstregistrychunks.c:584:gst_registry_chunks_load_feature: Plugin 'coreelements' feature 'fdsink' typename : 'GstElementFactory'
0:00:00.014446342  2776 0x2557320 LOG   GST_POLL gstpoll.c:994:gst_poll_fd_ctl_write: 0x255f9e0: pfd->events now 60 (POLLOUT:4)
0:00:00.018340254  2775 0x7f0390 TRACE   GST_REFCOUNTING gstobject.c:208:gst_object_init: 0x810630 new
0:00:00.014453869  2776 0x2557320 DEBUG   GST_POLL gstpoll.c:980:gst_poll_fd_ctl_write: 0x255f9e0: fd (fd:0, idx:1), active : 1
0:00:00.018347648  2775 0x7f0390 LOG   GST_REGISTRY gstregistrychunks.c:611:gst_registry_chunks_load_feature: Reading/casting for GstRegistryChunkElementFactory at address 0x80cbb0
0:00:00.014461602  2776 0x2557320 LOG   GST_POLL gstpoll.c:994:gst_poll_fd_ctl_write: 0x255f9e0: pfd->events now 60 (POLLOUT:4)
0:00:00.018354206  2775 0x7f0390 TRACE   structure gststructure.c:292:gst_structure_new_id_empty_with_size: created structure 0x810880
0:00:00.014468777  2776 0x2557320 DEBUG   GST_POLL gstpoll.c:980:gst_poll_fd_ctl_write: 0x255f9e0: fd (fd:0, idx:1), active : 1
0:00:00.018360417  2775 0x7f0390 DEBUG   structure gststructure.c:2258:gst_structure_parse_field: trying field name 'long-name'
0:00:00.014475046  2776 0x2557320 LOG   GST_POLL gstpoll.c:994:gst_poll_fd_ctl_write: 0x255f9e0: pfd->events now 60 (POLLOUT:4)
0:00:00.018366426  2775 0x7f0390 DEBUG   default gstvalue.c:2776:_priv_gst_value_parse_value: trying type name 'string'
0:00:00.014485423  2776 0x2557320 DEBUG   GST_POLL gstpoll.c:980:gst_poll_fd_ctl_write: 0x255f9e0: fd (fd:0, idx:1), active : 1
0:00:00.018375378  2775 0x7f0390 DEBUG   structure gststructure.c:2258:gst_structure_parse_field: trying field name 'klass'
0:00:00.014491367  2776 0x2557320 LOG   GST_POLL gstpoll.c:994:gst_poll_fd_ctl_write: 0x255f9e0: pfd->events now 60 (POLLOUT:4)
0:00:00.018381344  2775 0x7f0390 DEBUG   default gstvalue.c:2776:_priv_gst_value_parse_value: trying type name 'string'
0:00:00.014497608  2776 0x2557320 DEBUG   GST_POLL gstpoll.c:980:gst_poll_fd_ctl_write: 0x255f9e0: fd (fd:0, idx:1), active : 1
0:00:00.018388052  2775 0x7f0390 DEBUG   structure gststructure.c:2258:gst_structure_parse_field: trying field name 'description'
0:00:00.014503552  2776 0x2557320 LOG   GST_POLL gstpoll.c:994:gst_poll_fd_ctl_write: 0x255f9e0: pfd->events now 60 (POLLOUT:4)
0:00:00.018394160  2775 0x7f0390 DEBUG   default gstvalue.c:2776:_priv_gst_value_parse_value: trying type name 'string'
0:00:00.014509973  2776 0x2557320 DEBUG   GST_POLL gstpoll.c:980:gst_poll_fd_ctl_write: 0x255f9e0: fd (fd:0, idx:1), active : 1
0:00:00.018400874  2775 0x7f0390 DEBUG   structure gststructure.c:2258:gst_structure_parse_field: trying field name 'author'
0:00:00.014529467  2776 0x2557320 LOG   GST_POLL gstpoll.c:994:gst_poll_fd_ctl_write: 0x255f9e0: pfd->events now 60 (POLLOUT:4)
0:00:00.018420236  2775 0x7f0390 DEBUG   default gstvalue.c:2776:_priv_gst_value_parse_value: trying type name 'string'
0:00:00.014536108  2776 0x2557320 DEBUG   GST_POLL gstpoll.c:980:gst_poll_fd_ctl_write: 0x255f9e0: fd (fd:0, idx:1), active : 1
0:00:00.018427157  2775 0x7f0390 DEBUG   GST_REGISTRY gstregistrychunks.c:627:gst_registry_chunks_load_feature: Element factory : npadtemplates=1
0:00:00.014542222  2776 0x2557320 LOG   GST_POLL gstpoll.c:994:gst_poll_fd_ctl_write: 0x255f9e0: pfd->events now 60 (POLLOUT:4)
0:00:00.018433412  2775 0x7f0390 DEBUG   GST_REGISTRY gstregistrychunks.c:527:gst_registry_chunks_load_pad_template: Reading/casting for GstRegistryChunkPadTemplate at address 0x80cc90
0:00:00.014548588  2776 0x2557320 DEBUG   GST_POLL gstpoll.c:980:gst_poll_fd_ctl_write: 0x255f9e0: fd (fd:0, idx:1), active : 1
0:00:00.018439701  2775 0x7f0390 DEBUG   GST_REGISTRY gstregistrychunks.c:540:gst_registry_chunks_load_pad_template: Added pad_template sink
0:00:00.014554570  2776 0x2557320 LOG   GST_POLL gstpoll.c:994:gst_poll_fd_ctl_write: 0x255f9e0: pfd->events now 60 (POLLOUT:4)
0:00:00.018446538  2775 0x7f0390 DEBUG   GST_REGISTRY gstregistrychunks.c:640:gst_registry_chunks_load_feature: Reading 1 UriTypes at address 0x80cca1
0:00:00.014561123  2776 0x2557320 DEBUG   GST_POLL gstpoll.c:980:gst_poll_fd_ctl_write: 0x255f9e0: fd (fd:0, idx:1), active : 1
0:00:00.018453629  2775 0x7f0390 DEBUG   GST_REGISTRY gstregistrychunks.c:655:gst_registry_chunks_load_feature: Reading 1 Interfaces at address 0x80ccaf
0:00:00.014567861  2776 0x2557320 LOG   GST_POLL gstpoll.c:994:gst_poll_fd_ctl_write: 0x255f9e0: pfd->events now 60 (POLLOUT:4)
0:00:00.018466729  2775 0x7f0390 DEBUG   GST_REGISTRY gstregistry.c:590:gst_registry_add_feature: adding feature 0x810630 (fdsink)
0:00:00.014580084  2776 0x2557320 DEBUG   GST_POLL gstpoll.c:980:gst_poll_fd_ctl_write: 0x255f9e0: fd (fd:0, idx:1), active : 1
0:00:00.018473663  2775 0x7f0390 DEBUG   GST_REFCOUNTING gstobject.c:709:gst_object_set_parent: set parent (ref and sink)
0:00:00.014588103  2776 0x2557320 LOG   GST_POLL gstpoll.c:994:gst_poll_fd_ctl_write: 0x255f9e0: pfd->events now 60 (POLLOUT:4)
0:00:00.018481634  2775 0x7f0390 TRACE   GST_REFCOUNTING gstobject.c:294:gst_object_ref_sink: 0x810630 ref_sink 1->2
0:00:00.014595699  2776 0x2557320 DEBUG   GST_POLL gstpoll.c:980:gst_poll_fd_ctl_write: 0x255f9e0: fd (fd:0, idx:1), active : 1
0:00:00.018489278  2775 0x7f0390 LOG   GST_REGISTRY gstregistry.c:608:gst_registry_add_feature: emitting feature-added for fdsink
0:00:00.014603434  2776 0x2557320 LOG   GST_POLL gstpoll.c:994:gst_poll_fd_ctl_write: 0x255f9e0: pfd->events now 60 (POLLOUT:4)
0:00:00.018496475  2775 0x7f0390 DEBUG   GST_REGISTRY gstregistrychunks.c:742:gst_registry_chunks_load_feature: Added feature fdsink, plugin 0x80b7b0 coreelements
0:00:00.014610633  2776 0x2557320 DEBUG   GST_POLL gstpoll.c:980:gst_poll_fd_ctl_write: 0x255f9e0: fd (fd:0, idx:1), active : 1
0:00:00.018508407  2775 0x7f0390 DEBUG   GST_REGISTRY gstregistrychunks.c:584:gst_registry_chunks_load_feature: Plugin 'coreelements' feature 'fdsrc' typename : 'GstElementFactory'
0:00:00.014622194  2776 0x2557320 LOG   GST_POLL gstpoll.c:994:gst_poll_fd_ctl_write: 0x255f9e0: pfd->events now 60 (POLLOUT:4)
0:00:00.014629835  2776 0x2557320 DEBUG   GST_POLL gstpoll.c:980:gst_poll_fd_ctl_write: 0x255f9e0: fd (fd:0, idx:1), active : 1
0:00:00.018516960  2775 0x7f0390 TRACE   GST_REFCOUNTING gstobject.c:208:gst_object_init: 0x8109b0 new
0:00:00.014635375  2776 0x2557320 LOG   GST_POLL gstpoll.c:994:gst_poll_fd_ctl_write: 0x255f9e0: pfd->events now 60 (POLLOUT:4)
0:00:00.018526608  2775 0x7f0390 LOG   GST_REGISTRY gstregistrychunks.c:611:gst_registry_chunks_load_feature: Reading/casting for GstRegistryChunkElementFactory at address 0x80ccd8
0:00:00.014641814  2776 0x2557320 DEBUG   GST_POLL gstpoll.c:980:gst_poll_fd_ctl_write: 0x255f9e0: fd (fd:0, idx:1), active : 1
0:00:00.018533221  2775 0x7f0390 TRACE   structure gststructure.c:292:gst_structure_new_id_empty_with_size: created structure 0x810c00
0:00:00.014647765  2776 0x2557320 LOG   GST_POLL gstpoll.c:994:gst_poll_fd_ctl_write: 0x255f9e0: pfd->events now 60 (POLLOUT:4)
0:00:00.018539330  2775 0x7f0390 DEBUG   structure gststructure.c:2258:gst_structure_parse_field: trying field name 'long-name'
0:00:00.014654243  2776 0x2557320 DEBUG   GST_POLL gstpoll.c:980:gst_poll_fd_ctl_write: 0x255f9e0: fd (fd:0, idx:1), active : 1
0:00:00.018545339  2775 0x7f0390 DEBUG   default gstvalue.c:2776:_priv_gst_value_parse_value: trying type name 'string'
0:00:00.014668676  2776 0x2557320 LOG   GST_POLL gstpoll.c:994:gst_poll_fd_ctl_write: 0x255f9e0: pfd->events now 60 (POLLOUT:4)
0:00:00.018558921  2775 0x7f0390 DEBUG   structure gststructure.c:2258:gst_structure_parse_field: trying field name 'klass'
0:00:00.014675367  2776 0x2557320 DEBUG   GST_POLL gstpoll.c:980:gst_poll_fd_ctl_write: 0x255f9e0: fd (fd:0, idx:1), active : 1
0:00:00.018564845  2775 0x7f0390 DEBUG   default gstvalue.c:2776:_priv_gst_value_parse_value: trying type name 'string'
0:00:00.014681673  2776 0x2557320 LOG   GST_POLL gstpoll.c:994:gst_poll_fd_ctl_write: 0x255f9e0: pfd->events now 60 (POLLOUT:4)
0:00:00.018571722  2775 0x7f0390 DEBUG   structure gststructure.c:2258:gst_structure_parse_field: trying field name 'description'
0:00:00.014688151  2776 0x2557320 DEBUG   GST_POLL gstpoll.c:980:gst_poll_fd_ctl_write: 0x255f9e0: fd (fd:0, idx:1), active : 1
0:00:00.018577578  2775 0x7f0390 DEBUG   default gstvalue.c:2776:_priv_gst_value_parse_value: trying type name 'string'
0:00:00.014694119  2776 0x2557320 LOG   GST_POLL gstpoll.c:994:gst_poll_fd_ctl_write: 0x255f9e0: pfd->events now 60 (POLLOUT:4)
0:00:00.018584367  2775 0x7f0390 DEBUG   structure gststructure.c:2258:gst_structure_parse_field: trying field name 'author'
0:00:00.014700338  2776 0x2557320 DEBUG   GST_POLL gstpoll.c:980:gst_poll_fd_ctl_write: 0x255f9e0: fd (fd:0, idx:1), active : 1
0:00:00.018590236  2775 0x7f0390 DEBUG   default gstvalue.c:2776:_priv_gst_value_parse_value: trying type name 'string'
0:00:00.014706353  2776 0x2557320 LOG   GST_POLL gstpoll.c:994:gst_poll_fd_ctl_write: 0x255f9e0: pfd->events now 60 (POLLOUT:4)
0:00:00.018596899  2775 0x7f0390 DEBUG   GST_REGISTRY gstregistrychunks.c:627:gst_registry_chunks_load_feature: Element factory : npadtemplates=1
0:00:00.014712715  2776 0x2557320 DEBUG   GST_POLL gstpoll.c:980:gst_poll_fd_ctl_write: 0x255f9e0: fd (fd:0, idx:1), active : 1
0:00:00.018603032  2775 0x7f0390 DEBUG   GST_REGISTRY gstregistrychunks.c:527:gst_registry_chunks_load_pad_template: Reading/casting for GstRegistryChunkPadTemplate at address 0x80cdb8
0:00:00.014718767  2776 0x2557320 LOG   GST_POLL gstpoll.c:994:gst_poll_fd_ctl_write: 0x255f9e0: pfd->events now 60 (POLLOUT:4)
0:00:00.018609021  2775 0x7f0390 DEBUG   GST_REGISTRY gstregistrychunks.c:540:gst_registry_chunks_load_pad_template: Added pad_template src
0:00:00.014725100  2776 0x2557320 DEBUG   GST_POLL gstpoll.c:980:gst_poll_fd_ctl_write: 0x255f9e0: fd (fd:0, idx:1), active : 1
0:00:00.018615524  2775 0x7f0390 DEBUG   GST_REGISTRY gstregistrychunks.c:640:gst_registry_chunks_load_feature: Reading 1 UriTypes at address 0x80cdc8
0:00:00.014731060  2776 0x2557320 LOG   GST_POLL gstpoll.c:994:gst_poll_fd_ctl_write: 0x255f9e0: pfd->events now 60 (POLLOUT:4)
0:00:00.018622125  2775 0x7f0390 DEBUG   GST_REGISTRY gstregistrychunks.c:655:gst_registry_chunks_load_feature: Reading 1 Interfaces at address 0x80cdcf
0:00:00.014737444  2776 0x2557320 DEBUG   GST_POLL gstpoll.c:980:gst_poll_fd_ctl_write: 0x255f9e0: fd (fd:0, idx:1), active : 1
0:00:00.014747389  2776 0x2557320 LOG   GST_POLL gstpoll.c:994:gst_poll_fd_ctl_write: 0x255f9e0: pfd->events now 60 (POLLOUT:4)
0:00:00.018637840  2775 0x7f0390 DEBUG   GST_REGISTRY gstregistry.c:590:gst_registry_add_feature: adding feature 0x8109b0 (fdsrc)
0:00:00.014753129  2776 0x2557320 DEBUG   GST_POLL gstpoll.c:980:gst_poll_fd_ctl_write: 0x255f9e0: fd (fd:0, idx:1), active : 1
0:00:00.018644829  2775 0x7f0390 DEBUG   GST_REFCOUNTING gstobject.c:709:gst_object_set_parent: set parent (ref and sink)
0:00:00.014759304  2776 0x2557320 LOG   GST_POLL gstpoll.c:994:gst_poll_fd_ctl_write: 0x255f9e0: pfd->events now 60 (POLLOUT:4)
0:00:00.018653172  2775 0x7f0390 TRACE   GST_REFCOUNTING gstobject.c:294:gst_object_ref_sink: 0x8109b0 ref_sink 1->2
0:00:00.014767117  2776 0x2557320 DEBUG   GST_POLL gstpoll.c:980:gst_poll_fd_ctl_write: 0x255f9e0: fd (fd:0, idx:1), active : 1
0:00:00.018660565  2775 0x7f0390 LOG   GST_REGISTRY gstregistry.c:608:gst_registry_add_feature: emitting feature-added for fdsrc
0:00:00.014774793  2776 0x2557320 LOG   GST_POLL gstpoll.c:994:gst_poll_fd_ctl_write: 0x255f9e0: pfd->events now 60 (POLLOUT:4)
0:00:00.018667995  2775 0x7f0390 DEBUG   GST_REGISTRY gstregistrychunks.c:742:gst_registry_chunks_load_feature: Added feature fdsrc, plugin 0x80b7b0 coreelements
0:00:00.014781793  2776 0x2557320 DEBUG   GST_POLL gstpoll.c:980:gst_poll_fd_ctl_write: 0x255f9e0: fd (fd:0, idx:1), active : 1
0:00:00.018675169  2775 0x7f0390 DEBUG   GST_REGISTRY gstregistrychunks.c:584:gst_registry_chunks_load_feature: Plugin 'coreelements' feature 'fakesink' typename : 'GstElementFactory'
0:00:00.014789170  2776 0x2557320 LOG   GST_POLL gstpoll.c:994:gst_poll_fd_ctl_write: 0x255f9e0: pfd->events now 60 (POLLOUT:4)
0:00:00.018683084  2775 0x7f0390 TRACE   GST_REFCOUNTING gstobject.c:208:gst_object_init: 0x8102f0 new
0:00:00.014796791  2776 0x2557320 DEBUG   GST_POLL gstpoll.c:980:gst_poll_fd_ctl_write: 0x255f9e0: fd (fd:0, idx:1), active : 1
0:00:00.018691188  2775 0x7f0390 LOG   GST_REGISTRY gstregistrychunks.c:611:gst_registry_chunks_load_feature: Reading/casting for GstRegistryChunkElementFactory at address 0x80cdf8
0:00:00.014805127  2776 0x2557320 LOG   GST_POLL gstpoll.c:994:gst_poll_fd_ctl_write: 0x255f9e0: pfd->events now 60 (POLLOUT:4)
0:00:00.018697892  2775 0x7f0390 TRACE   structure gststructure.c:292:gst_structure_new_id_empty_with_size: created structure 0x8111d0
0:00:00.014812683  2776 0x2557320 DEBUG   GST_POLL gstpoll.c:980:gst_poll_fd_ctl_write: 0x255f9e0: fd (fd:0, idx:1), active : 1
0:00:00.018704129  2775 0x7f0390 DEBUG   structure gststructure.c:2258:gst_structure_parse_field: trying field name 'long-name'
0:00:00.014818838  2776 0x2557320 LOG   GST_POLL gstpoll.c:994:gst_poll_fd_ctl_write: 0x255f9e0: pfd->events now 60 (POLLOUT:4)
0:00:00.018710289  2775 0x7f0390 DEBUG   default gstvalue.c:2776:_priv_gst_value_parse_value: trying type name 'string'
0:00:00.014829545  2776 0x2557320 DEBUG   GST_POLL gstpoll.c:980:gst_poll_fd_ctl_write: 0x255f9e0: fd (fd:0, idx:1), active : 1
0:00:00.018719890  2775 0x7f0390 DEBUG   structure gststructure.c:2258:gst_structure_parse_field: trying field name 'klass'
0:00:00.014835653  2776 0x2557320 LOG   GST_POLL gstpoll.c:994:gst_poll_fd_ctl_write: 0x255f9e0: pfd->events now 60 (POLLOUT:4)
0:00:00.018726194  2775 0x7f0390 DEBUG   default gstvalue.c:2776:_priv_gst_value_parse_value: trying type name 'string'
0:00:00.014842258  2776 0x2557320 DEBUG   GST_POLL gstpoll.c:980:gst_poll_fd_ctl_write: 0x255f9e0: fd (fd:0, idx:1), active : 1
0:00:00.018732865  2775 0x7f0390 DEBUG   structure gststructure.c:2258:gst_structure_parse_field: trying field name 'description'
0:00:00.014848391  2776 0x2557320 LOG   GST_POLL gstpoll.c:994:gst_poll_fd_ctl_write: 0x255f9e0: pfd->events now 60 (POLLOUT:4)
0:00:00.018739097  2775 0x7f0390 DEBUG   default gstvalue.c:2776:_priv_gst_value_parse_value: trying type name 'string'
0:00:00.014854970  2776 0x2557320 DEBUG   GST_POLL gstpoll.c:980:gst_poll_fd_ctl_write: 0x255f9e0: fd (fd:0, idx:1), active : 1
0:00:00.018745738  2775 0x7f0390 DEBUG   structure gststructure.c:2258:gst_structure_parse_field: trying field name 'author'
0:00:00.014861003  2776 0x2557320 LOG   GST_POLL gstpoll.c:994:gst_poll_fd_ctl_write: 0x255f9e0: pfd->events now 60 (POLLOUT:4)
0:00:00.018751658  2775 0x7f0390 DEBUG   default gstvalue.c:2776:_priv_gst_value_parse_value: trying type name 'string'
0:00:00.014867440  2776 0x2557320 DEBUG   GST_POLL gstpoll.c:980:gst_poll_fd_ctl_write: 0x255f9e0: fd (fd:0, idx:1), active : 1
0:00:00.018759699  2775 0x7f0390 DEBUG   GST_REGISTRY gstregistrychunks.c:627:gst_registry_chunks_load_feature: Element factory : npadtemplates=1
0:00:00.014873490  2776 0x2557320 LOG   GST_POLL gstpoll.c:994:gst_poll_fd_ctl_write: 0x255f9e0: pfd->events now 60 (POLLOUT:4)
0:00:00.018765869  2775 0x7f0390 DEBUG   GST_REGISTRY gstregistrychunks.c:527:gst_registry_chunks_load_pad_template: Reading/casting for GstRegistryChunkPadTemplate at address 0x80cf20
0:00:00.014881262  2776 0x2557320 DEBUG   GST_POLL gstpoll.c:980:gst_poll_fd_ctl_write: 0x255f9e0: fd (fd:0, idx:1), active : 1
0:00:00.018772138  2775 0x7f0390 DEBUG   GST_REGISTRY gstregistrychunks.c:540:gst_registry_chunks_load_pad_template: Added pad_template sink
0:00:00.014887529  2776 0x2557320 LOG   GST_POLL gstpoll.c:994:gst_poll_fd_ctl_write: 0x255f9e0: pfd->events now 60 (POLLOUT:4)
0:00:00.018780226  2775 0x7f0390 DEBUG   GST_REGISTRY gstregistry.c:590:gst_registry_add_feature: adding feature 0x8102f0 (fakesink)
0:00:00.014893912  2776 0x2557320 DEBUG   GST_POLL gstpoll.c:980:gst_poll_fd_ctl_write: 0x255f9e0: fd (fd:0, idx:1), active : 1
0:00:00.018786704  2775 0x7f0390 DEBUG   GST_REFCOUNTING gstobject.c:709:gst_object_set_parent: set parent (ref and sink)
0:00:00.014901462  2776 0x2557320 LOG   GST_POLL gstpoll.c:994:gst_poll_fd_ctl_write: 0x255f9e0: pfd->events now 60 (POLLOUT:4)
0:00:00.018799384  2775 0x7f0390 TRACE   GST_REFCOUNTING gstobject.c:294:gst_object_ref_sink: 0x8102f0 ref_sink 1->2
0:00:00.014913269  2776 0x2557320 DEBUG   GST_POLL gstpoll.c:980:gst_poll_fd_ctl_write: 0x255f9e0: fd (fd:0, idx:1), active : 1
0:00:00.018806756  2775 0x7f0390 LOG   GST_REGISTRY gstregistry.c:608:gst_registry_add_feature: emitting feature-added for fakesink
0:00:00.014920867  2776 0x2557320 LOG   GST_POLL gstpoll.c:994:gst_poll_fd_ctl_write: 0x255f9e0: pfd->events now 60 (POLLOUT:4)
0:00:00.018813864  2775 0x7f0390 DEBUG   GST_REGISTRY gstregistrychunks.c:742:gst_registry_chunks_load_feature: Added feature fakesink, plugin 0x80b7b0 coreelements
0:00:00.014928015  2776 0x2557320 DEBUG   GST_POLL gstpoll.c:980:gst_poll_fd_ctl_write: 0x255f9e0: fd (fd:0, idx:1), active : 1
0:00:00.018821058  2775 0x7f0390 DEBUG   GST_REGISTRY gstregistrychunks.c:584:gst_registry_chunks_load_feature: Plugin 'coreelements' feature 'fakesrc' typename : 'GstElementFactory'
0:00:00.014934759  2776 0x2557320 LOG   GST_POLL gstpoll.c:994:gst_poll_fd_ctl_write: 0x255f9e0: pfd->events now 60 (POLLOUT:4)
0:00:00.018828831  2775 0x7f0390 TRACE   GST_REFCOUNTING gstobject.c:208:gst_object_init: 0x810e60 new
0:00:00.014942324  2776 0x2557320 DEBUG   GST_POLL gstpoll.c:980:gst_poll_fd_ctl_write: 0x255f9e0: fd (fd:0, idx:1), active : 1
0:00:00.018836669  2775 0x7f0390 LOG   GST_REGISTRY gstregistrychunks.c:611:gst_registry_chunks_load_feature: Reading/casting for GstRegistryChunkElementFactory at address 0x80cf50
0:00:00.014950387  2776 0x2557320 LOG   GST_POLL gstpoll.c:994:gst_poll_fd_ctl_write: 0x255f9e0: pfd->events now 60 (POLLOUT:4)
0:00:00.018843155  2775 0x7f0390 TRACE   structure gststructure.c:292:gst_structure_new_id_empty_with_size: created structure 0x811520
0:00:00.014958193  2776 0x2557320 DEBUG   GST_POLL gstpoll.c:980:gst_poll_fd_ctl_write: 0x255f9e0: fd (fd:0, idx:1), active : 1
0:00:00.018849285  2775 0x7f0390 DEBUG   structure gststructure.c:2258:gst_structure_parse_field: trying field name 'long-name'
0:00:00.014964185  2776 0x2557320 LOG   GST_POLL gstpoll.c:994:gst_poll_fd_ctl_write: 0x255f9e0: pfd->events now 60 (POLLOUT:4)
0:00:00.018855189  2775 0x7f0390 DEBUG   default gstvalue.c:2776:_priv_gst_value_parse_value: trying type name 'string'
0:00:00.014970514  2776 0x2557320 DEBUG   GST_POLL gstpoll.c:980:gst_poll_fd_ctl_write: 0x255f9e0: fd (fd:0, idx:1), active : 1
0:00:00.018861745  2775 0x7f0390 DEBUG   structure gststructure.c:2258:gst_structure_parse_field: trying field name 'klass'
0:00:00.014976601  2776 0x2557320 LOG   GST_POLL gstpoll.c:994:gst_poll_fd_ctl_write: 0x255f9e0: pfd->events now 60 (POLLOUT:4)
0:00:00.018867558  2775 0x7f0390 DEBUG   default gstvalue.c:2776:_priv_gst_value_parse_value: trying type name 'string'
0:00:00.014982884  2776 0x2557320 DEBUG   GST_POLL gstpoll.c:980:gst_poll_fd_ctl_write: 0x255f9e0: fd (fd:0, idx:1), active : 1
0:00:00.018878207  2775 0x7f0390 DEBUG   structure gststructure.c:2258:gst_structure_parse_field: trying field name 'description'
0:00:00.014992453  2776 0x2557320 LOG   GST_POLL gstpoll.c:994:gst_poll_fd_ctl_write: 0x255f9e0: pfd->events now 60 (POLLOUT:4)
0:00:00.018884305  2775 0x7f0390 DEBUG   default gstvalue.c:2776:_priv_gst_value_parse_value: trying type name 'string'
0:00:00.014999477  2776 0x2557320 DEBUG   GST_POLL gstpoll.c:980:gst_poll_fd_ctl_write: 0x255f9e0: fd (fd:0, idx:1), active : 1
0:00:00.018891348  2775 0x7f0390 DEBUG   structure gststructure.c:2258:gst_structure_parse_field: trying field name 'author'
0:00:00.015005352  2776 0x2557320 LOG   GST_POLL gstpoll.c:994:gst_poll_fd_ctl_write: 0x255f9e0: pfd->events now 60 (POLLOUT:4)
0:00:00.018897540  2775 0x7f0390 DEBUG   default gstvalue.c:2776:_priv_gst_value_parse_value: trying type name 'string'
0:00:00.015012417  2776 0x2557320 DEBUG   GST_POLL gstpoll.c:980:gst_poll_fd_ctl_write: 0x255f9e0: fd (fd:0, idx:1), active : 1
0:00:00.018904834  2775 0x7f0390 DEBUG   GST_REGISTRY gstregistrychunks.c:627:gst_registry_chunks_load_feature: Element factory : npadtemplates=1
0:00:00.015018442  2776 0x2557320 LOG   GST_POLL gstpoll.c:994:gst_poll_fd_ctl_write: 0x255f9e0: pfd->events now 60 (POLLOUT:4)
0:00:00.018911027  2775 0x7f0390 DEBUG   GST_REGISTRY gstregistrychunks.c:527:gst_registry_chunks_load_pad_template: Reading/casting for GstRegistryChunkPadTemplate at address 0x80d050
0:00:00.015026182  2776 0x2557320 DEBUG   GST_POLL gstpoll.c:980:gst_poll_fd_ctl_write: 0x255f9e0: fd (fd:0, idx:1), active : 1
0:00:00.018917069  2775 0x7f0390 DEBUG   GST_REGISTRY gstregistrychunks.c:540:gst_registry_chunks_load_pad_template: Added pad_template src
0:00:00.015032110  2776 0x2557320 LOG   GST_POLL gstpoll.c:994:gst_poll_fd_ctl_write: 0x255f9e0: pfd->events now 60 (POLLOUT:4)
0:00:00.018924747  2775 0x7f0390 DEBUG   GST_REGISTRY gstregistry.c:590:gst_registry_add_feature: adding feature 0x810e60 (fakesrc)
0:00:00.015038360  2776 0x2557320 DEBUG   GST_POLL gstpoll.c:980:gst_poll_fd_ctl_write: 0x255f9e0: fd (fd:0, idx:1), active : 1
0:00:00.018931062  2775 0x7f0390 DEBUG   GST_REFCOUNTING gstobject.c:709:gst_object_set_parent: set parent (ref and sink)
0:00:00.015045713  2776 0x2557320 LOG   GST_POLL gstpoll.c:994:gst_poll_fd_ctl_write: 0x255f9e0: pfd->events now 60 (POLLOUT:4)
0:00:00.018939369  2775 0x7f0390 TRACE   GST_REFCOUNTING gstobject.c:294:gst_object_ref_sink: 0x810e60 ref_sink 1->2
0:00:00.015053218  2776 0x2557320 DEBUG   GST_POLL gstpoll.c:980:gst_poll_fd_ctl_write: 0x255f9e0: fd (fd:0, idx:1), active : 1
0:00:00.018946573  2775 0x7f0390 LOG   GST_REGISTRY gstregistry.c:608:gst_registry_add_feature: emitting feature-added for fakesrc
0:00:00.015060789  2776 0x2557320 LOG   GST_POLL gstpoll.c:994:gst_poll_fd_ctl_write: 0x255f9e0: pfd->events now 60 (POLLOUT:4)
0:00:00.018953538  2775 0x7f0390 DEBUG   GST_REGISTRY gstregistrychunks.c:742:gst_registry_chunks_load_feature: Added feature fakesrc, plugin 0x80b7b0 coreelements
0:00:00.015071649  2776 0x2557320 DEBUG   GST_POLL gstpoll.c:980:gst_poll_fd_ctl_write: 0x255f9e0: fd (fd:0, idx:1), active : 1
0:00:00.018962304  2775 0x7f0390 DEBUG   GST_REGISTRY gstregistrychunks.c:584:gst_registry_chunks_load_feature: Plugin 'coreelements' feature 'downloadbuffer' typename : 'GstElementFactory'
0:00:00.015077653  2776 0x2557320 LOG   GST_POLL gstpoll.c:994:gst_poll_fd_ctl_write: 0x255f9e0: pfd->events now 60 (POLLOUT:4)
0:00:00.018970066  2775 0x7f0390 TRACE   GST_REFCOUNTING gstobject.c:208:gst_object_init: 0x811780 new
0:00:00.015083930  2776 0x2557320 DEBUG   GST_POLL gstpoll.c:980:gst_poll_fd_ctl_write: 0x255f9e0: fd (fd:0, idx:1), active : 1
0:00:00.018977709  2775 0x7f0390 LOG   GST_REGISTRY gstregistrychunks.c:611:gst_registry_chunks_load_feature: Reading/casting for GstRegistryChunkElementFactory at address 0x80d088
0:00:00.015091517  2776 0x2557320 LOG   GST_POLL gstpoll.c:994:gst_poll_fd_ctl_write: 0x255f9e0: pfd->events now 60 (POLLOUT:4)
0:00:00.018984677  2775 0x7f0390 TRACE   structure gststructure.c:292:gst_structure_new_id_empty_with_size: created structure 0x811930
0:00:00.015099178  2776 0x2557320 DEBUG   GST_POLL gstpoll.c:980:gst_poll_fd_ctl_write: 0x255f9e0: fd (fd:0, idx:1), active : 1
0:00:00.018991098  2775 0x7f0390 DEBUG   structure gststructure.c:2258:gst_structure_parse_field: trying field name 'long-name'
0:00:00.015105580  2776 0x2557320 LOG   GST_POLL gstpoll.c:994:gst_poll_fd_ctl_write: 0x255f9e0: pfd->events now 60 (POLLOUT:4)
0:00:00.018997033  2775 0x7f0390 DEBUG   default gstvalue.c:2776:_priv_gst_value_parse_value: trying type name 'string'
0:00:00.015112040  2776 0x2557320 DEBUG   GST_POLL gstpoll.c:980:gst_poll_fd_ctl_write: 0x255f9e0: fd (fd:0, idx:1), active : 1
0:00:00.019003434  2775 0x7f0390 DEBUG   structure gststructure.c:2258:gst_structure_parse_field: trying field name 'klass'
0:00:00.015118073  2776 0x2557320 LOG   GST_POLL gstpoll.c:994:gst_poll_fd_ctl_write: 0x255f9e0: pfd->events now 60 (POLLOUT:4)
0:00:00.019009330  2775 0x7f0390 DEBUG   default gstvalue.c:2776:_priv_gst_value_parse_value: trying type name 'string'
0:00:00.015124510  2776 0x2557320 DEBUG   GST_POLL gstpoll.c:980:gst_poll_fd_ctl_write: 0x255f9e0: fd (fd:0, idx:1), active : 1
0:00:00.019015740  2775 0x7f0390 DEBUG   structure gststructure.c:2258:gst_structure_parse_field: trying field name 'description'
0:00:00.015130625  2776 0x2557320 LOG   GST_POLL gstpoll.c:994:gst_poll_fd_ctl_write: 0x255f9e0: pfd->events now 60 (POLLOUT:4)
0:00:00.019021678  2775 0x7f0390 DEBUG   default gstvalue.c:2776:_priv_gst_value_parse_value: trying type name 'string'
0:00:00.015137159  2776 0x2557320 DEBUG   GST_POLL gstpoll.c:980:gst_poll_fd_ctl_write: 0x255f9e0: fd (fd:0, idx:1), active : 1
0:00:00.019028281  2775 0x7f0390 DEBUG   structure gststructure.c:2258:gst_structure_parse_field: trying field name 'author'
0:00:00.015143274  2776 0x2557320 LOG   GST_POLL gstpoll.c:994:gst_poll_fd_ctl_write: 0x255f9e0: pfd->events now 60 (POLLOUT:4)
0:00:00.019038527  2775 0x7f0390 DEBUG   default gstvalue.c:2776:_priv_gst_value_parse_value: trying type name 'string'
0:00:00.015153889  2776 0x2557320 DEBUG   GST_POLL gstpoll.c:980:gst_poll_fd_ctl_write: 0x255f9e0: fd (fd:0, idx:1), active : 1
0:00:00.019045290  2775 0x7f0390 DEBUG   GST_REGISTRY gstregistrychunks.c:627:gst_registry_chunks_load_feature: Element factory : npadtemplates=2
0:00:00.015159880  2776 0x2557320 LOG   GST_POLL gstpoll.c:994:gst_poll_fd_ctl_write: 0x255f9e0: pfd->events now 60 (POLLOUT:4)
0:00:00.019051444  2775 0x7f0390 DEBUG   GST_REGISTRY gstregistrychunks.c:527:gst_registry_chunks_load_pad_template: Reading/casting for GstRegistryChunkPadTemplate at address 0x80d150
0:00:00.015166331  2776 0x2557320 DEBUG   GST_POLL gstpoll.c:980:gst_poll_fd_ctl_write: 0x255f9e0: fd (fd:0, idx:1), active : 1
0:00:00.019057621  2775 0x7f0390 DEBUG   GST_REGISTRY gstregistrychunks.c:540:gst_registry_chunks_load_pad_template: Added pad_template sink
0:00:00.015172327  2776 0x2557320 LOG   GST_POLL gstpoll.c:994:gst_poll_fd_ctl_write: 0x255f9e0: pfd->events now 60 (POLLOUT:4)
0:00:00.019063578  2775 0x7f0390 DEBUG   GST_REGISTRY gstregistrychunks.c:527:gst_registry_chunks_load_pad_template: Reading/casting for GstRegistryChunkPadTemplate at address 0x80d168
0:00:00.015178639  2776 0x2557320 DEBUG   GST_POLL gstpoll.c:980:gst_poll_fd_ctl_write: 0x255f9e0: fd (fd:0, idx:1), active : 1
0:00:00.019069686  2775 0x7f0390 DEBUG   GST_REGISTRY gstregistrychunks.c:540:gst_registry_chunks_load_pad_template: Added pad_template src
0:00:00.015184529  2776 0x2557320 LOG   GST_POLL gstpoll.c:994:gst_poll_fd_ctl_write: 0x255f9e0: pfd->events now 60 (POLLOUT:4)
0:00:00.019077306  2775 0x7f0390 DEBUG   GST_REGISTRY gstregistry.c:590:gst_registry_add_feature: adding feature 0x811780 (downloadbuffer)
0:00:00.015190754  2776 0x2557320 DEBUG   GST_POLL gstpoll.c:980:gst_poll_fd_ctl_write: 0x255f9e0: fd (fd:0, idx:1), active : 1
0:00:00.019083628  2775 0x7f0390 DEBUG   GST_REFCOUNTING gstobject.c:709:gst_object_set_parent: set parent (ref and sink)
0:00:00.015217376  2776 0x2557320 LOG   GST_POLL gstpoll.c:994:gst_poll_fd_ctl_write: 0x255f9e0: pfd->events now 60 (POLLOUT:4)
0:00:00.019112654  2775 0x7f0390 TRACE   GST_REFCOUNTING gstobject.c:294:gst_object_ref_sink: 0x811780 ref_sink 1->2
0:00:00.015229489  2776 0x2557320 DEBUG   GST_POLL gstpoll.c:980:gst_poll_fd_ctl_write: 0x255f9e0: fd (fd:0, idx:1), active : 1
0:00:00.019124503  2775 0x7f0390 LOG   GST_REGISTRY gstregistry.c:608:gst_registry_add_feature: emitting feature-added for downloadbuffer
0:00:00.015238329  2776 0x2557320 LOG   GST_POLL gstpoll.c:994:gst_poll_fd_ctl_write: 0x255f9e0: pfd->events now 60 (POLLOUT:4)
0:00:00.019132240  2775 0x7f0390 DEBUG   GST_REGISTRY gstregistrychunks.c:742:gst_registry_chunks_load_feature: Added feature downloadbuffer, plugin 0x80b7b0 coreelements
0:00:00.015246278  2776 0x2557320 DEBUG   GST_POLL gstpoll.c:980:gst_poll_fd_ctl_write: 0x255f9e0: fd (fd:0, idx:1), active : 1
0:00:00.019147404  2775 0x7f0390 DEBUG   GST_REGISTRY gstregistrychunks.c:584:gst_registry_chunks_load_feature: Plugin 'coreelements' feature 'dataurisrc' typename : 'GstElementFactory'
0:00:00.015261151  2776 0x2557320 LOG   GST_POLL gstpoll.c:994:gst_poll_fd_ctl_write: 0x255f9e0: pfd->events now 60 (POLLOUT:4)
0:00:00.019156136  2775 0x7f0390 TRACE   GST_REFCOUNTING gstobject.c:208:gst_object_init: 0x8110c0 new
0:00:00.015269444  2776 0x2557320 LOG   GST_PLUGIN_LOADING gstpluginloader.c:645:put_chunk: Expanding tx buf from 13209 to 17023 for chunk of size 229
0:00:00.019164503  2775 0x7f0390 LOG   GST_REGISTRY gstregistrychunks.c:611:gst_registry_chunks_load_feature: Reading/casting for GstRegistryChunkElementFactory at address 0x80d198
0:00:00.015281438  2776 0x2557320 DEBUG   GST_POLL gstpoll.c:980:gst_poll_fd_ctl_write: 0x255f9e0: fd (fd:0, idx:1), active : 1
0:00:00.019174752  2775 0x7f0390 TRACE   structure gststructure.c:292:gst_structure_new_id_empty_with_size: created structure 0x811e60
0:00:00.015287555  2776 0x2557320 LOG   GST_POLL gstpoll.c:994:gst_poll_fd_ctl_write: 0x255f9e0: pfd->events now 60 (POLLOUT:4)
0:00:00.019181207  2775 0x7f0390 DEBUG   structure gststructure.c:2258:gst_structure_parse_field: trying field name 'long-name'
0:00:00.015296038  2776 0x2557320 DEBUG   GST_POLL gstpoll.c:980:gst_poll_fd_ctl_write: 0x255f9e0: fd (fd:0, idx:1), active : 1
0:00:00.019187262  2775 0x7f0390 DEBUG   default gstvalue.c:2776:_priv_gst_value_parse_value: trying type name 'string'
0:00:00.015302012  2776 0x2557320 LOG   GST_POLL gstpoll.c:994:gst_poll_fd_ctl_write: 0x255f9e0: pfd->events now 60 (POLLOUT:4)
0:00:00.019194613  2775 0x7f0390 DEBUG   structure gststructure.c:2258:gst_structure_parse_field: trying field name 'klass'
0:00:00.015308350  2776 0x2557320 DEBUG   GST_POLL gstpoll.c:980:gst_poll_fd_ctl_write: 0x255f9e0: fd (fd:0, idx:1), active : 1
0:00:00.019200810  2775 0x7f0390 DEBUG   default gstvalue.c:2776:_priv_gst_value_parse_value: trying type name 'string'
0:00:00.015315565  2776 0x2557320 LOG   GST_POLL gstpoll.c:994:gst_poll_fd_ctl_write: 0x255f9e0: pfd->events now 60 (POLLOUT:4)
0:00:00.019207441  2775 0x7f0390 DEBUG   structure gststructure.c:2258:gst_structure_parse_field: trying field name 'description'
0:00:00.015321816  2776 0x2557320 DEBUG   GST_POLL gstpoll.c:980:gst_poll_fd_ctl_write: 0x255f9e0: fd (fd:0, idx:1), active : 1
0:00:00.019213482  2775 0x7f0390 DEBUG   default gstvalue.c:2776:_priv_gst_value_parse_value: trying type name 'string'
0:00:00.015328223  2776 0x2557320 LOG   GST_POLL gstpoll.c:994:gst_poll_fd_ctl_write: 0x255f9e0: pfd->events now 60 (POLLOUT:4)
0:00:00.019220048  2775 0x7f0390 DEBUG   structure gststructure.c:2258:gst_structure_parse_field: trying field name 'author'
0:00:00.015334484  2776 0x2557320 DEBUG   GST_POLL gstpoll.c:980:gst_poll_fd_ctl_write: 0x255f9e0: fd (fd:0, idx:1), active : 1
0:00:00.019230360  2775 0x7f0390 DEBUG   default gstvalue.c:2776:_priv_gst_value_parse_value: trying type name 'string'
0:00:00.015345118  2776 0x2557320 LOG   GST_POLL gstpoll.c:994:gst_poll_fd_ctl_write: 0x255f9e0: pfd->events now 60 (POLLOUT:4)
0:00:00.019238457  2775 0x7f0390 DEBUG   GST_REGISTRY gstregistrychunks.c:627:gst_registry_chunks_load_feature: Element factory : npadtemplates=1
0:00:00.015351542  2776 0x2557320 DEBUG   GST_POLL gstpoll.c:980:gst_poll_fd_ctl_write: 0x255f9e0: fd (fd:0, idx:1), active : 1
0:00:00.019244773  2775 0x7f0390 DEBUG   GST_REGISTRY gstregistrychunks.c:527:gst_registry_chunks_load_pad_template: Reading/casting for GstRegistryChunkPadTemplate at address 0x80d2b0
0:00:00.015359705  2776 0x2557320 LOG   GST_POLL gstpoll.c:994:gst_poll_fd_ctl_write: 0x255f9e0: pfd->events now 60 (POLLOUT:4)
0:00:00.019251055  2775 0x7f0390 DEBUG   GST_REGISTRY gstregistrychunks.c:540:gst_registry_chunks_load_pad_template: Added pad_template src
0:00:00.015366017  2776 0x2557320 DEBUG   GST_POLL gstpoll.c:980:gst_poll_fd_ctl_write: 0x255f9e0: fd (fd:0, idx:1), active : 1
0:00:00.019257730  2775 0x7f0390 DEBUG   GST_REGISTRY gstregistrychunks.c:640:gst_registry_chunks_load_feature: Reading 1 UriTypes at address 0x80d2c0
0:00:00.015372127  2776 0x2557320 LOG   GST_POLL gstpoll.c:994:gst_poll_fd_ctl_write: 0x255f9e0: pfd->events now 60 (POLLOUT:4)
0:00:00.019265278  2775 0x7f0390 DEBUG   GST_REGISTRY gstregistrychunks.c:655:gst_registry_chunks_load_feature: Reading 1 Interfaces at address 0x80d2c9
0:00:00.015379441  2776 0x2557320 DEBUG   GST_POLL gstpoll.c:980:gst_poll_fd_ctl_write: 0x255f9e0: fd (fd:0, idx:1), active : 1
0:00:00.019273490  2775 0x7f0390 DEBUG   GST_REGISTRY gstregistry.c:590:gst_registry_add_feature: adding feature 0x8110c0 (dataurisrc)
0:00:00.015386333  2776 0x2557320 LOG   GST_POLL gstpoll.c:994:gst_poll_fd_ctl_write: 0x255f9e0: pfd->events now 60 (POLLOUT:4)
0:00:00.019280135  2775 0x7f0390 DEBUG   GST_REFCOUNTING gstobject.c:709:gst_object_set_parent: set parent (ref and sink)
0:00:00.015394903  2776 0x2557320 DEBUG   GST_POLL gstpoll.c:980:gst_poll_fd_ctl_write: 0x255f9e0: fd (fd:0, idx:1), active : 1
0:00:00.019287867  2775 0x7f0390 TRACE   GST_REFCOUNTING gstobject.c:294:gst_object_ref_sink: 0x8110c0 ref_sink 1->2
0:00:00.015401534  2776 0x2557320 LOG   GST_POLL gstpoll.c:994:gst_poll_fd_ctl_write: 0x255f9e0: pfd->events now 60 (POLLOUT:4)
0:00:00.019295372  2775 0x7f0390 LOG   GST_REGISTRY gstregistry.c:608:gst_registry_add_feature: emitting feature-added for dataurisrc
0:00:00.015409803  2776 0x2557320 DEBUG   GST_POLL gstpoll.c:980:gst_poll_fd_ctl_write: 0x255f9e0: fd (fd:0, idx:1), active : 1
0:00:00.019302604  2775 0x7f0390 DEBUG   GST_REGISTRY gstregistrychunks.c:742:gst_registry_chunks_load_feature: Added feature dataurisrc, plugin 0x80b7b0 coreelements
0:00:00.015416481  2776 0x2557320 LOG   GST_POLL gstpoll.c:994:gst_poll_fd_ctl_write: 0x255f9e0: pfd->events now 60 (POLLOUT:4)
0:00:00.019313948  2775 0x7f0390 DEBUG   GST_REGISTRY gstregistrychunks.c:584:gst_registry_chunks_load_feature: Plugin 'coreelements' feature 'concat' typename : 'GstElementFactory'
0:00:00.015427932  2776 0x2557320 DEBUG   GST_POLL gstpoll.c:980:gst_poll_fd_ctl_write: 0x255f9e0: fd (fd:0, idx:1), active : 1
0:00:00.019321783  2775 0x7f0390 TRACE   GST_REFCOUNTING gstobject.c:208:gst_object_init: 0x811d60 new
0:00:00.015435137  2776 0x2557320 LOG   GST_POLL gstpoll.c:994:gst_poll_fd_ctl_write: 0x255f9e0: pfd->events now 60 (POLLOUT:4)
0:00:00.019329622  2775 0x7f0390 LOG   GST_REGISTRY gstregistrychunks.c:611:gst_registry_chunks_load_feature: Reading/casting for GstRegistryChunkElementFactory at address 0x80d2f0
0:00:00.015443685  2776 0x2557320 DEBUG   GST_POLL gstpoll.c:980:gst_poll_fd_ctl_write: 0x255f9e0: fd (fd:0, idx:1), active : 1
0:00:00.019336305  2775 0x7f0390 TRACE   structure gststructure.c:292:gst_structure_new_id_empty_with_size: created structure 0x812220
0:00:00.015450761  2776 0x2557320 LOG   GST_POLL gstpoll.c:994:gst_poll_fd_ctl_write: 0x255f9e0: pfd->events now 60 (POLLOUT:4)
0:00:00.019342394  2775 0x7f0390 DEBUG   structure gststructure.c:2258:gst_structure_parse_field: trying field name 'long-name'
