0:00:00.012637377  2776 0x2557320 TRACE   GST_REFCOUNTING gstobject.c:265:gst_object_unref: 0x25860e0 unref 2->1
0:00:00.016529478  2775 0x7f0390 DEBUG   structure gststructure.c:2258:gst_structure_parse_field: trying field name 'long-name'
0:00:00.012644320  2776 0x2557320 TRACE   GST_REFCOUNTING gstobject.c:265:gst_object_unref: 0x2587b60 unref 2->1
0:00:00.016539966  2775 0x7f0390 DEBUG   default gstvalue.c:2776:_priv_gst_value_parse_value: trying type name 'string'
0:00:00.016546755  2775 0x7f0390 DEBUG   structure gststructure.c:2258:gst_structure_parse_field: trying field name 'klass'
0:00:00.012654967  2776 0x2557320 TRACE   GST_REFCOUNTING gstobject.c:265:gst_object_unref: 0x2589510 unref 2->1
0:00:00.016552432  2775 0x7f0390 DEBUG   default gstvalue.c:2776:_priv_gst_value_parse_value: trying type name 'string'
0:00:00.012667747  2776 0x2557320 TRACE   GST_REFCOUNTING gstobject.c:265:gst_object_unref: 0x258a610 unref 2->1
0:00:00.016558981  2775 0x7f0390 DEBUG   structure gststructure.c:2258:gst_structure_parse_field: trying field name 'description'
0:00:00.012674694  2776 0x2557320 TRACE   GST_REFCOUNTING gstobject.c:265:gst_object_unref: 0x258b820 unref 2->1
0:00:00.016578027  2775 0x7f0390 DEBUG   default gstvalue.c:2776:_priv_gst_value_parse_value: trying type name 'string'
0:00:00.012694350  2776 0x2557320 TRACE   GST_REFCOUNTING gstobject.c:265:gst_object_unref: 0x258c5f0 unref 2->1
0:00:00.016584584  2775 0x7f0390 DEBUG   structure gststructure.c:2258:gst_structure_parse_field: trying field name 'author'
0:00:00.012701137  2776 0x2557320 TRACE   GST_REFCOUNTING gstobject.c:265:gst_object_unref: 0x258dda0 unref 2->1
0:00:00.016590589  2775 0x7f0390 DEBUG   default gstvalue.c:2776:_priv_gst_value_parse_value: trying type name 'string'
0:00:00.012707901  2776 0x2557320 TRACE   GST_REFCOUNTING gstobject.c:265:gst_object_unref: 0x258ec90 unref 2->1
0:00:00.016598231  2775 0x7f0390 DEBUG   GST_REGISTRY gstregistrychunks.c:627:gst_registry_chunks_load_feature: Element factory : npadtemplates=2
0:00:00.012716286  2776 0x2557320 DEBUG   GST_REGISTRY gstregistrychunks.c:499:_priv_gst_registry_chunks_save_plugin: Found 22 features in plugin 0x2573840 (coreelements)
0:00:00.016604125  2775 0x7f0390 DEBUG   GST_REGISTRY gstregistrychunks.c:527:gst_registry_chunks_load_pad_template: Reading/casting for GstRegistryChunkPadTemplate at address 0x80bfd0
0:00:00.012740675  2776 0x2557320 DEBUG   GST_POLL gstpoll.c:980:gst_poll_fd_ctl_write: 0x255f9e0: fd (fd:0, idx:1), active : 1
0:00:00.016631473  2775 0x7f0390 DEBUG   GST_REGISTRY gstregistrychunks.c:540:gst_registry_chunks_load_pad_template: Added pad_template src_%u
0:00:00.012747562  2776 0x2557320 LOG   GST_POLL gstpoll.c:994:gst_poll_fd_ctl_write: 0x255f9e0: pfd->events now 60 (POLLOUT:4)
0:00:00.016637429  2775 0x7f0390 DEBUG   GST_REGISTRY gstregistrychunks.c:527:gst_registry_chunks_load_pad_template: Reading/casting for GstRegistryChunkPadTemplate at address 0x80bfe8
0:00:00.012754209  2776 0x2557320 DEBUG   GST_POLL gstpoll.c:980:gst_poll_fd_ctl_write: 0x255f9e0: fd (fd:0, idx:1), active : 1
0:00:00.016644045  2775 0x7f0390 DEBUG   GST_REGISTRY gstregistrychunks.c:540:gst_registry_chunks_load_pad_template: Added pad_template sink_%u
0:00:00.012764439  2776 0x2557320 LOG   GST_POLL gstpoll.c:994:gst_poll_fd_ctl_write: 0x255f9e0: pfd->events now 60 (POLLOUT:4)
0:00:00.016655984  2775 0x7f0390 DEBUG   GST_REGISTRY gstregistry.c:590:gst_registry_add_feature: adding feature 0x80dbb0 (multiqueue)
0:00:00.012771032  2776 0x2557320 DEBUG   GST_POLL gstpoll.c:980:gst_poll_fd_ctl_write: 0x255f9e0: fd (fd:0, idx:1), active : 1
0:00:00.016662671  2775 0x7f0390 DEBUG   GST_REFCOUNTING gstobject.c:709:gst_object_set_parent: set parent (ref and sink)
0:00:00.012777148  2776 0x2557320 LOG   GST_POLL gstpoll.c:994:gst_poll_fd_ctl_write: 0x255f9e0: pfd->events now 60 (POLLOUT:4)
0:00:00.016670487  2775 0x7f0390 TRACE   GST_REFCOUNTING gstobject.c:294:gst_object_ref_sink: 0x80dbb0 ref_sink 1->2
0:00:00.012784562  2776 0x2557320 DEBUG   GST_POLL gstpoll.c:980:gst_poll_fd_ctl_write: 0x255f9e0: fd (fd:0, idx:1), active : 1
0:00:00.016677906  2775 0x7f0390 LOG   GST_REGISTRY gstregistry.c:608:gst_registry_add_feature: emitting feature-added for multiqueue
0:00:00.012792086  2776 0x2557320 LOG   GST_POLL gstpoll.c:994:gst_poll_fd_ctl_write: 0x255f9e0: pfd->events now 60 (POLLOUT:4)
0:00:00.016685228  2775 0x7f0390 DEBUG   GST_REGISTRY gstregistrychunks.c:742:gst_registry_chunks_load_feature: Added feature multiqueue, plugin 0x80b7b0 coreelements
0:00:00.012799293  2776 0x2557320 DEBUG   GST_POLL gstpoll.c:980:gst_poll_fd_ctl_write: 0x255f9e0: fd (fd:0, idx:1), active : 1
0:00:00.016692652  2775 0x7f0390 DEBUG   GST_REGISTRY gstregistrychunks.c:584:gst_registry_chunks_load_feature: Plugin 'coreelements' feature 'typefind' typename : 'GstElementFactory'
0:00:00.012806351  2776 0x2557320 LOG   GST_POLL gstpoll.c:994:gst_poll_fd_ctl_write: 0x255f9e0: pfd->events now 60 (POLLOUT:4)
0:00:00.016700424  2775 0x7f0390 TRACE   GST_REFCOUNTING gstobject.c:208:gst_object_init: 0x80de20 new
0:00:00.012814121  2776 0x2557320 DEBUG   GST_POLL gstpoll.c:980:gst_poll_fd_ctl_write: 0x255f9e0: fd (fd:0, idx:1), active : 1
0:00:00.016708468  2775 0x7f0390 LOG   GST_REGISTRY gstregistrychunks.c:611:gst_registry_chunks_load_feature: Reading/casting for GstRegistryChunkElementFactory at address 0x80c018
0:00:00.012822289  2776 0x2557320 LOG   GST_POLL gstpoll.c:994:gst_poll_fd_ctl_write: 0x255f9e0: pfd->events now 60 (POLLOUT:4)
0:00:00.012829924  2776 0x2557320 DEBUG   GST_POLL gstpoll.c:980:gst_poll_fd_ctl_write: 0x255f9e0: fd (fd:0, idx:1), active : 1
0:00:00.016721510  2775 0x7f0390 TRACE   structure gststructure.c:292:gst_structure_new_id_empty_with_size: created structure 0x80dfe0
0:00:00.012835567  2776 0x2557320 LOG   GST_POLL gstpoll.c:994:gst_poll_fd_ctl_write: 0x255f9e0: pfd->events now 60 (POLLOUT:4)
0:00:00.016728050  2775 0x7f0390 DEBUG   structure gststructure.c:2258:gst_structure_parse_field: trying field name 'long-name'
0:00:00.012842765  2776 0x2557320 DEBUG   GST_POLL gstpoll.c:980:gst_poll_fd_ctl_write: 0x255f9e0: fd (fd:0, idx:1), active : 1
0:00:00.016738535  2775 0x7f0390 DEBUG   default gstvalue.c:2776:_priv_gst_value_parse_value: trying type name 'string'
0:00:00.012853348  2776 0x2557320 LOG   GST_POLL gstpoll.c:994:gst_poll_fd_ctl_write: 0x255f9e0: pfd->events now 60 (POLLOUT:4)
0:00:00.016745384  2775 0x7f0390 DEBUG   structure gststructure.c:2258:gst_structure_parse_field: trying field name 'klass'
0:00:00.012859812  2776 0x2557320 DEBUG   GST_POLL gstpoll.c:980:gst_poll_fd_ctl_write: 0x255f9e0: fd (fd:0, idx:1), active : 1
0:00:00.016751510  2775 0x7f0390 DEBUG   default gstvalue.c:2776:_priv_gst_value_parse_value: trying type name 'string'
0:00:00.012866497  2776 0x2557320 LOG   GST_POLL gstpoll.c:994:gst_poll_fd_ctl_write: 0x255f9e0: pfd->events now 60 (POLLOUT:4)
0:00:00.016758149  2775 0x7f0390 DEBUG   structure gststructure.c:2258:gst_structure_parse_field: trying field name 'description'
0:00:00.012872881  2776 0x2557320 DEBUG   GST_POLL gstpoll.c:980:gst_poll_fd_ctl_write: 0x255f9e0: fd (fd:0, idx:1), active : 1
0:00:00.016764504  2775 0x7f0390 DEBUG   default gstvalue.c:2776:_priv_gst_value_parse_value: trying type name 'string'
0:00:00.012879410  2776 0x2557320 LOG   GST_POLL gstpoll.c:994:gst_poll_fd_ctl_write: 0x255f9e0: pfd->events now 60 (POLLOUT:4)
0:00:00.016771835  2775 0x7f0390 DEBUG   structure gststructure.c:2258:gst_structure_parse_field: trying field name 'author'
0:00:00.012885919  2776 0x2557320 DEBUG   GST_POLL gstpoll.c:980:gst_poll_fd_ctl_write: 0x255f9e0: fd (fd:0, idx:1), active : 1
0:00:00.016778081  2775 0x7f0390 DEBUG   default gstvalue.c:2776:_priv_gst_value_parse_value: trying type name 'string'
0:00:00.012893034  2776 0x2557320 LOG   GST_POLL gstpoll.c:994:gst_poll_fd_ctl_write: 0x255f9e0: pfd->events now 60 (POLLOUT:4)
0:00:00.016785273  2775 0x7f0390 DEBUG   GST_REGISTRY gstregistrychunks.c:627:gst_registry_chunks_load_feature: Element factory : npadtemplates=2
0:00:00.012899372  2776 0x2557320 DEBUG   GST_POLL gstpoll.c:980:gst_poll_fd_ctl_write: 0x255f9e0: fd (fd:0, idx:1), active : 1
0:00:00.016791603  2775 0x7f0390 DEBUG   GST_REGISTRY gstregistrychunks.c:527:gst_registry_chunks_load_pad_template: Reading/casting for GstRegistryChunkPadTemplate at address 0x80c0f0
0:00:00.012906520  2776 0x2557320 LOG   GST_POLL gstpoll.c:994:gst_poll_fd_ctl_write: 0x255f9e0: pfd->events now 60 (POLLOUT:4)
0:00:00.016798256  2775 0x7f0390 DEBUG   GST_REGISTRY gstregistrychunks.c:540:gst_registry_chunks_load_pad_template: Added pad_template sink
0:00:00.012912975  2776 0x2557320 DEBUG   GST_POLL gstpoll.c:980:gst_poll_fd_ctl_write: 0x255f9e0: fd (fd:0, idx:1), active : 1
0:00:00.016804329  2775 0x7f0390 DEBUG   GST_REGISTRY gstregistrychunks.c:527:gst_registry_chunks_load_pad_template: Reading/casting for GstRegistryChunkPadTemplate at address 0x80c108
0:00:00.012919213  2776 0x2557320 LOG   GST_POLL gstpoll.c:994:gst_poll_fd_ctl_write: 0x255f9e0: pfd->events now 60 (POLLOUT:4)
0:00:00.016810589  2775 0x7f0390 DEBUG   GST_REGISTRY gstregistrychunks.c:540:gst_registry_chunks_load_pad_template: Added pad_template src
0:00:00.012929461  2776 0x2557320 DEBUG   GST_POLL gstpoll.c:980:gst_poll_fd_ctl_write: 0x255f9e0: fd (fd:0, idx:1), active : 1
0:00:00.016820741  2775 0x7f0390 DEBUG   GST_REGISTRY gstregistry.c:590:gst_registry_add_feature: adding feature 0x80de20 (typefind)
0:00:00.012935790  2776 0x2557320 LOG   GST_POLL gstpoll.c:994:gst_poll_fd_ctl_write: 0x255f9e0: pfd->events now 60 (POLLOUT:4)
0:00:00.016827176  2775 0x7f0390 DEBUG   GST_REFCOUNTING gstobject.c:709:gst_object_set_parent: set parent (ref and sink)
0:00:00.012942239  2776 0x2557320 DEBUG   GST_POLL gstpoll.c:980:gst_poll_fd_ctl_write: 0x255f9e0: fd (fd:0, idx:1), active : 1
0:00:00.016834878  2775 0x7f0390 TRACE   GST_REFCOUNTING gstobject.c:294:gst_object_ref_sink: 0x80de20 ref_sink 1->2
0:00:00.012948670  2776 0x2557320 LOG   GST_POLL gstpoll.c:994:gst_poll_fd_ctl_write: 0x255f9e0: pfd->events now 60 (POLLOUT:4)
0:00:00.016842095  2775 0x7f0390 LOG   GST_REGISTRY gstregistry.c:608:gst_registry_add_feature: emitting feature-added for typefind
0:00:00.012956795  2776 0x2557320 DEBUG   GST_POLL gstpoll.c:980:gst_poll_fd_ctl_write: 0x255f9e0: fd (fd:0, idx:1), active : 1
0:00:00.016849051  2775 0x7f0390 DEBUG   GST_REGISTRY gstregistrychunks.c:742:gst_registry_chunks_load_feature: Added feature typefind, plugin 0x80b7b0 coreelements
0:00:00.012963026  2776 0x2557320 LOG   GST_POLL gstpoll.c:994:gst_poll_fd_ctl_write: 0x255f9e0: pfd->events now 60 (POLLOUT:4)
0:00:00.016856132  2775 0x7f0390 DEBUG   GST_REGISTRY gstregistrychunks.c:584:gst_registry_chunks_load_feature: Plugin 'coreelements' feature 'tee' typename : 'GstElementFactory'
0:00:00.012970365  2776 0x2557320 DEBUG   GST_POLL gstpoll.c:980:gst_poll_fd_ctl_write: 0x255f9e0: fd (fd:0, idx:1), active : 1
0:00:00.012977140  2776 0x2557320 LOG   GST_POLL gstpoll.c:994:gst_poll_fd_ctl_write: 0x255f9e0: pfd->events now 60 (POLLOUT:4)
0:00:00.016864009  2775 0x7f0390 TRACE   GST_REFCOUNTING gstobject.c:208:gst_object_init: 0x80e160 new
0:00:00.012983164  2776 0x2557320 DEBUG   GST_POLL gstpoll.c:980:gst_poll_fd_ctl_write: 0x255f9e0: fd (fd:0, idx:1), active : 1
0:00:00.016873545  2775 0x7f0390 LOG   GST_REGISTRY gstregistrychunks.c:611:gst_registry_chunks_load_feature: Reading/casting for GstRegistryChunkElementFactory at address 0x80c130
0:00:00.012989222  2776 0x2557320 LOG   GST_POLL gstpoll.c:994:gst_poll_fd_ctl_write: 0x255f9e0: pfd->events now 60 (POLLOUT:4)
0:00:00.016880213  2775 0x7f0390 TRACE   structure gststructure.c:292:gst_structure_new_id_empty_with_size: created structure 0x80e3c0
0:00:00.012995702  2776 0x2557320 DEBUG   GST_POLL gstpoll.c:980:gst_poll_fd_ctl_write: 0x255f9e0: fd (fd:0, idx:1), active : 1
0:00:00.016886380  2775 0x7f0390 DEBUG   structure gststructure.c:2258:gst_structure_parse_field: trying field name 'long-name'
0:00:00.013001786  2776 0x2557320 LOG   GST_POLL gstpoll.c:994:gst_poll_fd_ctl_write: 0x255f9e0: pfd->events now 60 (POLLOUT:4)
0:00:00.016896898  2775 0x7f0390 DEBUG   default gstvalue.c:2776:_priv_gst_value_parse_value: trying type name 'string'
0:00:00.013012021  2776 0x2557320 DEBUG   GST_POLL gstpoll.c:980:gst_poll_fd_ctl_write: 0x255f9e0: fd (fd:0, idx:1), active : 1
0:00:00.016903545  2775 0x7f0390 DEBUG   structure gststructure.c:2258:gst_structure_parse_field: trying field name 'klass'
0:00:00.013018110  2776 0x2557320 LOG   GST_POLL gstpoll.c:994:gst_poll_fd_ctl_write: 0x255f9e0: pfd->events now 60 (POLLOUT:4)
0:00:00.016909432  2775 0x7f0390 DEBUG   default gstvalue.c:2776:_priv_gst_value_parse_value: trying type name 'string'
0:00:00.013024501  2776 0x2557320 DEBUG   GST_POLL gstpoll.c:980:gst_poll_fd_ctl_write: 0x255f9e0: fd (fd:0, idx:1), active : 1
0:00:00.016915844  2775 0x7f0390 DEBUG   structure gststructure.c:2258:gst_structure_parse_field: trying field name 'description'
0:00:00.013030781  2776 0x2557320 LOG   GST_POLL gstpoll.c:994:gst_poll_fd_ctl_write: 0x255f9e0: pfd->events now 60 (POLLOUT:4)
0:00:00.016921666  2775 0x7f0390 DEBUG   default gstvalue.c:2776:_priv_gst_value_parse_value: trying type name 'string'
0:00:00.013037031  2776 0x2557320 DEBUG   GST_POLL gstpoll.c:980:gst_poll_fd_ctl_write: 0x255f9e0: fd (fd:0, idx:1), active : 1
0:00:00.016928612  2775 0x7f0390 DEBUG   structure gststructure.c:2258:gst_structure_parse_field: trying field name 'author'
0:00:00.013043115  2776 0x2557320 LOG   GST_POLL gstpoll.c:994:gst_poll_fd_ctl_write: 0x255f9e0: pfd->events now 60 (POLLOUT:4)
0:00:00.016934852  2775 0x7f0390 DEBUG   default gstvalue.c:2776:_priv_gst_value_parse_value: trying type name 'string'
0:00:00.013049672  2776 0x2557320 DEBUG   GST_POLL gstpoll.c:980:gst_poll_fd_ctl_write: 0x255f9e0: fd (fd:0, idx:1), active : 1
0:00:00.016942324  2775 0x7f0390 DEBUG   GST_REGISTRY gstregistrychunks.c:627:gst_registry_chunks_load_feature: Element factory : npadtemplates=2
0:00:00.013055704  2776 0x2557320 LOG   GST_POLL gstpoll.c:994:gst_poll_fd_ctl_write: 0x255f9e0: pfd->events now 60 (POLLOUT:4)
0:00:00.016948295  2775 0x7f0390 DEBUG   GST_REGISTRY gstregistrychunks.c:527:gst_registry_chunks_load_pad_template: Reading/casting for GstRegistryChunkPadTemplate at address 0x80c220
0:00:00.013063398  2776 0x2557320 DEBUG   GST_POLL gstpoll.c:980:gst_poll_fd_ctl_write: 0x255f9e0: fd (fd:0, idx:1), active : 1
0:00:00.016954306  2775 0x7f0390 DEBUG   GST_REGISTRY gstregistrychunks.c:540:gst_registry_chunks_load_pad_template: Added pad_template src_%u
0:00:00.013069410  2776 0x2557320 LOG   GST_POLL gstpoll.c:994:gst_poll_fd_ctl_write: 0x255f9e0: pfd->events now 60 (POLLOUT:4)
0:00:00.016960172  2775 0x7f0390 DEBUG   GST_REGISTRY gstregistrychunks.c:527:gst_registry_chunks_load_pad_template: Reading/casting for GstRegistryChunkPadTemplate at address 0x80c238
0:00:00.013075638  2776 0x2557320 DEBUG   GST_POLL gstpoll.c:980:gst_poll_fd_ctl_write: 0x255f9e0: fd (fd:0, idx:1), active : 1
0:00:00.016966391  2775 0x7f0390 DEBUG   GST_REGISTRY gstregistrychunks.c:540:gst_registry_chunks_load_pad_template: Added pad_template sink
0:00:00.013085670  2776 0x2557320 LOG   GST_POLL gstpoll.c:994:gst_poll_fd_ctl_write: 0x255f9e0: pfd->events now 60 (POLLOUT:4)
0:00:00.016976911  2775 0x7f0390 DEBUG   GST_REGISTRY gstregistry.c:590:gst_registry_add_feature: adding feature 0x80e160 (tee)
0:00:00.013092417  2776 0x2557320 DEBUG   GST_POLL gstpoll.c:980:gst_poll_fd_ctl_write: 0x255f9e0: fd (fd:0, idx:1), active : 1
0:00:00.016983572  2775 0x7f0390 DEBUG   GST_REFCOUNTING gstobject.c:709:gst_object_set_parent: set parent (ref and sink)
0:00:00.013098411  2776 0x2557320 LOG   GST_POLL gstpoll.c:994:gst_poll_fd_ctl_write: 0x255f9e0: pfd->events now 60 (POLLOUT:4)
0:00:00.016991401  2775 0x7f0390 TRACE   GST_REFCOUNTING gstobject.c:294:gst_object_ref_sink: 0x80e160 ref_sink 1->2
0:00:00.013105530  2776 0x2557320 DEBUG   GST_POLL gstpoll.c:980:gst_poll_fd_ctl_write: 0x255f9e0: fd (fd:0, idx:1), active : 1
0:00:00.016998744  2775 0x7f0390 LOG   GST_REGISTRY gstregistry.c:608:gst_registry_add_feature: emitting feature-added for tee
0:00:00.013112644  2776 0x2557320 LOG   GST_POLL gstpoll.c:994:gst_poll_fd_ctl_write: 0x255f9e0: pfd->events now 60 (POLLOUT:4)
0:00:00.017005888  2775 0x7f0390 DEBUG   GST_REGISTRY gstregistrychunks.c:742:gst_registry_chunks_load_feature: Added feature tee, plugin 0x80b7b0 coreelements
0:00:00.013120023  2776 0x2557320 DEBUG   GST_POLL gstpoll.c:980:gst_poll_fd_ctl_write: 0x255f9e0: fd (fd:0, idx:1), active : 1
0:00:00.017012946  2775 0x7f0390 DEBUG   GST_REGISTRY gstregistrychunks.c:584:gst_registry_chunks_load_feature: Plugin 'coreelements' feature 'filesink' typename : 'GstElementFactory'
0:00:00.013126801  2776 0x2557320 LOG   GST_POLL gstpoll.c:994:gst_poll_fd_ctl_write: 0x255f9e0: pfd->events now 60 (POLLOUT:4)
0:00:00.017020693  2775 0x7f0390 TRACE   GST_REFCOUNTING gstobject.c:208:gst_object_init: 0x80e4f0 new
0:00:00.013134118  2776 0x2557320 DEBUG   GST_POLL gstpoll.c:980:gst_poll_fd_ctl_write: 0x255f9e0: fd (fd:0, idx:1), active : 1
0:00:00.017028181  2775 0x7f0390 LOG   GST_REGISTRY gstregistrychunks.c:611:gst_registry_chunks_load_feature: Reading/casting for GstRegistryChunkElementFactory at address 0x80c268
0:00:00.013142153  2776 0x2557320 LOG   GST_POLL gstpoll.c:994:gst_poll_fd_ctl_write: 0x255f9e0: pfd->events now 60 (POLLOUT:4)
0:00:00.017034565  2775 0x7f0390 TRACE   structure gststructure.c:292:gst_structure_new_id_empty_with_size: created structure 0x80e8c0
0:00:00.013149190  2776 0x2557320 DEBUG   GST_POLL gstpoll.c:980:gst_poll_fd_ctl_write: 0x255f9e0: fd (fd:0, idx:1), active : 1
0:00:00.017040765  2775 0x7f0390 DEBUG   structure gststructure.c:2258:gst_structure_parse_field: trying field name 'long-name'
0:00:00.013155756  2776 0x2557320 LOG   GST_POLL gstpoll.c:994:gst_poll_fd_ctl_write: 0x255f9e0: pfd->events now 60 (POLLOUT:4)
0:00:00.017046569  2775 0x7f0390 DEBUG   default gstvalue.c:2776:_priv_gst_value_parse_value: trying type name 'string'
0:00:00.013166020  2776 0x2557320 DEBUG   GST_POLL gstpoll.c:980:gst_poll_fd_ctl_write: 0x255f9e0: fd (fd:0, idx:1), active : 1
0:00:00.017055848  2775 0x7f0390 DEBUG   structure gststructure.c:2258:gst_structure_parse_field: trying field name 'klass'
0:00:00.013172408  2776 0x2557320 LOG   GST_POLL gstpoll.c:994:gst_poll_fd_ctl_write: 0x255f9e0: pfd->events now 60 (POLLOUT:4)
0:00:00.017061777  2775 0x7f0390 DEBUG   default gstvalue.c:2776:_priv_gst_value_parse_value: trying type name 'string'
0:00:00.013178805  2776 0x2557320 DEBUG   GST_POLL gstpoll.c:980:gst_poll_fd_ctl_write: 0x255f9e0: fd (fd:0, idx:1), active : 1
0:00:00.017068567  2775 0x7f0390 DEBUG   structure gststructure.c:2258:gst_structure_parse_field: trying field name 'description'
0:00:00.013184774  2776 0x2557320 LOG   GST_POLL gstpoll.c:994:gst_poll_fd_ctl_write: 0x255f9e0: pfd->events now 60 (POLLOUT:4)
0:00:00.017074426  2775 0x7f0390 DEBUG   default gstvalue.c:2776:_priv_gst_value_parse_value: trying type name 'string'
0:00:00.013191001  2776 0x2557320 DEBUG   GST_POLL gstpoll.c:980:gst_poll_fd_ctl_write: 0x255f9e0: fd (fd:0, idx:1), active : 1
0:00:00.017080856  2775 0x7f0390 DEBUG   structure gststructure.c:2258:gst_structure_parse_field: trying field name 'author'
0:00:00.013196955  2776 0x2557320 LOG   GST_POLL gstpoll.c:994:gst_poll_fd_ctl_write: 0x255f9e0: pfd->events now 60 (POLLOUT:4)
0:00:00.017087343  2775 0x7f0390 DEBUG   default gstvalue.c:2776:_priv_gst_value_parse_value: trying type name 'string'
0:00:00.013203073  2776 0x2557320 DEBUG   GST_POLL gstpoll.c:980:gst_poll_fd_ctl_write: 0x255f9e0: fd (fd:0, idx:1), active : 1
0:00:00.013209987  2776 0x2557320 LOG   GST_POLL gstpoll.c:994:gst_poll_fd_ctl_write: 0x255f9e0: pfd->events now 60 (POLLOUT:4)
0:00:00.017097401  2775 0x7f0390 DEBUG   GST_REGISTRY gstregistrychunks.c:627:gst_registry_chunks_load_feature: Element factory : npadtemplates=1
0:00:00.013215830  2776 0x2557320 DEBUG   GST_POLL gstpoll.c:980:gst_poll_fd_ctl_write: 0x255f9e0: fd (fd:0, idx:1), active : 1
0:00:00.013221838  2776 0x2557320 LOG   GST_POLL gstpoll.c:994:gst_poll_fd_ctl_write: 0x255f9e0: pfd->events now 60 (POLLOUT:4)
0:00:00.017107555  2775 0x7f0390 DEBUG   GST_REGISTRY gstregistrychunks.c:527:gst_registry_chunks_load_pad_template: Reading/casting for GstRegistryChunkPadTemplate at address 0x80c348
0:00:00.017129176  2775 0x7f0390 DEBUG   GST_REGISTRY gstregistrychunks.c:540:gst_registry_chunks_load_pad_template: Added pad_template sink
0:00:00.013241974  2776 0x2557320 DEBUG   GST_POLL gstpoll.c:980:gst_poll_fd_ctl_write: 0x255f9e0: fd (fd:0, idx:1), active : 1
0:00:00.017137210  2775 0x7f0390 DEBUG   GST_REGISTRY gstregistrychunks.c:640:gst_registry_chunks_load_feature: Reading 1 UriTypes at address 0x80c359
0:00:00.013254626  2776 0x2557320 LOG   GST_POLL gstpoll.c:994:gst_poll_fd_ctl_write: 0x255f9e0: pfd->events now 60 (POLLOUT:4)
0:00:00.017145309  2775 0x7f0390 DEBUG   GST_REGISTRY gstregistrychunks.c:655:gst_registry_chunks_load_feature: Reading 1 Interfaces at address 0x80c369
0:00:00.013268930  2776 0x2557320 DEBUG   GST_POLL gstpoll.c:980:gst_poll_fd_ctl_write: 0x255f9e0: fd (fd:0, idx:1), active : 1
0:00:00.017159917  2775 0x7f0390 DEBUG   GST_REGISTRY gstregistry.c:590:gst_registry_add_feature: adding feature 0x80e4f0 (filesink)
0:00:00.013275384  2776 0x2557320 LOG   GST_POLL gstpoll.c:994:gst_poll_fd_ctl_write: 0x255f9e0: pfd->events now 60 (POLLOUT:4)
0:00:00.017166492  2775 0x7f0390 DEBUG   GST_REFCOUNTING gstobject.c:709:gst_object_set_parent: set parent (ref and sink)
0:00:00.013282025  2776 0x2557320 DEBUG   GST_POLL gstpoll.c:980:gst_poll_fd_ctl_write: 0x255f9e0: fd (fd:0, idx:1), active : 1
0:00:00.017174444  2775 0x7f0390 TRACE   GST_REFCOUNTING gstobject.c:294:gst_object_ref_sink: 0x80e4f0 ref_sink 1->2
0:00:00.013288141  2776 0x2557320 LOG   GST_POLL gstpoll.c:994:gst_poll_fd_ctl_write: 0x255f9e0: pfd->events now 60 (POLLOUT:4)
0:00:00.017181812  2775 0x7f0390 LOG   GST_REGISTRY gstregistry.c:608:gst_registry_add_feature: emitting feature-added for filesink
0:00:00.013296413  2776 0x2557320 DEBUG   GST_POLL gstpoll.c:980:gst_poll_fd_ctl_write: 0x255f9e0: fd (fd:0, idx:1), active : 1
0:00:00.017189330  2775 0x7f0390 DEBUG   GST_REGISTRY gstregistrychunks.c:742:gst_registry_chunks_load_feature: Added feature filesink, plugin 0x80b7b0 coreelements
0:00:00.013303261  2776 0x2557320 LOG   GST_POLL gstpoll.c:994:gst_poll_fd_ctl_write: 0x255f9e0: pfd->events now 60 (POLLOUT:4)
0:00:00.017196342  2775 0x7f0390 DEBUG   GST_REGISTRY gstregistrychunks.c:584:gst_registry_chunks_load_feature: Plugin 'coreelements' feature 'queue2' typename : 'GstElementFactory'
0:00:00.013310771  2776 0x2557320 DEBUG   GST_POLL gstpoll.c:980:gst_poll_fd_ctl_write: 0x255f9e0: fd (fd:0, idx:1), active : 1
0:00:00.017204419  2775 0x7f0390 TRACE   GST_REFCOUNTING gstobject.c:208:gst_object_init: 0x80e700 new
0:00:00.013317549  2776 0x2557320 LOG   GST_POLL gstpoll.c:994:gst_poll_fd_ctl_write: 0x255f9e0: pfd->events now 60 (POLLOUT:4)
0:00:00.017212700  2775 0x7f0390 LOG   GST_REGISTRY gstregistrychunks.c:611:gst_registry_chunks_load_feature: Reading/casting for GstRegistryChunkElementFactory at address 0x80c390
0:00:00.013326532  2776 0x2557320 DEBUG   GST_POLL gstpoll.c:980:gst_poll_fd_ctl_write: 0x255f9e0: fd (fd:0, idx:1), active : 1
0:00:00.017219487  2775 0x7f0390 TRACE   structure gststructure.c:292:gst_structure_new_id_empty_with_size: created structure 0x80ebb0
0:00:00.013333926  2776 0x2557320 LOG   GST_POLL gstpoll.c:994:gst_poll_fd_ctl_write: 0x255f9e0: pfd->events now 60 (POLLOUT:4)
0:00:00.017225792  2775 0x7f0390 DEBUG   structure gststructure.c:2258:gst_structure_parse_field: trying field name 'long-name'
0:00:00.013340885  2776 0x2557320 DEBUG   GST_POLL gstpoll.c:980:gst_poll_fd_ctl_write: 0x255f9e0: fd (fd:0, idx:1), active : 1
0:00:00.017231733  2775 0x7f0390 DEBUG   default gstvalue.c:2776:_priv_gst_value_parse_value: trying type name 'string'
0:00:00.013351110  2776 0x2557320 LOG   GST_POLL gstpoll.c:994:gst_poll_fd_ctl_write: 0x255f9e0: pfd->events now 60 (POLLOUT:4)
0:00:00.017241673  2775 0x7f0390 DEBUG   structure gststructure.c:2258:gst_structure_parse_field: trying field name 'klass'
0:00:00.013357740  2776 0x2557320 DEBUG   GST_POLL gstpoll.c:980:gst_poll_fd_ctl_write: 0x255f9e0: fd (fd:0, idx:1), active : 1
0:00:00.017247681  2775 0x7f0390 DEBUG   default gstvalue.c:2776:_priv_gst_value_parse_value: trying type name 'string'
0:00:00.013364277  2776 0x2557320 LOG   GST_POLL gstpoll.c:994:gst_poll_fd_ctl_write: 0x255f9e0: pfd->events now 60 (POLLOUT:4)
0:00:00.017254582  2775 0x7f0390 DEBUG   structure gststructure.c:2258:gst_structure_parse_field: trying field name 'description'
0:00:00.013370596  2776 0x2557320 DEBUG   GST_POLL gstpoll.c:980:gst_poll_fd_ctl_write: 0x255f9e0: fd (fd:0, idx:1), active : 1
0:00:00.017260438  2775 0x7f0390 DEBUG   default gstvalue.c:2776:_priv_gst_value_parse_value: trying type name 'string'
0:00:00.013376688  2776 0x2557320 LOG   GST_POLL gstpoll.c:994:gst_poll_fd_ctl_write: 0x255f9e0: pfd->events now 60 (POLLOUT:4)
0:00:00.017266908  2775 0x7f0390 DEBUG   structure gststructure.c:2258:gst_structure_parse_field: trying field name 'author'
0:00:00.013383013  2776 0x2557320 DEBUG   GST_POLL gstpoll.c:980:gst_poll_fd_ctl_write: 0x255f9e0: fd (fd:0, idx:1), active : 1
0:00:00.017272934  2775 0x7f0390 DEBUG   default gstvalue.c:2776:_priv_gst_value_parse_value: trying type name 'string'
0:00:00.013389111  2776 0x2557320 LOG   GST_POLL gstpoll.c:994:gst_poll_fd_ctl_write: 0x255f9e0: pfd->events now 60 (POLLOUT:4)
0:00:00.017280291  2775 0x7f0390 DEBUG   GST_REGISTRY gstregistrychunks.c:627:gst_registry_chunks_load_feature: Element factory : npadtemplates=2
0:00:00.013395451  2776 0x2557320 DEBUG   GST_POLL gstpoll.c:980:gst_poll_fd_ctl_write: 0x255f9e0: fd (fd:0, idx:1), active : 1
0:00:00.017286445  2775 0x7f0390 DEBUG   GST_REGISTRY gstregistrychunks.c:527:gst_registry_chunks_load_pad_template: Reading/casting for GstRegistryChunkPadTemplate at address 0x80c480
0:00:00.013401569  2776 0x2557320 LOG   GST_POLL gstpoll.c:994:gst_poll_fd_ctl_write: 0x255f9e0: pfd->events now 60 (POLLOUT:4)
0:00:00.017292608  2775 0x7f0390 DEBUG   GST_REGISTRY gstregistrychunks.c:540:gst_registry_chunks_load_pad_template: Added pad_template sink
0:00:00.013408066  2776 0x2557320 DEBUG   GST_POLL gstpoll.c:980:gst_poll_fd_ctl_write: 0x255f9e0: fd (fd:0, idx:1), active : 1
0:00:00.017298664  2775 0x7f0390 DEBUG   GST_REGISTRY gstregistrychunks.c:527:gst_registry_chunks_load_pad_template: Reading/casting for GstRegistryChunkPadTemplate at address 0x80c498
0:00:00.013414201  2776 0x2557320 LOG   GST_POLL gstpoll.c:994:gst_poll_fd_ctl_write: 0x255f9e0: pfd->events now 60 (POLLOUT:4)
0:00:00.017304796  2775 0x7f0390 DEBUG   GST_REGISTRY gstregistrychunks.c:540:gst_registry_chunks_load_pad_template: Added pad_template src
0:00:00.013424548  2776 0x2557320 DEBUG   GST_POLL gstpoll.c:980:gst_poll_fd_ctl_write: 0x255f9e0: fd (fd:0, idx:1), active : 1
0:00:00.017315599  2775 0x7f0390 DEBUG   GST_REGISTRY gstregistry.c:590:gst_registry_add_feature: adding feature 0x80e700 (queue2)
0:00:00.013430671  2776 0x2557320 LOG   GST_POLL gstpoll.c:994:gst_poll_fd_ctl_write: 0x255f9e0: pfd->events now 60 (POLLOUT:4)
0:00:00.017321920  2775 0x7f0390 DEBUG   GST_REFCOUNTING gstobject.c:709:gst_object_set_parent: set parent (ref and sink)
0:00:00.013436993  2776 0x2557320 DEBUG   GST_POLL gstpoll.c:980:gst_poll_fd_ctl_write: 0x255f9e0: fd (fd:0, idx:1), active : 1
0:00:00.017329583  2775 0x7f0390 TRACE   GST_REFCOUNTING gstobject.c:294:gst_object_ref_sink: 0x80e700 ref_sink 1->2
0:00:00.013443422  2776 0x2557320 LOG   GST_POLL gstpoll.c:994:gst_poll_fd_ctl_write: 0x255f9e0: pfd->events now 60 (POLLOUT:4)
0:00:00.017336996  2775 0x7f0390 LOG   GST_REGISTRY gstregistry.c:608:gst_registry_add_feature: emitting feature-added for queue2
0:00:00.013451419  2776 0x2557320 DEBUG   GST_POLL gstpoll.c:980:gst_poll_fd_ctl_write: 0x255f9e0: fd (fd:0, idx:1), active : 1
0:00:00.017344010  2775 0x7f0390 DEBUG   GST_REGISTRY gstregistrychunks.c:742:gst_registry_chunks_load_feature: Added feature queue2, plugin 0x80b7b0 coreelements
0:00:00.013458041  2776 0x2557320 LOG   GST_POLL gstpoll.c:994:gst_poll_fd_ctl_write: 0x255f9e0: pfd->events now 60 (POLLOUT:4)
0:00:00.017351141  2775 0x7f0390 DEBUG   GST_REGISTRY gstregistrychunks.c:584:gst_registry_chunks_load_feature: Plugin 'coreelements' feature 'queue' typename : 'GstElementFactory'
0:00:00.013465537  2776 0x2557320 DEBUG   GST_POLL gstpoll.c:980:gst_poll_fd_ctl_write: 0x255f9e0: fd (fd:0, idx:1), active : 1
0:00:00.017358922  2775 0x7f0390 TRACE   GST_REFCOUNTING gstobject.c:208:gst_object_init: 0x80edb0 new
0:00:00.013472293  2776 0x2557320 LOG   GST_POLL gstpoll.c:994:gst_poll_fd_ctl_write: 0x255f9e0: pfd->events now 60 (POLLOUT:4)
0:00:00.017366893  2775 0x7f0390 LOG   GST_REGISTRY gstregistrychunks.c:611:gst_registry_chunks_load_feature: Reading/casting for GstRegistryChunkElementFactory at address 0x80c4c0
0:00:00.013480953  2776 0x2557320 DEBUG   GST_POLL gstpoll.c:980:gst_poll_fd_ctl_write: 0x255f9e0: fd (fd:0, idx:1), active : 1
0:00:00.013487877  2776 0x2557320 LOG   GST_POLL gstpoll.c:994:gst_poll_fd_ctl_write: 0x255f9e0: pfd->events now 60 (POLLOUT:4)
0:00:00.017377356  2775 0x7f0390 TRACE   structure gststructure.c:292:gst_structure_new_id_empty_with_size: created structure 0x80ef50
0:00:00.013493666  2776 0x2557320 DEBUG   GST_POLL gstpoll.c:980:gst_poll_fd_ctl_write: 0x255f9e0: fd (fd:0, idx:1), active : 1
0:00:00.017383752  2775 0x7f0390 DEBUG   structure gststructure.c:2258:gst_structure_parse_field: trying field name 'long-name'
0:00:00.013499781  2776 0x2557320 LOG   GST_POLL gstpoll.c:994:gst_poll_fd_ctl_write: 0x255f9e0: pfd->events now 60 (POLLOUT:4)
0:00:00.017390022  2775 0x7f0390 DEBUG   default gstvalue.c:2776:_priv_gst_value_parse_value: trying type name 'string'
0:00:00.013511668  2776 0x2557320 DEBUG   GST_POLL gstpoll.c:980:gst_poll_fd_ctl_write: 0x255f9e0: fd (fd:0, idx:1), active : 1
0:00:00.017401813  2775 0x7f0390 DEBUG   structure gststructure.c:2258:gst_structure_parse_field: trying field name 'klass'
0:00:00.013517711  2776 0x2557320 LOG   GST_POLL gstpoll.c:994:gst_poll_fd_ctl_write: 0x255f9e0: pfd->events now 60 (POLLOUT:4)
0:00:00.017407926  2775 0x7f0390 DEBUG   default gstvalue.c:2776:_priv_gst_value_parse_value: trying type name 'string'
0:00:00.013524171  2776 0x2557320 DEBUG   GST_POLL gstpoll.c:980:gst_poll_fd_ctl_write: 0x255f9e0: fd (fd:0, idx:1), active : 1
0:00:00.017414339  2775 0x7f0390 DEBUG   structure gststructure.c:2258:gst_structure_parse_field: trying field name 'description'
0:00:00.013530153  2776 0x2557320 LOG   GST_POLL gstpoll.c:994:gst_poll_fd_ctl_write: 0x255f9e0: pfd->events now 60 (POLLOUT:4)
0:00:00.017420350  2775 0x7f0390 DEBUG   default gstvalue.c:2776:_priv_gst_value_parse_value: trying type name 'string'
0:00:00.013536523  2776 0x2557320 DEBUG   GST_POLL gstpoll.c:980:gst_poll_fd_ctl_write: 0x255f9e0: fd (fd:0, idx:1), active : 1
0:00:00.017426928  2775 0x7f0390 DEBUG   structure gststructure.c:2258:gst_structure_parse_field: trying field name 'author'
0:00:00.013542604  2776 0x2557320 LOG   GST_POLL gstpoll.c:994:gst_poll_fd_ctl_write: 0x255f9e0: pfd->events now 60 (POLLOUT:4)
0:00:00.017433002  2775 0x7f0390 DEBUG   default gstvalue.c:2776:_priv_gst_value_parse_value: trying type name 'string'
0:00:00.013548962  2776 0x2557320 DEBUG   GST_POLL gstpoll.c:980:gst_poll_fd_ctl_write: 0x255f9e0: fd (fd:0, idx:1), active : 1
0:00:00.017439756  2775 0x7f0390 DEBUG   GST_REGISTRY gstregistrychunks.c:627:gst_registry_chunks_load_feature: Element factory : npadtemplates=2
0:00:00.013555079  2776 0x2557320 LOG   GST_POLL gstpoll.c:994:gst_poll_fd_ctl_write: 0x255f9e0: pfd->events now 60 (POLLOUT:4)
0:00:00.017445890  2775 0x7f0390 DEBUG   GST_REGISTRY gstregistrychunks.c:527:gst_registry_chunks_load_pad_template: Reading/casting for GstRegistryChunkPadTemplate at address 0x80c578
0:00:00.013561400  2776 0x2557320 DEBUG   GST_POLL gstpoll.c:980:gst_poll_fd_ctl_write: 0x255f9e0: fd (fd:0, idx:1), active : 1
0:00:00.017452074  2775 0x7f0390 DEBUG   GST_REGISTRY gstregistrychunks.c:540:gst_registry_chunks_load_pad_template: Added pad_template sink
0:00:00.013567469  2776 0x2557320 LOG   GST_POLL gstpoll.c:994:gst_poll_fd_ctl_write: 0x255f9e0: pfd->events now 60 (POLLOUT:4)
0:00:00.017458053  2775 0x7f0390 DEBUG   GST_REGISTRY gstregistrychunks.c:527:gst_registry_chunks_load_pad_template: Reading/casting for GstRegistryChunkPadTemplate at address 0x80c590
0:00:00.013573748  2776 0x2557320 DEBUG   GST_POLL gstpoll.c:980:gst_poll_fd_ctl_write: 0x255f9e0: fd (fd:0, idx:1), active : 1
0:00:00.017464243  2775 0x7f0390 DEBUG   GST_REGISTRY gstregistrychunks.c:540:gst_registry_chunks_load_pad_template: Added pad_template src
0:00:00.013583327  2776 0x2557320 LOG   GST_POLL gstpoll.c:994:gst_poll_fd_ctl_write: 0x255f9e0: pfd->events now 60 (POLLOUT:4)
0:00:00.017474882  2775 0x7f0390 DEBUG   GST_REGISTRY gstregistry.c:590:gst_registry_add_feature: adding feature 0x80edb0 (queue)
0:00:00.013589717  2776 0x2557320 DEBUG   GST_POLL gstpoll.c:980:gst_poll_fd_ctl_write: 0x255f9e0: fd (fd:0, idx:1), active : 1
0:00:00.017482567  2775 0x7f0390 DEBUG   GST_REFCOUNTING gstobject.c:709:gst_object_set_parent: set parent (ref and sink)
0:00:00.013595793  2776 0x2557320 LOG   GST_POLL gstpoll.c:994:gst_poll_fd_ctl_write: 0x255f9e0: pfd->events now 60 (POLLOUT:4)
0:00:00.017490528  2775 0x7f0390 TRACE   GST_REFCOUNTING gstobject.c:294:gst_object_ref_sink: 0x80edb0 ref_sink 1->2
0:00:00.013604591  2776 0x2557320 DEBUG   GST_POLL gstpoll.c:980:gst_poll_fd_ctl_write: 0x255f9e0: fd (fd:0, idx:1), active : 1
0:00:00.013612086  2776 0x2557320 LOG   GST_POLL gstpoll.c:994:gst_poll_fd_ctl_write: 0x255f9e0: pfd->events now 60 (POLLOUT:4)
0:00:00.017497942  2775 0x7f0390 LOG   GST_REGISTRY gstregistry.c:608:gst_registry_add_feature: emitting feature-added for queue
0:00:00.013617997  2776 0x2557320 DEBUG   GST_POLL gstpoll.c:980:gst_poll_fd_ctl_write: 0x255f9e0: fd (fd:0, idx:1), active : 1
0:00:00.017509577  2775 0x7f0390 DEBUG   GST_REGISTRY gstregistrychunks.c:742:gst_registry_chunks_load_feature: Added feature queue, plugin 0x80b7b0 coreelements
0:00:00.013624127  2776 0x2557320 LOG   GST_POLL gstpoll.c:994:gst_poll_fd_ctl_write: 0x255f9e0: pfd->events now 60 (POLLOUT:4)
0:00:00.017516744  2775 0x7f0390 DEBUG   GST_REGISTRY gstregistrychunks.c:584:gst_registry_chunks_load_feature: Plugin 'coreelements' feature 'output-selector' typename : 'GstElementFactory'
0:00:00.013630943  2776 0x2557320 DEBUG   GST_POLL gstpoll.c:980:gst_poll_fd_ctl_write: 0x255f9e0: fd (fd:0, idx:1), active : 1
0:00:00.017524548  2775 0x7f0390 TRACE   GST_REFCOUNTING gstobject.c:208:gst_object_init: 0x80f280 new
0:00:00.013637913  2776 0x2557320 LOG   GST_POLL gstpoll.c:994:gst_poll_fd_ctl_write: 0x255f9e0: pfd->events now 60 (POLLOUT:4)
0:00:00.017532251  2775 0x7f0390 LOG   GST_REGISTRY gstregistrychunks.c:611:gst_registry_chunks_load_feature: Reading/casting for GstRegistryChunkElementFactory at address 0x80c5c8
0:00:00.013646368  2776 0x2557320 DEBUG   GST_POLL gstpoll.c:980:gst_poll_fd_ctl_write: 0x255f9e0: fd (fd:0, idx:1), active : 1
0:00:00.017538872  2775 0x7f0390 TRACE   structure gststructure.c:292:gst_structure_new_id_empty_with_size: created structure 0x80f580
0:00:00.013653492  2776 0x2557320 LOG   GST_POLL gstpoll.c:994:gst_poll_fd_ctl_write: 0x255f9e0: pfd->events now 60 (POLLOUT:4)
0:00:00.017545050  2775 0x7f0390 DEBUG   structure gststructure.c:2258:gst_structure_parse_field: trying field name 'long-name'
0:00:00.013664591  2776 0x2557320 DEBUG   GST_POLL gstpoll.c:980:gst_poll_fd_ctl_write: 0x255f9e0: fd (fd:0, idx:1), active : 1
0:00:00.017559500  2775 0x7f0390 DEBUG   default gstvalue.c:2776:_priv_gst_value_parse_value: trying type name 'string'
0:00:00.013674502  2776 0x2557320 LOG   GST_POLL gstpoll.c:994:gst_poll_fd_ctl_write: 0x255f9e0: pfd->events now 60 (POLLOUT:4)
0:00:00.017566416  2775 0x7f0390 DEBUG   structure gststructure.c:2258:gst_structure_parse_field: trying field name 'klass'
0:00:00.013680776  2776 0x2557320 DEBUG   GST_POLL gstpoll.c:980:gst_poll_fd_ctl_write: 0x255f9e0: fd (fd:0, idx:1), active : 1
0:00:00.017572280  2775 0x7f0390 DEBUG   default gstvalue.c:2776:_priv_gst_value_parse_value: trying type name 'string'
0:00:00.013687188  2776 0x2557320 LOG   GST_POLL gstpoll.c:994:gst_poll_fd_ctl_write: 0x255f9e0: pfd->events now 60 (POLLOUT:4)
0:00:00.017578768  2775 0x7f0390 DEBUG   structure gststructure.c:2258:gst_structure_parse_field: trying field name 'description'
0:00:00.013693626  2776 0x2557320 DEBUG   GST_POLL gstpoll.c:980:gst_poll_fd_ctl_write: 0x255f9e0: fd (fd:0, idx:1), active : 1
0:00:00.017584691  2775 0x7f0390 DEBUG   default gstvalue.c:2776:_priv_gst_value_parse_value: trying type name 'string'
0:00:00.013699785  2776 0x2557320 LOG   GST_POLL gstpoll.c:994:gst_poll_fd_ctl_write: 0x255f9e0: pfd->events now 60 (POLLOUT:4)
0:00:00.017591218  2775 0x7f0390 DEBUG   structure gststructure.c:2258:gst_structure_parse_field: trying field name 'author'
0:00:00.013705991  2776 0x2557320 DEBUG   GST_POLL gstpoll.c:980:gst_poll_fd_ctl_write: 0x255f9e0: fd (fd:0, idx:1), active : 1
0:00:00.017596913  2775 0x7f0390 DEBUG   default gstvalue.c:2776:_priv_gst_value_parse_value: trying type name 'string'
0:00:00.013711859  2776 0x2557320 LOG   GST_POLL gstpoll.c:994:gst_poll_fd_ctl_write: 0x255f9e0: pfd->events now 60 (POLLOUT:4)
0:00:00.017603589  2775 0x7f0390 DEBUG   GST_REGISTRY gstregistrychunks.c:627:gst_registry_chunks_load_feature: Element factory : npadtemplates=2
0:00:00.013718083  2776 0x2557320 DEBUG   GST_POLL gstpoll.c:980:gst_poll_fd_ctl_write: 0x255f9e0: fd (fd:0, idx:1), active : 1
0:00:00.017609713  2775 0x7f0390 DEBUG   GST_REGISTRY gstregistrychunks.c:527:gst_registry_chunks_load_pad_template: Reading/casting for GstRegistryChunkPadTemplate at address 0x80c6a0
0:00:00.013724510  2776 0x2557320 LOG   GST_POLL gstpoll.c:994:gst_poll_fd_ctl_write: 0x255f9e0: pfd->events now 60 (POLLOUT:4)
0:00:00.017615626  2775 0x7f0390 DEBUG   GST_REGISTRY gstregistrychunks.c:540:gst_registry_chunks_load_pad_template: Added pad_template src_%u
0:00:00.013730885  2776 0x2557320 DEBUG   GST_POLL gstpoll.c:980:gst_poll_fd_ctl_write: 0x255f9e0: fd (fd:0, idx:1), active : 1
0:00:00.017621355  2775 0x7f0390 DEBUG   GST_REGISTRY gstregistrychunks.c:527:gst_registry_chunks_load_pad_template: Reading/casting for GstRegistryChunkPadTemplate at address 0x80c6b8
0:00:00.013736825  2776 0x2557320 LOG   GST_POLL gstpoll.c:994:gst_poll_fd_ctl_write: 0x255f9e0: pfd->events now 60 (POLLOUT:4)
0:00:00.017627420  2775 0x7f0390 DEBUG   GST_REGISTRY gstregistrychunks.c:540:gst_registry_chunks_load_pad_template: Added pad_template sink
0:00:00.013746885  2776 0x2557320 DEBUG   GST_POLL gstpoll.c:980:gst_poll_fd_ctl_write: 0x255f9e0: fd (fd:0, idx:1), active : 1
0:00:00.017637815  2775 0x7f0390 DEBUG   GST_REGISTRY gstregistry.c:590:gst_registry_add_feature: adding feature 0x80f280 (output-selector)
0:00:00.013752836  2776 0x2557320 LOG   GST_POLL gstpoll.c:994:gst_poll_fd_ctl_write: 0x255f9e0: pfd->events now 60 (POLLOUT:4)
0:00:00.017644250  2775 0x7f0390 DEBUG   GST_REFCOUNTING gstobject.c:709:gst_object_set_parent: set parent (ref and sink)
0:00:00.013759076  2776 0x2557320 DEBUG   GST_POLL gstpoll.c:980:gst_poll_fd_ctl_write: 0x255f9e0: fd (fd:0, idx:1), active : 1
0:00:00.017651886  2775 0x7f0390 TRACE   GST_REFCOUNTING gstobject.c:294:gst_object_ref_sink: 0x80f280 ref_sink 1->2
0:00:00.013765508  2776 0x2557320 LOG   GST_POLL gstpoll.c:994:gst_poll_fd_ctl_write: 0x255f9e0: pfd->events now 60 (POLLOUT:4)
0:00:00.017659068  2775 0x7f0390 LOG   GST_REGISTRY gstregistry.c:608:gst_registry_add_feature: emitting feature-added for output-selector
0:00:00.013773507  2776 0x2557320 DEBUG   GST_POLL gstpoll.c:980:gst_poll_fd_ctl_write: 0x255f9e0: fd (fd:0, idx:1), active : 1
0:00:00.017666414  2775 0x7f0390 DEBUG   GST_REGISTRY gstregistrychunks.c:742:gst_registry_chunks_load_feature: Added feature output-selector, plugin 0x80b7b0 coreelements
0:00:00.013779997  2776 0x2557320 LOG   GST_POLL gstpoll.c:994:gst_poll_fd_ctl_write: 0x255f9e0: pfd->events now 60 (POLLOUT:4)
0:00:00.017673485  2775 0x7f0390 DEBUG   GST_REGISTRY gstregistrychunks.c:584:gst_registry_chunks_load_feature: Plugin 'coreelements' feature 'input-selector' typename : 'GstElementFactory'
0:00:00.013787660  2776 0x2557320 DEBUG   GST_POLL gstpoll.c:980:gst_poll_fd_ctl_write: 0x255f9e0: fd (fd:0, idx:1), active : 1
0:00:00.017680947  2775 0x7f0390 TRACE   GST_REFCOUNTING gstobject.c:208:gst_object_init: 0x80f700 new
0:00:00.013794387  2776 0x2557320 LOG   GST_POLL gstpoll.c:994:gst_poll_fd_ctl_write: 0x255f9e0: pfd->events now 60 (POLLOUT:4)
0:00:00.017688527  2775 0x7f0390 LOG   GST_REGISTRY gstregistrychunks.c:611:gst_registry_chunks_load_feature: Reading/casting for GstRegistryChunkElementFactory at address 0x80c6f0
0:00:00.013802616  2776 0x2557320 DEBUG   GST_POLL gstpoll.c:980:gst_poll_fd_ctl_write: 0x255f9e0: fd (fd:0, idx:1), active : 1
0:00:00.017695443  2775 0x7f0390 TRACE   structure gststructure.c:292:gst_structure_new_id_empty_with_size: created structure 0x80f910
0:00:00.013809635  2776 0x2557320 LOG   GST_POLL gstpoll.c:994:gst_poll_fd_ctl_write: 0x255f9e0: pfd->events now 60 (POLLOUT:4)
0:00:00.017701651  2775 0x7f0390 DEBUG   structure gststructure.c:2258:gst_structure_parse_field: trying field name 'long-name'
0:00:00.013816953  2776 0x2557320 LOG   GST_PLUGIN_LOADING gstpluginloader.c:645:put_chunk: Expanding tx buf from 10158 to 13209 for chunk of size 209
0:00:00.017707576  2775 0x7f0390 DEBUG   default gstvalue.c:2776:_priv_gst_value_parse_value: trying type name 'string'
0:00:00.013827696  2776 0x2557320 DEBUG   GST_POLL gstpoll.c:980:gst_poll_fd_ctl_write: 0x255f9e0: fd (fd:0, idx:1), active : 1
0:00:00.017717708  2775 0x7f0390 DEBUG   structure gststructure.c:2258:gst_structure_parse_field: trying field name 'klass'
0:00:00.013833807  2776 0x2557320 LOG   GST_POLL gstpoll.c:994:gst_poll_fd_ctl_write: 0x255f9e0: pfd->events now 60 (POLLOUT:4)
0:00:00.017723693  2775 0x7f0390 DEBUG   default gstvalue.c:2776:_priv_gst_value_parse_value: trying type name 'string'
0:00:00.013840051  2776 0x2557320 DEBUG   GST_POLL gstpoll.c:980:gst_poll_fd_ctl_write: 0x255f9e0: fd (fd:0, idx:1), active : 1
0:00:00.017730054  2775 0x7f0390 DEBUG   structure gststructure.c:2258:gst_structure_parse_field: trying field name 'description'
0:00:00.013845997  2776 0x2557320 LOG   GST_POLL gstpoll.c:994:gst_poll_fd_ctl_write: 0x255f9e0: pfd->events now 60 (POLLOUT:4)
0:00:00.017735859  2775 0x7f0390 DEBUG   default gstvalue.c:2776:_priv_gst_value_parse_value: trying type name 'string'
0:00:00.013852323  2776 0x2557320 DEBUG   GST_POLL gstpoll.c:980:gst_poll_fd_ctl_write: 0x255f9e0: fd (fd:0, idx:1), active : 1
0:00:00.017742295  2775 0x7f0390 DEBUG   structure gststructure.c:2258:gst_structure_parse_field: trying field name 'author'
0:00:00.013858265  2776 0x2557320 LOG   GST_POLL gstpoll.c:994:gst_poll_fd_ctl_write: 0x255f9e0: pfd->events now 60 (POLLOUT:4)
0:00:00.017748029  2775 0x7f0390 DEBUG   default gstvalue.c:2776:_priv_gst_value_parse_value: trying type name 'string'
0:00:00.013864528  2776 0x2557320 DEBUG   GST_POLL gstpoll.c:980:gst_poll_fd_ctl_write: 0x255f9e0: fd (fd:0, idx:1), active : 1
0:00:00.017755746  2775 0x7f0390 DEBUG   GST_REGISTRY gstregistrychunks.c:627:gst_registry_chunks_load_feature: Element factory : npadtemplates=2
0:00:00.013870436  2776 0x2557320 LOG   GST_POLL gstpoll.c:994:gst_poll_fd_ctl_write: 0x255f9e0: pfd->events now 60 (POLLOUT:4)
0:00:00.017761709  2775 0x7f0390 DEBUG   GST_REGISTRY gstregistrychunks.c:527:gst_registry_chunks_load_pad_template: Reading/casting for GstRegistryChunkPadTemplate at address 0x80c820
0:00:00.013876743  2776 0x2557320 DEBUG   GST_POLL gstpoll.c:980:gst_poll_fd_ctl_write: 0x255f9e0: fd (fd:0, idx:1), active : 1
0:00:00.017767700  2775 0x7f0390 DEBUG   GST_REGISTRY gstregistrychunks.c:540:gst_registry_chunks_load_pad_template: Added pad_template src
0:00:00.013882734  2776 0x2557320 LOG   GST_POLL gstpoll.c:994:gst_poll_fd_ctl_write: 0x255f9e0: pfd->events now 60 (POLLOUT:4)
0:00:00.017773581  2775 0x7f0390 DEBUG   GST_REGISTRY gstregistrychunks.c:527:gst_registry_chunks_load_pad_template: Reading/casting for GstRegistryChunkPadTemplate at address 0x80c830
0:00:00.013889011  2776 0x2557320 DEBUG   GST_POLL gstpoll.c:980:gst_poll_fd_ctl_write: 0x255f9e0: fd (fd:0, idx:1), active : 1
0:00:00.017779605  2775 0x7f0390 DEBUG   GST_REGISTRY gstregistrychunks.c:540:gst_registry_chunks_load_pad_template: Added pad_template sink_%u
0:00:00.013898675  2776 0x2557320 LOG   GST_POLL gstpoll.c:994:gst_poll_fd_ctl_write: 0x255f9e0: pfd->events now 60 (POLLOUT:4)
0:00:00.017790025  2775 0x7f0390 DEBUG   GST_REGISTRY gstregistry.c:590:gst_registry_add_feature: adding feature 0x80f700 (input-selector)
0:00:00.013904960  2776 0x2557320 DEBUG   GST_POLL gstpoll.c:980:gst_poll_fd_ctl_write: 0x255f9e0: fd (fd:0, idx:1), active : 1
0:00:00.017796583  2775 0x7f0390 DEBUG   GST_REFCOUNTING gstobject.c:709:gst_object_set_parent: set parent (ref and sink)
0:00:00.013911149  2776 0x2557320 LOG   GST_POLL gstpoll.c:994:gst_poll_fd_ctl_write: 0x255f9e0: pfd->events now 60 (POLLOUT:4)
0:00:00.017804051  2775 0x7f0390 TRACE   GST_REFCOUNTING gstobject.c:294:gst_object_ref_sink: 0x80f700 ref_sink 1->2
0:00:00.013918122  2776 0x2557320 DEBUG   GST_POLL gstpoll.c:980:gst_poll_fd_ctl_write: 0x255f9e0: fd (fd:0, idx:1), active : 1
0:00:00.017811190  2775 0x7f0390 LOG   GST_REGISTRY gstregistry.c:608:gst_registry_add_feature: emitting feature-added for input-selector
0:00:00.013925537  2776 0x2557320 LOG   GST_POLL gstpoll.c:994:gst_poll_fd_ctl_write: 0x255f9e0: pfd->events now 60 (POLLOUT:4)
0:00:00.017818318  2775 0x7f0390 DEBUG   GST_REGISTRY gstregistrychunks.c:742:gst_registry_chunks_load_feature: Added feature input-selector, plugin 0x80b7b0 coreelements
0:00:00.013932324  2776 0x2557320 DEBUG   GST_POLL gstpoll.c:980:gst_poll_fd_ctl_write: 0x255f9e0: fd (fd:0, idx:1), active : 1
0:00:00.017825706  2775 0x7f0390 DEBUG   GST_REGISTRY gstregistrychunks.c:584:gst_registry_chunks_load_feature: Plugin 'coreelements' feature 'identity' typename : 'GstElementFactory'
0:00:00.013939580  2776 0x2557320 LOG   GST_POLL gstpoll.c:994:gst_poll_fd_ctl_write: 0x255f9e0: pfd->events now 60 (POLLOUT:4)
0:00:00.017832924  2775 0x7f0390 TRACE   GST_REFCOUNTING gstobject.c:208:gst_object_init: 0x80fb90 new
0:00:00.013947157  2776 0x2557320 DEBUG   GST_POLL gstpoll.c:980:gst_poll_fd_ctl_write: 0x255f9e0: fd (fd:0, idx:1), active : 1
0:00:00.017840343  2775 0x7f0390 LOG   GST_REGISTRY gstregistrychunks.c:611:gst_registry_chunks_load_feature: Reading/casting for GstRegistryChunkElementFactory at address 0x80c860
0:00:00.013954254  2776 0x2557320 LOG   GST_POLL gstpoll.c:994:gst_poll_fd_ctl_write: 0x255f9e0: pfd->events now 60 (POLLOUT:4)
0:00:00.017846826  2775 0x7f0390 TRACE   structure gststructure.c:292:gst_structure_new_id_empty_with_size: created structure 0x80fc80
0:00:00.013961628  2776 0x2557320 DEBUG   GST_POLL gstpoll.c:980:gst_poll_fd_ctl_write: 0x255f9e0: fd (fd:0, idx:1), active : 1
0:00:00.017852791  2775 0x7f0390 DEBUG   structure gststructure.c:2258:gst_structure_parse_field: trying field name 'long-name'
0:00:00.013967672  2776 0x2557320 LOG   GST_POLL gstpoll.c:994:gst_poll_fd_ctl_write: 0x255f9e0: pfd->events now 60 (POLLOUT:4)
0:00:00.017858628  2775 0x7f0390 DEBUG   default gstvalue.c:2776:_priv_gst_value_parse_value: trying type name 'string'
0:00:00.013980156  2776 0x2557320 DEBUG   GST_POLL gstpoll.c:980:gst_poll_fd_ctl_write: 0x255f9e0: fd (fd:0, idx:1), active : 1
0:00:00.017869536  2775 0x7f0390 DEBUG   structure gststructure.c:2258:gst_structure_parse_field: trying field name 'klass'
0:00:00.013986214  2776 0x2557320 LOG   GST_POLL gstpoll.c:994:gst_poll_fd_ctl_write: 0x255f9e0: pfd->events now 60 (POLLOUT:4)
0:00:00.017876029  2775 0x7f0390 DEBUG   default gstvalue.c:2776:_priv_gst_value_parse_value: trying type name 'string'
0:00:00.013992572  2776 0x2557320 DEBUG   GST_POLL gstpoll.c:980:gst_poll_fd_ctl_write: 0x255f9e0: fd (fd:0, idx:1), active : 1
0:00:00.017883252  2775 0x7f0390 DEBUG   structure gststructure.c:2258:gst_structure_parse_field: trying field name 'description'
0:00:00.014000347  2776 0x2557320 LOG   GST_POLL gstpoll.c:994:gst_poll_fd_ctl_write: 0x255f9e0: pfd->events now 60 (POLLOUT:4)
0:00:00.017890083  2775 0x7f0390 DEBUG   default gstvalue.c:2776:_priv_gst_value_parse_value: trying type name 'string'
0:00:00.014006663  2776 0x2557320 DEBUG   GST_POLL gstpoll.c:980:gst_poll_fd_ctl_write: 0x255f9e0: fd (fd:0, idx:1), active : 1
0:00:00.017896637  2775 0x7f0390 DEBUG   structure gststructure.c:2258:gst_structure_parse_field: trying field name 'author'
0:00:00.014012692  2776 0x2557320 LOG   GST_POLL gstpoll.c:994:gst_poll_fd_ctl_write: 0x255f9e0: pfd->events now 60 (POLLOUT:4)
0:00:00.017902356  2775 0x7f0390 DEBUG   default gstvalue.c:2776:_priv_gst_value_parse_value: trying type name 'string'
0:00:00.014018968  2776 0x2557320 DEBUG   GST_POLL gstpoll.c:980:gst_poll_fd_ctl_write: 0x255f9e0: fd (fd:0, idx:1), active : 1
0:00:00.017909018  2775 0x7f0390 DEBUG   GST_REGISTRY gstregistrychunks.c:627:gst_registry_chunks_load_feature: Element factory : npadtemplates=2
0:00:00.014024926  2776 0x2557320 LOG   GST_POLL gstpoll.c:994:gst_poll_fd_ctl_write: 0x255f9e0: pfd->events now 60 (POLLOUT:4)
