0:00:00.005970627  2775 0x7f0390 DEBUG   GST_REGISTRY gstregistry.c:1361:gst_registry_scan_path_level: file /home/conan/w/prod/BuildSingleReference/.conan/data/gstreamer/1.19.2/_/_/package/3ad8b12e986bc654ebd8f9dbd570a3969420bafe/lib/gstreamer-1.0/libgstcoretracers.so not yet in registry
0:00:00.002087989  2776 0x2557320 TRACE   GST_REFCOUNTING gstobject.c:208:gst_object_init: 0x2570ee0 new
0:00:00.005977128  2775 0x7f0390 DEBUG   GST_REGISTRY gstregistry.c:1172:gst_registry_scan_plugin_file: Using scan-helper to load plugin /home/conan/w/prod/BuildSingleReference/.conan/data/gstreamer/1.19.2/_/_/package/3ad8b12e986bc654ebd8f9dbd570a3969420bafe/lib/gstreamer-1.0/libgstcoretracers.so
0:00:00.005988676  2775 0x7f0390 LOG   GST_PLUGIN_LOADING gstpluginloader.c:236:plugin_loader_load: Sending file /home/conan/w/prod/BuildSingleReference/.conan/data/gstreamer/1.19.2/_/_/package/3ad8b12e986bc654ebd8f9dbd570a3969420bafe/lib/gstreamer-1.0/libgstcoretracers.so to child. tag 2
0:00:00.005995968  2775 0x7f0390 DEBUG   GST_POLL gstpoll.c:980:gst_poll_fd_ctl_write: 0x809d10: fd (fd:7, idx:1), active : 1
0:00:00.002107478  2776 0x2557320 LOG   GST_PLUGIN_LOADING gstplugin.c:887:_priv_gst_plugin_load_file_for_registry: Plugin 0x2570ee0 for file "/home/conan/w/prod/BuildSingleReference/.conan/data/gstreamer/1.19.2/_/_/package/3ad8b12e986bc654ebd8f9dbd570a3969420bafe/lib/gstreamer-1.0/libgstcoretracers.so" prepared, calling entry function...
0:00:00.006002159  2775 0x7f0390 LOG   GST_POLL gstpoll.c:994:gst_poll_fd_ctl_write: 0x809d10: pfd->events now 60 (POLLOUT:4)
0:00:00.006013126  2775 0x7f0390 DEBUG   GST_POLL gstpoll.c:1414:gst_poll_wait: 0x809d10: timeout :0:00:01.000000000
0:00:00.002125392  2776 0x2557320 LOG   GST_PLUGIN_LOADING gstplugin.c:894:_priv_gst_plugin_load_file_for_registry: Plugin 0x2570ee0 for file "/home/conan/w/prod/BuildSingleReference/.conan/data/gstreamer/1.19.2/_/_/package/3ad8b12e986bc654ebd8f9dbd570a3969420bafe/lib/gstreamer-1.0/libgstcoretracers.so" prepared, registering...
0:00:00.006021078  2775 0x7f0390 LOG   GST_PLUGIN_LOADING gstpluginloader.c:1027:exchange_packets: Poll res = 1. 173 bytes pending for write
0:00:00.002134226  2776 0x2557320 LOG   GST_PLUGIN_LOADING gstplugin.c:511:gst_plugin_register_func: plugin "/home/conan/w/prod/BuildSingleReference/.conan/data/gstreamer/1.19.2/_/_/package/3ad8b12e986bc654ebd8f9dbd570a3969420bafe/lib/gstreamer-1.0/libgstcoretracers.so" looks good
0:00:00.006027699  2775 0x7f0390 DEBUG   GST_POLL gstpoll.c:1241:gst_poll_fd_has_error: 0x809d10: fd (fd:8, idx:2) 0
0:00:00.006033679  2775 0x7f0390 DEBUG   GST_POLL gstpoll.c:1266:gst_poll_fd_can_read_unlocked: 0x809d10: fd (fd:8, idx:2) 0
0:00:00.006039351  2775 0x7f0390 DEBUG   GST_POLL gstpoll.c:1195:gst_poll_fd_has_closed: 0x809d10: fd (fd:8, idx:2) 0
0:00:00.002154200  2776 0x2557320 TRACE   GST_REFCOUNTING gstobject.c:208:gst_object_init: 0x25712a0 new
0:00:00.006045037  2775 0x7f0390 DEBUG   GST_POLL gstpoll.c:1241:gst_poll_fd_has_error: 0x809d10: fd (fd:7, idx:1) 0
0:00:00.006051126  2775 0x7f0390 DEBUG   GST_POLL gstpoll.c:1335:gst_poll_fd_can_write: 0x809d10: fd (fd:7, idx:1) 1
0:00:00.002163435  2776 0x2557320 DEBUG   GST_TRACER gsttracer.c:169:gst_tracer_register: new tracer factory for latency
0:00:00.006056595  2775 0x7f0390 LOG   GST_PLUGIN_LOADING gstpluginloader.c:689:write_one: Writing packet of size 173 bytes to fd 7
0:00:00.002173512  2776 0x2557320 DEBUG   GST_TRACER gsttracer.c:177:gst_tracer_register: tracer factory for 39249824:GstLatencyTracer
0:00:00.006064447  2775 0x7f0390 DEBUG   GST_POLL gstpoll.c:980:gst_poll_fd_ctl_write: 0x809d10: fd (fd:7, idx:1), active : 0
0:00:00.002181479  2776 0x2557320 DEBUG   GST_REGISTRY gstregistry.c:590:gst_registry_add_feature: adding feature 0x25712a0 (latency)
0:00:00.006070693  2775 0x7f0390 LOG   GST_POLL gstpoll.c:994:gst_poll_fd_ctl_write: 0x809d10: pfd->events now 56 (POLLOUT:4)
0:00:00.002187846  2776 0x2557320 DEBUG   GST_REFCOUNTING gstobject.c:709:gst_object_set_parent: set parent (ref and sink)
0:00:00.002194887  2776 0x2557320 TRACE   GST_REFCOUNTING gstobject.c:294:gst_object_ref_sink: 0x25712a0 ref_sink 1->2
0:00:00.002221752  2776 0x2557320 LOG   GST_REGISTRY gstregistry.c:608:gst_registry_add_feature: emitting feature-added for latency
0:00:00.006084446  2775 0x7f0390 LOG   GST_REGISTRY gstregistry.c:1300:gst_registry_scan_path_level: file /home/conan/w/prod/BuildSingleReference/.conan/data/gstreamer/1.19.2/_/_/package/3ad8b12e986bc654ebd8f9dbd570a3969420bafe/lib/gstreamer-1.0/libgstcoreelements.so looks like a possible module
0:00:00.006130076  2775 0x7f0390 DEBUG   GST_REGISTRY gstregistry.c:1361:gst_registry_scan_path_level: file /home/conan/w/prod/BuildSingleReference/.conan/data/gstreamer/1.19.2/_/_/package/3ad8b12e986bc654ebd8f9dbd570a3969420bafe/lib/gstreamer-1.0/libgstcoreelements.so not yet in registry
0:00:00.002247617  2776 0x2557320 TRACE   GST_REFCOUNTING gstobject.c:208:gst_object_init: 0x2571790 new
0:00:00.006137329  2775 0x7f0390 DEBUG   GST_REGISTRY gstregistry.c:1172:gst_registry_scan_plugin_file: Using scan-helper to load plugin /home/conan/w/prod/BuildSingleReference/.conan/data/gstreamer/1.19.2/_/_/package/3ad8b12e986bc654ebd8f9dbd570a3969420bafe/lib/gstreamer-1.0/libgstcoreelements.so
0:00:00.002257420  2776 0x2557320 DEBUG   GST_TRACER gsttracer.c:169:gst_tracer_register: new tracer factory for log
0:00:00.006146016  2775 0x7f0390 LOG   GST_PLUGIN_LOADING gstpluginloader.c:236:plugin_loader_load: Sending file /home/conan/w/prod/BuildSingleReference/.conan/data/gstreamer/1.19.2/_/_/package/3ad8b12e986bc654ebd8f9dbd570a3969420bafe/lib/gstreamer-1.0/libgstcoreelements.so to child. tag 3
0:00:00.002282918  2776 0x2557320 DEBUG   GST_TRACER gsttracer.c:177:gst_tracer_register: tracer factory for 39261680:GstLogTracer
0:00:00.006173297  2775 0x7f0390 DEBUG   GST_POLL gstpoll.c:980:gst_poll_fd_ctl_write: 0x809d10: fd (fd:7, idx:1), active : 1
0:00:00.002290977  2776 0x2557320 DEBUG   GST_REGISTRY gstregistry.c:590:gst_registry_add_feature: adding feature 0x2571790 (log)
0:00:00.006180040  2775 0x7f0390 LOG   GST_POLL gstpoll.c:994:gst_poll_fd_ctl_write: 0x809d10: pfd->events now 60 (POLLOUT:4)
0:00:00.002297476  2776 0x2557320 DEBUG   GST_REFCOUNTING gstobject.c:709:gst_object_set_parent: set parent (ref and sink)
0:00:00.006188312  2775 0x7f0390 DEBUG   GST_POLL gstpoll.c:1414:gst_poll_wait: 0x809d10: timeout :0:00:01.000000000
0:00:00.002304993  2776 0x2557320 TRACE   GST_REFCOUNTING gstobject.c:294:gst_object_ref_sink: 0x2571790 ref_sink 1->2
0:00:00.006196700  2775 0x7f0390 LOG   GST_PLUGIN_LOADING gstpluginloader.c:1027:exchange_packets: Poll res = 1. 174 bytes pending for write
0:00:00.002312241  2776 0x2557320 LOG   GST_REGISTRY gstregistry.c:608:gst_registry_add_feature: emitting feature-added for log
0:00:00.006203578  2775 0x7f0390 DEBUG   GST_POLL gstpoll.c:1241:gst_poll_fd_has_error: 0x809d10: fd (fd:8, idx:2) 0
0:00:00.006209975  2775 0x7f0390 DEBUG   GST_POLL gstpoll.c:1266:gst_poll_fd_can_read_unlocked: 0x809d10: fd (fd:8, idx:2) 0
0:00:00.002323015  2776 0x2557320 TRACE   GST_REFCOUNTING gstobject.c:208:gst_object_init: 0x25719a0 new
0:00:00.006215893  2775 0x7f0390 DEBUG   GST_POLL gstpoll.c:1195:gst_poll_fd_has_closed: 0x809d10: fd (fd:8, idx:2) 0
0:00:00.002332092  2776 0x2557320 DEBUG   GST_TRACER gsttracer.c:169:gst_tracer_register: new tracer factory for rusage
0:00:00.006227885  2775 0x7f0390 DEBUG   GST_POLL gstpoll.c:1241:gst_poll_fd_has_error: 0x809d10: fd (fd:7, idx:1) 0
0:00:00.002343913  2776 0x2557320 DEBUG   GST_TRACER gsttracer.c:177:gst_tracer_register: tracer factory for 39262288:GstRUsageTracer
0:00:00.006234433  2775 0x7f0390 DEBUG   GST_POLL gstpoll.c:1335:gst_poll_fd_can_write: 0x809d10: fd (fd:7, idx:1) 1
0:00:00.002351361  2776 0x2557320 DEBUG   GST_REGISTRY gstregistry.c:590:gst_registry_add_feature: adding feature 0x25719a0 (rusage)
0:00:00.006240530  2775 0x7f0390 LOG   GST_PLUGIN_LOADING gstpluginloader.c:689:write_one: Writing packet of size 174 bytes to fd 7
0:00:00.002357416  2776 0x2557320 DEBUG   GST_REFCOUNTING gstobject.c:709:gst_object_set_parent: set parent (ref and sink)
0:00:00.006249469  2775 0x7f0390 DEBUG   GST_POLL gstpoll.c:980:gst_poll_fd_ctl_write: 0x809d10: fd (fd:7, idx:1), active : 0
0:00:00.002364785  2776 0x2557320 TRACE   GST_REFCOUNTING gstobject.c:294:gst_object_ref_sink: 0x25719a0 ref_sink 1->2
0:00:00.006256134  2775 0x7f0390 LOG   GST_POLL gstpoll.c:994:gst_poll_fd_ctl_write: 0x809d10: pfd->events now 56 (POLLOUT:4)
0:00:00.002371478  2776 0x2557320 LOG   GST_REGISTRY gstregistry.c:608:gst_registry_add_feature: emitting feature-added for rusage
0:00:00.006268730  2775 0x7f0390 DEBUG   GST_REGISTRY gstregistry.c:1384:gst_registry_scan_path_internal: registry changed in path /home/conan/w/prod/BuildSingleReference/.conan/data/gstreamer/1.19.2/_/_/package/3ad8b12e986bc654ebd8f9dbd570a3969420bafe/lib/gstreamer-1.0: 0
0:00:00.002382533  2776 0x2557320 TRACE   GST_REFCOUNTING gstobject.c:208:gst_object_init: 0x2571c70 new
0:00:00.006279243  2775 0x7f0390 DEBUG   GST_POLL gstpoll.c:980:gst_poll_fd_ctl_write: 0x809d10: fd (fd:7, idx:1), active : 1
0:00:00.002392393  2776 0x2557320 DEBUG   GST_TRACER gsttracer.c:169:gst_tracer_register: new tracer factory for stats
0:00:00.006285910  2775 0x7f0390 LOG   GST_POLL gstpoll.c:994:gst_poll_fd_ctl_write: 0x809d10: pfd->events now 60 (POLLOUT:4)
0:00:00.002401492  2776 0x2557320 DEBUG   GST_TRACER gsttracer.c:177:gst_tracer_register: tracer factory for 39262896:GstStatsTracer
0:00:00.006293240  2775 0x7f0390 DEBUG   GST_POLL gstpoll.c:1414:gst_poll_wait: 0x809d10: timeout :0:00:01.000000000
0:00:00.002409147  2776 0x2557320 DEBUG   GST_REGISTRY gstregistry.c:590:gst_registry_add_feature: adding feature 0x2571c70 (stats)
0:00:00.006301347  2775 0x7f0390 LOG   GST_PLUGIN_LOADING gstpluginloader.c:1027:exchange_packets: Poll res = 1. 12 bytes pending for write
0:00:00.002415523  2776 0x2557320 DEBUG   GST_REFCOUNTING gstobject.c:709:gst_object_set_parent: set parent (ref and sink)
0:00:00.006308435  2775 0x7f0390 DEBUG   GST_POLL gstpoll.c:1241:gst_poll_fd_has_error: 0x809d10: fd (fd:8, idx:2) 0
0:00:00.002423703  2776 0x2557320 TRACE   GST_REFCOUNTING gstobject.c:294:gst_object_ref_sink: 0x2571c70 ref_sink 1->2
0:00:00.006314711  2775 0x7f0390 DEBUG   GST_POLL gstpoll.c:1266:gst_poll_fd_can_read_unlocked: 0x809d10: fd (fd:8, idx:2) 0
0:00:00.002435325  2776 0x2557320 LOG   GST_REGISTRY gstregistry.c:608:gst_registry_add_feature: emitting feature-added for stats
0:00:00.006325324  2775 0x7f0390 DEBUG   GST_POLL gstpoll.c:1195:gst_poll_fd_has_closed: 0x809d10: fd (fd:8, idx:2) 0
0:00:00.006331788  2775 0x7f0390 DEBUG   GST_POLL gstpoll.c:1241:gst_poll_fd_has_error: 0x809d10: fd (fd:7, idx:1) 0
0:00:00.002449126  2776 0x2557320 TRACE   GST_REFCOUNTING gstobject.c:208:gst_object_init: 0x2571ec0 new
0:00:00.006337527  2775 0x7f0390 DEBUG   GST_POLL gstpoll.c:1335:gst_poll_fd_can_write: 0x809d10: fd (fd:7, idx:1) 1
0:00:00.002457768  2776 0x2557320 DEBUG   GST_TRACER gsttracer.c:169:gst_tracer_register: new tracer factory for leaks
0:00:00.006345993  2775 0x7f0390 LOG   GST_PLUGIN_LOADING gstpluginloader.c:689:write_one: Writing packet of size 12 bytes to fd 7
0:00:00.002465841  2776 0x2557320 DEBUG   GST_TRACER gsttracer.c:177:gst_tracer_register: tracer factory for 39263568:GstLeaksTracer
0:00:00.006356231  2775 0x7f0390 DEBUG   GST_POLL gstpoll.c:980:gst_poll_fd_ctl_write: 0x809d10: fd (fd:7, idx:1), active : 0
0:00:00.002472973  2776 0x2557320 DEBUG   GST_REGISTRY gstregistry.c:590:gst_registry_add_feature: adding feature 0x2571ec0 (leaks)
0:00:00.006362652  2775 0x7f0390 LOG   GST_POLL gstpoll.c:994:gst_poll_fd_ctl_write: 0x809d10: pfd->events now 56 (POLLOUT:4)
0:00:00.002479061  2776 0x2557320 DEBUG   GST_REFCOUNTING gstobject.c:709:gst_object_set_parent: set parent (ref and sink)
0:00:00.006369951  2775 0x7f0390 DEBUG   GST_POLL gstpoll.c:1414:gst_poll_wait: 0x809d10: timeout :0:00:01.000000000
0:00:00.002486056  2776 0x2557320 TRACE   GST_REFCOUNTING gstobject.c:294:gst_object_ref_sink: 0x2571ec0 ref_sink 1->2
0:00:00.002493042  2776 0x2557320 LOG   GST_REGISTRY gstregistry.c:608:gst_registry_add_feature: emitting feature-added for leaks
0:00:00.002502349  2776 0x2557320 TRACE   GST_REFCOUNTING gstobject.c:208:gst_object_init: 0x2572160 new
0:00:00.002509972  2776 0x2557320 DEBUG   GST_TRACER gsttracer.c:169:gst_tracer_register: new tracer factory for factories
0:00:00.002517092  2776 0x2557320 DEBUG   GST_TRACER gsttracer.c:177:gst_tracer_register: tracer factory for 39264240:GstFactoriesTracer
0:00:00.002523830  2776 0x2557320 DEBUG   GST_REGISTRY gstregistry.c:590:gst_registry_add_feature: adding feature 0x2572160 (factories)
0:00:00.002530278  2776 0x2557320 DEBUG   GST_REFCOUNTING gstobject.c:709:gst_object_set_parent: set parent (ref and sink)
0:00:00.002537389  2776 0x2557320 TRACE   GST_REFCOUNTING gstobject.c:294:gst_object_ref_sink: 0x2572160 ref_sink 1->2
0:00:00.002549938  2776 0x2557320 LOG   GST_REGISTRY gstregistry.c:608:gst_registry_add_feature: emitting feature-added for factories
0:00:00.002556876  2776 0x2557320 LOG   GST_PLUGIN_LOADING gstplugin.c:538:gst_plugin_register_func: plugin "/home/conan/w/prod/BuildSingleReference/.conan/data/gstreamer/1.19.2/_/_/package/3ad8b12e986bc654ebd8f9dbd570a3969420bafe/lib/gstreamer-1.0/libgstcoretracers.so" initialised
0:00:00.002565107  2776 0x2557320 INFO   GST_PLUGIN_LOADING gstplugin.c:912:_priv_gst_plugin_load_file_for_registry: plugin "/home/conan/w/prod/BuildSingleReference/.conan/data/gstreamer/1.19.2/_/_/package/3ad8b12e986bc654ebd8f9dbd570a3969420bafe/lib/gstreamer-1.0/libgstcoretracers.so" loaded
0:00:00.002572287  2776 0x2557320 TRACE   GST_REFCOUNTING gstobject.c:238:gst_object_ref: 0x2570ee0 ref 1->2
0:00:00.002580170  2776 0x2557320 DEBUG   GST_REGISTRY gstregistry.c:474:gst_registry_add_plugin: adding plugin 0x2570ee0 for filename "/home/conan/w/prod/BuildSingleReference/.conan/data/gstreamer/1.19.2/_/_/package/3ad8b12e986bc654ebd8f9dbd570a3969420bafe/lib/gstreamer-1.0/libgstcoretracers.so"
0:00:00.002587516  2776 0x2557320 TRACE   GST_REFCOUNTING gstobject.c:294:gst_object_ref_sink: 0x2570ee0 ref_sink 2->3
0:00:00.002594446  2776 0x2557320 LOG   GST_REGISTRY gstregistry.c:487:gst_registry_add_plugin: emitting plugin-added for filename "/home/conan/w/prod/BuildSingleReference/.conan/data/gstreamer/1.19.2/_/_/package/3ad8b12e986bc654ebd8f9dbd570a3969420bafe/lib/gstreamer-1.0/libgstcoretracers.so"
0:00:00.002602043  2776 0x2557320 TRACE   GST_REFCOUNTING gstobject.c:238:gst_object_ref: 0x2572160 ref 1->2
0:00:00.002608800  2776 0x2557320 TRACE   GST_REFCOUNTING gstobject.c:238:gst_object_ref: 0x2571ec0 ref 1->2
0:00:00.002615479  2776 0x2557320 TRACE   GST_REFCOUNTING gstobject.c:238:gst_object_ref: 0x2571c70 ref 1->2
0:00:00.002622152  2776 0x2557320 TRACE   GST_REFCOUNTING gstobject.c:238:gst_object_ref: 0x25719a0 ref 1->2
0:00:00.002628652  2776 0x2557320 TRACE   GST_REFCOUNTING gstobject.c:238:gst_object_ref: 0x2571790 ref 1->2
0:00:00.002635134  2776 0x2557320 TRACE   GST_REFCOUNTING gstobject.c:238:gst_object_ref: 0x25712a0 ref 1->2
0:00:00.002648368  2776 0x2557320 TRACE   GST_REFCOUNTING gstobject.c:265:gst_object_unref: 0x25712a0 unref 2->1
0:00:00.002656206  2776 0x2557320 TRACE   GST_REFCOUNTING gstobject.c:265:gst_object_unref: 0x2571790 unref 2->1
0:00:00.002672956  2776 0x2557320 TRACE   GST_REFCOUNTING gstobject.c:265:gst_object_unref: 0x25719a0 unref 2->1
0:00:00.002679313  2776 0x2557320 TRACE   GST_REFCOUNTING gstobject.c:265:gst_object_unref: 0x2571c70 unref 2->1
0:00:00.002685640  2776 0x2557320 TRACE   GST_REFCOUNTING gstobject.c:265:gst_object_unref: 0x2571ec0 unref 2->1
0:00:00.002691973  2776 0x2557320 TRACE   GST_REFCOUNTING gstobject.c:265:gst_object_unref: 0x2572160 unref 2->1
0:00:00.002700899  2776 0x2557320 DEBUG   GST_REGISTRY gstregistrychunks.c:499:_priv_gst_registry_chunks_save_plugin: Found 6 features in plugin 0x2570ee0 (coretracers)
0:00:00.002715518  2776 0x2557320 DEBUG   GST_POLL gstpoll.c:980:gst_poll_fd_ctl_write: 0x255f9e0: fd (fd:0, idx:1), active : 1
0:00:00.002722180  2776 0x2557320 LOG   GST_POLL gstpoll.c:994:gst_poll_fd_ctl_write: 0x255f9e0: pfd->events now 60 (POLLOUT:4)
0:00:00.002728410  2776 0x2557320 DEBUG   GST_POLL gstpoll.c:980:gst_poll_fd_ctl_write: 0x255f9e0: fd (fd:0, idx:1), active : 1
0:00:00.002734274  2776 0x2557320 LOG   GST_POLL gstpoll.c:994:gst_poll_fd_ctl_write: 0x255f9e0: pfd->events now 60 (POLLOUT:4)
0:00:00.002741113  2776 0x2557320 DEBUG   GST_POLL gstpoll.c:980:gst_poll_fd_ctl_write: 0x255f9e0: fd (fd:0, idx:1), active : 1
0:00:00.002747187  2776 0x2557320 LOG   GST_POLL gstpoll.c:994:gst_poll_fd_ctl_write: 0x255f9e0: pfd->events now 60 (POLLOUT:4)
0:00:00.002753384  2776 0x2557320 DEBUG   GST_POLL gstpoll.c:980:gst_poll_fd_ctl_write: 0x255f9e0: fd (fd:0, idx:1), active : 1
0:00:00.002759006  2776 0x2557320 LOG   GST_POLL gstpoll.c:994:gst_poll_fd_ctl_write: 0x255f9e0: pfd->events now 60 (POLLOUT:4)
0:00:00.002764781  2776 0x2557320 DEBUG   GST_POLL gstpoll.c:980:gst_poll_fd_ctl_write: 0x255f9e0: fd (fd:0, idx:1), active : 1
0:00:00.002770467  2776 0x2557320 LOG   GST_POLL gstpoll.c:994:gst_poll_fd_ctl_write: 0x255f9e0: pfd->events now 60 (POLLOUT:4)
0:00:00.002776111  2776 0x2557320 DEBUG   GST_POLL gstpoll.c:980:gst_poll_fd_ctl_write: 0x255f9e0: fd (fd:0, idx:1), active : 1
0:00:00.002781698  2776 0x2557320 LOG   GST_POLL gstpoll.c:994:gst_poll_fd_ctl_write: 0x255f9e0: pfd->events now 60 (POLLOUT:4)
0:00:00.002787377  2776 0x2557320 DEBUG   GST_POLL gstpoll.c:980:gst_poll_fd_ctl_write: 0x255f9e0: fd (fd:0, idx:1), active : 1
0:00:00.002792889  2776 0x2557320 LOG   GST_POLL gstpoll.c:994:gst_poll_fd_ctl_write: 0x255f9e0: pfd->events now 60 (POLLOUT:4)
0:00:00.002798581  2776 0x2557320 DEBUG   GST_POLL gstpoll.c:980:gst_poll_fd_ctl_write: 0x255f9e0: fd (fd:0, idx:1), active : 1
0:00:00.002804087  2776 0x2557320 LOG   GST_POLL gstpoll.c:994:gst_poll_fd_ctl_write: 0x255f9e0: pfd->events now 60 (POLLOUT:4)
0:00:00.002809732  2776 0x2557320 DEBUG   GST_POLL gstpoll.c:980:gst_poll_fd_ctl_write: 0x255f9e0: fd (fd:0, idx:1), active : 1
0:00:00.002815332  2776 0x2557320 LOG   GST_POLL gstpoll.c:994:gst_poll_fd_ctl_write: 0x255f9e0: pfd->events now 60 (POLLOUT:4)
0:00:00.002821127  2776 0x2557320 DEBUG   GST_POLL gstpoll.c:980:gst_poll_fd_ctl_write: 0x255f9e0: fd (fd:0, idx:1), active : 1
0:00:00.002827031  2776 0x2557320 LOG   GST_POLL gstpoll.c:994:gst_poll_fd_ctl_write: 0x255f9e0: pfd->events now 60 (POLLOUT:4)
0:00:00.002833044  2776 0x2557320 DEBUG   GST_POLL gstpoll.c:980:gst_poll_fd_ctl_write: 0x255f9e0: fd (fd:0, idx:1), active : 1
0:00:00.002838755  2776 0x2557320 LOG   GST_POLL gstpoll.c:994:gst_poll_fd_ctl_write: 0x255f9e0: pfd->events now 60 (POLLOUT:4)
0:00:00.002844562  2776 0x2557320 DEBUG   GST_POLL gstpoll.c:980:gst_poll_fd_ctl_write: 0x255f9e0: fd (fd:0, idx:1), active : 1
0:00:00.002853746  2776 0x2557320 LOG   GST_POLL gstpoll.c:994:gst_poll_fd_ctl_write: 0x255f9e0: pfd->events now 60 (POLLOUT:4)
0:00:00.002859581  2776 0x2557320 DEBUG   GST_POLL gstpoll.c:980:gst_poll_fd_ctl_write: 0x255f9e0: fd (fd:0, idx:1), active : 1
0:00:00.002865021  2776 0x2557320 LOG   GST_POLL gstpoll.c:994:gst_poll_fd_ctl_write: 0x255f9e0: pfd->events now 60 (POLLOUT:4)
0:00:00.002870748  2776 0x2557320 DEBUG   GST_POLL gstpoll.c:980:gst_poll_fd_ctl_write: 0x255f9e0: fd (fd:0, idx:1), active : 1
0:00:00.002876234  2776 0x2557320 LOG   GST_POLL gstpoll.c:994:gst_poll_fd_ctl_write: 0x255f9e0: pfd->events now 60 (POLLOUT:4)
0:00:00.002881926  2776 0x2557320 DEBUG   GST_POLL gstpoll.c:980:gst_poll_fd_ctl_write: 0x255f9e0: fd (fd:0, idx:1), active : 1
0:00:00.002887416  2776 0x2557320 LOG   GST_POLL gstpoll.c:994:gst_poll_fd_ctl_write: 0x255f9e0: pfd->events now 60 (POLLOUT:4)
0:00:00.002893191  2776 0x2557320 DEBUG   GST_POLL gstpoll.c:980:gst_poll_fd_ctl_write: 0x255f9e0: fd (fd:0, idx:1), active : 1
0:00:00.002898703  2776 0x2557320 LOG   GST_POLL gstpoll.c:994:gst_poll_fd_ctl_write: 0x255f9e0: pfd->events now 60 (POLLOUT:4)
0:00:00.002904408  2776 0x2557320 DEBUG   GST_POLL gstpoll.c:980:gst_poll_fd_ctl_write: 0x255f9e0: fd (fd:0, idx:1), active : 1
0:00:00.002909799  2776 0x2557320 LOG   GST_POLL gstpoll.c:994:gst_poll_fd_ctl_write: 0x255f9e0: pfd->events now 60 (POLLOUT:4)
0:00:00.002915530  2776 0x2557320 DEBUG   GST_POLL gstpoll.c:980:gst_poll_fd_ctl_write: 0x255f9e0: fd (fd:0, idx:1), active : 1
0:00:00.002921053  2776 0x2557320 LOG   GST_POLL gstpoll.c:994:gst_poll_fd_ctl_write: 0x255f9e0: pfd->events now 60 (POLLOUT:4)
0:00:00.002926802  2776 0x2557320 DEBUG   GST_POLL gstpoll.c:980:gst_poll_fd_ctl_write: 0x255f9e0: fd (fd:0, idx:1), active : 1
0:00:00.002932333  2776 0x2557320 LOG   GST_POLL gstpoll.c:994:gst_poll_fd_ctl_write: 0x255f9e0: pfd->events now 60 (POLLOUT:4)
0:00:00.002937960  2776 0x2557320 DEBUG   GST_POLL gstpoll.c:980:gst_poll_fd_ctl_write: 0x255f9e0: fd (fd:0, idx:1), active : 1
0:00:00.002943462  2776 0x2557320 LOG   GST_POLL gstpoll.c:994:gst_poll_fd_ctl_write: 0x255f9e0: pfd->events now 60 (POLLOUT:4)
0:00:00.002949127  2776 0x2557320 DEBUG   GST_POLL gstpoll.c:980:gst_poll_fd_ctl_write: 0x255f9e0: fd (fd:0, idx:1), active : 1
0:00:00.002954624  2776 0x2557320 LOG   GST_POLL gstpoll.c:994:gst_poll_fd_ctl_write: 0x255f9e0: pfd->events now 60 (POLLOUT:4)
0:00:00.002960338  2776 0x2557320 DEBUG   GST_POLL gstpoll.c:980:gst_poll_fd_ctl_write: 0x255f9e0: fd (fd:0, idx:1), active : 1
0:00:00.002965822  2776 0x2557320 LOG   GST_POLL gstpoll.c:994:gst_poll_fd_ctl_write: 0x255f9e0: pfd->events now 60 (POLLOUT:4)
0:00:00.002971485  2776 0x2557320 DEBUG   GST_POLL gstpoll.c:980:gst_poll_fd_ctl_write: 0x255f9e0: fd (fd:0, idx:1), active : 1
0:00:00.002976998  2776 0x2557320 LOG   GST_POLL gstpoll.c:994:gst_poll_fd_ctl_write: 0x255f9e0: pfd->events now 60 (POLLOUT:4)
0:00:00.002986297  2776 0x2557320 DEBUG   GST_POLL gstpoll.c:980:gst_poll_fd_ctl_write: 0x255f9e0: fd (fd:0, idx:1), active : 1
0:00:00.002991819  2776 0x2557320 LOG   GST_POLL gstpoll.c:994:gst_poll_fd_ctl_write: 0x255f9e0: pfd->events now 60 (POLLOUT:4)
0:00:00.002997617  2776 0x2557320 DEBUG   GST_POLL gstpoll.c:980:gst_poll_fd_ctl_write: 0x255f9e0: fd (fd:0, idx:1), active : 1
0:00:00.003003064  2776 0x2557320 LOG   GST_POLL gstpoll.c:994:gst_poll_fd_ctl_write: 0x255f9e0: pfd->events now 60 (POLLOUT:4)
0:00:00.003008761  2776 0x2557320 DEBUG   GST_POLL gstpoll.c:980:gst_poll_fd_ctl_write: 0x255f9e0: fd (fd:0, idx:1), active : 1
0:00:00.003014256  2776 0x2557320 LOG   GST_POLL gstpoll.c:994:gst_poll_fd_ctl_write: 0x255f9e0: pfd->events now 60 (POLLOUT:4)
0:00:00.003019969  2776 0x2557320 DEBUG   GST_POLL gstpoll.c:980:gst_poll_fd_ctl_write: 0x255f9e0: fd (fd:0, idx:1), active : 1
0:00:00.003025489  2776 0x2557320 LOG   GST_POLL gstpoll.c:994:gst_poll_fd_ctl_write: 0x255f9e0: pfd->events now 60 (POLLOUT:4)
0:00:00.003031173  2776 0x2557320 DEBUG   GST_POLL gstpoll.c:980:gst_poll_fd_ctl_write: 0x255f9e0: fd (fd:0, idx:1), active : 1
0:00:00.003036603  2776 0x2557320 LOG   GST_POLL gstpoll.c:994:gst_poll_fd_ctl_write: 0x255f9e0: pfd->events now 60 (POLLOUT:4)
0:00:00.003042736  2776 0x2557320 LOG   GST_PLUGIN_LOADING gstpluginloader.c:645:put_chunk: Expanding tx buf from 512 to 1152 for chunk of size 8
0:00:00.003049824  2776 0x2557320 DEBUG   GST_POLL gstpoll.c:980:gst_poll_fd_ctl_write: 0x255f9e0: fd (fd:0, idx:1), active : 1
0:00:00.003055289  2776 0x2557320 LOG   GST_POLL gstpoll.c:994:gst_poll_fd_ctl_write: 0x255f9e0: pfd->events now 60 (POLLOUT:4)
0:00:00.003061021  2776 0x2557320 DEBUG   GST_POLL gstpoll.c:980:gst_poll_fd_ctl_write: 0x255f9e0: fd (fd:0, idx:1), active : 1
0:00:00.003066510  2776 0x2557320 LOG   GST_POLL gstpoll.c:994:gst_poll_fd_ctl_write: 0x255f9e0: pfd->events now 60 (POLLOUT:4)
0:00:00.003072876  2776 0x2557320 TRACE   GST_REFCOUNTING gstobject.c:265:gst_object_unref: 0x2570ee0 unref 2->1
0:00:00.003079974  2776 0x2557320 DEBUG   GST_POLL gstpoll.c:1241:gst_poll_fd_has_error: 0x255f9e0: fd (fd:0, idx:1) 0
0:00:00.003086534  2776 0x2557320 DEBUG   GST_POLL gstpoll.c:1335:gst_poll_fd_can_write: 0x255f9e0: fd (fd:0, idx:1) 0
0:00:00.003092756  2776 0x2557320 DEBUG   GST_POLL gstpoll.c:1195:gst_poll_fd_has_closed: 0x255f9e0: fd (fd:0, idx:1) 0
0:00:00.003099774  2776 0x2557320 DEBUG   GST_POLL gstpoll.c:1414:gst_poll_wait: 0x255f9e0: timeout :0:00:01.000000000
0:00:00.003109053  2776 0x2557320 LOG   GST_PLUGIN_LOADING gstpluginloader.c:1027:exchange_packets: Poll res = 2. 528 bytes pending for write
0:00:00.003115514  2776 0x2557320 DEBUG   GST_POLL gstpoll.c:1241:gst_poll_fd_has_error: 0x255f9e0: fd (fd:5, idx:2) 0
0:00:00.003121516  2776 0x2557320 DEBUG   GST_POLL gstpoll.c:1266:gst_poll_fd_can_read_unlocked: 0x255f9e0: fd (fd:5, idx:2) 1
0:00:00.003131304  2776 0x2557320 DEBUG   GST_PLUGIN_LOADING gstpluginloader.c:721:do_plugin_load: Plugin scanner loading file /home/conan/w/prod/BuildSingleReference/.conan/data/gstreamer/1.19.2/_/_/package/3ad8b12e986bc654ebd8f9dbd570a3969420bafe/lib/gstreamer-1.0/libgstcoreelements.so. tag 1
0:00:00.003143034  2776 0x2557320 DEBUG   GST_PLUGIN_LOADING gstplugin.c:765:_priv_gst_plugin_load_file_for_registry: attempt to load plugin "/home/conan/w/prod/BuildSingleReference/.conan/data/gstreamer/1.19.2/_/_/package/3ad8b12e986bc654ebd8f9dbd570a3969420bafe/lib/gstreamer-1.0/libgstcoreelements.so"
0:00:00.003607143  2776 0x2557320 TRACE   GST_REFCOUNTING gstobject.c:208:gst_object_init: 0x2573840 new
0:00:00.003629908  2776 0x2557320 LOG   GST_PLUGIN_LOADING gstplugin.c:887:_priv_gst_plugin_load_file_for_registry: Plugin 0x2573840 for file "/home/conan/w/prod/BuildSingleReference/.conan/data/gstreamer/1.19.2/_/_/package/3ad8b12e986bc654ebd8f9dbd570a3969420bafe/lib/gstreamer-1.0/libgstcoreelements.so" prepared, calling entry function...
0:00:00.003640028  2776 0x2557320 LOG   GST_PLUGIN_LOADING gstplugin.c:894:_priv_gst_plugin_load_file_for_registry: Plugin 0x2573840 for file "/home/conan/w/prod/BuildSingleReference/.conan/data/gstreamer/1.19.2/_/_/package/3ad8b12e986bc654ebd8f9dbd570a3969420bafe/lib/gstreamer-1.0/libgstcoreelements.so" prepared, registering...
0:00:00.003647073  2776 0x2557320 LOG   GST_PLUGIN_LOADING gstplugin.c:511:gst_plugin_register_func: plugin "/home/conan/w/prod/BuildSingleReference/.conan/data/gstreamer/1.19.2/_/_/package/3ad8b12e986bc654ebd8f9dbd570a3969420bafe/lib/gstreamer-1.0/libgstcoreelements.so" looks good
0:00:00.003680295  2776 0x2557320 TRACE   GST_REFCOUNTING gstobject.c:208:gst_object_init: 0x2573c40 new
0:00:00.003690372  2776 0x2557320 LOG   GST_ELEMENT_FACTORY gstelementfactory.c:240:gst_element_register: Created new elementfactory for type GstCapsFilter
0:00:00.003702089  2776 0x2557320 TRACE   structure gststructure.c:292:gst_structure_new_id_empty_with_size: created structure 0x25742f0
0:00:00.003708460  2776 0x2557320 TRACE   GST_PERFORMANCE gststructure.c:512:gst_structure_copy: doing copy 0x255db60 -> 0x25742f0
0:00:00.003715498  2776 0x2557320 DEBUG   GST_ELEMENT_PADS gstelement.c:312:gst_element_base_class_init: type GstBaseTransform : factory (nil)
0:00:00.003722797  2776 0x2557320 DEBUG   basetransform gstbasetransform.c:333:gst_base_transform_class_init: gst_base_transform_class_init
0:00:00.003733668  2776 0x2557320 TRACE   structure gststructure.c:292:gst_structure_new_id_empty_with_size: created structure 0x2574760
0:00:00.003739975  2776 0x2557320 TRACE   GST_PERFORMANCE gststructure.c:512:gst_structure_copy: doing copy 0x25742f0 -> 0x2574760
0:00:00.003746220  2776 0x2557320 DEBUG   GST_ELEMENT_PADS gstelement.c:312:gst_element_base_class_init: type GstCapsFilter : factory 0x2573c40
0:00:00.003761791  2776 0x2557320 TRACE   GST_CAPS gstcaps.c:263:gst_caps_new_empty: created caps 0x2566ac0
0:00:00.003768531  2776 0x2557320 TRACE   GST_CAPS gstcaps.c:440:gst_static_caps_get: created 0x7f9ef387df10 from string ANY
0:00:00.003774993  2776 0x2557320 TRACE   GST_REFCOUNTING gstminiobject.c:479:gst_mini_object_ref: 0x2566ac0 ref 1->2
0:00:00.003802844  2776 0x2557320 TRACE   GST_REFCOUNTING gstobject.c:208:gst_object_init: 0x25750f0 new
0:00:00.003814087  2776 0x2557320 TRACE   GST_REFCOUNTING gstminiobject.c:479:gst_mini_object_ref: 0x2566ac0 ref 2->3
0:00:00.003824207  2776 0x2557320 TRACE   GST_REFCOUNTING gstminiobject.c:661:gst_mini_object_unref: 0x2566ac0 unref 3->2
0:00:00.003831535  2776 0x2557320 TRACE   GST_REFCOUNTING gstobject.c:294:gst_object_ref_sink: 0x25750f0 ref_sink 1->2
0:00:00.003838048  2776 0x2557320 TRACE   GST_CAPS gstcaps.c:263:gst_caps_new_empty: created caps 0x2574b30
0:00:00.003843997  2776 0x2557320 TRACE   GST_CAPS gstcaps.c:440:gst_static_caps_get: created 0x7f9ef387df50 from string ANY
0:00:00.003850303  2776 0x2557320 TRACE   GST_REFCOUNTING gstminiobject.c:479:gst_mini_object_ref: 0x2574b30 ref 1->2
0:00:00.003857808  2776 0x2557320 TRACE   GST_REFCOUNTING gstobject.c:208:gst_object_init: 0x2575330 new
0:00:00.003865567  2776 0x2557320 TRACE   GST_REFCOUNTING gstminiobject.c:479:gst_mini_object_ref: 0x2574b30 ref 2->3
0:00:00.003872715  2776 0x2557320 TRACE   GST_REFCOUNTING gstminiobject.c:661:gst_mini_object_unref: 0x2574b30 unref 3->2
0:00:00.003879565  2776 0x2557320 TRACE   GST_REFCOUNTING gstobject.c:294:gst_object_ref_sink: 0x2575330 ref_sink 1->2
0:00:00.003888066  2776 0x2557320 TRACE   structure gststructure.c:292:gst_structure_new_id_empty_with_size: created structure 0x2575590
0:00:00.003894915  2776 0x2557320 TRACE   GST_PERFORMANCE gststructure.c:512:gst_structure_copy: doing copy 0x2574760 -> 0x2575590
0:00:00.003904078  2776 0x2557320 DEBUG   GST_REGISTRY gstregistry.c:590:gst_registry_add_feature: adding feature 0x2573c40 (capsfilter)
0:00:00.003910008  2776 0x2557320 DEBUG   GST_REFCOUNTING gstobject.c:709:gst_object_set_parent: set parent (ref and sink)
0:00:00.003916725  2776 0x2557320 TRACE   GST_REFCOUNTING gstobject.c:294:gst_object_ref_sink: 0x2573c40 ref_sink 1->2
0:00:00.003922933  2776 0x2557320 LOG   GST_REGISTRY gstregistry.c:608:gst_registry_add_feature: emitting feature-added for capsfilter
0:00:00.003933430  2776 0x2557320 TRACE   GST_REFCOUNTING gstobject.c:208:gst_object_init: 0x25758d0 new
0:00:00.003942115  2776 0x2557320 LOG   GST_ELEMENT_FACTORY gstelementfactory.c:240:gst_element_register: Created new elementfactory for type GstClockSync
0:00:00.003949206  2776 0x2557320 TRACE   structure gststructure.c:292:gst_structure_new_id_empty_with_size: created structure 0x2575d00
0:00:00.003955118  2776 0x2557320 TRACE   GST_PERFORMANCE gststructure.c:512:gst_structure_copy: doing copy 0x255db60 -> 0x2575d00
0:00:00.003961585  2776 0x2557320 DEBUG   GST_ELEMENT_PADS gstelement.c:312:gst_element_base_class_init: type GstClockSync : factory 0x25758d0
0:00:00.003976598  2776 0x2557320 TRACE   GST_CAPS gstcaps.c:263:gst_caps_new_empty: created caps 0x2575fb0
0:00:00.003987229  2776 0x2557320 TRACE   GST_CAPS gstcaps.c:440:gst_static_caps_get: created 0x7f9ef387df90 from string ANY
0:00:00.003994158  2776 0x2557320 TRACE   GST_REFCOUNTING gstminiobject.c:479:gst_mini_object_ref: 0x2575fb0 ref 1->2
0:00:00.004003408  2776 0x2557320 TRACE   GST_REFCOUNTING gstobject.c:208:gst_object_init: 0x2576000 new
0:00:00.004011067  2776 0x2557320 TRACE   GST_REFCOUNTING gstminiobject.c:479:gst_mini_object_ref: 0x2575fb0 ref 2->3
0:00:00.004018347  2776 0x2557320 TRACE   GST_REFCOUNTING gstminiobject.c:661:gst_mini_object_unref: 0x2575fb0 unref 3->2
0:00:00.004024785  2776 0x2557320 TRACE   GST_REFCOUNTING gstobject.c:294:gst_object_ref_sink: 0x2576000 ref_sink 1->2
0:00:00.004030783  2776 0x2557320 TRACE   GST_CAPS gstcaps.c:263:gst_caps_new_empty: created caps 0x2576120
0:00:00.004053932  2776 0x2557320 TRACE   GST_CAPS gstcaps.c:440:gst_static_caps_get: created 0x7f9ef387dfd0 from string ANY
0:00:00.004060298  2776 0x2557320 TRACE   GST_REFCOUNTING gstminiobject.c:479:gst_mini_object_ref: 0x2576120 ref 1->2
0:00:00.004067535  2776 0x2557320 TRACE   GST_REFCOUNTING gstobject.c:208:gst_object_init: 0x2576270 new
0:00:00.004074887  2776 0x2557320 TRACE   GST_REFCOUNTING gstminiobject.c:479:gst_mini_object_ref: 0x2576120 ref 2->3
0:00:00.004082350  2776 0x2557320 TRACE   GST_REFCOUNTING gstminiobject.c:661:gst_mini_object_unref: 0x2576120 unref 3->2
0:00:00.004089611  2776 0x2557320 TRACE   GST_REFCOUNTING gstobject.c:294:gst_object_ref_sink: 0x2576270 ref_sink 1->2
0:00:00.004096732  2776 0x2557320 TRACE   structure gststructure.c:292:gst_structure_new_id_empty_with_size: created structure 0x2576310
0:00:00.004103376  2776 0x2557320 TRACE   GST_PERFORMANCE gststructure.c:512:gst_structure_copy: doing copy 0x2575d00 -> 0x2576310
0:00:00.004111785  2776 0x2557320 DEBUG   GST_REGISTRY gstregistry.c:590:gst_registry_add_feature: adding feature 0x25758d0 (clocksync)
0:00:00.004117578  2776 0x2557320 DEBUG   GST_REFCOUNTING gstobject.c:709:gst_object_set_parent: set parent (ref and sink)
0:00:00.004124331  2776 0x2557320 TRACE   GST_REFCOUNTING gstobject.c:294:gst_object_ref_sink: 0x25758d0 ref_sink 1->2
0:00:00.004130778  2776 0x2557320 LOG   GST_REGISTRY gstregistry.c:608:gst_registry_add_feature: emitting feature-added for clocksync
0:00:00.004144467  2776 0x2557320 TRACE   GST_REFCOUNTING gstobject.c:208:gst_object_init: 0x25766c0 new
0:00:00.004153126  2776 0x2557320 LOG   GST_ELEMENT_FACTORY gstelementfactory.c:240:gst_element_register: Created new elementfactory for type GstConcat
0:00:00.004160540  2776 0x2557320 TRACE   structure gststructure.c:292:gst_structure_new_id_empty_with_size: created structure 0x2576b20
0:00:00.004166673  2776 0x2557320 TRACE   GST_PERFORMANCE gststructure.c:512:gst_structure_copy: doing copy 0x255db60 -> 0x2576b20
0:00:00.004177331  2776 0x2557320 DEBUG   GST_ELEMENT_PADS gstelement.c:312:gst_element_base_class_init: type GstConcat : factory 0x25766c0
0:00:00.004188129  2776 0x2557320 TRACE   GST_CAPS gstcaps.c:263:gst_caps_new_empty: created caps 0x2576c80
0:00:00.004194390  2776 0x2557320 TRACE   GST_CAPS gstcaps.c:440:gst_static_caps_get: created 0x7f9ef387e050 from string ANY
0:00:00.004200472  2776 0x2557320 TRACE   GST_REFCOUNTING gstminiobject.c:479:gst_mini_object_ref: 0x2576c80 ref 1->2
0:00:00.004207935  2776 0x2557320 TRACE   GST_REFCOUNTING gstobject.c:208:gst_object_init: 0x2576e00 new
0:00:00.004240163  2776 0x2557320 TRACE   GST_REFCOUNTING gstminiobject.c:479:gst_mini_object_ref: 0x2576c80 ref 2->3
0:00:00.004256298  2776 0x2557320 TRACE   GST_REFCOUNTING gstminiobject.c:661:gst_mini_object_unref: 0x2576c80 unref 3->2
0:00:00.004268443  2776 0x2557320 TRACE   GST_REFCOUNTING gstobject.c:294:gst_object_ref_sink: 0x2576e00 ref_sink 1->2
0:00:00.004275951  2776 0x2557320 TRACE   GST_CAPS gstcaps.c:263:gst_caps_new_empty: created caps 0x2576d70
0:00:00.004282192  2776 0x2557320 TRACE   GST_CAPS gstcaps.c:440:gst_static_caps_get: created 0x7f9ef387e010 from string ANY
0:00:00.004288360  2776 0x2557320 TRACE   GST_REFCOUNTING gstminiobject.c:479:gst_mini_object_ref: 0x2576d70 ref 1->2
0:00:00.004296398  2776 0x2557320 TRACE   GST_REFCOUNTING gstobject.c:208:gst_object_init: 0x2576ea0 new
0:00:00.004303715  2776 0x2557320 TRACE   GST_REFCOUNTING gstminiobject.c:479:gst_mini_object_ref: 0x2576d70 ref 2->3
0:00:00.004311283  2776 0x2557320 TRACE   GST_REFCOUNTING gstminiobject.c:661:gst_mini_object_unref: 0x2576d70 unref 3->2
0:00:00.004318141  2776 0x2557320 TRACE   GST_REFCOUNTING gstobject.c:294:gst_object_ref_sink: 0x2576ea0 ref_sink 1->2
0:00:00.004325866  2776 0x2557320 TRACE   structure gststructure.c:292:gst_structure_new_id_empty_with_size: created structure 0x2577030
0:00:00.004332929  2776 0x2557320 TRACE   GST_PERFORMANCE gststructure.c:512:gst_structure_copy: doing copy 0x2576b20 -> 0x2577030
0:00:00.004341999  2776 0x2557320 DEBUG   GST_REGISTRY gstregistry.c:590:gst_registry_add_feature: adding feature 0x25766c0 (concat)
0:00:00.004347978  2776 0x2557320 DEBUG   GST_REFCOUNTING gstobject.c:709:gst_object_set_parent: set parent (ref and sink)
0:00:00.004355035  2776 0x2557320 TRACE   GST_REFCOUNTING gstobject.c:294:gst_object_ref_sink: 0x25766c0 ref_sink 1->2
0:00:00.004361701  2776 0x2557320 LOG   GST_REGISTRY gstregistry.c:608:gst_registry_add_feature: emitting feature-added for concat
0:00:00.004375430  2776 0x2557320 TRACE   GST_REFCOUNTING gstobject.c:208:gst_object_init: 0x25775c0 new
0:00:00.004384253  2776 0x2557320 LOG   GST_ELEMENT_FACTORY gstelementfactory.c:240:gst_element_register: Created new elementfactory for type GstDataURISrc
0:00:00.004391501  2776 0x2557320 TRACE   structure gststructure.c:292:gst_structure_new_id_empty_with_size: created structure 0x2577b60
0:00:00.004402493  2776 0x2557320 TRACE   GST_PERFORMANCE gststructure.c:512:gst_structure_copy: doing copy 0x255db60 -> 0x2577b60
0:00:00.004409340  2776 0x2557320 DEBUG   GST_ELEMENT_PADS gstelement.c:312:gst_element_base_class_init: type GstBaseSrc : factory (nil)
0:00:00.004436118  2776 0x2557320 TRACE   structure gststructure.c:292:gst_structure_new_id_empty_with_size: created structure 0x25702c0
0:00:00.004442726  2776 0x2557320 TRACE   GST_PERFORMANCE gststructure.c:512:gst_structure_copy: doing copy 0x2577b60 -> 0x25702c0
0:00:00.004449367  2776 0x2557320 DEBUG   GST_ELEMENT_PADS gstelement.c:312:gst_element_base_class_init: type GstDataURISrc : factory 0x25775c0
0:00:00.004457843  2776 0x2557320 TRACE   GST_CAPS gstcaps.c:263:gst_caps_new_empty: created caps 0x25789f0
0:00:00.004464312  2776 0x2557320 TRACE   GST_CAPS gstcaps.c:440:gst_static_caps_get: created 0x7f9ef387e0b0 from string ANY
0:00:00.004470650  2776 0x2557320 TRACE   GST_REFCOUNTING gstminiobject.c:479:gst_mini_object_ref: 0x25789f0 ref 1->2
0:00:00.004478324  2776 0x2557320 TRACE   GST_REFCOUNTING gstobject.c:208:gst_object_init: 0x2578a40 new
0:00:00.004485599  2776 0x2557320 TRACE   GST_REFCOUNTING gstminiobject.c:479:gst_mini_object_ref: 0x25789f0 ref 2->3
0:00:00.004493438  2776 0x2557320 TRACE   GST_REFCOUNTING gstminiobject.c:661:gst_mini_object_unref: 0x25789f0 unref 3->2
0:00:00.004500427  2776 0x2557320 TRACE   GST_REFCOUNTING gstobject.c:294:gst_object_ref_sink: 0x2578a40 ref_sink 1->2
0:00:00.004511860  2776 0x2557320 TRACE   structure gststructure.c:292:gst_structure_new_id_empty_with_size: created structure 0x2578bf0
0:00:00.004518165  2776 0x2557320 TRACE   GST_PERFORMANCE gststructure.c:512:gst_structure_copy: doing copy 0x25702c0 -> 0x2578bf0
0:00:00.004531378  2776 0x2557320 DEBUG   GST_REGISTRY gstregistry.c:590:gst_registry_add_feature: adding feature 0x25775c0 (dataurisrc)
0:00:00.004537714  2776 0x2557320 DEBUG   GST_REFCOUNTING gstobject.c:709:gst_object_set_parent: set parent (ref and sink)
0:00:00.004544560  2776 0x2557320 TRACE   GST_REFCOUNTING gstobject.c:294:gst_object_ref_sink: 0x25775c0 ref_sink 1->2
0:00:00.004551191  2776 0x2557320 LOG   GST_REGISTRY gstregistry.c:608:gst_registry_add_feature: emitting feature-added for dataurisrc
0:00:00.004562404  2776 0x2557320 TRACE   GST_REFCOUNTING gstobject.c:208:gst_object_init: 0x2579070 new
0:00:00.004571106  2776 0x2557320 LOG   GST_ELEMENT_FACTORY gstelementfactory.c:240:gst_element_register: Created new elementfactory for type GstDownloadBuffer
0:00:00.004578009  2776 0x2557320 TRACE   structure gststructure.c:292:gst_structure_new_id_empty_with_size: created structure 0x25795a0
0:00:00.004583922  2776 0x2557320 TRACE   GST_PERFORMANCE gststructure.c:512:gst_structure_copy: doing copy 0x255db60 -> 0x25795a0
0:00:00.004594743  2776 0x2557320 DEBUG   GST_ELEMENT_PADS gstelement.c:312:gst_element_base_class_init: type GstDownloadBuffer : factory 0x2579070
0:00:00.004608970  2776 0x2557320 TRACE   GST_CAPS gstcaps.c:263:gst_caps_new_empty: created caps 0x2579360
0:00:00.004615222  2776 0x2557320 TRACE   GST_CAPS gstcaps.c:440:gst_static_caps_get: created 0x7f9ef387e0f0 from string ANY
0:00:00.004621776  2776 0x2557320 TRACE   GST_REFCOUNTING gstminiobject.c:479:gst_mini_object_ref: 0x2579360 ref 1->2
0:00:00.004629372  2776 0x2557320 TRACE   GST_REFCOUNTING gstobject.c:208:gst_object_init: 0x25791e0 new
0:00:00.004636601  2776 0x2557320 TRACE   GST_REFCOUNTING gstminiobject.c:479:gst_mini_object_ref: 0x2579360 ref 2->3
0:00:00.004644067  2776 0x2557320 TRACE   GST_REFCOUNTING gstminiobject.c:661:gst_mini_object_unref: 0x2579360 unref 3->2
0:00:00.004650907  2776 0x2557320 TRACE   GST_REFCOUNTING gstobject.c:294:gst_object_ref_sink: 0x25791e0 ref_sink 1->2
0:00:00.004662916  2776 0x2557320 TRACE   GST_CAPS gstcaps.c:263:gst_caps_new_empty: created caps 0x2579b00
0:00:00.004669484  2776 0x2557320 TRACE   GST_CAPS gstcaps.c:440:gst_static_caps_get: created 0x7f9ef387e130 from string ANY
0:00:00.004675595  2776 0x2557320 TRACE   GST_REFCOUNTING gstminiobject.c:479:gst_mini_object_ref: 0x2579b00 ref 1->2
0:00:00.004682865  2776 0x2557320 TRACE   GST_REFCOUNTING gstobject.c:208:gst_object_init: 0x2579a30 new
0:00:00.004689807  2776 0x2557320 TRACE   GST_REFCOUNTING gstminiobject.c:479:gst_mini_object_ref: 0x2579b00 ref 2->3
0:00:00.004697115  2776 0x2557320 TRACE   GST_REFCOUNTING gstminiobject.c:661:gst_mini_object_unref: 0x2579b00 unref 3->2
0:00:00.004704067  2776 0x2557320 TRACE   GST_REFCOUNTING gstobject.c:294:gst_object_ref_sink: 0x2579a30 ref_sink 1->2
0:00:00.004712225  2776 0x2557320 TRACE   structure gststructure.c:292:gst_structure_new_id_empty_with_size: created structure 0x2579cc0
0:00:00.004724553  2776 0x2557320 TRACE   GST_PERFORMANCE gststructure.c:512:gst_structure_copy: doing copy 0x25795a0 -> 0x2579cc0
0:00:00.004733202  2776 0x2557320 DEBUG   GST_REGISTRY gstregistry.c:590:gst_registry_add_feature: adding feature 0x2579070 (downloadbuffer)
0:00:00.004739481  2776 0x2557320 DEBUG   GST_REFCOUNTING gstobject.c:709:gst_object_set_parent: set parent (ref and sink)
0:00:00.004746125  2776 0x2557320 TRACE   GST_REFCOUNTING gstobject.c:294:gst_object_ref_sink: 0x2579070 ref_sink 1->2
0:00:00.004752683  2776 0x2557320 LOG   GST_REGISTRY gstregistry.c:608:gst_registry_add_feature: emitting feature-added for downloadbuffer
0:00:00.004763592  2776 0x2557320 TRACE   GST_REFCOUNTING gstobject.c:208:gst_object_init: 0x257a0b0 new
0:00:00.004772013  2776 0x2557320 LOG   GST_ELEMENT_FACTORY gstelementfactory.c:240:gst_element_register: Created new elementfactory for type GstFakeSrc
0:00:00.004783668  2776 0x2557320 TRACE   structure gststructure.c:292:gst_structure_new_id_empty_with_size: created structure 0x257a750
0:00:00.004789764  2776 0x2557320 TRACE   GST_PERFORMANCE gststructure.c:512:gst_structure_copy: doing copy 0x2577b60 -> 0x257a750
0:00:00.004796424  2776 0x2557320 DEBUG   GST_ELEMENT_PADS gstelement.c:312:gst_element_base_class_init: type GstFakeSrc : factory 0x257a0b0
0:00:00.004833110  2776 0x2557320 TRACE   GST_CAPS gstcaps.c:263:gst_caps_new_empty: created caps 0x257b4c0
0:00:00.004839950  2776 0x2557320 TRACE   GST_CAPS gstcaps.c:440:gst_static_caps_get: created 0x7f9ef387e1b0 from string ANY
0:00:00.004846132  2776 0x2557320 TRACE   GST_REFCOUNTING gstminiobject.c:479:gst_mini_object_ref: 0x257b4c0 ref 1->2
0:00:00.004853777  2776 0x2557320 TRACE   GST_REFCOUNTING gstobject.c:208:gst_object_init: 0x257b640 new
0:00:00.004861638  2776 0x2557320 TRACE   GST_REFCOUNTING gstminiobject.c:479:gst_mini_object_ref: 0x257b4c0 ref 2->3
0:00:00.004869209  2776 0x2557320 TRACE   GST_REFCOUNTING gstminiobject.c:661:gst_mini_object_unref: 0x257b4c0 unref 3->2
0:00:00.004875767  2776 0x2557320 TRACE   GST_REFCOUNTING gstobject.c:294:gst_object_ref_sink: 0x257b640 ref_sink 1->2
0:00:00.004884153  2776 0x2557320 TRACE   structure gststructure.c:292:gst_structure_new_id_empty_with_size: created structure 0x257b8a0
0:00:00.004890563  2776 0x2557320 TRACE   GST_PERFORMANCE gststructure.c:512:gst_structure_copy: doing copy 0x257a750 -> 0x257b8a0
0:00:00.004898790  2776 0x2557320 DEBUG   GST_REGISTRY gstregistry.c:590:gst_registry_add_feature: adding feature 0x257a0b0 (fakesrc)
0:00:00.004904752  2776 0x2557320 DEBUG   GST_REFCOUNTING gstobject.c:709:gst_object_set_parent: set parent (ref and sink)
0:00:00.004911595  2776 0x2557320 TRACE   GST_REFCOUNTING gstobject.c:294:gst_object_ref_sink: 0x257a0b0 ref_sink 1->2
0:00:00.004918240  2776 0x2557320 LOG   GST_REGISTRY gstregistry.c:608:gst_registry_add_feature: emitting feature-added for fakesrc
0:00:00.004931492  2776 0x2557320 TRACE   GST_REFCOUNTING gstobject.c:208:gst_object_init: 0x257bc00 new
0:00:00.004939884  2776 0x2557320 LOG   GST_ELEMENT_FACTORY gstelementfactory.c:240:gst_element_register: Created new elementfactory for type GstFakeSink
0:00:00.004949781  2776 0x2557320 TRACE   structure gststructure.c:292:gst_structure_new_id_empty_with_size: created structure 0x257c290
0:00:00.004955843  2776 0x2557320 TRACE   GST_PERFORMANCE gststructure.c:512:gst_structure_copy: doing copy 0x255db60 -> 0x257c290
0:00:00.004962341  2776 0x2557320 DEBUG   GST_ELEMENT_PADS gstelement.c:312:gst_element_base_class_init: type GstBaseSink : factory (nil)
0:00:00.004994284  2776 0x2557320 TRACE   structure gststructure.c:292:gst_structure_new_id_empty_with_size: created structure 0x257cf40
0:00:00.005000258  2776 0x2557320 TRACE   GST_PERFORMANCE gststructure.c:512:gst_structure_copy: doing copy 0x257c290 -> 0x257cf40
0:00:00.005010912  2776 0x2557320 DEBUG   GST_ELEMENT_PADS gstelement.c:312:gst_element_base_class_init: type GstFakeSink : factory 0x257bc00
0:00:00.005033244  2776 0x2557320 TRACE   GST_CAPS gstcaps.c:263:gst_caps_new_empty: created caps 0x257b460
0:00:00.005039601  2776 0x2557320 TRACE   GST_CAPS gstcaps.c:440:gst_static_caps_get: created 0x7f9ef387e170 from string ANY
0:00:00.005045528  2776 0x2557320 TRACE   GST_REFCOUNTING gstminiobject.c:479:gst_mini_object_ref: 0x257b460 ref 1->2
0:00:00.005052895  2776 0x2557320 TRACE   GST_REFCOUNTING gstobject.c:208:gst_object_init: 0x257db60 new
0:00:00.005060183  2776 0x2557320 TRACE   GST_REFCOUNTING gstminiobject.c:479:gst_mini_object_ref: 0x257b460 ref 2->3
0:00:00.005067286  2776 0x2557320 TRACE   GST_REFCOUNTING gstminiobject.c:661:gst_mini_object_unref: 0x257b460 unref 3->2
0:00:00.005073743  2776 0x2557320 TRACE   GST_REFCOUNTING gstobject.c:294:gst_object_ref_sink: 0x257db60 ref_sink 1->2
0:00:00.005081226  2776 0x2557320 TRACE   structure gststructure.c:292:gst_structure_new_id_empty_with_size: created structure 0x257dcf0
0:00:00.005087354  2776 0x2557320 TRACE   GST_PERFORMANCE gststructure.c:512:gst_structure_copy: doing copy 0x257cf40 -> 0x257dcf0
0:00:00.005097808  2776 0x2557320 DEBUG   GST_REGISTRY gstregistry.c:590:gst_registry_add_feature: adding feature 0x257bc00 (fakesink)
0:00:00.005103750  2776 0x2557320 DEBUG   GST_REFCOUNTING gstobject.c:709:gst_object_set_parent: set parent (ref and sink)
0:00:00.005110151  2776 0x2557320 TRACE   GST_REFCOUNTING gstobject.c:294:gst_object_ref_sink: 0x257bc00 ref_sink 1->2
0:00:00.005116334  2776 0x2557320 LOG   GST_REGISTRY gstregistry.c:608:gst_registry_add_feature: emitting feature-added for fakesink
0:00:00.005134913  2776 0x2557320 TRACE   GST_REFCOUNTING gstobject.c:208:gst_object_init: 0x257e250 new
0:00:00.005143317  2776 0x2557320 LOG   GST_ELEMENT_FACTORY gstelementfactory.c:240:gst_element_register: Created new elementfactory for type GstFdSrc
0:00:00.005150104  2776 0x2557320 TRACE   structure gststructure.c:292:gst_structure_new_id_empty_with_size: created structure 0x257e810
0:00:00.005155684  2776 0x2557320 TRACE   GST_PERFORMANCE gststructure.c:512:gst_structure_copy: doing copy 0x2577b60 -> 0x257e810
0:00:00.005161773  2776 0x2557320 DEBUG   GST_ELEMENT_PADS gstelement.c:312:gst_element_base_class_init: type GstPushSrc : factory (nil)
0:00:00.005168573  2776 0x2557320 TRACE   structure gststructure.c:292:gst_structure_new_id_empty_with_size: created structure 0x257ecb0
0:00:00.005177042  2776 0x2557320 TRACE   GST_PERFORMANCE gststructure.c:512:gst_structure_copy: doing copy 0x257e810 -> 0x257ecb0
0:00:00.005183160  2776 0x2557320 DEBUG   GST_ELEMENT_PADS gstelement.c:312:gst_element_base_class_init: type GstFdSrc : factory 0x257e250
0:00:00.005192820  2776 0x2557320 TRACE   GST_CAPS gstcaps.c:263:gst_caps_new_empty: created caps 0x257e3e0
0:00:00.005234045  2776 0x2557320 TRACE   GST_CAPS gstcaps.c:440:gst_static_caps_get: created 0x7f9ef387e270 from string ANY
0:00:00.005247067  2776 0x2557320 TRACE   GST_REFCOUNTING gstminiobject.c:479:gst_mini_object_ref: 0x257e3e0 ref 1->2
0:00:00.005258090  2776 0x2557320 TRACE   GST_REFCOUNTING gstobject.c:208:gst_object_init: 0x257efd0 new
0:00:00.005265656  2776 0x2557320 TRACE   GST_REFCOUNTING gstminiobject.c:479:gst_mini_object_ref: 0x257e3e0 ref 2->3
0:00:00.005272815  2776 0x2557320 TRACE   GST_REFCOUNTING gstminiobject.c:661:gst_mini_object_unref: 0x257e3e0 unref 3->2
0:00:00.005279008  2776 0x2557320 TRACE   GST_REFCOUNTING gstobject.c:294:gst_object_ref_sink: 0x257efd0 ref_sink 1->2
0:00:00.005315150  2776 0x2557320 TRACE   structure gststructure.c:292:gst_structure_new_id_empty_with_size: created structure 0x2577fa0
0:00:00.005322175  2776 0x2557320 TRACE   GST_PERFORMANCE gststructure.c:512:gst_structure_copy: doing copy 0x257ecb0 -> 0x2577fa0
0:00:00.005331610  2776 0x2557320 DEBUG   GST_REGISTRY gstregistry.c:590:gst_registry_add_feature: adding feature 0x257e250 (fdsrc)
0:00:00.005338850  2776 0x2557320 DEBUG   GST_REFCOUNTING gstobject.c:709:gst_object_set_parent: set parent (ref and sink)
0:00:00.005345454  2776 0x2557320 TRACE   GST_REFCOUNTING gstobject.c:294:gst_object_ref_sink: 0x257e250 ref_sink 1->2
0:00:00.005351631  2776 0x2557320 LOG   GST_REGISTRY gstregistry.c:608:gst_registry_add_feature: emitting feature-added for fdsrc
0:00:00.005363248  2776 0x2557320 TRACE   GST_REFCOUNTING gstobject.c:208:gst_object_init: 0x25784c0 new
0:00:00.005371893  2776 0x2557320 LOG   GST_ELEMENT_FACTORY gstelementfactory.c:240:gst_element_register: Created new elementfactory for type GstFdSink
