0:00:00.010925373  2776 0x2557320 DEBUG   GST_POLL gstpoll.c:980:gst_poll_fd_ctl_write: 0x255f9e0: fd (fd:0, idx:1), active : 1
0:00:00.010930684  2776 0x2557320 LOG   GST_POLL gstpoll.c:994:gst_poll_fd_ctl_write: 0x255f9e0: pfd->events now 60 (POLLOUT:4)
0:00:00.010936183  2776 0x2557320 DEBUG   GST_POLL gstpoll.c:980:gst_poll_fd_ctl_write: 0x255f9e0: fd (fd:0, idx:1), active : 1
0:00:00.010941417  2776 0x2557320 LOG   GST_POLL gstpoll.c:994:gst_poll_fd_ctl_write: 0x255f9e0: pfd->events now 60 (POLLOUT:4)
0:00:00.010946872  2776 0x2557320 DEBUG   GST_POLL gstpoll.c:980:gst_poll_fd_ctl_write: 0x255f9e0: fd (fd:0, idx:1), active : 1
0:00:00.010952129  2776 0x2557320 LOG   GST_POLL gstpoll.c:994:gst_poll_fd_ctl_write: 0x255f9e0: pfd->events now 60 (POLLOUT:4)
0:00:00.010957548  2776 0x2557320 DEBUG   GST_POLL gstpoll.c:980:gst_poll_fd_ctl_write: 0x255f9e0: fd (fd:0, idx:1), active : 1
0:00:00.010962760  2776 0x2557320 LOG   GST_POLL gstpoll.c:994:gst_poll_fd_ctl_write: 0x255f9e0: pfd->events now 60 (POLLOUT:4)
0:00:00.010968237  2776 0x2557320 DEBUG   GST_POLL gstpoll.c:980:gst_poll_fd_ctl_write: 0x255f9e0: fd (fd:0, idx:1), active : 1
0:00:00.010973532  2776 0x2557320 LOG   GST_POLL gstpoll.c:994:gst_poll_fd_ctl_write: 0x255f9e0: pfd->events now 60 (POLLOUT:4)
0:00:00.010978917  2776 0x2557320 DEBUG   GST_POLL gstpoll.c:980:gst_poll_fd_ctl_write: 0x255f9e0: fd (fd:0, idx:1), active : 1
0:00:00.010984197  2776 0x2557320 LOG   GST_POLL gstpoll.c:994:gst_poll_fd_ctl_write: 0x255f9e0: pfd->events now 60 (POLLOUT:4)
0:00:00.010989627  2776 0x2557320 DEBUG   GST_POLL gstpoll.c:980:gst_poll_fd_ctl_write: 0x255f9e0: fd (fd:0, idx:1), active : 1
0:00:00.010994862  2776 0x2557320 LOG   GST_POLL gstpoll.c:994:gst_poll_fd_ctl_write: 0x255f9e0: pfd->events now 60 (POLLOUT:4)
0:00:00.011000312  2776 0x2557320 DEBUG   GST_POLL gstpoll.c:980:gst_poll_fd_ctl_write: 0x255f9e0: fd (fd:0, idx:1), active : 1
0:00:00.011005549  2776 0x2557320 LOG   GST_POLL gstpoll.c:994:gst_poll_fd_ctl_write: 0x255f9e0: pfd->events now 60 (POLLOUT:4)
0:00:00.011010982  2776 0x2557320 DEBUG   GST_POLL gstpoll.c:980:gst_poll_fd_ctl_write: 0x255f9e0: fd (fd:0, idx:1), active : 1
0:00:00.011016261  2776 0x2557320 LOG   GST_POLL gstpoll.c:994:gst_poll_fd_ctl_write: 0x255f9e0: pfd->events now 60 (POLLOUT:4)
0:00:00.011021718  2776 0x2557320 DEBUG   GST_POLL gstpoll.c:980:gst_poll_fd_ctl_write: 0x255f9e0: fd (fd:0, idx:1), active : 1
0:00:00.011026956  2776 0x2557320 LOG   GST_POLL gstpoll.c:994:gst_poll_fd_ctl_write: 0x255f9e0: pfd->events now 60 (POLLOUT:4)
0:00:00.011032504  2776 0x2557320 DEBUG   GST_POLL gstpoll.c:980:gst_poll_fd_ctl_write: 0x255f9e0: fd (fd:0, idx:1), active : 1
0:00:00.011037717  2776 0x2557320 LOG   GST_POLL gstpoll.c:994:gst_poll_fd_ctl_write: 0x255f9e0: pfd->events now 60 (POLLOUT:4)
0:00:00.011047644  2776 0x2557320 DEBUG   GST_POLL gstpoll.c:980:gst_poll_fd_ctl_write: 0x255f9e0: fd (fd:0, idx:1), active : 1
0:00:00.011052963  2776 0x2557320 LOG   GST_POLL gstpoll.c:994:gst_poll_fd_ctl_write: 0x255f9e0: pfd->events now 60 (POLLOUT:4)
0:00:00.011058463  2776 0x2557320 DEBUG   GST_POLL gstpoll.c:980:gst_poll_fd_ctl_write: 0x255f9e0: fd (fd:0, idx:1), active : 1
0:00:00.011063720  2776 0x2557320 LOG   GST_POLL gstpoll.c:994:gst_poll_fd_ctl_write: 0x255f9e0: pfd->events now 60 (POLLOUT:4)
0:00:00.011069159  2776 0x2557320 DEBUG   GST_POLL gstpoll.c:980:gst_poll_fd_ctl_write: 0x255f9e0: fd (fd:0, idx:1), active : 1
0:00:00.011074449  2776 0x2557320 LOG   GST_POLL gstpoll.c:994:gst_poll_fd_ctl_write: 0x255f9e0: pfd->events now 60 (POLLOUT:4)
0:00:00.011097585  2776 0x2557320 DEBUG   GST_POLL gstpoll.c:980:gst_poll_fd_ctl_write: 0x255f9e0: fd (fd:0, idx:1), active : 1
0:00:00.011103238  2776 0x2557320 LOG   GST_POLL gstpoll.c:994:gst_poll_fd_ctl_write: 0x255f9e0: pfd->events now 60 (POLLOUT:4)
0:00:00.011108952  2776 0x2557320 DEBUG   GST_POLL gstpoll.c:980:gst_poll_fd_ctl_write: 0x255f9e0: fd (fd:0, idx:1), active : 1
0:00:00.011114429  2776 0x2557320 LOG   GST_POLL gstpoll.c:994:gst_poll_fd_ctl_write: 0x255f9e0: pfd->events now 60 (POLLOUT:4)
0:00:00.011120020  2776 0x2557320 DEBUG   GST_POLL gstpoll.c:980:gst_poll_fd_ctl_write: 0x255f9e0: fd (fd:0, idx:1), active : 1
0:00:00.011125479  2776 0x2557320 LOG   GST_POLL gstpoll.c:994:gst_poll_fd_ctl_write: 0x255f9e0: pfd->events now 60 (POLLOUT:4)
0:00:00.011131098  2776 0x2557320 DEBUG   GST_POLL gstpoll.c:980:gst_poll_fd_ctl_write: 0x255f9e0: fd (fd:0, idx:1), active : 1
0:00:00.011136563  2776 0x2557320 LOG   GST_POLL gstpoll.c:994:gst_poll_fd_ctl_write: 0x255f9e0: pfd->events now 60 (POLLOUT:4)
0:00:00.011142291  2776 0x2557320 DEBUG   GST_POLL gstpoll.c:980:gst_poll_fd_ctl_write: 0x255f9e0: fd (fd:0, idx:1), active : 1
0:00:00.011147699  2776 0x2557320 LOG   GST_POLL gstpoll.c:994:gst_poll_fd_ctl_write: 0x255f9e0: pfd->events now 60 (POLLOUT:4)
0:00:00.011153583  2776 0x2557320 DEBUG   GST_POLL gstpoll.c:980:gst_poll_fd_ctl_write: 0x255f9e0: fd (fd:0, idx:1), active : 1
0:00:00.011158958  2776 0x2557320 LOG   GST_POLL gstpoll.c:994:gst_poll_fd_ctl_write: 0x255f9e0: pfd->events now 60 (POLLOUT:4)
0:00:00.011164833  2776 0x2557320 DEBUG   GST_POLL gstpoll.c:980:gst_poll_fd_ctl_write: 0x255f9e0: fd (fd:0, idx:1), active : 1
0:00:00.011170228  2776 0x2557320 LOG   GST_POLL gstpoll.c:994:gst_poll_fd_ctl_write: 0x255f9e0: pfd->events now 60 (POLLOUT:4)
0:00:00.011175908  2776 0x2557320 DEBUG   GST_POLL gstpoll.c:980:gst_poll_fd_ctl_write: 0x255f9e0: fd (fd:0, idx:1), active : 1
0:00:00.011181304  2776 0x2557320 LOG   GST_POLL gstpoll.c:994:gst_poll_fd_ctl_write: 0x255f9e0: pfd->events now 60 (POLLOUT:4)
0:00:00.011186976  2776 0x2557320 DEBUG   GST_POLL gstpoll.c:980:gst_poll_fd_ctl_write: 0x255f9e0: fd (fd:0, idx:1), active : 1
0:00:00.011208814  2776 0x2557320 LOG   GST_POLL gstpoll.c:994:gst_poll_fd_ctl_write: 0x255f9e0: pfd->events now 60 (POLLOUT:4)
0:00:00.011214512  2776 0x2557320 DEBUG   GST_POLL gstpoll.c:980:gst_poll_fd_ctl_write: 0x255f9e0: fd (fd:0, idx:1), active : 1
0:00:00.011219893  2776 0x2557320 LOG   GST_POLL gstpoll.c:994:gst_poll_fd_ctl_write: 0x255f9e0: pfd->events now 60 (POLLOUT:4)
0:00:00.011225384  2776 0x2557320 DEBUG   GST_POLL gstpoll.c:980:gst_poll_fd_ctl_write: 0x255f9e0: fd (fd:0, idx:1), active : 1
0:00:00.011249465  2776 0x2557320 LOG   GST_POLL gstpoll.c:994:gst_poll_fd_ctl_write: 0x255f9e0: pfd->events now 60 (POLLOUT:4)
0:00:00.011258786  2776 0x2557320 DEBUG   GST_POLL gstpoll.c:980:gst_poll_fd_ctl_write: 0x255f9e0: fd (fd:0, idx:1), active : 1
0:00:00.011264488  2776 0x2557320 LOG   GST_POLL gstpoll.c:994:gst_poll_fd_ctl_write: 0x255f9e0: pfd->events now 60 (POLLOUT:4)
0:00:00.011269906  2776 0x2557320 DEBUG   GST_POLL gstpoll.c:980:gst_poll_fd_ctl_write: 0x255f9e0: fd (fd:0, idx:1), active : 1
0:00:00.011275155  2776 0x2557320 LOG   GST_POLL gstpoll.c:994:gst_poll_fd_ctl_write: 0x255f9e0: pfd->events now 60 (POLLOUT:4)
0:00:00.011280604  2776 0x2557320 DEBUG   GST_POLL gstpoll.c:980:gst_poll_fd_ctl_write: 0x255f9e0: fd (fd:0, idx:1), active : 1
0:00:00.011285822  2776 0x2557320 LOG   GST_POLL gstpoll.c:994:gst_poll_fd_ctl_write: 0x255f9e0: pfd->events now 60 (POLLOUT:4)
0:00:00.011291255  2776 0x2557320 DEBUG   GST_POLL gstpoll.c:980:gst_poll_fd_ctl_write: 0x255f9e0: fd (fd:0, idx:1), active : 1
0:00:00.011296478  2776 0x2557320 LOG   GST_POLL gstpoll.c:994:gst_poll_fd_ctl_write: 0x255f9e0: pfd->events now 60 (POLLOUT:4)
0:00:00.011302023  2776 0x2557320 DEBUG   GST_POLL gstpoll.c:980:gst_poll_fd_ctl_write: 0x255f9e0: fd (fd:0, idx:1), active : 1
0:00:00.011307276  2776 0x2557320 LOG   GST_POLL gstpoll.c:994:gst_poll_fd_ctl_write: 0x255f9e0: pfd->events now 60 (POLLOUT:4)
0:00:00.011312830  2776 0x2557320 DEBUG   GST_POLL gstpoll.c:980:gst_poll_fd_ctl_write: 0x255f9e0: fd (fd:0, idx:1), active : 1
0:00:00.011318081  2776 0x2557320 LOG   GST_POLL gstpoll.c:994:gst_poll_fd_ctl_write: 0x255f9e0: pfd->events now 60 (POLLOUT:4)
0:00:00.011323654  2776 0x2557320 DEBUG   GST_POLL gstpoll.c:980:gst_poll_fd_ctl_write: 0x255f9e0: fd (fd:0, idx:1), active : 1
0:00:00.011328938  2776 0x2557320 LOG   GST_POLL gstpoll.c:994:gst_poll_fd_ctl_write: 0x255f9e0: pfd->events now 60 (POLLOUT:4)
0:00:00.011334563  2776 0x2557320 DEBUG   GST_POLL gstpoll.c:980:gst_poll_fd_ctl_write: 0x255f9e0: fd (fd:0, idx:1), active : 1
0:00:00.011339846  2776 0x2557320 LOG   GST_POLL gstpoll.c:994:gst_poll_fd_ctl_write: 0x255f9e0: pfd->events now 60 (POLLOUT:4)
0:00:00.011345353  2776 0x2557320 DEBUG   GST_POLL gstpoll.c:980:gst_poll_fd_ctl_write: 0x255f9e0: fd (fd:0, idx:1), active : 1
0:00:00.011350593  2776 0x2557320 LOG   GST_POLL gstpoll.c:994:gst_poll_fd_ctl_write: 0x255f9e0: pfd->events now 60 (POLLOUT:4)
0:00:00.011360230  2776 0x2557320 DEBUG   GST_POLL gstpoll.c:980:gst_poll_fd_ctl_write: 0x255f9e0: fd (fd:0, idx:1), active : 1
0:00:00.011365730  2776 0x2557320 LOG   GST_POLL gstpoll.c:994:gst_poll_fd_ctl_write: 0x255f9e0: pfd->events now 60 (POLLOUT:4)
0:00:00.011371201  2776 0x2557320 DEBUG   GST_POLL gstpoll.c:980:gst_poll_fd_ctl_write: 0x255f9e0: fd (fd:0, idx:1), active : 1
0:00:00.011376428  2776 0x2557320 LOG   GST_POLL gstpoll.c:994:gst_poll_fd_ctl_write: 0x255f9e0: pfd->events now 60 (POLLOUT:4)
0:00:00.011381854  2776 0x2557320 DEBUG   GST_POLL gstpoll.c:980:gst_poll_fd_ctl_write: 0x255f9e0: fd (fd:0, idx:1), active : 1
0:00:00.011387060  2776 0x2557320 LOG   GST_POLL gstpoll.c:994:gst_poll_fd_ctl_write: 0x255f9e0: pfd->events now 60 (POLLOUT:4)
0:00:00.011396313  2776 0x2557320 TRACE   GST_REFCOUNTING gstobject.c:265:gst_object_unref: 0x2573840 unref 2->1
0:00:00.011402799  2776 0x2557320 DEBUG   GST_POLL gstpoll.c:1241:gst_poll_fd_has_error: 0x255f9e0: fd (fd:0, idx:1) 0
0:00:00.011408520  2776 0x2557320 DEBUG   GST_POLL gstpoll.c:1335:gst_poll_fd_can_write: 0x255f9e0: fd (fd:0, idx:1) 1
0:00:00.011414081  2776 0x2557320 LOG   GST_PLUGIN_LOADING gstpluginloader.c:689:write_one: Writing packet of size 528 bytes to fd 0
0:00:00.011431115  2776 0x2557320 DEBUG   GST_POLL gstpoll.c:1414:gst_poll_wait: 0x255f9e0: timeout :0:00:01.000000000
0:00:00.011440958  2776 0x2557320 LOG   GST_PLUGIN_LOADING gstpluginloader.c:1027:exchange_packets: Poll res = 2. 6872 bytes pending for write
0:00:00.011447094  2776 0x2557320 DEBUG   GST_POLL gstpoll.c:1241:gst_poll_fd_has_error: 0x255f9e0: fd (fd:5, idx:2) 0
0:00:00.015332504  2775 0x7f0390 LOG   GST_PLUGIN_LOADING gstpluginloader.c:1027:exchange_packets: Poll res = 1. 0 bytes pending for write
0:00:00.011452588  2776 0x2557320 DEBUG   GST_POLL gstpoll.c:1266:gst_poll_fd_can_read_unlocked: 0x255f9e0: fd (fd:5, idx:2) 1
0:00:00.015345919  2775 0x7f0390 DEBUG   GST_POLL gstpoll.c:1241:gst_poll_fd_has_error: 0x809d10: fd (fd:8, idx:2) 0
0:00:00.015352290  2775 0x7f0390 DEBUG   GST_POLL gstpoll.c:1266:gst_poll_fd_can_read_unlocked: 0x809d10: fd (fd:8, idx:2) 1
0:00:00.011464030  2776 0x2557320 DEBUG   GST_PLUGIN_LOADING gstpluginloader.c:721:do_plugin_load: Plugin scanner loading file /home/conan/w/prod/BuildSingleReference/.conan/data/gstreamer/1.19.2/_/_/package/3ad8b12e986bc654ebd8f9dbd570a3969420bafe/lib/gstreamer-1.0/libgstcoretracers.so. tag 2
0:00:00.015360007  2775 0x7f0390 LOG   GST_PLUGIN_LOADING gstpluginloader.c:985:read_one: Expanding rx buf from 512 to 1040
0:00:00.011473872  2776 0x2557320 TRACE   GST_REFCOUNTING gstobject.c:238:gst_object_ref: 0x2570ee0 ref 1->2
0:00:00.015369609  2775 0x7f0390 DEBUG   GST_PLUGIN_LOADING gstpluginloader.c:849:handle_rx_packet: Received plugin details from child w/ tag 0. 516 bytes info
0:00:00.011482290  2776 0x2557320 TRACE   GST_REFCOUNTING gstobject.c:238:gst_object_ref: 0x2572160 ref 1->2
0:00:00.015376334  2775 0x7f0390 LOG   GST_REGISTRY gstregistrychunks.c:838:_priv_gst_registry_chunks_load_plugin: Reading/casting for GstRegistryChunkPluginElement at address 0x80a840
0:00:00.011491110  2776 0x2557320 TRACE   GST_REFCOUNTING gstobject.c:238:gst_object_ref: 0x2571ec0 ref 1->2
0:00:00.011504366  2776 0x2557320 TRACE   GST_REFCOUNTING gstobject.c:238:gst_object_ref: 0x2571c70 ref 1->2
0:00:00.011510393  2776 0x2557320 TRACE   GST_REFCOUNTING gstobject.c:238:gst_object_ref: 0x25719a0 ref 1->2
0:00:00.015398004  2775 0x7f0390 TRACE   GST_REFCOUNTING gstobject.c:208:gst_object_init: 0x80a240 new
0:00:00.011516376  2776 0x2557320 TRACE   GST_REFCOUNTING gstobject.c:238:gst_object_ref: 0x2571790 ref 1->2
0:00:00.011522896  2776 0x2557320 TRACE   GST_REFCOUNTING gstobject.c:238:gst_object_ref: 0x25712a0 ref 1->2
0:00:00.011530697  2776 0x2557320 TRACE   GST_REFCOUNTING gstobject.c:265:gst_object_unref: 0x25712a0 unref 2->1
0:00:00.011536758  2776 0x2557320 TRACE   GST_REFCOUNTING gstobject.c:265:gst_object_unref: 0x2571790 unref 2->1
0:00:00.015428023  2775 0x7f0390 LOG   GST_REGISTRY gstregistrychunks.c:859:_priv_gst_registry_chunks_load_plugin: read strings for name='coretracers'
0:00:00.011542575  2776 0x2557320 TRACE   GST_REFCOUNTING gstobject.c:265:gst_object_unref: 0x25719a0 unref 2->1
0:00:00.015434550  2775 0x7f0390 LOG   GST_REGISTRY gstregistrychunks.c:860:_priv_gst_registry_chunks_load_plugin: desc.description='GStreamer core tracers'
0:00:00.011549258  2776 0x2557320 TRACE   GST_REFCOUNTING gstobject.c:265:gst_object_unref: 0x2571c70 unref 2->1
0:00:00.015441177  2775 0x7f0390 LOG   GST_REGISTRY gstregistrychunks.c:861:_priv_gst_registry_chunks_load_plugin: filename='/home/conan/w/prod/BuildSingleReference/.conan/data/gstreamer/1.19.2/_/_/package/3ad8b12e986bc654ebd8f9dbd570a3969420bafe/lib/gstreamer-1.0/libgstcoretracers.so'
0:00:00.011555705  2776 0x2557320 TRACE   GST_REFCOUNTING gstobject.c:265:gst_object_unref: 0x2571ec0 unref 2->1
0:00:00.015447618  2775 0x7f0390 LOG   GST_REGISTRY gstregistrychunks.c:862:_priv_gst_registry_chunks_load_plugin: desc.version='1.19.2'
0:00:00.011562583  2776 0x2557320 TRACE   GST_REFCOUNTING gstobject.c:265:gst_object_unref: 0x2572160 unref 2->1
0:00:00.015453349  2775 0x7f0390 LOG   GST_REGISTRY gstregistrychunks.c:863:_priv_gst_registry_chunks_load_plugin: desc.license='LGPL'
0:00:00.011570183  2776 0x2557320 DEBUG   GST_REGISTRY gstregistrychunks.c:499:_priv_gst_registry_chunks_save_plugin: Found 6 features in plugin 0x2570ee0 (coretracers)
0:00:00.015459001  2775 0x7f0390 LOG   GST_REGISTRY gstregistrychunks.c:864:_priv_gst_registry_chunks_load_plugin: desc.source='gstreamer'
0:00:00.011576760  2776 0x2557320 DEBUG   GST_POLL gstpoll.c:980:gst_poll_fd_ctl_write: 0x255f9e0: fd (fd:0, idx:1), active : 1
0:00:00.015466075  2775 0x7f0390 LOG   GST_REGISTRY gstregistrychunks.c:865:_priv_gst_registry_chunks_load_plugin: desc.package='GStreamer source release'
0:00:00.011582916  2776 0x2557320 LOG   GST_POLL gstpoll.c:994:gst_poll_fd_ctl_write: 0x255f9e0: pfd->events now 60 (POLLOUT:4)
0:00:00.015477208  2775 0x7f0390 LOG   GST_REGISTRY gstregistrychunks.c:866:_priv_gst_registry_chunks_load_plugin: desc.origin='Unknown package origin'
0:00:00.011592394  2776 0x2557320 DEBUG   GST_POLL gstpoll.c:980:gst_poll_fd_ctl_write: 0x255f9e0: fd (fd:0, idx:1), active : 1
0:00:00.015483210  2775 0x7f0390 LOG   GST_REGISTRY gstregistrychunks.c:867:_priv_gst_registry_chunks_load_plugin: desc.datetime=2021-09-23
0:00:00.011598225  2776 0x2557320 LOG   GST_POLL gstpoll.c:994:gst_poll_fd_ctl_write: 0x255f9e0: pfd->events now 60 (POLLOUT:4)
0:00:00.011604536  2776 0x2557320 DEBUG   GST_POLL gstpoll.c:980:gst_poll_fd_ctl_write: 0x255f9e0: fd (fd:0, idx:1), active : 1
0:00:00.015492180  2775 0x7f0390 DEBUG   GST_REGISTRY gstregistry.c:474:gst_registry_add_plugin: adding plugin 0x80a240 for filename "/home/conan/w/prod/BuildSingleReference/.conan/data/gstreamer/1.19.2/_/_/package/3ad8b12e986bc654ebd8f9dbd570a3969420bafe/lib/gstreamer-1.0/libgstcoretracers.so"
0:00:00.011609845  2776 0x2557320 LOG   GST_POLL gstpoll.c:994:gst_poll_fd_ctl_write: 0x255f9e0: pfd->events now 60 (POLLOUT:4)
0:00:00.011615960  2776 0x2557320 DEBUG   GST_POLL gstpoll.c:980:gst_poll_fd_ctl_write: 0x255f9e0: fd (fd:0, idx:1), active : 1
0:00:00.011621186  2776 0x2557320 LOG   GST_POLL gstpoll.c:994:gst_poll_fd_ctl_write: 0x255f9e0: pfd->events now 60 (POLLOUT:4)
0:00:00.011643884  2776 0x2557320 DEBUG   GST_POLL gstpoll.c:980:gst_poll_fd_ctl_write: 0x255f9e0: fd (fd:0, idx:1), active : 1
0:00:00.015512427  2775 0x7f0390 TRACE   GST_REFCOUNTING gstobject.c:294:gst_object_ref_sink: 0x80a240 ref_sink 1->2
0:00:00.011649652  2776 0x2557320 LOG   GST_POLL gstpoll.c:994:gst_poll_fd_ctl_write: 0x255f9e0: pfd->events now 60 (POLLOUT:4)
0:00:00.015541087  2775 0x7f0390 LOG   GST_REGISTRY gstregistry.c:487:gst_registry_add_plugin: emitting plugin-added for filename "/home/conan/w/prod/BuildSingleReference/.conan/data/gstreamer/1.19.2/_/_/package/3ad8b12e986bc654ebd8f9dbd570a3969420bafe/lib/gstreamer-1.0/libgstcoretracers.so"
0:00:00.011656016  2776 0x2557320 DEBUG   GST_POLL gstpoll.c:980:gst_poll_fd_ctl_write: 0x255f9e0: fd (fd:0, idx:1), active : 1
0:00:00.015548964  2775 0x7f0390 DEBUG   GST_REGISTRY gstregistrychunks.c:888:_priv_gst_registry_chunks_load_plugin: Added plugin 'coretracers' plugin with 6 features from binary registry
0:00:00.011666073  2776 0x2557320 LOG   GST_POLL gstpoll.c:994:gst_poll_fd_ctl_write: 0x255f9e0: pfd->events now 60 (POLLOUT:4)
0:00:00.015556753  2775 0x7f0390 DEBUG   GST_REGISTRY gstregistrychunks.c:584:gst_registry_chunks_load_feature: Plugin 'coretracers' feature 'factories' typename : 'GstTracerFactory'
0:00:00.011672405  2776 0x2557320 DEBUG   GST_POLL gstpoll.c:980:gst_poll_fd_ctl_write: 0x255f9e0: fd (fd:0, idx:1), active : 1
0:00:00.011678468  2776 0x2557320 LOG   GST_POLL gstpoll.c:994:gst_poll_fd_ctl_write: 0x255f9e0: pfd->events now 60 (POLLOUT:4)
0:00:00.015570065  2775 0x7f0390 TRACE   GST_REFCOUNTING gstobject.c:208:gst_object_init: 0x80adb0 new
0:00:00.011684126  2776 0x2557320 DEBUG   GST_POLL gstpoll.c:980:gst_poll_fd_ctl_write: 0x255f9e0: fd (fd:0, idx:1), active : 1
0:00:00.011696122  2776 0x2557320 LOG   GST_POLL gstpoll.c:994:gst_poll_fd_ctl_write: 0x255f9e0: pfd->events now 60 (POLLOUT:4)
0:00:00.015583534  2775 0x7f0390 DEBUG   GST_REGISTRY gstregistrychunks.c:719:gst_registry_chunks_load_feature: Reading/casting for GstRegistryChunkPluginFeature at address 0x80a990
0:00:00.011701811  2776 0x2557320 DEBUG   GST_POLL gstpoll.c:980:gst_poll_fd_ctl_write: 0x255f9e0: fd (fd:0, idx:1), active : 1
0:00:00.015593278  2775 0x7f0390 DEBUG   GST_REGISTRY gstregistry.c:590:gst_registry_add_feature: adding feature 0x80adb0 (factories)
0:00:00.011707742  2776 0x2557320 LOG   GST_POLL gstpoll.c:994:gst_poll_fd_ctl_write: 0x255f9e0: pfd->events now 60 (POLLOUT:4)
0:00:00.015600112  2775 0x7f0390 DEBUG   GST_REFCOUNTING gstobject.c:709:gst_object_set_parent: set parent (ref and sink)
0:00:00.011714846  2776 0x2557320 DEBUG   GST_POLL gstpoll.c:980:gst_poll_fd_ctl_write: 0x255f9e0: fd (fd:0, idx:1), active : 1
0:00:00.015607577  2775 0x7f0390 TRACE   GST_REFCOUNTING gstobject.c:294:gst_object_ref_sink: 0x80adb0 ref_sink 1->2
0:00:00.011721494  2776 0x2557320 LOG   GST_POLL gstpoll.c:994:gst_poll_fd_ctl_write: 0x255f9e0: pfd->events now 60 (POLLOUT:4)
0:00:00.015614752  2775 0x7f0390 LOG   GST_REGISTRY gstregistry.c:608:gst_registry_add_feature: emitting feature-added for factories
0:00:00.011729470  2776 0x2557320 LOG   GST_PLUGIN_LOADING gstpluginloader.c:645:put_chunk: Expanding tx buf from 7717 to 10158 for chunk of size 11
0:00:00.015621827  2775 0x7f0390 DEBUG   GST_REGISTRY gstregistrychunks.c:742:gst_registry_chunks_load_feature: Added feature factories, plugin 0x80a240 coretracers
0:00:00.011736045  2776 0x2557320 DEBUG   GST_POLL gstpoll.c:980:gst_poll_fd_ctl_write: 0x255f9e0: fd (fd:0, idx:1), active : 1
0:00:00.015629039  2775 0x7f0390 DEBUG   GST_REGISTRY gstregistrychunks.c:584:gst_registry_chunks_load_feature: Plugin 'coretracers' feature 'leaks' typename : 'GstTracerFactory'
0:00:00.011742906  2776 0x2557320 LOG   GST_POLL gstpoll.c:994:gst_poll_fd_ctl_write: 0x255f9e0: pfd->events now 60 (POLLOUT:4)
0:00:00.015636714  2775 0x7f0390 TRACE   GST_REFCOUNTING gstobject.c:208:gst_object_init: 0x80aff0 new
0:00:00.011750425  2776 0x2557320 DEBUG   GST_POLL gstpoll.c:980:gst_poll_fd_ctl_write: 0x255f9e0: fd (fd:0, idx:1), active : 1
0:00:00.015644210  2775 0x7f0390 DEBUG   GST_REGISTRY gstregistrychunks.c:719:gst_registry_chunks_load_feature: Reading/casting for GstRegistryChunkPluginFeature at address 0x80a9b0
0:00:00.011758144  2776 0x2557320 LOG   GST_POLL gstpoll.c:994:gst_poll_fd_ctl_write: 0x255f9e0: pfd->events now 60 (POLLOUT:4)
0:00:00.015651762  2775 0x7f0390 DEBUG   GST_REGISTRY gstregistry.c:590:gst_registry_add_feature: adding feature 0x80aff0 (leaks)
0:00:00.011765562  2776 0x2557320 DEBUG   GST_POLL gstpoll.c:980:gst_poll_fd_ctl_write: 0x255f9e0: fd (fd:0, idx:1), active : 1
0:00:00.015662184  2775 0x7f0390 DEBUG   GST_REFCOUNTING gstobject.c:709:gst_object_set_parent: set parent (ref and sink)
0:00:00.011776980  2776 0x2557320 LOG   GST_POLL gstpoll.c:994:gst_poll_fd_ctl_write: 0x255f9e0: pfd->events now 60 (POLLOUT:4)
0:00:00.015669450  2775 0x7f0390 TRACE   GST_REFCOUNTING gstobject.c:294:gst_object_ref_sink: 0x80aff0 ref_sink 1->2
0:00:00.011783878  2776 0x2557320 DEBUG   GST_POLL gstpoll.c:980:gst_poll_fd_ctl_write: 0x255f9e0: fd (fd:0, idx:1), active : 1
0:00:00.015676301  2775 0x7f0390 LOG   GST_REGISTRY gstregistry.c:608:gst_registry_add_feature: emitting feature-added for leaks
0:00:00.011790811  2776 0x2557320 LOG   GST_POLL gstpoll.c:994:gst_poll_fd_ctl_write: 0x255f9e0: pfd->events now 60 (POLLOUT:4)
0:00:00.015683080  2775 0x7f0390 DEBUG   GST_REGISTRY gstregistrychunks.c:742:gst_registry_chunks_load_feature: Added feature leaks, plugin 0x80a240 coretracers
0:00:00.011797390  2776 0x2557320 DEBUG   GST_POLL gstpoll.c:980:gst_poll_fd_ctl_write: 0x255f9e0: fd (fd:0, idx:1), active : 1
0:00:00.015690003  2775 0x7f0390 DEBUG   GST_REGISTRY gstregistrychunks.c:584:gst_registry_chunks_load_feature: Plugin 'coretracers' feature 'stats' typename : 'GstTracerFactory'
0:00:00.011804348  2776 0x2557320 LOG   GST_POLL gstpoll.c:994:gst_poll_fd_ctl_write: 0x255f9e0: pfd->events now 60 (POLLOUT:4)
0:00:00.015697193  2775 0x7f0390 TRACE   GST_REFCOUNTING gstobject.c:208:gst_object_init: 0x80b1b0 new
0:00:00.011811409  2776 0x2557320 DEBUG   GST_POLL gstpoll.c:980:gst_poll_fd_ctl_write: 0x255f9e0: fd (fd:0, idx:1), active : 1
0:00:00.015704507  2775 0x7f0390 DEBUG   GST_REGISTRY gstregistrychunks.c:719:gst_registry_chunks_load_feature: Reading/casting for GstRegistryChunkPluginFeature at address 0x80a9d0
0:00:00.011818597  2776 0x2557320 LOG   GST_POLL gstpoll.c:994:gst_poll_fd_ctl_write: 0x255f9e0: pfd->events now 60 (POLLOUT:4)
0:00:00.015711663  2775 0x7f0390 DEBUG   GST_REGISTRY gstregistry.c:590:gst_registry_add_feature: adding feature 0x80b1b0 (stats)
0:00:00.011825777  2776 0x2557320 DEBUG   GST_POLL gstpoll.c:980:gst_poll_fd_ctl_write: 0x255f9e0: fd (fd:0, idx:1), active : 1
0:00:00.015717954  2775 0x7f0390 DEBUG   GST_REFCOUNTING gstobject.c:709:gst_object_set_parent: set parent (ref and sink)
0:00:00.011832858  2776 0x2557320 LOG   GST_POLL gstpoll.c:994:gst_poll_fd_ctl_write: 0x255f9e0: pfd->events now 60 (POLLOUT:4)
0:00:00.015724930  2775 0x7f0390 TRACE   GST_REFCOUNTING gstobject.c:294:gst_object_ref_sink: 0x80b1b0 ref_sink 1->2
0:00:00.011839398  2776 0x2557320 DEBUG   GST_POLL gstpoll.c:980:gst_poll_fd_ctl_write: 0x255f9e0: fd (fd:0, idx:1), active : 1
0:00:00.015731795  2775 0x7f0390 LOG   GST_REGISTRY gstregistry.c:608:gst_registry_add_feature: emitting feature-added for stats
0:00:00.011846222  2776 0x2557320 LOG   GST_POLL gstpoll.c:994:gst_poll_fd_ctl_write: 0x255f9e0: pfd->events now 60 (POLLOUT:4)
0:00:00.015738460  2775 0x7f0390 DEBUG   GST_REGISTRY gstregistrychunks.c:742:gst_registry_chunks_load_feature: Added feature stats, plugin 0x80a240 coretracers
0:00:00.011858442  2776 0x2557320 DEBUG   GST_POLL gstpoll.c:980:gst_poll_fd_ctl_write: 0x255f9e0: fd (fd:0, idx:1), active : 1
0:00:00.015748501  2775 0x7f0390 DEBUG   GST_REGISTRY gstregistrychunks.c:584:gst_registry_chunks_load_feature: Plugin 'coretracers' feature 'rusage' typename : 'GstTracerFactory'
0:00:00.011864569  2776 0x2557320 LOG   GST_POLL gstpoll.c:994:gst_poll_fd_ctl_write: 0x255f9e0: pfd->events now 60 (POLLOUT:4)
0:00:00.015755519  2775 0x7f0390 TRACE   GST_REFCOUNTING gstobject.c:208:gst_object_init: 0x80b370 new
0:00:00.011870947  2776 0x2557320 DEBUG   GST_POLL gstpoll.c:980:gst_poll_fd_ctl_write: 0x255f9e0: fd (fd:0, idx:1), active : 1
0:00:00.015762851  2775 0x7f0390 DEBUG   GST_REGISTRY gstregistrychunks.c:719:gst_registry_chunks_load_feature: Reading/casting for GstRegistryChunkPluginFeature at address 0x80a9f0
0:00:00.011877154  2776 0x2557320 LOG   GST_POLL gstpoll.c:994:gst_poll_fd_ctl_write: 0x255f9e0: pfd->events now 60 (POLLOUT:4)
0:00:00.015770214  2775 0x7f0390 DEBUG   GST_REGISTRY gstregistry.c:590:gst_registry_add_feature: adding feature 0x80b370 (rusage)
0:00:00.011884233  2776 0x2557320 DEBUG   GST_POLL gstpoll.c:980:gst_poll_fd_ctl_write: 0x255f9e0: fd (fd:0, idx:1), active : 1
0:00:00.015776567  2775 0x7f0390 DEBUG   GST_REFCOUNTING gstobject.c:709:gst_object_set_parent: set parent (ref and sink)
0:00:00.011891175  2776 0x2557320 LOG   GST_POLL gstpoll.c:994:gst_poll_fd_ctl_write: 0x255f9e0: pfd->events now 60 (POLLOUT:4)
0:00:00.015783668  2775 0x7f0390 TRACE   GST_REFCOUNTING gstobject.c:294:gst_object_ref_sink: 0x80b370 ref_sink 1->2
0:00:00.011898156  2776 0x2557320 DEBUG   GST_POLL gstpoll.c:980:gst_poll_fd_ctl_write: 0x255f9e0: fd (fd:0, idx:1), active : 1
0:00:00.015790625  2775 0x7f0390 LOG   GST_REGISTRY gstregistry.c:608:gst_registry_add_feature: emitting feature-added for rusage
0:00:00.011905051  2776 0x2557320 LOG   GST_POLL gstpoll.c:994:gst_poll_fd_ctl_write: 0x255f9e0: pfd->events now 60 (POLLOUT:4)
0:00:00.015797480  2775 0x7f0390 DEBUG   GST_REGISTRY gstregistrychunks.c:742:gst_registry_chunks_load_feature: Added feature rusage, plugin 0x80a240 coretracers
0:00:00.011912010  2776 0x2557320 DEBUG   GST_POLL gstpoll.c:980:gst_poll_fd_ctl_write: 0x255f9e0: fd (fd:0, idx:1), active : 1
0:00:00.015804520  2775 0x7f0390 DEBUG   GST_REGISTRY gstregistrychunks.c:584:gst_registry_chunks_load_feature: Plugin 'coretracers' feature 'log' typename : 'GstTracerFactory'
0:00:00.011918711  2776 0x2557320 LOG   GST_POLL gstpoll.c:994:gst_poll_fd_ctl_write: 0x255f9e0: pfd->events now 60 (POLLOUT:4)
0:00:00.015811671  2775 0x7f0390 TRACE   GST_REFCOUNTING gstobject.c:208:gst_object_init: 0x80b530 new
0:00:00.011925809  2776 0x2557320 DEBUG   GST_POLL gstpoll.c:980:gst_poll_fd_ctl_write: 0x255f9e0: fd (fd:0, idx:1), active : 1
0:00:00.015819074  2775 0x7f0390 DEBUG   GST_REGISTRY gstregistrychunks.c:719:gst_registry_chunks_load_feature: Reading/casting for GstRegistryChunkPluginFeature at address 0x80aa10
0:00:00.011936788  2776 0x2557320 LOG   GST_POLL gstpoll.c:994:gst_poll_fd_ctl_write: 0x255f9e0: pfd->events now 60 (POLLOUT:4)
0:00:00.015828008  2775 0x7f0390 DEBUG   GST_REGISTRY gstregistry.c:590:gst_registry_add_feature: adding feature 0x80b530 (log)
0:00:00.011943274  2776 0x2557320 DEBUG   GST_POLL gstpoll.c:980:gst_poll_fd_ctl_write: 0x255f9e0: fd (fd:0, idx:1), active : 1
0:00:00.015834523  2775 0x7f0390 DEBUG   GST_REFCOUNTING gstobject.c:709:gst_object_set_parent: set parent (ref and sink)
0:00:00.011949417  2776 0x2557320 LOG   GST_POLL gstpoll.c:994:gst_poll_fd_ctl_write: 0x255f9e0: pfd->events now 60 (POLLOUT:4)
0:00:00.015841962  2775 0x7f0390 TRACE   GST_REFCOUNTING gstobject.c:294:gst_object_ref_sink: 0x80b530 ref_sink 1->2
0:00:00.011956177  2776 0x2557320 DEBUG   GST_POLL gstpoll.c:980:gst_poll_fd_ctl_write: 0x255f9e0: fd (fd:0, idx:1), active : 1
0:00:00.015848866  2775 0x7f0390 LOG   GST_REGISTRY gstregistry.c:608:gst_registry_add_feature: emitting feature-added for log
0:00:00.011963326  2776 0x2557320 LOG   GST_POLL gstpoll.c:994:gst_poll_fd_ctl_write: 0x255f9e0: pfd->events now 60 (POLLOUT:4)
0:00:00.015855578  2775 0x7f0390 DEBUG   GST_REGISTRY gstregistrychunks.c:742:gst_registry_chunks_load_feature: Added feature log, plugin 0x80a240 coretracers
0:00:00.011969964  2776 0x2557320 DEBUG   GST_POLL gstpoll.c:980:gst_poll_fd_ctl_write: 0x255f9e0: fd (fd:0, idx:1), active : 1
0:00:00.015862457  2775 0x7f0390 DEBUG   GST_REGISTRY gstregistrychunks.c:584:gst_registry_chunks_load_feature: Plugin 'coretracers' feature 'latency' typename : 'GstTracerFactory'
0:00:00.011976595  2776 0x2557320 LOG   GST_POLL gstpoll.c:994:gst_poll_fd_ctl_write: 0x255f9e0: pfd->events now 60 (POLLOUT:4)
0:00:00.015869611  2775 0x7f0390 TRACE   GST_REFCOUNTING gstobject.c:208:gst_object_init: 0x80b8e0 new
0:00:00.011983794  2776 0x2557320 DEBUG   GST_POLL gstpoll.c:980:gst_poll_fd_ctl_write: 0x255f9e0: fd (fd:0, idx:1), active : 1
0:00:00.015877052  2775 0x7f0390 DEBUG   GST_REGISTRY gstregistrychunks.c:719:gst_registry_chunks_load_feature: Reading/casting for GstRegistryChunkPluginFeature at address 0x80aa38
0:00:00.011991078  2776 0x2557320 LOG   GST_POLL gstpoll.c:994:gst_poll_fd_ctl_write: 0x255f9e0: pfd->events now 60 (POLLOUT:4)
0:00:00.011998571  2776 0x2557320 DEBUG   GST_POLL gstpoll.c:980:gst_poll_fd_ctl_write: 0x255f9e0: fd (fd:0, idx:1), active : 1
0:00:00.015886167  2775 0x7f0390 DEBUG   GST_REGISTRY gstregistry.c:590:gst_registry_add_feature: adding feature 0x80b8e0 (latency)
0:00:00.012004074  2776 0x2557320 LOG   GST_POLL gstpoll.c:994:gst_poll_fd_ctl_write: 0x255f9e0: pfd->events now 60 (POLLOUT:4)
0:00:00.015895535  2775 0x7f0390 DEBUG   GST_REFCOUNTING gstobject.c:709:gst_object_set_parent: set parent (ref and sink)
0:00:00.012010354  2776 0x2557320 DEBUG   GST_POLL gstpoll.c:980:gst_poll_fd_ctl_write: 0x255f9e0: fd (fd:0, idx:1), active : 1
0:00:00.015907415  2775 0x7f0390 TRACE   GST_REFCOUNTING gstobject.c:294:gst_object_ref_sink: 0x80b8e0 ref_sink 1->2
0:00:00.012021161  2776 0x2557320 LOG   GST_POLL gstpoll.c:994:gst_poll_fd_ctl_write: 0x255f9e0: pfd->events now 60 (POLLOUT:4)
0:00:00.015914288  2775 0x7f0390 LOG   GST_REGISTRY gstregistry.c:608:gst_registry_add_feature: emitting feature-added for latency
0:00:00.012029525  2776 0x2557320 TRACE   GST_REFCOUNTING gstobject.c:265:gst_object_unref: 0x2570ee0 unref 2->1
0:00:00.015921108  2775 0x7f0390 DEBUG   GST_REGISTRY gstregistrychunks.c:742:gst_registry_chunks_load_feature: Added feature latency, plugin 0x80a240 coretracers
0:00:00.012036090  2776 0x2557320 DEBUG   GST_POLL gstpoll.c:1241:gst_poll_fd_has_error: 0x255f9e0: fd (fd:0, idx:1) 0
0:00:00.012042139  2776 0x2557320 DEBUG   GST_POLL gstpoll.c:1335:gst_poll_fd_can_write: 0x255f9e0: fd (fd:0, idx:1) 1
0:00:00.015929785  2775 0x7f0390 LOG   GST_PLUGIN_LOADING gstpluginloader.c:888:handle_rx_packet: marking plugin 0x80a240 as registered as /home/conan/w/prod/BuildSingleReference/.conan/data/gstreamer/1.19.2/_/_/package/3ad8b12e986bc654ebd8f9dbd570a3969420bafe/lib/gstreamer-1.0/libgstcoretracers.so
0:00:00.012047650  2776 0x2557320 LOG   GST_PLUGIN_LOADING gstpluginloader.c:689:write_one: Writing packet of size 6872 bytes to fd 0
0:00:00.015942878  2775 0x7f0390 DEBUG   GST_POLL gstpoll.c:1414:gst_poll_wait: 0x809d10: timeout :0:00:01.000000000
0:00:00.012057995  2776 0x2557320 DEBUG   GST_POLL gstpoll.c:1414:gst_poll_wait: 0x255f9e0: timeout :0:00:01.000000000
0:00:00.015952436  2775 0x7f0390 LOG   GST_PLUGIN_LOADING gstpluginloader.c:1027:exchange_packets: Poll res = 1. 0 bytes pending for write
0:00:00.012066524  2776 0x2557320 LOG   GST_PLUGIN_LOADING gstpluginloader.c:1027:exchange_packets: Poll res = 2. 528 bytes pending for write
0:00:00.015959868  2775 0x7f0390 DEBUG   GST_POLL gstpoll.c:1241:gst_poll_fd_has_error: 0x809d10: fd (fd:8, idx:2) 0
0:00:00.012074129  2776 0x2557320 DEBUG   GST_POLL gstpoll.c:1241:gst_poll_fd_has_error: 0x255f9e0: fd (fd:5, idx:2) 0
0:00:00.015966468  2775 0x7f0390 DEBUG   GST_POLL gstpoll.c:1266:gst_poll_fd_can_read_unlocked: 0x809d10: fd (fd:8, idx:2) 1
0:00:00.012080588  2776 0x2557320 DEBUG   GST_POLL gstpoll.c:1266:gst_poll_fd_can_read_unlocked: 0x255f9e0: fd (fd:5, idx:2) 1
0:00:00.015974240  2775 0x7f0390 LOG   GST_PLUGIN_LOADING gstpluginloader.c:985:read_one: Expanding rx buf from 1040 to 7384
0:00:00.012090323  2776 0x2557320 DEBUG   GST_PLUGIN_LOADING gstpluginloader.c:721:do_plugin_load: Plugin scanner loading file /home/conan/w/prod/BuildSingleReference/.conan/data/gstreamer/1.19.2/_/_/package/3ad8b12e986bc654ebd8f9dbd570a3969420bafe/lib/gstreamer-1.0/libgstcoreelements.so. tag 3
0:00:00.012097617  2776 0x2557320 TRACE   GST_REFCOUNTING gstobject.c:238:gst_object_ref: 0x2573840 ref 1->2
0:00:00.015991330  2775 0x7f0390 DEBUG   GST_PLUGIN_LOADING gstpluginloader.c:849:handle_rx_packet: Received plugin details from child w/ tag 1. 6860 bytes info
0:00:00.012107841  2776 0x2557320 TRACE   GST_REFCOUNTING gstobject.c:238:gst_object_ref: 0x258ec90 ref 1->2
0:00:00.015998326  2775 0x7f0390 LOG   GST_REGISTRY gstregistrychunks.c:838:_priv_gst_registry_chunks_load_plugin: Reading/casting for GstRegistryChunkPluginElement at address 0x80bb60
0:00:00.012114874  2776 0x2557320 TRACE   GST_REFCOUNTING gstobject.c:238:gst_object_ref: 0x258dda0 ref 1->2
0:00:00.016005665  2775 0x7f0390 TRACE   GST_REFCOUNTING gstobject.c:208:gst_object_init: 0x80b7b0 new
0:00:00.012121661  2776 0x2557320 TRACE   GST_REFCOUNTING gstobject.c:238:gst_object_ref: 0x258c5f0 ref 1->2
0:00:00.012128271  2776 0x2557320 TRACE   GST_REFCOUNTING gstobject.c:238:gst_object_ref: 0x258b820 ref 1->2
0:00:00.016017046  2775 0x7f0390 LOG   GST_REGISTRY gstregistrychunks.c:859:_priv_gst_registry_chunks_load_plugin: read strings for name='coreelements'
0:00:00.012134486  2776 0x2557320 TRACE   GST_REFCOUNTING gstobject.c:238:gst_object_ref: 0x258a610 ref 1->2
0:00:00.016024103  2775 0x7f0390 LOG   GST_REGISTRY gstregistrychunks.c:860:_priv_gst_registry_chunks_load_plugin: desc.description='GStreamer core elements'
0:00:00.012141054  2776 0x2557320 TRACE   GST_REFCOUNTING gstobject.c:238:gst_object_ref: 0x2589510 ref 1->2
0:00:00.016031202  2775 0x7f0390 LOG   GST_REGISTRY gstregistrychunks.c:861:_priv_gst_registry_chunks_load_plugin: filename='/home/conan/w/prod/BuildSingleReference/.conan/data/gstreamer/1.19.2/_/_/package/3ad8b12e986bc654ebd8f9dbd570a3969420bafe/lib/gstreamer-1.0/libgstcoreelements.so'
0:00:00.012147714  2776 0x2557320 TRACE   GST_REFCOUNTING gstobject.c:238:gst_object_ref: 0x2587b60 ref 1->2
0:00:00.016037638  2775 0x7f0390 LOG   GST_REGISTRY gstregistrychunks.c:862:_priv_gst_registry_chunks_load_plugin: desc.version='1.19.2'
0:00:00.012154388  2776 0x2557320 TRACE   GST_REFCOUNTING gstobject.c:238:gst_object_ref: 0x25860e0 ref 1->2
0:00:00.016043663  2775 0x7f0390 LOG   GST_REGISTRY gstregistrychunks.c:863:_priv_gst_registry_chunks_load_plugin: desc.license='LGPL'
0:00:00.012161202  2776 0x2557320 TRACE   GST_REFCOUNTING gstobject.c:238:gst_object_ref: 0x2584fd0 ref 1->2
0:00:00.016050381  2775 0x7f0390 LOG   GST_REGISTRY gstregistrychunks.c:864:_priv_gst_registry_chunks_load_plugin: desc.source='gstreamer'
0:00:00.012167916  2776 0x2557320 TRACE   GST_REFCOUNTING gstobject.c:238:gst_object_ref: 0x2583d60 ref 1->2
0:00:00.016057263  2775 0x7f0390 LOG   GST_REGISTRY gstregistrychunks.c:865:_priv_gst_registry_chunks_load_plugin: desc.package='GStreamer source release'
0:00:00.012174621  2776 0x2557320 TRACE   GST_REFCOUNTING gstobject.c:238:gst_object_ref: 0x2582730 ref 1->2
0:00:00.016064283  2775 0x7f0390 LOG   GST_REGISTRY gstregistrychunks.c:866:_priv_gst_registry_chunks_load_plugin: desc.origin='Unknown package origin'
0:00:00.012184680  2776 0x2557320 TRACE   GST_REFCOUNTING gstobject.c:238:gst_object_ref: 0x2581a60 ref 1->2
0:00:00.016074166  2775 0x7f0390 LOG   GST_REGISTRY gstregistrychunks.c:867:_priv_gst_registry_chunks_load_plugin: desc.datetime=2021-09-23
0:00:00.012191309  2776 0x2557320 TRACE   GST_REFCOUNTING gstobject.c:238:gst_object_ref: 0x2580d10 ref 1->2
0:00:00.016083159  2775 0x7f0390 DEBUG   GST_REGISTRY gstregistry.c:474:gst_registry_add_plugin: adding plugin 0x80b7b0 for filename "/home/conan/w/prod/BuildSingleReference/.conan/data/gstreamer/1.19.2/_/_/package/3ad8b12e986bc654ebd8f9dbd570a3969420bafe/lib/gstreamer-1.0/libgstcoreelements.so"
0:00:00.016093545  2775 0x7f0390 TRACE   GST_REFCOUNTING gstobject.c:294:gst_object_ref_sink: 0x80b7b0 ref_sink 1->2
0:00:00.012210938  2776 0x2557320 TRACE   GST_REFCOUNTING gstobject.c:238:gst_object_ref: 0x25784c0 ref 1->2
0:00:00.012223686  2776 0x2557320 TRACE   GST_REFCOUNTING gstobject.c:238:gst_object_ref: 0x257e250 ref 1->2
0:00:00.012234797  2776 0x2557320 TRACE   GST_REFCOUNTING gstobject.c:238:gst_object_ref: 0x257bc00 ref 1->2
0:00:00.016122650  2775 0x7f0390 LOG   GST_REGISTRY gstregistry.c:487:gst_registry_add_plugin: emitting plugin-added for filename "/home/conan/w/prod/BuildSingleReference/.conan/data/gstreamer/1.19.2/_/_/package/3ad8b12e986bc654ebd8f9dbd570a3969420bafe/lib/gstreamer-1.0/libgstcoreelements.so"
0:00:00.012241702  2776 0x2557320 TRACE   GST_REFCOUNTING gstobject.c:238:gst_object_ref: 0x257a0b0 ref 1->2
0:00:00.016132823  2775 0x7f0390 DEBUG   GST_REGISTRY gstregistrychunks.c:888:_priv_gst_registry_chunks_load_plugin: Added plugin 'coreelements' plugin with 22 features from binary registry
0:00:00.012248555  2776 0x2557320 TRACE   GST_REFCOUNTING gstobject.c:238:gst_object_ref: 0x2579070 ref 1->2
0:00:00.016140121  2775 0x7f0390 DEBUG   GST_REGISTRY gstregistrychunks.c:584:gst_registry_chunks_load_feature: Plugin 'coreelements' feature 'streamiddemux' typename : 'GstElementFactory'
0:00:00.012255244  2776 0x2557320 TRACE   GST_REFCOUNTING gstobject.c:238:gst_object_ref: 0x25775c0 ref 1->2
0:00:00.012261990  2776 0x2557320 TRACE   GST_REFCOUNTING gstobject.c:238:gst_object_ref: 0x25766c0 ref 1->2
0:00:00.016150054  2775 0x7f0390 TRACE   GST_REFCOUNTING gstobject.c:208:gst_object_init: 0x80a370 new
0:00:00.012268206  2776 0x2557320 TRACE   GST_REFCOUNTING gstobject.c:238:gst_object_ref: 0x25758d0 ref 1->2
0:00:00.016159058  2775 0x7f0390 LOG   GST_REGISTRY gstregistrychunks.c:611:gst_registry_chunks_load_feature: Reading/casting for GstRegistryChunkElementFactory at address 0x80bcb8
0:00:00.012274936  2776 0x2557320 TRACE   GST_REFCOUNTING gstobject.c:238:gst_object_ref: 0x2573c40 ref 1->2
0:00:00.016166970  2775 0x7f0390 TRACE   structure gststructure.c:292:gst_structure_new_id_empty_with_size: created structure 0x80a900
0:00:00.012282133  2776 0x2557320 DEBUG   GST_REGISTRY gstregistrychunks.c:266:gst_registry_chunks_save_feature: saved 0 interfaces 0 pad templates
0:00:00.016178742  2775 0x7f0390 DEBUG   structure gststructure.c:2258:gst_structure_parse_field: trying field name 'long-name'
0:00:00.012297225  2776 0x2557320 DEBUG   GST_REGISTRY gstregistrychunks.c:266:gst_registry_chunks_save_feature: saved 0 interfaces 0 pad templates
0:00:00.016189490  2775 0x7f0390 DEBUG   default gstvalue.c:2776:_priv_gst_value_parse_value: trying type name 'string'
0:00:00.012306285  2776 0x2557320 DEBUG   GST_REGISTRY gstregistrychunks.c:266:gst_registry_chunks_save_feature: saved 0 interfaces 0 pad templates
0:00:00.016199823  2775 0x7f0390 DEBUG   structure gststructure.c:2258:gst_structure_parse_field: trying field name 'klass'
0:00:00.012315309  2776 0x2557320 DEBUG   GST_REGISTRY gstregistrychunks.c:266:gst_registry_chunks_save_feature: saved 1 interfaces 0 pad templates
0:00:00.016206014  2775 0x7f0390 DEBUG   default gstvalue.c:2776:_priv_gst_value_parse_value: trying type name 'string'
0:00:00.012321744  2776 0x2557320 DEBUG   GST_REGISTRY gstregistrychunks.c:285:gst_registry_chunks_save_feature: Saved 1 UriTypes
0:00:00.016213060  2775 0x7f0390 DEBUG   structure gststructure.c:2258:gst_structure_parse_field: trying field name 'description'
0:00:00.012330889  2776 0x2557320 DEBUG   GST_REGISTRY gstregistrychunks.c:266:gst_registry_chunks_save_feature: saved 0 interfaces 0 pad templates
0:00:00.016219080  2775 0x7f0390 DEBUG   default gstvalue.c:2776:_priv_gst_value_parse_value: trying type name 'string'
0:00:00.012339546  2776 0x2557320 DEBUG   GST_REGISTRY gstregistrychunks.c:266:gst_registry_chunks_save_feature: saved 0 interfaces 0 pad templates
0:00:00.016228023  2775 0x7f0390 DEBUG   structure gststructure.c:2258:gst_structure_parse_field: trying field name 'author'
0:00:00.016235452  2775 0x7f0390 DEBUG   default gstvalue.c:2776:_priv_gst_value_parse_value: trying type name 'string'
0:00:00.012348671  2776 0x2557320 DEBUG   GST_REGISTRY gstregistrychunks.c:266:gst_registry_chunks_save_feature: saved 0 interfaces 0 pad templates
0:00:00.016241947  2775 0x7f0390 DEBUG   GST_REGISTRY gstregistrychunks.c:627:gst_registry_chunks_load_feature: Element factory : npadtemplates=2
0:00:00.012359109  2776 0x2557320 DEBUG   GST_REGISTRY gstregistrychunks.c:266:gst_registry_chunks_save_feature: saved 1 interfaces 0 pad templates
0:00:00.016248218  2775 0x7f0390 DEBUG   GST_REGISTRY gstregistrychunks.c:527:gst_registry_chunks_load_pad_template: Reading/casting for GstRegistryChunkPadTemplate at address 0x80bd90
0:00:00.012365265  2776 0x2557320 DEBUG   GST_REGISTRY gstregistrychunks.c:285:gst_registry_chunks_save_feature: Saved 1 UriTypes
0:00:00.016255855  2775 0x7f0390 DEBUG   GST_REGISTRY gstregistrychunks.c:540:gst_registry_chunks_load_pad_template: Added pad_template src_%u
0:00:00.012373638  2776 0x2557320 DEBUG   GST_REGISTRY gstregistrychunks.c:266:gst_registry_chunks_save_feature: saved 1 interfaces 0 pad templates
0:00:00.016261850  2775 0x7f0390 DEBUG   GST_REGISTRY gstregistrychunks.c:527:gst_registry_chunks_load_pad_template: Reading/casting for GstRegistryChunkPadTemplate at address 0x80bda8
0:00:00.012387368  2776 0x2557320 DEBUG   GST_REGISTRY gstregistrychunks.c:285:gst_registry_chunks_save_feature: Saved 1 UriTypes
0:00:00.016277419  2775 0x7f0390 DEBUG   GST_REGISTRY gstregistrychunks.c:540:gst_registry_chunks_load_pad_template: Added pad_template sink
0:00:00.012395770  2776 0x2557320 DEBUG   GST_REGISTRY gstregistrychunks.c:266:gst_registry_chunks_save_feature: saved 1 interfaces 0 pad templates
0:00:00.016285592  2775 0x7f0390 DEBUG   GST_REGISTRY gstregistry.c:590:gst_registry_add_feature: adding feature 0x80a370 (streamiddemux)
0:00:00.012401860  2776 0x2557320 DEBUG   GST_REGISTRY gstregistrychunks.c:285:gst_registry_chunks_save_feature: Saved 1 UriTypes
0:00:00.016292411  2775 0x7f0390 DEBUG   GST_REFCOUNTING gstobject.c:709:gst_object_set_parent: set parent (ref and sink)
0:00:00.012410003  2776 0x2557320 DEBUG   GST_REGISTRY gstregistrychunks.c:266:gst_registry_chunks_save_feature: saved 0 interfaces 0 pad templates
0:00:00.016300469  2775 0x7f0390 TRACE   GST_REFCOUNTING gstobject.c:294:gst_object_ref_sink: 0x80a370 ref_sink 1->2
0:00:00.012418779  2776 0x2557320 DEBUG   GST_REGISTRY gstregistrychunks.c:266:gst_registry_chunks_save_feature: saved 0 interfaces 0 pad templates
0:00:00.016307698  2775 0x7f0390 LOG   GST_REGISTRY gstregistry.c:608:gst_registry_add_feature: emitting feature-added for streamiddemux
0:00:00.012427128  2776 0x2557320 DEBUG   GST_REGISTRY gstregistrychunks.c:266:gst_registry_chunks_save_feature: saved 0 interfaces 0 pad templates
0:00:00.016316352  2775 0x7f0390 DEBUG   GST_REGISTRY gstregistrychunks.c:742:gst_registry_chunks_load_feature: Added feature streamiddemux, plugin 0x80b7b0 coreelements
0:00:00.012436577  2776 0x2557320 DEBUG   GST_REGISTRY gstregistrychunks.c:266:gst_registry_chunks_save_feature: saved 0 interfaces 0 pad templates
0:00:00.016324345  2775 0x7f0390 DEBUG   GST_REGISTRY gstregistrychunks.c:584:gst_registry_chunks_load_feature: Plugin 'coreelements' feature 'valve' typename : 'GstElementFactory'
0:00:00.012445217  2776 0x2557320 DEBUG   GST_REGISTRY gstregistrychunks.c:266:gst_registry_chunks_save_feature: saved 0 interfaces 0 pad templates
0:00:00.016334425  2775 0x7f0390 TRACE   GST_REFCOUNTING gstobject.c:208:gst_object_init: 0x80d8b0 new
0:00:00.012453415  2776 0x2557320 DEBUG   GST_REGISTRY gstregistrychunks.c:266:gst_registry_chunks_save_feature: saved 0 interfaces 0 pad templates
0:00:00.016342808  2775 0x7f0390 LOG   GST_REGISTRY gstregistrychunks.c:611:gst_registry_chunks_load_feature: Reading/casting for GstRegistryChunkElementFactory at address 0x80bdd8
0:00:00.012461962  2776 0x2557320 DEBUG   GST_REGISTRY gstregistrychunks.c:266:gst_registry_chunks_save_feature: saved 1 interfaces 0 pad templates
0:00:00.016350125  2775 0x7f0390 TRACE   structure gststructure.c:292:gst_structure_new_id_empty_with_size: created structure 0x80da80
0:00:00.012471935  2776 0x2557320 DEBUG   GST_REGISTRY gstregistrychunks.c:285:gst_registry_chunks_save_feature: Saved 1 UriTypes
0:00:00.016361904  2775 0x7f0390 DEBUG   structure gststructure.c:2258:gst_structure_parse_field: trying field name 'long-name'
0:00:00.012480131  2776 0x2557320 DEBUG   GST_REGISTRY gstregistrychunks.c:266:gst_registry_chunks_save_feature: saved 0 interfaces 0 pad templates
0:00:00.016367854  2775 0x7f0390 DEBUG   default gstvalue.c:2776:_priv_gst_value_parse_value: trying type name 'string'
0:00:00.012488643  2776 0x2557320 DEBUG   GST_REGISTRY gstregistrychunks.c:266:gst_registry_chunks_save_feature: saved 0 interfaces 0 pad templates
0:00:00.016376814  2775 0x7f0390 DEBUG   structure gststructure.c:2258:gst_structure_parse_field: trying field name 'klass'
0:00:00.016384769  2775 0x7f0390 DEBUG   default gstvalue.c:2776:_priv_gst_value_parse_value: trying type name 'string'
0:00:00.012497683  2776 0x2557320 DEBUG   GST_REGISTRY gstregistrychunks.c:266:gst_registry_chunks_save_feature: saved 0 interfaces 0 pad templates
0:00:00.016390956  2775 0x7f0390 DEBUG   structure gststructure.c:2258:gst_structure_parse_field: trying field name 'description'
0:00:00.012508767  2776 0x2557320 DEBUG   GST_REGISTRY gstregistrychunks.c:266:gst_registry_chunks_save_feature: saved 0 interfaces 0 pad templates
0:00:00.016396865  2775 0x7f0390 DEBUG   default gstvalue.c:2776:_priv_gst_value_parse_value: trying type name 'string'
0:00:00.016405766  2775 0x7f0390 DEBUG   structure gststructure.c:2258:gst_structure_parse_field: trying field name 'author'
0:00:00.016411327  2775 0x7f0390 DEBUG   default gstvalue.c:2776:_priv_gst_value_parse_value: trying type name 'string'
0:00:00.012523544  2776 0x2557320 DEBUG   GST_REGISTRY gstregistrychunks.c:266:gst_registry_chunks_save_feature: saved 0 interfaces 0 pad templates
0:00:00.016417703  2775 0x7f0390 DEBUG   GST_REGISTRY gstregistrychunks.c:627:gst_registry_chunks_load_feature: Element factory : npadtemplates=2
0:00:00.012535641  2776 0x2557320 TRACE   GST_REFCOUNTING gstobject.c:265:gst_object_unref: 0x2573c40 unref 2->1
0:00:00.016423939  2775 0x7f0390 DEBUG   GST_REGISTRY gstregistrychunks.c:527:gst_registry_chunks_load_pad_template: Reading/casting for GstRegistryChunkPadTemplate at address 0x80bec8
0:00:00.012543620  2776 0x2557320 TRACE   GST_REFCOUNTING gstobject.c:265:gst_object_unref: 0x25758d0 unref 2->1
0:00:00.016432403  2775 0x7f0390 DEBUG   GST_REGISTRY gstregistrychunks.c:540:gst_registry_chunks_load_pad_template: Added pad_template sink
0:00:00.012550670  2776 0x2557320 TRACE   GST_REFCOUNTING gstobject.c:265:gst_object_unref: 0x25766c0 unref 2->1
0:00:00.016439861  2775 0x7f0390 DEBUG   GST_REGISTRY gstregistrychunks.c:527:gst_registry_chunks_load_pad_template: Reading/casting for GstRegistryChunkPadTemplate at address 0x80bee0
0:00:00.012557674  2776 0x2557320 TRACE   GST_REFCOUNTING gstobject.c:265:gst_object_unref: 0x25775c0 unref 2->1
0:00:00.016451821  2775 0x7f0390 DEBUG   GST_REGISTRY gstregistrychunks.c:540:gst_registry_chunks_load_pad_template: Added pad_template src
0:00:00.012567084  2776 0x2557320 TRACE   GST_REFCOUNTING gstobject.c:265:gst_object_unref: 0x2579070 unref 2->1
0:00:00.016459488  2775 0x7f0390 DEBUG   GST_REGISTRY gstregistry.c:590:gst_registry_add_feature: adding feature 0x80d8b0 (valve)
0:00:00.012573986  2776 0x2557320 TRACE   GST_REFCOUNTING gstobject.c:265:gst_object_unref: 0x257a0b0 unref 2->1
0:00:00.016465949  2775 0x7f0390 DEBUG   GST_REFCOUNTING gstobject.c:709:gst_object_set_parent: set parent (ref and sink)
0:00:00.012580870  2776 0x2557320 TRACE   GST_REFCOUNTING gstobject.c:265:gst_object_unref: 0x257bc00 unref 2->1
0:00:00.016473544  2775 0x7f0390 TRACE   GST_REFCOUNTING gstobject.c:294:gst_object_ref_sink: 0x80d8b0 ref_sink 1->2
0:00:00.012587615  2776 0x2557320 TRACE   GST_REFCOUNTING gstobject.c:265:gst_object_unref: 0x257e250 unref 2->1
0:00:00.016480309  2775 0x7f0390 LOG   GST_REGISTRY gstregistry.c:608:gst_registry_add_feature: emitting feature-added for valve
0:00:00.012595117  2776 0x2557320 TRACE   GST_REFCOUNTING gstobject.c:265:gst_object_unref: 0x25784c0 unref 2->1
0:00:00.016487347  2775 0x7f0390 DEBUG   GST_REGISTRY gstregistrychunks.c:742:gst_registry_chunks_load_feature: Added feature valve, plugin 0x80b7b0 coreelements
0:00:00.012601867  2776 0x2557320 TRACE   GST_REFCOUNTING gstobject.c:265:gst_object_unref: 0x2580d10 unref 2->1
0:00:00.016494347  2775 0x7f0390 DEBUG   GST_REGISTRY gstregistrychunks.c:584:gst_registry_chunks_load_feature: Plugin 'coreelements' feature 'multiqueue' typename : 'GstElementFactory'
0:00:00.012608550  2776 0x2557320 TRACE   GST_REFCOUNTING gstobject.c:265:gst_object_unref: 0x2581a60 unref 2->1
0:00:00.012615774  2776 0x2557320 TRACE   GST_REFCOUNTING gstobject.c:265:gst_object_unref: 0x2582730 unref 2->1
0:00:00.016507589  2775 0x7f0390 TRACE   GST_REFCOUNTING gstobject.c:208:gst_object_init: 0x80dbb0 new
0:00:00.012622061  2776 0x2557320 TRACE   GST_REFCOUNTING gstobject.c:265:gst_object_unref: 0x2583d60 unref 2->1
0:00:00.016515654  2775 0x7f0390 LOG   GST_REGISTRY gstregistrychunks.c:611:gst_registry_chunks_load_feature: Reading/casting for GstRegistryChunkElementFactory at address 0x80bf10
0:00:00.012629802  2776 0x2557320 TRACE   GST_REFCOUNTING gstobject.c:265:gst_object_unref: 0x2584fd0 unref 2->1
0:00:00.016522838  2775 0x7f0390 TRACE   structure gststructure.c:292:gst_structure_new_id_empty_with_size: created structure 0x80dca0
