0:00:00.017881178  2778 0x55cfe5498360 DEBUG   structure gststructure.c:2258:gst_structure_parse_field: trying field name 'klass'
0:00:00.014077228  2779 0x5566ef3f4360 DEBUG   GST_POLL gstpoll.c:979:gst_poll_fd_ctl_write: 0x5566ef418cc0: fd (fd:0, idx:1), active : 1
0:00:00.017886493  2778 0x55cfe5498360 DEBUG   default gstvalue.c:2776:_priv_gst_value_parse_value: trying type name 'string'
0:00:00.014082850  2779 0x5566ef3f4360 LOG   GST_POLL gstpoll.c:994:gst_poll_fd_ctl_write: 0x5566ef418cc0: pfd->events now 60 (POLLOUT:4)
0:00:00.017892867  2778 0x55cfe5498360 DEBUG   structure gststructure.c:2258:gst_structure_parse_field: trying field name 'description'
0:00:00.014088691  2779 0x5566ef3f4360 DEBUG   GST_POLL gstpoll.c:979:gst_poll_fd_ctl_write: 0x5566ef418cc0: fd (fd:0, idx:1), active : 1
0:00:00.017898278  2778 0x55cfe5498360 DEBUG   default gstvalue.c:2776:_priv_gst_value_parse_value: trying type name 'string'
0:00:00.014094324  2779 0x5566ef3f4360 LOG   GST_POLL gstpoll.c:994:gst_poll_fd_ctl_write: 0x5566ef418cc0: pfd->events now 60 (POLLOUT:4)
0:00:00.017904197  2778 0x55cfe5498360 DEBUG   structure gststructure.c:2258:gst_structure_parse_field: trying field name 'author'
0:00:00.014100155  2779 0x5566ef3f4360 DEBUG   GST_POLL gstpoll.c:979:gst_poll_fd_ctl_write: 0x5566ef418cc0: fd (fd:0, idx:1), active : 1
0:00:00.017909440  2778 0x55cfe5498360 DEBUG   default gstvalue.c:2776:_priv_gst_value_parse_value: trying type name 'string'
0:00:00.014105854  2779 0x5566ef3f4360 LOG   GST_POLL gstpoll.c:994:gst_poll_fd_ctl_write: 0x5566ef418cc0: pfd->events now 60 (POLLOUT:4)
0:00:00.017916614  2778 0x55cfe5498360 DEBUG   GST_REGISTRY gstregistrychunks.c:627:gst_registry_chunks_load_feature: Element factory : npadtemplates=1
0:00:00.014114621  2779 0x5566ef3f4360 DEBUG   GST_POLL gstpoll.c:979:gst_poll_fd_ctl_write: 0x5566ef418cc0: fd (fd:0, idx:1), active : 1
0:00:00.017923684  2778 0x55cfe5498360 DEBUG   GST_REGISTRY gstregistrychunks.c:526:gst_registry_chunks_load_pad_template: Reading/casting for GstRegistryChunkPadTemplate at address 0x55cfe54bfd70
0:00:00.014120310  2779 0x5566ef3f4360 LOG   GST_POLL gstpoll.c:994:gst_poll_fd_ctl_write: 0x5566ef418cc0: pfd->events now 60 (POLLOUT:4)
0:00:00.017929920  2778 0x55cfe5498360 DEBUG   GST_REGISTRY gstregistrychunks.c:540:gst_registry_chunks_load_pad_template: Added pad_template sink
0:00:00.014125951  2779 0x5566ef3f4360 DEBUG   GST_POLL gstpoll.c:979:gst_poll_fd_ctl_write: 0x5566ef418cc0: fd (fd:0, idx:1), active : 1
0:00:00.017936168  2778 0x55cfe5498360 DEBUG   GST_REGISTRY gstregistry.c:589:gst_registry_add_feature: adding feature 0x55cfe54c9fe0 (fakesink)
0:00:00.014131587  2779 0x5566ef3f4360 LOG   GST_POLL gstpoll.c:994:gst_poll_fd_ctl_write: 0x5566ef418cc0: pfd->events now 60 (POLLOUT:4)
0:00:00.017941373  2778 0x55cfe5498360 DEBUG   GST_REFCOUNTING gstobject.c:708:gst_object_set_parent: set parent (ref and sink)
0:00:00.014137359  2779 0x5566ef3f4360 DEBUG   GST_POLL gstpoll.c:979:gst_poll_fd_ctl_write: 0x5566ef418cc0: fd (fd:0, idx:1), active : 1
0:00:00.017947688  2778 0x55cfe5498360 TRACE   GST_REFCOUNTING gstobject.c:292:gst_object_ref_sink: 0x55cfe54c9fe0 ref_sink 1->2
0:00:00.014142737  2779 0x5566ef3f4360 LOG   GST_POLL gstpoll.c:994:gst_poll_fd_ctl_write: 0x5566ef418cc0: pfd->events now 60 (POLLOUT:4)
0:00:00.017961295  2778 0x55cfe5498360 LOG   GST_REGISTRY gstregistry.c:607:gst_registry_add_feature: emitting feature-added for fakesink
0:00:00.014155702  2779 0x5566ef3f4360 DEBUG   GST_POLL gstpoll.c:979:gst_poll_fd_ctl_write: 0x5566ef418cc0: fd (fd:0, idx:1), active : 1
0:00:00.017967301  2778 0x55cfe5498360 DEBUG   GST_REGISTRY gstregistrychunks.c:741:gst_registry_chunks_load_feature: Added feature fakesink, plugin 0x55cfe54be500 coreelements
0:00:00.014161239  2779 0x5566ef3f4360 LOG   GST_POLL gstpoll.c:994:gst_poll_fd_ctl_write: 0x5566ef418cc0: pfd->events now 60 (POLLOUT:4)
0:00:00.017972857  2778 0x55cfe5498360 DEBUG   GST_REGISTRY gstregistrychunks.c:583:gst_registry_chunks_load_feature: Plugin 'coreelements' feature 'fakesrc' typename : 'GstElementFactory'
0:00:00.014167567  2779 0x5566ef3f4360 DEBUG   GST_POLL gstpoll.c:979:gst_poll_fd_ctl_write: 0x5566ef418cc0: fd (fd:0, idx:1), active : 1
0:00:00.017978650  2778 0x55cfe5498360 TRACE   GST_REFCOUNTING gstobject.c:208:gst_object_init: 0x55cfe54ca570 new
0:00:00.014172997  2779 0x5566ef3f4360 LOG   GST_POLL gstpoll.c:994:gst_poll_fd_ctl_write: 0x5566ef418cc0: pfd->events now 60 (POLLOUT:4)
0:00:00.017984863  2778 0x55cfe5498360 LOG   GST_REGISTRY gstregistrychunks.c:610:gst_registry_chunks_load_feature: Reading/casting for GstRegistryChunkElementFactory at address 0x55cfe54bfda0
0:00:00.014179194  2779 0x5566ef3f4360 DEBUG   GST_POLL gstpoll.c:979:gst_poll_fd_ctl_write: 0x5566ef418cc0: fd (fd:0, idx:1), active : 1
0:00:00.017994633  2778 0x55cfe5498360 TRACE   structure gststructure.c:292:gst_structure_new_id_empty_with_size: created structure 0x55cfe54ca660
0:00:00.014188815  2779 0x5566ef3f4360 LOG   GST_POLL gstpoll.c:994:gst_poll_fd_ctl_write: 0x5566ef418cc0: pfd->events now 60 (POLLOUT:4)
0:00:00.018000290  2778 0x55cfe5498360 DEBUG   structure gststructure.c:2258:gst_structure_parse_field: trying field name 'long-name'
0:00:00.014195138  2779 0x5566ef3f4360 DEBUG   GST_POLL gstpoll.c:979:gst_poll_fd_ctl_write: 0x5566ef418cc0: fd (fd:0, idx:1), active : 1
0:00:00.018005695  2778 0x55cfe5498360 DEBUG   default gstvalue.c:2776:_priv_gst_value_parse_value: trying type name 'string'
0:00:00.014200771  2779 0x5566ef3f4360 LOG   GST_POLL gstpoll.c:994:gst_poll_fd_ctl_write: 0x5566ef418cc0: pfd->events now 60 (POLLOUT:4)
0:00:00.018011568  2778 0x55cfe5498360 DEBUG   structure gststructure.c:2258:gst_structure_parse_field: trying field name 'klass'
0:00:00.014206494  2779 0x5566ef3f4360 DEBUG   GST_POLL gstpoll.c:979:gst_poll_fd_ctl_write: 0x5566ef418cc0: fd (fd:0, idx:1), active : 1
0:00:00.018016847  2778 0x55cfe5498360 DEBUG   default gstvalue.c:2776:_priv_gst_value_parse_value: trying type name 'string'
0:00:00.014212093  2779 0x5566ef3f4360 LOG   GST_POLL gstpoll.c:994:gst_poll_fd_ctl_write: 0x5566ef418cc0: pfd->events now 60 (POLLOUT:4)
0:00:00.018022378  2778 0x55cfe5498360 DEBUG   structure gststructure.c:2258:gst_structure_parse_field: trying field name 'description'
0:00:00.014217846  2779 0x5566ef3f4360 DEBUG   GST_POLL gstpoll.c:979:gst_poll_fd_ctl_write: 0x5566ef418cc0: fd (fd:0, idx:1), active : 1
0:00:00.018027788  2778 0x55cfe5498360 DEBUG   default gstvalue.c:2776:_priv_gst_value_parse_value: trying type name 'string'
0:00:00.014223451  2779 0x5566ef3f4360 LOG   GST_POLL gstpoll.c:994:gst_poll_fd_ctl_write: 0x5566ef418cc0: pfd->events now 60 (POLLOUT:4)
0:00:00.018033572  2778 0x55cfe5498360 DEBUG   structure gststructure.c:2258:gst_structure_parse_field: trying field name 'author'
0:00:00.014229167  2779 0x5566ef3f4360 DEBUG   GST_POLL gstpoll.c:979:gst_poll_fd_ctl_write: 0x5566ef418cc0: fd (fd:0, idx:1), active : 1
0:00:00.018038833  2778 0x55cfe5498360 DEBUG   default gstvalue.c:2776:_priv_gst_value_parse_value: trying type name 'string'
0:00:00.014234863  2779 0x5566ef3f4360 LOG   GST_POLL gstpoll.c:994:gst_poll_fd_ctl_write: 0x5566ef418cc0: pfd->events now 60 (POLLOUT:4)
0:00:00.018045045  2778 0x55cfe5498360 DEBUG   GST_REGISTRY gstregistrychunks.c:627:gst_registry_chunks_load_feature: Element factory : npadtemplates=1
0:00:00.014240669  2779 0x5566ef3f4360 DEBUG   GST_POLL gstpoll.c:979:gst_poll_fd_ctl_write: 0x5566ef418cc0: fd (fd:0, idx:1), active : 1
0:00:00.018050311  2778 0x55cfe5498360 DEBUG   GST_REGISTRY gstregistrychunks.c:526:gst_registry_chunks_load_pad_template: Reading/casting for GstRegistryChunkPadTemplate at address 0x55cfe54bfea0
0:00:00.014246155  2779 0x5566ef3f4360 LOG   GST_POLL gstpoll.c:994:gst_poll_fd_ctl_write: 0x5566ef418cc0: pfd->events now 60 (POLLOUT:4)
0:00:00.018055676  2778 0x55cfe5498360 DEBUG   GST_REGISTRY gstregistrychunks.c:540:gst_registry_chunks_load_pad_template: Added pad_template src
0:00:00.014255499  2779 0x5566ef3f4360 DEBUG   GST_POLL gstpoll.c:979:gst_poll_fd_ctl_write: 0x5566ef418cc0: fd (fd:0, idx:1), active : 1
0:00:00.018065440  2778 0x55cfe5498360 DEBUG   GST_REGISTRY gstregistry.c:589:gst_registry_add_feature: adding feature 0x55cfe54ca570 (fakesrc)
0:00:00.014261341  2779 0x5566ef3f4360 LOG   GST_POLL gstpoll.c:994:gst_poll_fd_ctl_write: 0x5566ef418cc0: pfd->events now 60 (POLLOUT:4)
0:00:00.018070731  2778 0x55cfe5498360 DEBUG   GST_REFCOUNTING gstobject.c:708:gst_object_set_parent: set parent (ref and sink)
0:00:00.014267072  2779 0x5566ef3f4360 DEBUG   GST_POLL gstpoll.c:979:gst_poll_fd_ctl_write: 0x5566ef418cc0: fd (fd:0, idx:1), active : 1
0:00:00.018076985  2778 0x55cfe5498360 TRACE   GST_REFCOUNTING gstobject.c:292:gst_object_ref_sink: 0x55cfe54ca570 ref_sink 1->2
0:00:00.014272555  2779 0x5566ef3f4360 LOG   GST_POLL gstpoll.c:994:gst_poll_fd_ctl_write: 0x5566ef418cc0: pfd->events now 60 (POLLOUT:4)
0:00:00.018082670  2778 0x55cfe5498360 LOG   GST_REGISTRY gstregistry.c:607:gst_registry_add_feature: emitting feature-added for fakesrc
0:00:00.014278586  2779 0x5566ef3f4360 DEBUG   GST_POLL gstpoll.c:979:gst_poll_fd_ctl_write: 0x5566ef418cc0: fd (fd:0, idx:1), active : 1
0:00:00.018088430  2778 0x55cfe5498360 DEBUG   GST_REGISTRY gstregistrychunks.c:741:gst_registry_chunks_load_feature: Added feature fakesrc, plugin 0x55cfe54be500 coreelements
0:00:00.014284156  2779 0x5566ef3f4360 LOG   GST_POLL gstpoll.c:994:gst_poll_fd_ctl_write: 0x5566ef418cc0: pfd->events now 60 (POLLOUT:4)
0:00:00.018094052  2778 0x55cfe5498360 DEBUG   GST_REGISTRY gstregistrychunks.c:583:gst_registry_chunks_load_feature: Plugin 'coreelements' feature 'downloadbuffer' typename : 'GstElementFactory'
0:00:00.014290092  2779 0x5566ef3f4360 DEBUG   GST_POLL gstpoll.c:979:gst_poll_fd_ctl_write: 0x5566ef418cc0: fd (fd:0, idx:1), active : 1
0:00:00.018100064  2778 0x55cfe5498360 TRACE   GST_REFCOUNTING gstobject.c:208:gst_object_init: 0x55cfe54caab0 new
0:00:00.014295685  2779 0x5566ef3f4360 LOG   GST_POLL gstpoll.c:994:gst_poll_fd_ctl_write: 0x5566ef418cc0: pfd->events now 60 (POLLOUT:4)
0:00:00.018106435  2778 0x55cfe5498360 LOG   GST_REGISTRY gstregistrychunks.c:610:gst_registry_chunks_load_feature: Reading/casting for GstRegistryChunkElementFactory at address 0x55cfe54bfed8
0:00:00.014301567  2779 0x5566ef3f4360 DEBUG   GST_POLL gstpoll.c:979:gst_poll_fd_ctl_write: 0x5566ef418cc0: fd (fd:0, idx:1), active : 1
0:00:00.018111988  2778 0x55cfe5498360 TRACE   structure gststructure.c:292:gst_structure_new_id_empty_with_size: created structure 0x55cfe54cadb0
0:00:00.014307088  2779 0x5566ef3f4360 LOG   GST_POLL gstpoll.c:994:gst_poll_fd_ctl_write: 0x5566ef418cc0: pfd->events now 60 (POLLOUT:4)
0:00:00.018117353  2778 0x55cfe5498360 DEBUG   structure gststructure.c:2258:gst_structure_parse_field: trying field name 'long-name'
0:00:00.014313060  2779 0x5566ef3f4360 DEBUG   GST_POLL gstpoll.c:979:gst_poll_fd_ctl_write: 0x5566ef418cc0: fd (fd:0, idx:1), active : 1
0:00:00.018122801  2778 0x55cfe5498360 DEBUG   default gstvalue.c:2776:_priv_gst_value_parse_value: trying type name 'string'
0:00:00.014339508  2779 0x5566ef3f4360 LOG   GST_POLL gstpoll.c:994:gst_poll_fd_ctl_write: 0x5566ef418cc0: pfd->events now 60 (POLLOUT:4)
0:00:00.018149478  2778 0x55cfe5498360 DEBUG   structure gststructure.c:2258:gst_structure_parse_field: trying field name 'klass'
0:00:00.014345912  2779 0x5566ef3f4360 DEBUG   GST_POLL gstpoll.c:979:gst_poll_fd_ctl_write: 0x5566ef418cc0: fd (fd:0, idx:1), active : 1
0:00:00.018155121  2778 0x55cfe5498360 DEBUG   default gstvalue.c:2776:_priv_gst_value_parse_value: trying type name 'string'
0:00:00.014351802  2779 0x5566ef3f4360 LOG   GST_POLL gstpoll.c:994:gst_poll_fd_ctl_write: 0x5566ef418cc0: pfd->events now 60 (POLLOUT:4)
0:00:00.018161835  2778 0x55cfe5498360 DEBUG   structure gststructure.c:2258:gst_structure_parse_field: trying field name 'description'
0:00:00.014369880  2779 0x5566ef3f4360 DEBUG   GST_POLL gstpoll.c:979:gst_poll_fd_ctl_write: 0x5566ef418cc0: fd (fd:0, idx:1), active : 1
0:00:00.018179034  2778 0x55cfe5498360 DEBUG   default gstvalue.c:2776:_priv_gst_value_parse_value: trying type name 'string'
0:00:00.014375768  2779 0x5566ef3f4360 LOG   GST_POLL gstpoll.c:994:gst_poll_fd_ctl_write: 0x5566ef418cc0: pfd->events now 60 (POLLOUT:4)
0:00:00.018188390  2778 0x55cfe5498360 DEBUG   structure gststructure.c:2258:gst_structure_parse_field: trying field name 'author'
0:00:00.014381990  2779 0x5566ef3f4360 DEBUG   GST_POLL gstpoll.c:979:gst_poll_fd_ctl_write: 0x5566ef418cc0: fd (fd:0, idx:1), active : 1
0:00:00.018194005  2778 0x55cfe5498360 DEBUG   default gstvalue.c:2776:_priv_gst_value_parse_value: trying type name 'string'
0:00:00.014388942  2779 0x5566ef3f4360 LOG   GST_POLL gstpoll.c:994:gst_poll_fd_ctl_write: 0x5566ef418cc0: pfd->events now 60 (POLLOUT:4)
0:00:00.018200237  2778 0x55cfe5498360 DEBUG   GST_REGISTRY gstregistrychunks.c:627:gst_registry_chunks_load_feature: Element factory : npadtemplates=2
0:00:00.014395260  2779 0x5566ef3f4360 DEBUG   GST_POLL gstpoll.c:979:gst_poll_fd_ctl_write: 0x5566ef418cc0: fd (fd:0, idx:1), active : 1
0:00:00.018205680  2778 0x55cfe5498360 DEBUG   GST_REGISTRY gstregistrychunks.c:526:gst_registry_chunks_load_pad_template: Reading/casting for GstRegistryChunkPadTemplate at address 0x55cfe54bffa0
0:00:00.014409144  2779 0x5566ef3f4360 LOG   GST_POLL gstpoll.c:994:gst_poll_fd_ctl_write: 0x5566ef418cc0: pfd->events now 60 (POLLOUT:4)
0:00:00.018218550  2778 0x55cfe5498360 DEBUG   GST_REGISTRY gstregistrychunks.c:540:gst_registry_chunks_load_pad_template: Added pad_template sink
0:00:00.014415422  2779 0x5566ef3f4360 DEBUG   GST_POLL gstpoll.c:979:gst_poll_fd_ctl_write: 0x5566ef418cc0: fd (fd:0, idx:1), active : 1
0:00:00.018224327  2778 0x55cfe5498360 DEBUG   GST_REGISTRY gstregistrychunks.c:526:gst_registry_chunks_load_pad_template: Reading/casting for GstRegistryChunkPadTemplate at address 0x55cfe54bffb8
0:00:00.014421417  2779 0x5566ef3f4360 LOG   GST_POLL gstpoll.c:994:gst_poll_fd_ctl_write: 0x5566ef418cc0: pfd->events now 60 (POLLOUT:4)
0:00:00.018230794  2778 0x55cfe5498360 DEBUG   GST_REGISTRY gstregistrychunks.c:540:gst_registry_chunks_load_pad_template: Added pad_template src
0:00:00.014433439  2779 0x5566ef3f4360 DEBUG   GST_POLL gstpoll.c:979:gst_poll_fd_ctl_write: 0x5566ef418cc0: fd (fd:0, idx:1), active : 1
0:00:00.018243492  2778 0x55cfe5498360 DEBUG   GST_REGISTRY gstregistry.c:589:gst_registry_add_feature: adding feature 0x55cfe54caab0 (downloadbuffer)
0:00:00.014439490  2779 0x5566ef3f4360 LOG   GST_POLL gstpoll.c:994:gst_poll_fd_ctl_write: 0x5566ef418cc0: pfd->events now 60 (POLLOUT:4)
0:00:00.018249097  2778 0x55cfe5498360 DEBUG   GST_REFCOUNTING gstobject.c:708:gst_object_set_parent: set parent (ref and sink)
0:00:00.014445620  2779 0x5566ef3f4360 DEBUG   GST_POLL gstpoll.c:979:gst_poll_fd_ctl_write: 0x5566ef418cc0: fd (fd:0, idx:1), active : 1
0:00:00.018255639  2778 0x55cfe5498360 TRACE   GST_REFCOUNTING gstobject.c:292:gst_object_ref_sink: 0x55cfe54caab0 ref_sink 1->2
0:00:00.014451596  2779 0x5566ef3f4360 LOG   GST_POLL gstpoll.c:994:gst_poll_fd_ctl_write: 0x5566ef418cc0: pfd->events now 60 (POLLOUT:4)
0:00:00.018261784  2778 0x55cfe5498360 LOG   GST_REGISTRY gstregistry.c:607:gst_registry_add_feature: emitting feature-added for downloadbuffer
0:00:00.014457889  2779 0x5566ef3f4360 DEBUG   GST_POLL gstpoll.c:979:gst_poll_fd_ctl_write: 0x5566ef418cc0: fd (fd:0, idx:1), active : 1
0:00:00.018267885  2778 0x55cfe5498360 DEBUG   GST_REGISTRY gstregistrychunks.c:741:gst_registry_chunks_load_feature: Added feature downloadbuffer, plugin 0x55cfe54be500 coreelements
0:00:00.014463748  2779 0x5566ef3f4360 LOG   GST_POLL gstpoll.c:994:gst_poll_fd_ctl_write: 0x5566ef418cc0: pfd->events now 60 (POLLOUT:4)
0:00:00.018273757  2778 0x55cfe5498360 DEBUG   GST_REGISTRY gstregistrychunks.c:583:gst_registry_chunks_load_feature: Plugin 'coreelements' feature 'dataurisrc' typename : 'GstElementFactory'
0:00:00.014470142  2779 0x5566ef3f4360 DEBUG   GST_POLL gstpoll.c:979:gst_poll_fd_ctl_write: 0x5566ef418cc0: fd (fd:0, idx:1), active : 1
0:00:00.018280231  2778 0x55cfe5498360 TRACE   GST_REFCOUNTING gstobject.c:208:gst_object_init: 0x55cfe54cb290 new
0:00:00.014475998  2779 0x5566ef3f4360 LOG   GST_POLL gstpoll.c:994:gst_poll_fd_ctl_write: 0x5566ef418cc0: pfd->events now 60 (POLLOUT:4)
0:00:00.018286841  2778 0x55cfe5498360 LOG   GST_REGISTRY gstregistrychunks.c:610:gst_registry_chunks_load_feature: Reading/casting for GstRegistryChunkElementFactory at address 0x55cfe54bffe8
0:00:00.014482246  2779 0x5566ef3f4360 LOG   GST_PLUGIN_LOADING gstpluginloader.c:644:put_chunk: Expanding tx buf from 13209 to 17023 for chunk of size 229
0:00:00.018292902  2778 0x55cfe5498360 TRACE   structure gststructure.c:292:gst_structure_new_id_empty_with_size: created structure 0x55cfe54cb5a0
0:00:00.014491706  2779 0x5566ef3f4360 DEBUG   GST_POLL gstpoll.c:979:gst_poll_fd_ctl_write: 0x5566ef418cc0: fd (fd:0, idx:1), active : 1
0:00:00.018302889  2778 0x55cfe5498360 DEBUG   structure gststructure.c:2258:gst_structure_parse_field: trying field name 'long-name'
0:00:00.014497782  2779 0x5566ef3f4360 LOG   GST_POLL gstpoll.c:994:gst_poll_fd_ctl_write: 0x5566ef418cc0: pfd->events now 60 (POLLOUT:4)
0:00:00.018313194  2778 0x55cfe5498360 DEBUG   default gstvalue.c:2776:_priv_gst_value_parse_value: trying type name 'string'
0:00:00.014508407  2779 0x5566ef3f4360 DEBUG   GST_POLL gstpoll.c:979:gst_poll_fd_ctl_write: 0x5566ef418cc0: fd (fd:0, idx:1), active : 1
0:00:00.018319728  2778 0x55cfe5498360 DEBUG   structure gststructure.c:2258:gst_structure_parse_field: trying field name 'klass'
0:00:00.014514288  2779 0x5566ef3f4360 LOG   GST_POLL gstpoll.c:994:gst_poll_fd_ctl_write: 0x5566ef418cc0: pfd->events now 60 (POLLOUT:4)
0:00:00.018325574  2778 0x55cfe5498360 DEBUG   default gstvalue.c:2776:_priv_gst_value_parse_value: trying type name 'string'
0:00:00.014520784  2779 0x5566ef3f4360 DEBUG   GST_POLL gstpoll.c:979:gst_poll_fd_ctl_write: 0x5566ef418cc0: fd (fd:0, idx:1), active : 1
0:00:00.018331686  2778 0x55cfe5498360 DEBUG   structure gststructure.c:2258:gst_structure_parse_field: trying field name 'description'
0:00:00.014526637  2779 0x5566ef3f4360 LOG   GST_POLL gstpoll.c:994:gst_poll_fd_ctl_write: 0x5566ef418cc0: pfd->events now 60 (POLLOUT:4)
0:00:00.018337224  2778 0x55cfe5498360 DEBUG   default gstvalue.c:2776:_priv_gst_value_parse_value: trying type name 'string'
0:00:00.014532863  2779 0x5566ef3f4360 DEBUG   GST_POLL gstpoll.c:979:gst_poll_fd_ctl_write: 0x5566ef418cc0: fd (fd:0, idx:1), active : 1
0:00:00.018343368  2778 0x55cfe5498360 DEBUG   structure gststructure.c:2258:gst_structure_parse_field: trying field name 'author'
0:00:00.014538728  2779 0x5566ef3f4360 LOG   GST_POLL gstpoll.c:994:gst_poll_fd_ctl_write: 0x5566ef418cc0: pfd->events now 60 (POLLOUT:4)
0:00:00.018348847  2778 0x55cfe5498360 DEBUG   default gstvalue.c:2776:_priv_gst_value_parse_value: trying type name 'string'
0:00:00.014544818  2779 0x5566ef3f4360 DEBUG   GST_POLL gstpoll.c:979:gst_poll_fd_ctl_write: 0x5566ef418cc0: fd (fd:0, idx:1), active : 1
0:00:00.018355614  2778 0x55cfe5498360 DEBUG   GST_REGISTRY gstregistrychunks.c:627:gst_registry_chunks_load_feature: Element factory : npadtemplates=1
0:00:00.014550742  2779 0x5566ef3f4360 LOG   GST_POLL gstpoll.c:994:gst_poll_fd_ctl_write: 0x5566ef418cc0: pfd->events now 60 (POLLOUT:4)
0:00:00.018361016  2778 0x55cfe5498360 DEBUG   GST_REGISTRY gstregistrychunks.c:526:gst_registry_chunks_load_pad_template: Reading/casting for GstRegistryChunkPadTemplate at address 0x55cfe54c0100
0:00:00.014556846  2779 0x5566ef3f4360 DEBUG   GST_POLL gstpoll.c:979:gst_poll_fd_ctl_write: 0x5566ef418cc0: fd (fd:0, idx:1), active : 1
0:00:00.018366391  2778 0x55cfe5498360 DEBUG   GST_REGISTRY gstregistrychunks.c:540:gst_registry_chunks_load_pad_template: Added pad_template src
0:00:00.014562756  2779 0x5566ef3f4360 LOG   GST_POLL gstpoll.c:994:gst_poll_fd_ctl_write: 0x5566ef418cc0: pfd->events now 60 (POLLOUT:4)
0:00:00.018372502  2778 0x55cfe5498360 DEBUG   GST_REGISTRY gstregistrychunks.c:640:gst_registry_chunks_load_feature: Reading 1 UriTypes at address 0x55cfe54c0110
0:00:00.014568965  2779 0x5566ef3f4360 DEBUG   GST_POLL gstpoll.c:979:gst_poll_fd_ctl_write: 0x5566ef418cc0: fd (fd:0, idx:1), active : 1
0:00:00.018382414  2778 0x55cfe5498360 DEBUG   GST_REGISTRY gstregistrychunks.c:655:gst_registry_chunks_load_feature: Reading 1 Interfaces at address 0x55cfe54c0119
0:00:00.014576758  2779 0x5566ef3f4360 LOG   GST_POLL gstpoll.c:994:gst_poll_fd_ctl_write: 0x5566ef418cc0: pfd->events now 60 (POLLOUT:4)
0:00:00.018389798  2778 0x55cfe5498360 DEBUG   GST_REGISTRY gstregistry.c:589:gst_registry_add_feature: adding feature 0x55cfe54cb290 (dataurisrc)
0:00:00.014583023  2779 0x5566ef3f4360 DEBUG   GST_POLL gstpoll.c:979:gst_poll_fd_ctl_write: 0x5566ef418cc0: fd (fd:0, idx:1), active : 1
0:00:00.018395497  2778 0x55cfe5498360 DEBUG   GST_REFCOUNTING gstobject.c:708:gst_object_set_parent: set parent (ref and sink)
0:00:00.014590263  2779 0x5566ef3f4360 LOG   GST_POLL gstpoll.c:994:gst_poll_fd_ctl_write: 0x5566ef418cc0: pfd->events now 60 (POLLOUT:4)
0:00:00.018402052  2778 0x55cfe5498360 TRACE   GST_REFCOUNTING gstobject.c:292:gst_object_ref_sink: 0x55cfe54cb290 ref_sink 1->2
0:00:00.014596570  2779 0x5566ef3f4360 DEBUG   GST_POLL gstpoll.c:979:gst_poll_fd_ctl_write: 0x5566ef418cc0: fd (fd:0, idx:1), active : 1
0:00:00.018408063  2778 0x55cfe5498360 LOG   GST_REGISTRY gstregistry.c:607:gst_registry_add_feature: emitting feature-added for dataurisrc
0:00:00.014602757  2779 0x5566ef3f4360 LOG   GST_POLL gstpoll.c:994:gst_poll_fd_ctl_write: 0x5566ef418cc0: pfd->events now 60 (POLLOUT:4)
0:00:00.018414157  2778 0x55cfe5498360 DEBUG   GST_REGISTRY gstregistrychunks.c:741:gst_registry_chunks_load_feature: Added feature dataurisrc, plugin 0x55cfe54be500 coreelements
0:00:00.014608968  2779 0x5566ef3f4360 DEBUG   GST_POLL gstpoll.c:979:gst_poll_fd_ctl_write: 0x5566ef418cc0: fd (fd:0, idx:1), active : 1
0:00:00.018420277  2778 0x55cfe5498360 DEBUG   GST_REGISTRY gstregistrychunks.c:583:gst_registry_chunks_load_feature: Plugin 'coreelements' feature 'concat' typename : 'GstElementFactory'
0:00:00.014614911  2779 0x5566ef3f4360 LOG   GST_POLL gstpoll.c:994:gst_poll_fd_ctl_write: 0x5566ef418cc0: pfd->events now 60 (POLLOUT:4)
0:00:00.018426584  2778 0x55cfe5498360 TRACE   GST_REFCOUNTING gstobject.c:208:gst_object_init: 0x55cfe54cbce0 new
0:00:00.014621091  2779 0x5566ef3f4360 DEBUG   GST_POLL gstpoll.c:979:gst_poll_fd_ctl_write: 0x5566ef418cc0: fd (fd:0, idx:1), active : 1
0:00:00.018433354  2778 0x55cfe5498360 LOG   GST_REGISTRY gstregistrychunks.c:610:gst_registry_chunks_load_feature: Reading/casting for GstRegistryChunkElementFactory at address 0x55cfe54c0140
0:00:00.014627605  2779 0x5566ef3f4360 LOG   GST_POLL gstpoll.c:994:gst_poll_fd_ctl_write: 0x5566ef418cc0: pfd->events now 60 (POLLOUT:4)
0:00:00.014634079  2779 0x5566ef3f4360 DEBUG   GST_POLL gstpoll.c:979:gst_poll_fd_ctl_write: 0x5566ef418cc0: fd (fd:0, idx:1), active : 1
0:00:00.018442030  2778 0x55cfe5498360 TRACE   structure gststructure.c:292:gst_structure_new_id_empty_with_size: created structure 0x55cfe54cbf10
0:00:00.018448896  2778 0x55cfe5498360 DEBUG   structure gststructure.c:2258:gst_structure_parse_field: trying field name 'long-name'
0:00:00.014639417  2779 0x5566ef3f4360 LOG   GST_POLL gstpoll.c:994:gst_poll_fd_ctl_write: 0x5566ef418cc0: pfd->events now 60 (POLLOUT:4)
0:00:00.018469643  2778 0x55cfe5498360 DEBUG   default gstvalue.c:2776:_priv_gst_value_parse_value: trying type name 'string'
0:00:00.014664698  2779 0x5566ef3f4360 DEBUG   GST_POLL gstpoll.c:979:gst_poll_fd_ctl_write: 0x5566ef418cc0: fd (fd:0, idx:1), active : 1
0:00:00.014672524  2779 0x5566ef3f4360 LOG   GST_POLL gstpoll.c:994:gst_poll_fd_ctl_write: 0x5566ef418cc0: pfd->events now 60 (POLLOUT:4)
0:00:00.018479940  2778 0x55cfe5498360 DEBUG   structure gststructure.c:2258:gst_structure_parse_field: trying field name 'klass'
0:00:00.014678099  2779 0x5566ef3f4360 DEBUG   GST_POLL gstpoll.c:979:gst_poll_fd_ctl_write: 0x5566ef418cc0: fd (fd:0, idx:1), active : 1
0:00:00.018490480  2778 0x55cfe5498360 DEBUG   default gstvalue.c:2776:_priv_gst_value_parse_value: trying type name 'string'
0:00:00.014684619  2779 0x5566ef3f4360 LOG   GST_POLL gstpoll.c:994:gst_poll_fd_ctl_write: 0x5566ef418cc0: pfd->events now 60 (POLLOUT:4)
0:00:00.018498874  2778 0x55cfe5498360 DEBUG   structure gststructure.c:2258:gst_structure_parse_field: trying field name 'description'
0:00:00.014693148  2779 0x5566ef3f4360 DEBUG   GST_POLL gstpoll.c:979:gst_poll_fd_ctl_write: 0x5566ef418cc0: fd (fd:0, idx:1), active : 1
0:00:00.018504642  2778 0x55cfe5498360 DEBUG   default gstvalue.c:2776:_priv_gst_value_parse_value: trying type name 'string'
0:00:00.014699435  2779 0x5566ef3f4360 LOG   GST_POLL gstpoll.c:994:gst_poll_fd_ctl_write: 0x5566ef418cc0: pfd->events now 60 (POLLOUT:4)
0:00:00.018510726  2778 0x55cfe5498360 DEBUG   structure gststructure.c:2258:gst_structure_parse_field: trying field name 'author'
0:00:00.014705577  2779 0x5566ef3f4360 DEBUG   GST_POLL gstpoll.c:979:gst_poll_fd_ctl_write: 0x5566ef418cc0: fd (fd:0, idx:1), active : 1
0:00:00.018516322  2778 0x55cfe5498360 DEBUG   default gstvalue.c:2776:_priv_gst_value_parse_value: trying type name 'string'
0:00:00.014711512  2779 0x5566ef3f4360 LOG   GST_POLL gstpoll.c:994:gst_poll_fd_ctl_write: 0x5566ef418cc0: pfd->events now 60 (POLLOUT:4)
0:00:00.018522648  2778 0x55cfe5498360 DEBUG   GST_REGISTRY gstregistrychunks.c:627:gst_registry_chunks_load_feature: Element factory : npadtemplates=2
0:00:00.014717683  2779 0x5566ef3f4360 DEBUG   GST_POLL gstpoll.c:979:gst_poll_fd_ctl_write: 0x5566ef418cc0: fd (fd:0, idx:1), active : 1
0:00:00.018528248  2778 0x55cfe5498360 DEBUG   GST_REGISTRY gstregistrychunks.c:526:gst_registry_chunks_load_pad_template: Reading/casting for GstRegistryChunkPadTemplate at address 0x55cfe54c0218
0:00:00.014723669  2779 0x5566ef3f4360 LOG   GST_POLL gstpoll.c:994:gst_poll_fd_ctl_write: 0x5566ef418cc0: pfd->events now 60 (POLLOUT:4)
0:00:00.018533947  2778 0x55cfe5498360 DEBUG   GST_REGISTRY gstregistrychunks.c:540:gst_registry_chunks_load_pad_template: Added pad_template src
0:00:00.014730147  2779 0x5566ef3f4360 DEBUG   GST_POLL gstpoll.c:979:gst_poll_fd_ctl_write: 0x5566ef418cc0: fd (fd:0, idx:1), active : 1
0:00:00.018539380  2778 0x55cfe5498360 DEBUG   GST_REGISTRY gstregistrychunks.c:526:gst_registry_chunks_load_pad_template: Reading/casting for GstRegistryChunkPadTemplate at address 0x55cfe54c0228
0:00:00.014742658  2779 0x5566ef3f4360 LOG   GST_POLL gstpoll.c:994:gst_poll_fd_ctl_write: 0x5566ef418cc0: pfd->events now 60 (POLLOUT:4)
0:00:00.018552137  2778 0x55cfe5498360 DEBUG   GST_REGISTRY gstregistrychunks.c:540:gst_registry_chunks_load_pad_template: Added pad_template sink_%u
0:00:00.014749298  2779 0x5566ef3f4360 DEBUG   GST_POLL gstpoll.c:979:gst_poll_fd_ctl_write: 0x5566ef418cc0: fd (fd:0, idx:1), active : 1
0:00:00.018559624  2778 0x55cfe5498360 DEBUG   GST_REGISTRY gstregistry.c:589:gst_registry_add_feature: adding feature 0x55cfe54cbce0 (concat)
0:00:00.014755324  2779 0x5566ef3f4360 LOG   GST_POLL gstpoll.c:994:gst_poll_fd_ctl_write: 0x5566ef418cc0: pfd->events now 60 (POLLOUT:4)
0:00:00.014761596  2779 0x5566ef3f4360 DEBUG   GST_POLL gstpoll.c:979:gst_poll_fd_ctl_write: 0x5566ef418cc0: fd (fd:0, idx:1), active : 1
0:00:00.014766942  2779 0x5566ef3f4360 LOG   GST_POLL gstpoll.c:994:gst_poll_fd_ctl_write: 0x5566ef418cc0: pfd->events now 60 (POLLOUT:4)
0:00:00.018565345  2778 0x55cfe5498360 DEBUG   GST_REFCOUNTING gstobject.c:708:gst_object_set_parent: set parent (ref and sink)
0:00:00.014772692  2779 0x5566ef3f4360 DEBUG   GST_POLL gstpoll.c:979:gst_poll_fd_ctl_write: 0x5566ef418cc0: fd (fd:0, idx:1), active : 1
0:00:00.018585388  2778 0x55cfe5498360 TRACE   GST_REFCOUNTING gstobject.c:292:gst_object_ref_sink: 0x55cfe54cbce0 ref_sink 1->2
0:00:00.014779286  2779 0x5566ef3f4360 LOG   GST_POLL gstpoll.c:994:gst_poll_fd_ctl_write: 0x5566ef418cc0: pfd->events now 60 (POLLOUT:4)
0:00:00.018591984  2778 0x55cfe5498360 LOG   GST_REGISTRY gstregistry.c:607:gst_registry_add_feature: emitting feature-added for concat
0:00:00.014786652  2779 0x5566ef3f4360 DEBUG   GST_POLL gstpoll.c:979:gst_poll_fd_ctl_write: 0x5566ef418cc0: fd (fd:0, idx:1), active : 1
0:00:00.018598562  2778 0x55cfe5498360 DEBUG   GST_REGISTRY gstregistrychunks.c:741:gst_registry_chunks_load_feature: Added feature concat, plugin 0x55cfe54be500 coreelements
0:00:00.014792582  2779 0x5566ef3f4360 LOG   GST_POLL gstpoll.c:994:gst_poll_fd_ctl_write: 0x5566ef418cc0: pfd->events now 60 (POLLOUT:4)
0:00:00.018605093  2778 0x55cfe5498360 DEBUG   GST_REGISTRY gstregistrychunks.c:583:gst_registry_chunks_load_feature: Plugin 'coreelements' feature 'clocksync' typename : 'GstElementFactory'
0:00:00.014799388  2779 0x5566ef3f4360 DEBUG   GST_POLL gstpoll.c:979:gst_poll_fd_ctl_write: 0x5566ef418cc0: fd (fd:0, idx:1), active : 1
0:00:00.018612393  2778 0x55cfe5498360 TRACE   GST_REFCOUNTING gstobject.c:208:gst_object_init: 0x55cfe54cbb90 new
0:00:00.014805642  2779 0x5566ef3f4360 LOG   GST_POLL gstpoll.c:994:gst_poll_fd_ctl_write: 0x5566ef418cc0: pfd->events now 60 (POLLOUT:4)
0:00:00.018619680  2778 0x55cfe5498360 LOG   GST_REGISTRY gstregistrychunks.c:610:gst_registry_chunks_load_feature: Reading/casting for GstRegistryChunkElementFactory at address 0x55cfe54c0258
0:00:00.014813827  2779 0x5566ef3f4360 DEBUG   GST_POLL gstpoll.c:979:gst_poll_fd_ctl_write: 0x5566ef418cc0: fd (fd:0, idx:1), active : 1
0:00:00.018625992  2778 0x55cfe5498360 TRACE   structure gststructure.c:292:gst_structure_new_id_empty_with_size: created structure 0x55cfe54cc4e0
0:00:00.014824178  2779 0x5566ef3f4360 LOG   GST_POLL gstpoll.c:994:gst_poll_fd_ctl_write: 0x5566ef418cc0: pfd->events now 60 (POLLOUT:4)
0:00:00.018634139  2778 0x55cfe5498360 DEBUG   structure gststructure.c:2258:gst_structure_parse_field: trying field name 'long-name'
0:00:00.014830676  2779 0x5566ef3f4360 DEBUG   GST_POLL gstpoll.c:979:gst_poll_fd_ctl_write: 0x5566ef418cc0: fd (fd:0, idx:1), active : 1
0:00:00.018640096  2778 0x55cfe5498360 DEBUG   default gstvalue.c:2776:_priv_gst_value_parse_value: trying type name 'string'
0:00:00.014836741  2779 0x5566ef3f4360 LOG   GST_POLL gstpoll.c:994:gst_poll_fd_ctl_write: 0x5566ef418cc0: pfd->events now 60 (POLLOUT:4)
0:00:00.018646643  2778 0x55cfe5498360 DEBUG   structure gststructure.c:2258:gst_structure_parse_field: trying field name 'klass'
0:00:00.014843043  2779 0x5566ef3f4360 DEBUG   GST_POLL gstpoll.c:979:gst_poll_fd_ctl_write: 0x5566ef418cc0: fd (fd:0, idx:1), active : 1
0:00:00.018652353  2778 0x55cfe5498360 DEBUG   default gstvalue.c:2776:_priv_gst_value_parse_value: trying type name 'string'
0:00:00.014848998  2779 0x5566ef3f4360 LOG   GST_POLL gstpoll.c:994:gst_poll_fd_ctl_write: 0x5566ef418cc0: pfd->events now 60 (POLLOUT:4)
0:00:00.018658894  2778 0x55cfe5498360 DEBUG   structure gststructure.c:2258:gst_structure_parse_field: trying field name 'description'
0:00:00.014855130  2779 0x5566ef3f4360 DEBUG   GST_POLL gstpoll.c:979:gst_poll_fd_ctl_write: 0x5566ef418cc0: fd (fd:0, idx:1), active : 1
0:00:00.018664375  2778 0x55cfe5498360 DEBUG   default gstvalue.c:2776:_priv_gst_value_parse_value: trying type name 'string'
0:00:00.014861016  2779 0x5566ef3f4360 LOG   GST_POLL gstpoll.c:994:gst_poll_fd_ctl_write: 0x5566ef418cc0: pfd->events now 60 (POLLOUT:4)
0:00:00.018670881  2778 0x55cfe5498360 DEBUG   structure gststructure.c:2258:gst_structure_parse_field: trying field name 'author'
0:00:00.014867166  2779 0x5566ef3f4360 DEBUG   GST_POLL gstpoll.c:979:gst_poll_fd_ctl_write: 0x5566ef418cc0: fd (fd:0, idx:1), active : 1
0:00:00.018676411  2778 0x55cfe5498360 DEBUG   default gstvalue.c:2776:_priv_gst_value_parse_value: trying type name 'string'
0:00:00.014873273  2779 0x5566ef3f4360 LOG   GST_POLL gstpoll.c:994:gst_poll_fd_ctl_write: 0x5566ef418cc0: pfd->events now 60 (POLLOUT:4)
0:00:00.018683440  2778 0x55cfe5498360 DEBUG   GST_REGISTRY gstregistrychunks.c:627:gst_registry_chunks_load_feature: Element factory : npadtemplates=2
0:00:00.014879650  2779 0x5566ef3f4360 DEBUG   GST_POLL gstpoll.c:979:gst_poll_fd_ctl_write: 0x5566ef418cc0: fd (fd:0, idx:1), active : 1
0:00:00.018688967  2778 0x55cfe5498360 DEBUG   GST_REGISTRY gstregistrychunks.c:526:gst_registry_chunks_load_pad_template: Reading/casting for GstRegistryChunkPadTemplate at address 0x55cfe54c0328
0:00:00.014885630  2779 0x5566ef3f4360 LOG   GST_POLL gstpoll.c:994:gst_poll_fd_ctl_write: 0x5566ef418cc0: pfd->events now 60 (POLLOUT:4)
0:00:00.018695040  2778 0x55cfe5498360 DEBUG   GST_REGISTRY gstregistrychunks.c:540:gst_registry_chunks_load_pad_template: Added pad_template sink
0:00:00.014895391  2779 0x5566ef3f4360 DEBUG   GST_POLL gstpoll.c:979:gst_poll_fd_ctl_write: 0x5566ef418cc0: fd (fd:0, idx:1), active : 1
0:00:00.018704272  2778 0x55cfe5498360 DEBUG   GST_REGISTRY gstregistrychunks.c:526:gst_registry_chunks_load_pad_template: Reading/casting for GstRegistryChunkPadTemplate at address 0x55cfe54c0340
0:00:00.014901438  2779 0x5566ef3f4360 LOG   GST_POLL gstpoll.c:994:gst_poll_fd_ctl_write: 0x5566ef418cc0: pfd->events now 60 (POLLOUT:4)
0:00:00.018710880  2778 0x55cfe5498360 DEBUG   GST_REGISTRY gstregistrychunks.c:540:gst_registry_chunks_load_pad_template: Added pad_template src
0:00:00.014907622  2779 0x5566ef3f4360 DEBUG   GST_POLL gstpoll.c:979:gst_poll_fd_ctl_write: 0x5566ef418cc0: fd (fd:0, idx:1), active : 1
0:00:00.018725949  2778 0x55cfe5498360 DEBUG   GST_REGISTRY gstregistry.c:589:gst_registry_add_feature: adding feature 0x55cfe54cbb90 (clocksync)
0:00:00.014919908  2779 0x5566ef3f4360 LOG   GST_POLL gstpoll.c:994:gst_poll_fd_ctl_write: 0x5566ef418cc0: pfd->events now 60 (POLLOUT:4)
0:00:00.018731871  2778 0x55cfe5498360 DEBUG   GST_REFCOUNTING gstobject.c:708:gst_object_set_parent: set parent (ref and sink)
0:00:00.014926975  2779 0x5566ef3f4360 DEBUG   GST_POLL gstpoll.c:979:gst_poll_fd_ctl_write: 0x5566ef418cc0: fd (fd:0, idx:1), active : 1
0:00:00.018738453  2778 0x55cfe5498360 TRACE   GST_REFCOUNTING gstobject.c:292:gst_object_ref_sink: 0x55cfe54cbb90 ref_sink 1->2
0:00:00.014932872  2779 0x5566ef3f4360 LOG   GST_POLL gstpoll.c:994:gst_poll_fd_ctl_write: 0x5566ef418cc0: pfd->events now 60 (POLLOUT:4)
0:00:00.018744553  2778 0x55cfe5498360 LOG   GST_REGISTRY gstregistry.c:607:gst_registry_add_feature: emitting feature-added for clocksync
0:00:00.014939363  2779 0x5566ef3f4360 DEBUG   GST_POLL gstpoll.c:979:gst_poll_fd_ctl_write: 0x5566ef418cc0: fd (fd:0, idx:1), active : 1
0:00:00.018750504  2778 0x55cfe5498360 DEBUG   GST_REGISTRY gstregistrychunks.c:741:gst_registry_chunks_load_feature: Added feature clocksync, plugin 0x55cfe54be500 coreelements
0:00:00.014945303  2779 0x5566ef3f4360 LOG   GST_POLL gstpoll.c:994:gst_poll_fd_ctl_write: 0x5566ef418cc0: pfd->events now 60 (POLLOUT:4)
0:00:00.018756494  2778 0x55cfe5498360 DEBUG   GST_REGISTRY gstregistrychunks.c:583:gst_registry_chunks_load_feature: Plugin 'coreelements' feature 'capsfilter' typename : 'GstElementFactory'
0:00:00.014951540  2779 0x5566ef3f4360 DEBUG   GST_POLL gstpoll.c:979:gst_poll_fd_ctl_write: 0x5566ef418cc0: fd (fd:0, idx:1), active : 1
0:00:00.018762863  2778 0x55cfe5498360 TRACE   GST_REFCOUNTING gstobject.c:208:gst_object_init: 0x55cfe54cca40 new
0:00:00.014957439  2779 0x5566ef3f4360 LOG   GST_POLL gstpoll.c:994:gst_poll_fd_ctl_write: 0x5566ef418cc0: pfd->events now 60 (POLLOUT:4)
0:00:00.018769478  2778 0x55cfe5498360 LOG   GST_REGISTRY gstregistrychunks.c:610:gst_registry_chunks_load_feature: Reading/casting for GstRegistryChunkElementFactory at address 0x55cfe54c0370
0:00:00.014963973  2779 0x5566ef3f4360 DEBUG   GST_POLL gstpoll.c:979:gst_poll_fd_ctl_write: 0x5566ef418cc0: fd (fd:0, idx:1), active : 1
0:00:00.018780708  2778 0x55cfe5498360 TRACE   structure gststructure.c:292:gst_structure_new_id_empty_with_size: created structure 0x55cfe54ccd50
0:00:00.014975123  2779 0x5566ef3f4360 LOG   GST_POLL gstpoll.c:994:gst_poll_fd_ctl_write: 0x5566ef418cc0: pfd->events now 60 (POLLOUT:4)
0:00:00.018786628  2778 0x55cfe5498360 DEBUG   structure gststructure.c:2258:gst_structure_parse_field: trying field name 'long-name'
0:00:00.014981690  2779 0x5566ef3f4360 DEBUG   GST_POLL gstpoll.c:979:gst_poll_fd_ctl_write: 0x5566ef418cc0: fd (fd:0, idx:1), active : 1
0:00:00.018792334  2778 0x55cfe5498360 DEBUG   default gstvalue.c:2776:_priv_gst_value_parse_value: trying type name 'string'
0:00:00.014987598  2779 0x5566ef3f4360 LOG   GST_POLL gstpoll.c:994:gst_poll_fd_ctl_write: 0x5566ef418cc0: pfd->events now 60 (POLLOUT:4)
0:00:00.018798506  2778 0x55cfe5498360 DEBUG   structure gststructure.c:2258:gst_structure_parse_field: trying field name 'klass'
0:00:00.014993889  2779 0x5566ef3f4360 DEBUG   GST_POLL gstpoll.c:979:gst_poll_fd_ctl_write: 0x5566ef418cc0: fd (fd:0, idx:1), active : 1
0:00:00.018804192  2778 0x55cfe5498360 DEBUG   default gstvalue.c:2776:_priv_gst_value_parse_value: trying type name 'string'
0:00:00.014999906  2779 0x5566ef3f4360 LOG   GST_POLL gstpoll.c:994:gst_poll_fd_ctl_write: 0x5566ef418cc0: pfd->events now 60 (POLLOUT:4)
0:00:00.018810466  2778 0x55cfe5498360 DEBUG   structure gststructure.c:2258:gst_structure_parse_field: trying field name 'description'
0:00:00.015006208  2779 0x5566ef3f4360 DEBUG   GST_POLL gstpoll.c:979:gst_poll_fd_ctl_write: 0x5566ef418cc0: fd (fd:0, idx:1), active : 1
0:00:00.018816219  2778 0x55cfe5498360 DEBUG   default gstvalue.c:2776:_priv_gst_value_parse_value: trying type name 'string'
0:00:00.015012151  2779 0x5566ef3f4360 LOG   GST_POLL gstpoll.c:994:gst_poll_fd_ctl_write: 0x5566ef418cc0: pfd->events now 60 (POLLOUT:4)
0:00:00.018822597  2778 0x55cfe5498360 DEBUG   structure gststructure.c:2258:gst_structure_parse_field: trying field name 'author'
0:00:00.015018468  2779 0x5566ef3f4360 DEBUG   GST_POLL gstpoll.c:979:gst_poll_fd_ctl_write: 0x5566ef418cc0: fd (fd:0, idx:1), active : 1
0:00:00.018828202  2778 0x55cfe5498360 DEBUG   default gstvalue.c:2776:_priv_gst_value_parse_value: trying type name 'string'
0:00:00.015024339  2779 0x5566ef3f4360 LOG   GST_POLL gstpoll.c:994:gst_poll_fd_ctl_write: 0x5566ef418cc0: pfd->events now 60 (POLLOUT:4)
0:00:00.018834500  2778 0x55cfe5498360 DEBUG   GST_REGISTRY gstregistrychunks.c:627:gst_registry_chunks_load_feature: Element factory : npadtemplates=2
0:00:00.015030541  2779 0x5566ef3f4360 DEBUG   GST_POLL gstpoll.c:979:gst_poll_fd_ctl_write: 0x5566ef418cc0: fd (fd:0, idx:1), active : 1
0:00:00.018840186  2778 0x55cfe5498360 DEBUG   GST_REGISTRY gstregistrychunks.c:526:gst_registry_chunks_load_pad_template: Reading/casting for GstRegistryChunkPadTemplate at address 0x55cfe54c0450
0:00:00.015036628  2779 0x5566ef3f4360 LOG   GST_POLL gstpoll.c:994:gst_poll_fd_ctl_write: 0x5566ef418cc0: pfd->events now 60 (POLLOUT:4)
0:00:00.018846330  2778 0x55cfe5498360 DEBUG   GST_REGISTRY gstregistrychunks.c:540:gst_registry_chunks_load_pad_template: Added pad_template sink
0:00:00.015046537  2779 0x5566ef3f4360 DEBUG   GST_POLL gstpoll.c:979:gst_poll_fd_ctl_write: 0x5566ef418cc0: fd (fd:0, idx:1), active : 1
0:00:00.018858841  2778 0x55cfe5498360 DEBUG   GST_REGISTRY gstregistrychunks.c:526:gst_registry_chunks_load_pad_template: Reading/casting for GstRegistryChunkPadTemplate at address 0x55cfe54c0468
0:00:00.015052638  2779 0x5566ef3f4360 LOG   GST_POLL gstpoll.c:994:gst_poll_fd_ctl_write: 0x5566ef418cc0: pfd->events now 60 (POLLOUT:4)
0:00:00.018864488  2778 0x55cfe5498360 DEBUG   GST_REGISTRY gstregistrychunks.c:540:gst_registry_chunks_load_pad_template: Added pad_template src
0:00:00.015059609  2779 0x5566ef3f4360 DEBUG   GST_POLL gstpoll.c:979:gst_poll_fd_ctl_write: 0x5566ef418cc0: fd (fd:0, idx:1), active : 1
0:00:00.018871138  2778 0x55cfe5498360 DEBUG   GST_REGISTRY gstregistry.c:589:gst_registry_add_feature: adding feature 0x55cfe54cca40 (capsfilter)
0:00:00.015065652  2779 0x5566ef3f4360 LOG   GST_POLL gstpoll.c:994:gst_poll_fd_ctl_write: 0x5566ef418cc0: pfd->events now 60 (POLLOUT:4)
0:00:00.018877005  2778 0x55cfe5498360 DEBUG   GST_REFCOUNTING gstobject.c:708:gst_object_set_parent: set parent (ref and sink)
0:00:00.015072226  2779 0x5566ef3f4360 DEBUG   GST_POLL gstpoll.c:979:gst_poll_fd_ctl_write: 0x5566ef418cc0: fd (fd:0, idx:1), active : 1
0:00:00.018883764  2778 0x55cfe5498360 TRACE   GST_REFCOUNTING gstobject.c:292:gst_object_ref_sink: 0x55cfe54cca40 ref_sink 1->2
0:00:00.015078108  2779 0x5566ef3f4360 LOG   GST_POLL gstpoll.c:994:gst_poll_fd_ctl_write: 0x5566ef418cc0: pfd->events now 60 (POLLOUT:4)
0:00:00.018890270  2778 0x55cfe5498360 LOG   GST_REGISTRY gstregistry.c:607:gst_registry_add_feature: emitting feature-added for capsfilter
0:00:00.015085198  2779 0x5566ef3f4360 DEBUG   GST_POLL gstpoll.c:979:gst_poll_fd_ctl_write: 0x5566ef418cc0: fd (fd:0, idx:1), active : 1
0:00:00.018896480  2778 0x55cfe5498360 DEBUG   GST_REGISTRY gstregistrychunks.c:741:gst_registry_chunks_load_feature: Added feature capsfilter, plugin 0x55cfe54be500 coreelements
0:00:00.015091164  2779 0x5566ef3f4360 LOG   GST_POLL gstpoll.c:994:gst_poll_fd_ctl_write: 0x5566ef418cc0: pfd->events now 60 (POLLOUT:4)
0:00:00.018902952  2778 0x55cfe5498360 LOG   GST_PLUGIN_LOADING gstpluginloader.c:886:handle_rx_packet: marking plugin 0x55cfe54be500 as registered as /home/conan/w/prod/BuildSingleReference/.conan/data/gstreamer/1.19.2/_/_/package/5a2a240dc39d481eff30f147f0e2f01ae047b26f/lib/gstreamer-1.0/libgstcoreelements.so
0:00:00.015097353  2779 0x5566ef3f4360 DEBUG   GST_POLL gstpoll.c:979:gst_poll_fd_ctl_write: 0x5566ef418cc0: fd (fd:0, idx:1), active : 1
0:00:00.015103842  2779 0x5566ef3f4360 LOG   GST_POLL gstpoll.c:994:gst_poll_fd_ctl_write: 0x5566ef418cc0: pfd->events now 60 (POLLOUT:4)
0:00:00.018911383  2778 0x55cfe5498360 DEBUG   GST_POLL gstpoll.c:1414:gst_poll_wait: 0x55cfe54bd7b0: timeout :0:00:01.000000000
0:00:00.015109422  2779 0x5566ef3f4360 DEBUG   GST_POLL gstpoll.c:979:gst_poll_fd_ctl_write: 0x5566ef418cc0: fd (fd:0, idx:1), active : 1
0:00:00.015118761  2779 0x5566ef3f4360 LOG   GST_POLL gstpoll.c:994:gst_poll_fd_ctl_write: 0x5566ef418cc0: pfd->events now 60 (POLLOUT:4)
0:00:00.015124498  2779 0x5566ef3f4360 DEBUG   GST_POLL gstpoll.c:979:gst_poll_fd_ctl_write: 0x5566ef418cc0: fd (fd:0, idx:1), active : 1
0:00:00.015129794  2779 0x5566ef3f4360 LOG   GST_POLL gstpoll.c:994:gst_poll_fd_ctl_write: 0x5566ef418cc0: pfd->events now 60 (POLLOUT:4)
0:00:00.015135522  2779 0x5566ef3f4360 DEBUG   GST_POLL gstpoll.c:979:gst_poll_fd_ctl_write: 0x5566ef418cc0: fd (fd:0, idx:1), active : 1
0:00:00.015140829  2779 0x5566ef3f4360 LOG   GST_POLL gstpoll.c:994:gst_poll_fd_ctl_write: 0x5566ef418cc0: pfd->events now 60 (POLLOUT:4)
0:00:00.015146385  2779 0x5566ef3f4360 DEBUG   GST_POLL gstpoll.c:979:gst_poll_fd_ctl_write: 0x5566ef418cc0: fd (fd:0, idx:1), active : 1
0:00:00.015151861  2779 0x5566ef3f4360 LOG   GST_POLL gstpoll.c:994:gst_poll_fd_ctl_write: 0x5566ef418cc0: pfd->events now 60 (POLLOUT:4)
0:00:00.015157428  2779 0x5566ef3f4360 DEBUG   GST_POLL gstpoll.c:979:gst_poll_fd_ctl_write: 0x5566ef418cc0: fd (fd:0, idx:1), active : 1
0:00:00.015162882  2779 0x5566ef3f4360 LOG   GST_POLL gstpoll.c:994:gst_poll_fd_ctl_write: 0x5566ef418cc0: pfd->events now 60 (POLLOUT:4)
0:00:00.015168494  2779 0x5566ef3f4360 DEBUG   GST_POLL gstpoll.c:979:gst_poll_fd_ctl_write: 0x5566ef418cc0: fd (fd:0, idx:1), active : 1
0:00:00.015173861  2779 0x5566ef3f4360 LOG   GST_POLL gstpoll.c:994:gst_poll_fd_ctl_write: 0x5566ef418cc0: pfd->events now 60 (POLLOUT:4)
0:00:00.015179424  2779 0x5566ef3f4360 DEBUG   GST_POLL gstpoll.c:979:gst_poll_fd_ctl_write: 0x5566ef418cc0: fd (fd:0, idx:1), active : 1
0:00:00.015184731  2779 0x5566ef3f4360 LOG   GST_POLL gstpoll.c:994:gst_poll_fd_ctl_write: 0x5566ef418cc0: pfd->events now 60 (POLLOUT:4)
0:00:00.015190494  2779 0x5566ef3f4360 DEBUG   GST_POLL gstpoll.c:979:gst_poll_fd_ctl_write: 0x5566ef418cc0: fd (fd:0, idx:1), active : 1
0:00:00.015195807  2779 0x5566ef3f4360 LOG   GST_POLL gstpoll.c:994:gst_poll_fd_ctl_write: 0x5566ef418cc0: pfd->events now 60 (POLLOUT:4)
0:00:00.015201321  2779 0x5566ef3f4360 DEBUG   GST_POLL gstpoll.c:979:gst_poll_fd_ctl_write: 0x5566ef418cc0: fd (fd:0, idx:1), active : 1
0:00:00.015206714  2779 0x5566ef3f4360 LOG   GST_POLL gstpoll.c:994:gst_poll_fd_ctl_write: 0x5566ef418cc0: pfd->events now 60 (POLLOUT:4)
0:00:00.015214826  2779 0x5566ef3f4360 TRACE   GST_REFCOUNTING gstobject.c:264:gst_object_unref: 0x5566ef41e340 unref 2->1
0:00:00.015221289  2779 0x5566ef3f4360 DEBUG   GST_POLL gstpoll.c:1241:gst_poll_fd_has_error: 0x5566ef418cc0: fd (fd:0, idx:1) 0
0:00:00.015227016  2779 0x5566ef3f4360 DEBUG   GST_POLL gstpoll.c:1335:gst_poll_fd_can_write: 0x5566ef418cc0: fd (fd:0, idx:1) 1
0:00:00.015232481  2779 0x5566ef3f4360 LOG   GST_PLUGIN_LOADING gstpluginloader.c:689:write_one: Writing packet of size 528 bytes to fd 0
0:00:00.015246709  2779 0x5566ef3f4360 DEBUG   GST_POLL gstpoll.c:1414:gst_poll_wait: 0x5566ef418cc0: timeout :0:00:01.000000000
0:00:00.015254960  2779 0x5566ef3f4360 LOG   GST_PLUGIN_LOADING gstpluginloader.c:1026:exchange_packets: Poll res = 2. 6872 bytes pending for write
0:00:00.019070920  2778 0x55cfe5498360 LOG   GST_PLUGIN_LOADING gstpluginloader.c:1026:exchange_packets: Poll res = 1. 0 bytes pending for write
0:00:00.015265504  2779 0x5566ef3f4360 DEBUG   GST_POLL gstpoll.c:1241:gst_poll_fd_has_error: 0x5566ef418cc0: fd (fd:5, idx:2) 0
0:00:00.019079477  2778 0x55cfe5498360 DEBUG   GST_POLL gstpoll.c:1241:gst_poll_fd_has_error: 0x55cfe54bd7b0: fd (fd:8, idx:2) 0
0:00:00.015273668  2779 0x5566ef3f4360 DEBUG   GST_POLL gstpoll.c:1266:gst_poll_fd_can_read_unlocked: 0x5566ef418cc0: fd (fd:5, idx:2) 1
0:00:00.019086006  2778 0x55cfe5498360 DEBUG   GST_POLL gstpoll.c:1266:gst_poll_fd_can_read_unlocked: 0x55cfe54bd7b0: fd (fd:8, idx:2) 1
0:00:00.015282489  2779 0x5566ef3f4360 LOG   GST_PLUGIN_LOADING gstpluginloader.c:1004:read_one: No payload to read for 0 length packet type 1 tag 0
0:00:00.019095937  2778 0x55cfe5498360 DEBUG   GST_PLUGIN_LOADING gstpluginloader.c:847:handle_rx_packet: Received plugin details from child w/ tag 2. 516 bytes info
0:00:00.015289041  2779 0x5566ef3f4360 DEBUG   GST_POLL gstpoll.c:1014:gst_poll_fd_ctl_read_unlocked: 0x5566ef418cc0: fd (fd:5, idx:2), active : 0
0:00:00.019102182  2778 0x55cfe5498360 LOG   GST_REGISTRY gstregistrychunks.c:837:_priv_gst_registry_chunks_load_plugin: Reading/casting for GstRegistryChunkPluginElement at address 0x55cfe54be9b0
0:00:00.015297260  2779 0x5566ef3f4360 DEBUG   GST_POLL gstpoll.c:979:gst_poll_fd_ctl_write: 0x5566ef418cc0: fd (fd:0, idx:1), active : 1
0:00:00.019109282  2778 0x55cfe5498360 TRACE   GST_REFCOUNTING gstobject.c:208:gst_object_init: 0x55cfe54cd1f0 new
0:00:00.015303295  2779 0x5566ef3f4360 LOG   GST_POLL gstpoll.c:994:gst_poll_fd_ctl_write: 0x5566ef418cc0: pfd->events now 60 (POLLOUT:4)
0:00:00.015310540  2779 0x5566ef3f4360 DEBUG   GST_POLL gstpoll.c:1241:gst_poll_fd_has_error: 0x5566ef418cc0: fd (fd:0, idx:1) 0
0:00:00.019118642  2778 0x55cfe5498360 LOG   GST_REGISTRY gstregistrychunks.c:859:_priv_gst_registry_chunks_load_plugin: read strings for name='coretracers'
0:00:00.015316110  2779 0x5566ef3f4360 DEBUG   GST_POLL gstpoll.c:1335:gst_poll_fd_can_write: 0x5566ef418cc0: fd (fd:0, idx:1) 1
0:00:00.019125675  2778 0x55cfe5498360 LOG   GST_REGISTRY gstregistrychunks.c:860:_priv_gst_registry_chunks_load_plugin: desc.description='GStreamer core tracers'
0:00:00.015322037  2779 0x5566ef3f4360 LOG   GST_PLUGIN_LOADING gstpluginloader.c:689:write_one: Writing packet of size 6872 bytes to fd 0
0:00:00.019131655  2778 0x55cfe5498360 LOG   GST_REGISTRY gstregistrychunks.c:861:_priv_gst_registry_chunks_load_plugin: filename='/home/conan/w/prod/BuildSingleReference/.conan/data/gstreamer/1.19.2/_/_/package/5a2a240dc39d481eff30f147f0e2f01ae047b26f/lib/gstreamer-1.0/libgstcoretracers.so'
0:00:00.019137650  2778 0x55cfe5498360 LOG   GST_REGISTRY gstregistrychunks.c:862:_priv_gst_registry_chunks_load_plugin: desc.version='1.19.2'
0:00:00.015331939  2779 0x5566ef3f4360 DEBUG   GST_POLL gstpoll.c:1414:gst_poll_wait: 0x5566ef418cc0: timeout :0:00:01.000000000
0:00:00.019142460  2778 0x55cfe5498360 LOG   GST_REGISTRY gstregistrychunks.c:863:_priv_gst_registry_chunks_load_plugin: desc.license='LGPL'
0:00:00.015339602  2779 0x5566ef3f4360 LOG   GST_PLUGIN_LOADING gstpluginloader.c:1026:exchange_packets: Poll res = 1. 12 bytes pending for write
0:00:00.019159386  2778 0x55cfe5498360 LOG   GST_REGISTRY gstregistrychunks.c:864:_priv_gst_registry_chunks_load_plugin: desc.source='gstreamer'
0:00:00.015354874  2779 0x5566ef3f4360 DEBUG   GST_POLL gstpoll.c:1241:gst_poll_fd_has_error: 0x5566ef418cc0: fd (fd:0, idx:1) 0
0:00:00.019164835  2778 0x55cfe5498360 LOG   GST_REGISTRY gstregistrychunks.c:865:_priv_gst_registry_chunks_load_plugin: desc.package='GStreamer source release'
0:00:00.015361107  2779 0x5566ef3f4360 DEBUG   GST_POLL gstpoll.c:1335:gst_poll_fd_can_write: 0x5566ef418cc0: fd (fd:0, idx:1) 1
0:00:00.019170115  2778 0x55cfe5498360 LOG   GST_REGISTRY gstregistrychunks.c:866:_priv_gst_registry_chunks_load_plugin: desc.origin='Unknown package origin'
0:00:00.015366904  2779 0x5566ef3f4360 LOG   GST_PLUGIN_LOADING gstpluginloader.c:689:write_one: Writing packet of size 12 bytes to fd 0
0:00:00.019176195  2778 0x55cfe5498360 LOG   GST_REGISTRY gstregistrychunks.c:867:_priv_gst_registry_chunks_load_plugin: desc.datetime=2021-09-23
0:00:00.015374429  2779 0x5566ef3f4360 DEBUG   GST_POLL gstpoll.c:979:gst_poll_fd_ctl_write: 0x5566ef418cc0: fd (fd:0, idx:1), active : 0
