0:00:00.005745149  2778 0x55cfe5498360 LOG   GST_PLUGIN_LOADING gstpluginloader.c:689:write_one: Writing packet of size 174 bytes to fd 7
0:00:00.005751872  2778 0x55cfe5498360 DEBUG   GST_POLL gstpoll.c:979:gst_poll_fd_ctl_write: 0x55cfe54bd7b0: fd (fd:7, idx:1), active : 0
0:00:00.005757007  2778 0x55cfe5498360 LOG   GST_POLL gstpoll.c:994:gst_poll_fd_ctl_write: 0x55cfe54bd7b0: pfd->events now 56 (POLLOUT:4)
0:00:00.005769595  2778 0x55cfe5498360 DEBUG   GST_REGISTRY gstregistry.c:1383:gst_registry_scan_path_internal: registry changed in path /home/conan/w/prod/BuildSingleReference/.conan/data/gstreamer/1.19.2/_/_/package/5a2a240dc39d481eff30f147f0e2f01ae047b26f/lib/gstreamer-1.0: 0
0:00:00.005775907  2778 0x55cfe5498360 DEBUG   GST_REGISTRY gstregistry.c:1659:scan_and_update_registry: GST_PLUGIN_SYSTEM_PATH not set
0:00:00.005785454  2778 0x55cfe5498360 DEBUG   GST_REGISTRY gstregistry.c:1666:scan_and_update_registry: scanning home plugins /home/conan/.local/share/gstreamer-1.0/plugins
0:00:00.005790758  2778 0x55cfe5498360 DEBUG   GST_REGISTRY gstregistry.c:1380:gst_registry_scan_path_internal: scanning path /home/conan/.local/share/gstreamer-1.0/plugins
0:00:00.005804760  2778 0x55cfe5498360 DEBUG   GST_REGISTRY gstregistry.c:1383:gst_registry_scan_path_internal: registry changed in path /home/conan/.local/share/gstreamer-1.0/plugins: 0
0:00:00.005810349  2778 0x55cfe5498360 DEBUG   GST_REGISTRY gstregistry.c:1691:scan_and_update_registry: scanning main plugins /home/conan/w/prod/BuildSingleReference/.conan/data/gstreamer/1.19.2/_/_/package/5a2a240dc39d481eff30f147f0e2f01ae047b26f/lib/gstreamer-1.0
0:00:00.005815410  2778 0x55cfe5498360 DEBUG   GST_REGISTRY gstregistry.c:1380:gst_registry_scan_path_internal: scanning path /home/conan/w/prod/BuildSingleReference/.conan/data/gstreamer/1.19.2/_/_/package/5a2a240dc39d481eff30f147f0e2f01ae047b26f/lib/gstreamer-1.0
0:00:00.005845418  2778 0x55cfe5498360 LOG   GST_REGISTRY gstregistry.c:1299:gst_registry_scan_path_level: file /home/conan/w/prod/BuildSingleReference/.conan/data/gstreamer/1.19.2/_/_/package/5a2a240dc39d481eff30f147f0e2f01ae047b26f/lib/gstreamer-1.0/libgstcoretracers.so looks like a possible module
0:00:00.005851468  2778 0x55cfe5498360 DEBUG   GST_REGISTRY gstregistry.c:1360:gst_registry_scan_path_level: file /home/conan/w/prod/BuildSingleReference/.conan/data/gstreamer/1.19.2/_/_/package/5a2a240dc39d481eff30f147f0e2f01ae047b26f/lib/gstreamer-1.0/libgstcoretracers.so not yet in registry
0:00:00.002042622  2779 0x5566ef3f4360 TRACE   GST_REFCOUNTING gstobject.c:208:gst_object_init: 0x5566ef41a720 new
0:00:00.005856583  2778 0x55cfe5498360 DEBUG   GST_REGISTRY gstregistry.c:1172:gst_registry_scan_plugin_file: Using scan-helper to load plugin /home/conan/w/prod/BuildSingleReference/.conan/data/gstreamer/1.19.2/_/_/package/5a2a240dc39d481eff30f147f0e2f01ae047b26f/lib/gstreamer-1.0/libgstcoretracers.so
0:00:00.005867989  2778 0x55cfe5498360 LOG   GST_PLUGIN_LOADING gstpluginloader.c:235:plugin_loader_load: Sending file /home/conan/w/prod/BuildSingleReference/.conan/data/gstreamer/1.19.2/_/_/package/5a2a240dc39d481eff30f147f0e2f01ae047b26f/lib/gstreamer-1.0/libgstcoretracers.so to child. tag 2
0:00:00.005874448  2778 0x55cfe5498360 DEBUG   GST_POLL gstpoll.c:979:gst_poll_fd_ctl_write: 0x55cfe54bd7b0: fd (fd:7, idx:1), active : 1
0:00:00.002066755  2779 0x5566ef3f4360 LOG   GST_PLUGIN_LOADING gstplugin.c:886:_priv_gst_plugin_load_file_for_registry: Plugin 0x5566ef41a720 for file "/home/conan/w/prod/BuildSingleReference/.conan/data/gstreamer/1.19.2/_/_/package/5a2a240dc39d481eff30f147f0e2f01ae047b26f/lib/gstreamer-1.0/libgstcoretracers.so" prepared, calling entry function...
0:00:00.005879908  2778 0x55cfe5498360 LOG   GST_POLL gstpoll.c:994:gst_poll_fd_ctl_write: 0x55cfe54bd7b0: pfd->events now 60 (POLLOUT:4)
0:00:00.002076983  2779 0x5566ef3f4360 LOG   GST_PLUGIN_LOADING gstplugin.c:893:_priv_gst_plugin_load_file_for_registry: Plugin 0x5566ef41a720 for file "/home/conan/w/prod/BuildSingleReference/.conan/data/gstreamer/1.19.2/_/_/package/5a2a240dc39d481eff30f147f0e2f01ae047b26f/lib/gstreamer-1.0/libgstcoretracers.so" prepared, registering...
0:00:00.005886184  2778 0x55cfe5498360 DEBUG   GST_POLL gstpoll.c:1414:gst_poll_wait: 0x55cfe54bd7b0: timeout :0:00:01.000000000
0:00:00.002083312  2779 0x5566ef3f4360 LOG   GST_PLUGIN_LOADING gstplugin.c:511:gst_plugin_register_func: plugin "/home/conan/w/prod/BuildSingleReference/.conan/data/gstreamer/1.19.2/_/_/package/5a2a240dc39d481eff30f147f0e2f01ae047b26f/lib/gstreamer-1.0/libgstcoretracers.so" looks good
0:00:00.005894517  2778 0x55cfe5498360 LOG   GST_PLUGIN_LOADING gstpluginloader.c:1026:exchange_packets: Poll res = 1. 173 bytes pending for write
0:00:00.005900608  2778 0x55cfe5498360 DEBUG   GST_POLL gstpoll.c:1241:gst_poll_fd_has_error: 0x55cfe54bd7b0: fd (fd:8, idx:2) 0
0:00:00.005905866  2778 0x55cfe5498360 DEBUG   GST_POLL gstpoll.c:1266:gst_poll_fd_can_read_unlocked: 0x55cfe54bd7b0: fd (fd:8, idx:2) 0
0:00:00.002100529  2779 0x5566ef3f4360 TRACE   GST_REFCOUNTING gstobject.c:208:gst_object_init: 0x5566ef41b410 new
0:00:00.005910954  2778 0x55cfe5498360 DEBUG   GST_POLL gstpoll.c:1195:gst_poll_fd_has_closed: 0x55cfe54bd7b0: fd (fd:8, idx:2) 0
0:00:00.005916764  2778 0x55cfe5498360 DEBUG   GST_POLL gstpoll.c:1241:gst_poll_fd_has_error: 0x55cfe54bd7b0: fd (fd:7, idx:1) 0
0:00:00.002108744  2779 0x5566ef3f4360 DEBUG   GST_TRACER gsttracer.c:169:gst_tracer_register: new tracer factory for latency
0:00:00.005922009  2778 0x55cfe5498360 DEBUG   GST_POLL gstpoll.c:1335:gst_poll_fd_can_write: 0x55cfe54bd7b0: fd (fd:7, idx:1) 1
0:00:00.002117922  2779 0x5566ef3f4360 DEBUG   GST_TRACER gsttracer.c:176:gst_tracer_register: tracer factory for 4014041392:GstLatencyTracer
0:00:00.005927291  2778 0x55cfe5498360 LOG   GST_PLUGIN_LOADING gstpluginloader.c:689:write_one: Writing packet of size 173 bytes to fd 7
0:00:00.002124965  2779 0x5566ef3f4360 DEBUG   GST_REGISTRY gstregistry.c:589:gst_registry_add_feature: adding feature 0x5566ef41b410 (latency)
0:00:00.005935191  2778 0x55cfe5498360 DEBUG   GST_POLL gstpoll.c:979:gst_poll_fd_ctl_write: 0x55cfe54bd7b0: fd (fd:7, idx:1), active : 0
0:00:00.002136806  2779 0x5566ef3f4360 DEBUG   GST_REFCOUNTING gstobject.c:708:gst_object_set_parent: set parent (ref and sink)
0:00:00.005946662  2778 0x55cfe5498360 LOG   GST_POLL gstpoll.c:994:gst_poll_fd_ctl_write: 0x55cfe54bd7b0: pfd->events now 56 (POLLOUT:4)
0:00:00.002143864  2779 0x5566ef3f4360 TRACE   GST_REFCOUNTING gstobject.c:292:gst_object_ref_sink: 0x5566ef41b410 ref_sink 1->2
0:00:00.002150092  2779 0x5566ef3f4360 LOG   GST_REGISTRY gstregistry.c:607:gst_registry_add_feature: emitting feature-added for latency
0:00:00.005958652  2778 0x55cfe5498360 LOG   GST_REGISTRY gstregistry.c:1299:gst_registry_scan_path_level: file /home/conan/w/prod/BuildSingleReference/.conan/data/gstreamer/1.19.2/_/_/package/5a2a240dc39d481eff30f147f0e2f01ae047b26f/lib/gstreamer-1.0/libgstcoreelements.so looks like a possible module
0:00:00.005965201  2778 0x55cfe5498360 DEBUG   GST_REGISTRY gstregistry.c:1360:gst_registry_scan_path_level: file /home/conan/w/prod/BuildSingleReference/.conan/data/gstreamer/1.19.2/_/_/package/5a2a240dc39d481eff30f147f0e2f01ae047b26f/lib/gstreamer-1.0/libgstcoreelements.so not yet in registry
0:00:00.002161615  2779 0x5566ef3f4360 TRACE   GST_REFCOUNTING gstobject.c:208:gst_object_init: 0x5566ef41b8c0 new
0:00:00.005970141  2778 0x55cfe5498360 DEBUG   GST_REGISTRY gstregistry.c:1172:gst_registry_scan_plugin_file: Using scan-helper to load plugin /home/conan/w/prod/BuildSingleReference/.conan/data/gstreamer/1.19.2/_/_/package/5a2a240dc39d481eff30f147f0e2f01ae047b26f/lib/gstreamer-1.0/libgstcoreelements.so
0:00:00.002169026  2779 0x5566ef3f4360 DEBUG   GST_TRACER gsttracer.c:169:gst_tracer_register: new tracer factory for log
0:00:00.005977726  2778 0x55cfe5498360 LOG   GST_PLUGIN_LOADING gstpluginloader.c:235:plugin_loader_load: Sending file /home/conan/w/prod/BuildSingleReference/.conan/data/gstreamer/1.19.2/_/_/package/5a2a240dc39d481eff30f147f0e2f01ae047b26f/lib/gstreamer-1.0/libgstcoreelements.so to child. tag 3
0:00:00.002175749  2779 0x5566ef3f4360 DEBUG   GST_TRACER gsttracer.c:176:gst_tracer_register: tracer factory for 4014061312:GstLogTracer
0:00:00.005985013  2778 0x55cfe5498360 DEBUG   GST_POLL gstpoll.c:979:gst_poll_fd_ctl_write: 0x55cfe54bd7b0: fd (fd:7, idx:1), active : 1
0:00:00.002182273  2779 0x5566ef3f4360 DEBUG   GST_REGISTRY gstregistry.c:589:gst_registry_add_feature: adding feature 0x5566ef41b8c0 (log)
0:00:00.005991398  2778 0x55cfe5498360 LOG   GST_POLL gstpoll.c:994:gst_poll_fd_ctl_write: 0x55cfe54bd7b0: pfd->events now 60 (POLLOUT:4)
0:00:00.002187737  2779 0x5566ef3f4360 DEBUG   GST_REFCOUNTING gstobject.c:708:gst_object_set_parent: set parent (ref and sink)
0:00:00.005998554  2778 0x55cfe5498360 DEBUG   GST_POLL gstpoll.c:1414:gst_poll_wait: 0x55cfe54bd7b0: timeout :0:00:01.000000000
0:00:00.002202780  2779 0x5566ef3f4360 TRACE   GST_REFCOUNTING gstobject.c:292:gst_object_ref_sink: 0x5566ef41b8c0 ref_sink 1->2
0:00:00.006013411  2778 0x55cfe5498360 LOG   GST_PLUGIN_LOADING gstpluginloader.c:1026:exchange_packets: Poll res = 1. 174 bytes pending for write
0:00:00.002212846  2779 0x5566ef3f4360 LOG   GST_REGISTRY gstregistry.c:607:gst_registry_add_feature: emitting feature-added for log
0:00:00.006022944  2778 0x55cfe5498360 DEBUG   GST_POLL gstpoll.c:1241:gst_poll_fd_has_error: 0x55cfe54bd7b0: fd (fd:8, idx:2) 0
0:00:00.006028891  2778 0x55cfe5498360 DEBUG   GST_POLL gstpoll.c:1266:gst_poll_fd_can_read_unlocked: 0x55cfe54bd7b0: fd (fd:8, idx:2) 0
0:00:00.002222717  2779 0x5566ef3f4360 TRACE   GST_REFCOUNTING gstobject.c:208:gst_object_init: 0x5566ef41bb90 new
0:00:00.006034084  2778 0x55cfe5498360 DEBUG   GST_POLL gstpoll.c:1195:gst_poll_fd_has_closed: 0x55cfe54bd7b0: fd (fd:8, idx:2) 0
0:00:00.002230396  2779 0x5566ef3f4360 DEBUG   GST_TRACER gsttracer.c:169:gst_tracer_register: new tracer factory for rusage
0:00:00.006039856  2778 0x55cfe5498360 DEBUG   GST_POLL gstpoll.c:1241:gst_poll_fd_has_error: 0x55cfe54bd7b0: fd (fd:7, idx:1) 0
0:00:00.002237210  2779 0x5566ef3f4360 DEBUG   GST_TRACER gsttracer.c:176:gst_tracer_register: tracer factory for 4014061952:GstRUsageTracer
0:00:00.006046183  2778 0x55cfe5498360 DEBUG   GST_POLL gstpoll.c:1335:gst_poll_fd_can_write: 0x55cfe54bd7b0: fd (fd:7, idx:1) 1
0:00:00.002243709  2779 0x5566ef3f4360 DEBUG   GST_REGISTRY gstregistry.c:589:gst_registry_add_feature: adding feature 0x5566ef41bb90 (rusage)
0:00:00.006052618  2778 0x55cfe5498360 LOG   GST_PLUGIN_LOADING gstpluginloader.c:689:write_one: Writing packet of size 174 bytes to fd 7
0:00:00.002249042  2779 0x5566ef3f4360 DEBUG   GST_REFCOUNTING gstobject.c:708:gst_object_set_parent: set parent (ref and sink)
0:00:00.006060517  2778 0x55cfe5498360 DEBUG   GST_POLL gstpoll.c:979:gst_poll_fd_ctl_write: 0x55cfe54bd7b0: fd (fd:7, idx:1), active : 0
0:00:00.002255394  2779 0x5566ef3f4360 TRACE   GST_REFCOUNTING gstobject.c:292:gst_object_ref_sink: 0x5566ef41bb90 ref_sink 1->2
0:00:00.006066376  2778 0x55cfe5498360 LOG   GST_POLL gstpoll.c:994:gst_poll_fd_ctl_write: 0x55cfe54bd7b0: pfd->events now 56 (POLLOUT:4)
0:00:00.002261156  2779 0x5566ef3f4360 LOG   GST_REGISTRY gstregistry.c:607:gst_registry_add_feature: emitting feature-added for rusage
0:00:00.006075174  2778 0x55cfe5498360 DEBUG   GST_REGISTRY gstregistry.c:1383:gst_registry_scan_path_internal: registry changed in path /home/conan/w/prod/BuildSingleReference/.conan/data/gstreamer/1.19.2/_/_/package/5a2a240dc39d481eff30f147f0e2f01ae047b26f/lib/gstreamer-1.0: 0
0:00:00.002270764  2779 0x5566ef3f4360 TRACE   GST_REFCOUNTING gstobject.c:208:gst_object_init: 0x5566ef41be60 new
0:00:00.006089888  2778 0x55cfe5498360 DEBUG   GST_POLL gstpoll.c:979:gst_poll_fd_ctl_write: 0x55cfe54bd7b0: fd (fd:7, idx:1), active : 1
0:00:00.002282498  2779 0x5566ef3f4360 DEBUG   GST_TRACER gsttracer.c:169:gst_tracer_register: new tracer factory for stats
0:00:00.006095664  2778 0x55cfe5498360 LOG   GST_POLL gstpoll.c:994:gst_poll_fd_ctl_write: 0x55cfe54bd7b0: pfd->events now 60 (POLLOUT:4)
0:00:00.002293180  2779 0x5566ef3f4360 DEBUG   GST_TRACER gsttracer.c:176:gst_tracer_register: tracer factory for 4014062672:GstStatsTracer
0:00:00.006106282  2778 0x55cfe5498360 DEBUG   GST_POLL gstpoll.c:1414:gst_poll_wait: 0x55cfe54bd7b0: timeout :0:00:01.000000000
0:00:00.002300421  2779 0x5566ef3f4360 DEBUG   GST_REGISTRY gstregistry.c:589:gst_registry_add_feature: adding feature 0x5566ef41be60 (stats)
0:00:00.006113766  2778 0x55cfe5498360 LOG   GST_PLUGIN_LOADING gstpluginloader.c:1026:exchange_packets: Poll res = 1. 12 bytes pending for write
0:00:00.002306330  2779 0x5566ef3f4360 DEBUG   GST_REFCOUNTING gstobject.c:708:gst_object_set_parent: set parent (ref and sink)
0:00:00.006120086  2778 0x55cfe5498360 DEBUG   GST_POLL gstpoll.c:1241:gst_poll_fd_has_error: 0x55cfe54bd7b0: fd (fd:8, idx:2) 0
0:00:00.002314390  2779 0x5566ef3f4360 TRACE   GST_REFCOUNTING gstobject.c:292:gst_object_ref_sink: 0x5566ef41be60 ref_sink 1->2
0:00:00.006126076  2778 0x55cfe5498360 DEBUG   GST_POLL gstpoll.c:1266:gst_poll_fd_can_read_unlocked: 0x55cfe54bd7b0: fd (fd:8, idx:2) 0
0:00:00.002320356  2779 0x5566ef3f4360 LOG   GST_REGISTRY gstregistry.c:607:gst_registry_add_feature: emitting feature-added for stats
0:00:00.006149610  2778 0x55cfe5498360 DEBUG   GST_POLL gstpoll.c:1195:gst_poll_fd_has_closed: 0x55cfe54bd7b0: fd (fd:8, idx:2) 0
0:00:00.002347510  2779 0x5566ef3f4360 TRACE   GST_REFCOUNTING gstobject.c:208:gst_object_init: 0x5566ef41c0e0 new
0:00:00.006155954  2778 0x55cfe5498360 DEBUG   GST_POLL gstpoll.c:1241:gst_poll_fd_has_error: 0x55cfe54bd7b0: fd (fd:7, idx:1) 0
0:00:00.002355104  2779 0x5566ef3f4360 DEBUG   GST_TRACER gsttracer.c:169:gst_tracer_register: new tracer factory for leaks
0:00:00.006164122  2778 0x55cfe5498360 DEBUG   GST_POLL gstpoll.c:1335:gst_poll_fd_can_write: 0x55cfe54bd7b0: fd (fd:7, idx:1) 1
0:00:00.002362136  2779 0x5566ef3f4360 DEBUG   GST_TRACER gsttracer.c:176:gst_tracer_register: tracer factory for 4014063392:GstLeaksTracer
0:00:00.006171614  2778 0x55cfe5498360 LOG   GST_PLUGIN_LOADING gstpluginloader.c:689:write_one: Writing packet of size 12 bytes to fd 7
0:00:00.002369204  2779 0x5566ef3f4360 DEBUG   GST_REGISTRY gstregistry.c:589:gst_registry_add_feature: adding feature 0x5566ef41c0e0 (leaks)
0:00:00.006179840  2778 0x55cfe5498360 DEBUG   GST_POLL gstpoll.c:979:gst_poll_fd_ctl_write: 0x55cfe54bd7b0: fd (fd:7, idx:1), active : 0
0:00:00.002383328  2779 0x5566ef3f4360 DEBUG   GST_REFCOUNTING gstobject.c:708:gst_object_set_parent: set parent (ref and sink)
0:00:00.006193678  2778 0x55cfe5498360 LOG   GST_POLL gstpoll.c:994:gst_poll_fd_ctl_write: 0x55cfe54bd7b0: pfd->events now 56 (POLLOUT:4)
0:00:00.002390010  2779 0x5566ef3f4360 TRACE   GST_REFCOUNTING gstobject.c:292:gst_object_ref_sink: 0x5566ef41c0e0 ref_sink 1->2
0:00:00.006200484  2778 0x55cfe5498360 DEBUG   GST_POLL gstpoll.c:1414:gst_poll_wait: 0x55cfe54bd7b0: timeout :0:00:01.000000000
0:00:00.002396189  2779 0x5566ef3f4360 LOG   GST_REGISTRY gstregistry.c:607:gst_registry_add_feature: emitting feature-added for leaks
0:00:00.002409310  2779 0x5566ef3f4360 TRACE   GST_REFCOUNTING gstobject.c:208:gst_object_init: 0x5566ef41c220 new
0:00:00.002434644  2779 0x5566ef3f4360 DEBUG   GST_TRACER gsttracer.c:169:gst_tracer_register: new tracer factory for factories
0:00:00.002441447  2779 0x5566ef3f4360 DEBUG   GST_TRACER gsttracer.c:176:gst_tracer_register: tracer factory for 4014064032:GstFactoriesTracer
0:00:00.002448588  2779 0x5566ef3f4360 DEBUG   GST_REGISTRY gstregistry.c:589:gst_registry_add_feature: adding feature 0x5566ef41c220 (factories)
0:00:00.002455144  2779 0x5566ef3f4360 DEBUG   GST_REFCOUNTING gstobject.c:708:gst_object_set_parent: set parent (ref and sink)
0:00:00.002462022  2779 0x5566ef3f4360 TRACE   GST_REFCOUNTING gstobject.c:292:gst_object_ref_sink: 0x5566ef41c220 ref_sink 1->2
0:00:00.002468221  2779 0x5566ef3f4360 LOG   GST_REGISTRY gstregistry.c:607:gst_registry_add_feature: emitting feature-added for factories
0:00:00.002474406  2779 0x5566ef3f4360 LOG   GST_PLUGIN_LOADING gstplugin.c:538:gst_plugin_register_func: plugin "/home/conan/w/prod/BuildSingleReference/.conan/data/gstreamer/1.19.2/_/_/package/5a2a240dc39d481eff30f147f0e2f01ae047b26f/lib/gstreamer-1.0/libgstcoretracers.so" initialised
0:00:00.002481380  2779 0x5566ef3f4360 INFO   GST_PLUGIN_LOADING gstplugin.c:912:_priv_gst_plugin_load_file_for_registry: plugin "/home/conan/w/prod/BuildSingleReference/.conan/data/gstreamer/1.19.2/_/_/package/5a2a240dc39d481eff30f147f0e2f01ae047b26f/lib/gstreamer-1.0/libgstcoretracers.so" loaded
0:00:00.002488083  2779 0x5566ef3f4360 TRACE   GST_REFCOUNTING gstobject.c:237:gst_object_ref: 0x5566ef41a720 ref 1->2
0:00:00.002495305  2779 0x5566ef3f4360 DEBUG   GST_REGISTRY gstregistry.c:473:gst_registry_add_plugin: adding plugin 0x5566ef41a720 for filename "/home/conan/w/prod/BuildSingleReference/.conan/data/gstreamer/1.19.2/_/_/package/5a2a240dc39d481eff30f147f0e2f01ae047b26f/lib/gstreamer-1.0/libgstcoretracers.so"
0:00:00.002502381  2779 0x5566ef3f4360 TRACE   GST_REFCOUNTING gstobject.c:292:gst_object_ref_sink: 0x5566ef41a720 ref_sink 2->3
0:00:00.002509265  2779 0x5566ef3f4360 LOG   GST_REGISTRY gstregistry.c:486:gst_registry_add_plugin: emitting plugin-added for filename "/home/conan/w/prod/BuildSingleReference/.conan/data/gstreamer/1.19.2/_/_/package/5a2a240dc39d481eff30f147f0e2f01ae047b26f/lib/gstreamer-1.0/libgstcoretracers.so"
0:00:00.002516969  2779 0x5566ef3f4360 TRACE   GST_REFCOUNTING gstobject.c:237:gst_object_ref: 0x5566ef41c220 ref 1->2
0:00:00.002524256  2779 0x5566ef3f4360 TRACE   GST_REFCOUNTING gstobject.c:237:gst_object_ref: 0x5566ef41c0e0 ref 1->2
0:00:00.002531299  2779 0x5566ef3f4360 TRACE   GST_REFCOUNTING gstobject.c:237:gst_object_ref: 0x5566ef41be60 ref 1->2
0:00:00.002538285  2779 0x5566ef3f4360 TRACE   GST_REFCOUNTING gstobject.c:237:gst_object_ref: 0x5566ef41bb90 ref 1->2
0:00:00.002545796  2779 0x5566ef3f4360 TRACE   GST_REFCOUNTING gstobject.c:237:gst_object_ref: 0x5566ef41b8c0 ref 1->2
0:00:00.002552866  2779 0x5566ef3f4360 TRACE   GST_REFCOUNTING gstobject.c:237:gst_object_ref: 0x5566ef41b410 ref 1->2
0:00:00.002572181  2779 0x5566ef3f4360 TRACE   GST_REFCOUNTING gstobject.c:264:gst_object_unref: 0x5566ef41b410 unref 2->1
0:00:00.002580061  2779 0x5566ef3f4360 TRACE   GST_REFCOUNTING gstobject.c:264:gst_object_unref: 0x5566ef41b8c0 unref 2->1
0:00:00.002586827  2779 0x5566ef3f4360 TRACE   GST_REFCOUNTING gstobject.c:264:gst_object_unref: 0x5566ef41bb90 unref 2->1
0:00:00.002593587  2779 0x5566ef3f4360 TRACE   GST_REFCOUNTING gstobject.c:264:gst_object_unref: 0x5566ef41be60 unref 2->1
0:00:00.002600281  2779 0x5566ef3f4360 TRACE   GST_REFCOUNTING gstobject.c:264:gst_object_unref: 0x5566ef41c0e0 unref 2->1
0:00:00.002606777  2779 0x5566ef3f4360 TRACE   GST_REFCOUNTING gstobject.c:264:gst_object_unref: 0x5566ef41c220 unref 2->1
0:00:00.002615431  2779 0x5566ef3f4360 DEBUG   GST_REGISTRY gstregistrychunks.c:498:_priv_gst_registry_chunks_save_plugin: Found 6 features in plugin 0x5566ef41a720 (coretracers)
0:00:00.002622863  2779 0x5566ef3f4360 DEBUG   GST_POLL gstpoll.c:979:gst_poll_fd_ctl_write: 0x5566ef418cc0: fd (fd:0, idx:1), active : 1
0:00:00.002629611  2779 0x5566ef3f4360 LOG   GST_POLL gstpoll.c:994:gst_poll_fd_ctl_write: 0x5566ef418cc0: pfd->events now 60 (POLLOUT:4)
0:00:00.002636221  2779 0x5566ef3f4360 DEBUG   GST_POLL gstpoll.c:979:gst_poll_fd_ctl_write: 0x5566ef418cc0: fd (fd:0, idx:1), active : 1
0:00:00.002669193  2779 0x5566ef3f4360 LOG   GST_POLL gstpoll.c:994:gst_poll_fd_ctl_write: 0x5566ef418cc0: pfd->events now 60 (POLLOUT:4)
0:00:00.002678153  2779 0x5566ef3f4360 DEBUG   GST_POLL gstpoll.c:979:gst_poll_fd_ctl_write: 0x5566ef418cc0: fd (fd:0, idx:1), active : 1
0:00:00.002683957  2779 0x5566ef3f4360 LOG   GST_POLL gstpoll.c:994:gst_poll_fd_ctl_write: 0x5566ef418cc0: pfd->events now 60 (POLLOUT:4)
0:00:00.002689849  2779 0x5566ef3f4360 DEBUG   GST_POLL gstpoll.c:979:gst_poll_fd_ctl_write: 0x5566ef418cc0: fd (fd:0, idx:1), active : 1
0:00:00.002695456  2779 0x5566ef3f4360 LOG   GST_POLL gstpoll.c:994:gst_poll_fd_ctl_write: 0x5566ef418cc0: pfd->events now 60 (POLLOUT:4)
0:00:00.002701288  2779 0x5566ef3f4360 DEBUG   GST_POLL gstpoll.c:979:gst_poll_fd_ctl_write: 0x5566ef418cc0: fd (fd:0, idx:1), active : 1
0:00:00.002706858  2779 0x5566ef3f4360 LOG   GST_POLL gstpoll.c:994:gst_poll_fd_ctl_write: 0x5566ef418cc0: pfd->events now 60 (POLLOUT:4)
0:00:00.002712675  2779 0x5566ef3f4360 DEBUG   GST_POLL gstpoll.c:979:gst_poll_fd_ctl_write: 0x5566ef418cc0: fd (fd:0, idx:1), active : 1
0:00:00.002718274  2779 0x5566ef3f4360 LOG   GST_POLL gstpoll.c:994:gst_poll_fd_ctl_write: 0x5566ef418cc0: pfd->events now 60 (POLLOUT:4)
0:00:00.002724044  2779 0x5566ef3f4360 DEBUG   GST_POLL gstpoll.c:979:gst_poll_fd_ctl_write: 0x5566ef418cc0: fd (fd:0, idx:1), active : 1
0:00:00.002729613  2779 0x5566ef3f4360 LOG   GST_POLL gstpoll.c:994:gst_poll_fd_ctl_write: 0x5566ef418cc0: pfd->events now 60 (POLLOUT:4)
0:00:00.002735529  2779 0x5566ef3f4360 DEBUG   GST_POLL gstpoll.c:979:gst_poll_fd_ctl_write: 0x5566ef418cc0: fd (fd:0, idx:1), active : 1
0:00:00.002745392  2779 0x5566ef3f4360 LOG   GST_POLL gstpoll.c:994:gst_poll_fd_ctl_write: 0x5566ef418cc0: pfd->events now 60 (POLLOUT:4)
0:00:00.002751353  2779 0x5566ef3f4360 DEBUG   GST_POLL gstpoll.c:979:gst_poll_fd_ctl_write: 0x5566ef418cc0: fd (fd:0, idx:1), active : 1
0:00:00.002756982  2779 0x5566ef3f4360 LOG   GST_POLL gstpoll.c:994:gst_poll_fd_ctl_write: 0x5566ef418cc0: pfd->events now 60 (POLLOUT:4)
0:00:00.002762977  2779 0x5566ef3f4360 DEBUG   GST_POLL gstpoll.c:979:gst_poll_fd_ctl_write: 0x5566ef418cc0: fd (fd:0, idx:1), active : 1
0:00:00.002768572  2779 0x5566ef3f4360 LOG   GST_POLL gstpoll.c:994:gst_poll_fd_ctl_write: 0x5566ef418cc0: pfd->events now 60 (POLLOUT:4)
0:00:00.002774376  2779 0x5566ef3f4360 DEBUG   GST_POLL gstpoll.c:979:gst_poll_fd_ctl_write: 0x5566ef418cc0: fd (fd:0, idx:1), active : 1
0:00:00.002779962  2779 0x5566ef3f4360 LOG   GST_POLL gstpoll.c:994:gst_poll_fd_ctl_write: 0x5566ef418cc0: pfd->events now 60 (POLLOUT:4)
0:00:00.002785774  2779 0x5566ef3f4360 DEBUG   GST_POLL gstpoll.c:979:gst_poll_fd_ctl_write: 0x5566ef418cc0: fd (fd:0, idx:1), active : 1
0:00:00.002791417  2779 0x5566ef3f4360 LOG   GST_POLL gstpoll.c:994:gst_poll_fd_ctl_write: 0x5566ef418cc0: pfd->events now 60 (POLLOUT:4)
0:00:00.002797257  2779 0x5566ef3f4360 DEBUG   GST_POLL gstpoll.c:979:gst_poll_fd_ctl_write: 0x5566ef418cc0: fd (fd:0, idx:1), active : 1
0:00:00.002802974  2779 0x5566ef3f4360 LOG   GST_POLL gstpoll.c:994:gst_poll_fd_ctl_write: 0x5566ef418cc0: pfd->events now 60 (POLLOUT:4)
0:00:00.002809109  2779 0x5566ef3f4360 DEBUG   GST_POLL gstpoll.c:979:gst_poll_fd_ctl_write: 0x5566ef418cc0: fd (fd:0, idx:1), active : 1
0:00:00.002815040  2779 0x5566ef3f4360 LOG   GST_POLL gstpoll.c:994:gst_poll_fd_ctl_write: 0x5566ef418cc0: pfd->events now 60 (POLLOUT:4)
0:00:00.002821149  2779 0x5566ef3f4360 DEBUG   GST_POLL gstpoll.c:979:gst_poll_fd_ctl_write: 0x5566ef418cc0: fd (fd:0, idx:1), active : 1
0:00:00.002826925  2779 0x5566ef3f4360 LOG   GST_POLL gstpoll.c:994:gst_poll_fd_ctl_write: 0x5566ef418cc0: pfd->events now 60 (POLLOUT:4)
0:00:00.002832899  2779 0x5566ef3f4360 DEBUG   GST_POLL gstpoll.c:979:gst_poll_fd_ctl_write: 0x5566ef418cc0: fd (fd:0, idx:1), active : 1
0:00:00.002838587  2779 0x5566ef3f4360 LOG   GST_POLL gstpoll.c:994:gst_poll_fd_ctl_write: 0x5566ef418cc0: pfd->events now 60 (POLLOUT:4)
0:00:00.002844429  2779 0x5566ef3f4360 DEBUG   GST_POLL gstpoll.c:979:gst_poll_fd_ctl_write: 0x5566ef418cc0: fd (fd:0, idx:1), active : 1
0:00:00.002850096  2779 0x5566ef3f4360 LOG   GST_POLL gstpoll.c:994:gst_poll_fd_ctl_write: 0x5566ef418cc0: pfd->events now 60 (POLLOUT:4)
0:00:00.002855935  2779 0x5566ef3f4360 DEBUG   GST_POLL gstpoll.c:979:gst_poll_fd_ctl_write: 0x5566ef418cc0: fd (fd:0, idx:1), active : 1
0:00:00.002861545  2779 0x5566ef3f4360 LOG   GST_POLL gstpoll.c:994:gst_poll_fd_ctl_write: 0x5566ef418cc0: pfd->events now 60 (POLLOUT:4)
0:00:00.002867487  2779 0x5566ef3f4360 DEBUG   GST_POLL gstpoll.c:979:gst_poll_fd_ctl_write: 0x5566ef418cc0: fd (fd:0, idx:1), active : 1
0:00:00.002885381  2779 0x5566ef3f4360 LOG   GST_POLL gstpoll.c:994:gst_poll_fd_ctl_write: 0x5566ef418cc0: pfd->events now 60 (POLLOUT:4)
0:00:00.002894682  2779 0x5566ef3f4360 DEBUG   GST_POLL gstpoll.c:979:gst_poll_fd_ctl_write: 0x5566ef418cc0: fd (fd:0, idx:1), active : 1
0:00:00.002900042  2779 0x5566ef3f4360 LOG   GST_POLL gstpoll.c:994:gst_poll_fd_ctl_write: 0x5566ef418cc0: pfd->events now 60 (POLLOUT:4)
0:00:00.002905579  2779 0x5566ef3f4360 DEBUG   GST_POLL gstpoll.c:979:gst_poll_fd_ctl_write: 0x5566ef418cc0: fd (fd:0, idx:1), active : 1
0:00:00.002910841  2779 0x5566ef3f4360 LOG   GST_POLL gstpoll.c:994:gst_poll_fd_ctl_write: 0x5566ef418cc0: pfd->events now 60 (POLLOUT:4)
0:00:00.002916352  2779 0x5566ef3f4360 DEBUG   GST_POLL gstpoll.c:979:gst_poll_fd_ctl_write: 0x5566ef418cc0: fd (fd:0, idx:1), active : 1
0:00:00.002921577  2779 0x5566ef3f4360 LOG   GST_POLL gstpoll.c:994:gst_poll_fd_ctl_write: 0x5566ef418cc0: pfd->events now 60 (POLLOUT:4)
0:00:00.002927001  2779 0x5566ef3f4360 DEBUG   GST_POLL gstpoll.c:979:gst_poll_fd_ctl_write: 0x5566ef418cc0: fd (fd:0, idx:1), active : 1
0:00:00.002932204  2779 0x5566ef3f4360 LOG   GST_POLL gstpoll.c:994:gst_poll_fd_ctl_write: 0x5566ef418cc0: pfd->events now 60 (POLLOUT:4)
0:00:00.002937634  2779 0x5566ef3f4360 DEBUG   GST_POLL gstpoll.c:979:gst_poll_fd_ctl_write: 0x5566ef418cc0: fd (fd:0, idx:1), active : 1
0:00:00.002942868  2779 0x5566ef3f4360 LOG   GST_POLL gstpoll.c:994:gst_poll_fd_ctl_write: 0x5566ef418cc0: pfd->events now 60 (POLLOUT:4)
0:00:00.002948404  2779 0x5566ef3f4360 DEBUG   GST_POLL gstpoll.c:979:gst_poll_fd_ctl_write: 0x5566ef418cc0: fd (fd:0, idx:1), active : 1
0:00:00.002953933  2779 0x5566ef3f4360 LOG   GST_POLL gstpoll.c:994:gst_poll_fd_ctl_write: 0x5566ef418cc0: pfd->events now 60 (POLLOUT:4)
0:00:00.002959378  2779 0x5566ef3f4360 DEBUG   GST_POLL gstpoll.c:979:gst_poll_fd_ctl_write: 0x5566ef418cc0: fd (fd:0, idx:1), active : 1
0:00:00.002964631  2779 0x5566ef3f4360 LOG   GST_POLL gstpoll.c:994:gst_poll_fd_ctl_write: 0x5566ef418cc0: pfd->events now 60 (POLLOUT:4)
0:00:00.002970160  2779 0x5566ef3f4360 DEBUG   GST_POLL gstpoll.c:979:gst_poll_fd_ctl_write: 0x5566ef418cc0: fd (fd:0, idx:1), active : 1
0:00:00.002975712  2779 0x5566ef3f4360 LOG   GST_POLL gstpoll.c:994:gst_poll_fd_ctl_write: 0x5566ef418cc0: pfd->events now 60 (POLLOUT:4)
0:00:00.002981196  2779 0x5566ef3f4360 DEBUG   GST_POLL gstpoll.c:979:gst_poll_fd_ctl_write: 0x5566ef418cc0: fd (fd:0, idx:1), active : 1
0:00:00.002986423  2779 0x5566ef3f4360 LOG   GST_POLL gstpoll.c:994:gst_poll_fd_ctl_write: 0x5566ef418cc0: pfd->events now 60 (POLLOUT:4)
0:00:00.002992122  2779 0x5566ef3f4360 LOG   GST_PLUGIN_LOADING gstpluginloader.c:644:put_chunk: Expanding tx buf from 512 to 1152 for chunk of size 8
0:00:00.002998458  2779 0x5566ef3f4360 DEBUG   GST_POLL gstpoll.c:979:gst_poll_fd_ctl_write: 0x5566ef418cc0: fd (fd:0, idx:1), active : 1
0:00:00.003003745  2779 0x5566ef3f4360 LOG   GST_POLL gstpoll.c:994:gst_poll_fd_ctl_write: 0x5566ef418cc0: pfd->events now 60 (POLLOUT:4)
0:00:00.003009272  2779 0x5566ef3f4360 DEBUG   GST_POLL gstpoll.c:979:gst_poll_fd_ctl_write: 0x5566ef418cc0: fd (fd:0, idx:1), active : 1
0:00:00.003017824  2779 0x5566ef3f4360 LOG   GST_POLL gstpoll.c:994:gst_poll_fd_ctl_write: 0x5566ef418cc0: pfd->events now 60 (POLLOUT:4)
0:00:00.003024822  2779 0x5566ef3f4360 TRACE   GST_REFCOUNTING gstobject.c:264:gst_object_unref: 0x5566ef41a720 unref 2->1
0:00:00.003031554  2779 0x5566ef3f4360 DEBUG   GST_POLL gstpoll.c:1241:gst_poll_fd_has_error: 0x5566ef418cc0: fd (fd:0, idx:1) 0
0:00:00.003037598  2779 0x5566ef3f4360 DEBUG   GST_POLL gstpoll.c:1335:gst_poll_fd_can_write: 0x5566ef418cc0: fd (fd:0, idx:1) 0
0:00:00.003043538  2779 0x5566ef3f4360 DEBUG   GST_POLL gstpoll.c:1195:gst_poll_fd_has_closed: 0x5566ef418cc0: fd (fd:0, idx:1) 0
0:00:00.003050113  2779 0x5566ef3f4360 DEBUG   GST_POLL gstpoll.c:1414:gst_poll_wait: 0x5566ef418cc0: timeout :0:00:01.000000000
0:00:00.003059361  2779 0x5566ef3f4360 LOG   GST_PLUGIN_LOADING gstpluginloader.c:1026:exchange_packets: Poll res = 2. 528 bytes pending for write
0:00:00.003065377  2779 0x5566ef3f4360 DEBUG   GST_POLL gstpoll.c:1241:gst_poll_fd_has_error: 0x5566ef418cc0: fd (fd:5, idx:2) 0
0:00:00.003070933  2779 0x5566ef3f4360 DEBUG   GST_POLL gstpoll.c:1266:gst_poll_fd_can_read_unlocked: 0x5566ef418cc0: fd (fd:5, idx:2) 1
0:00:00.003079977  2779 0x5566ef3f4360 DEBUG   GST_PLUGIN_LOADING gstpluginloader.c:721:do_plugin_load: Plugin scanner loading file /home/conan/w/prod/BuildSingleReference/.conan/data/gstreamer/1.19.2/_/_/package/5a2a240dc39d481eff30f147f0e2f01ae047b26f/lib/gstreamer-1.0/libgstcoreelements.so. tag 1
0:00:00.003086334  2779 0x5566ef3f4360 DEBUG   GST_PLUGIN_LOADING gstplugin.c:764:_priv_gst_plugin_load_file_for_registry: attempt to load plugin "/home/conan/w/prod/BuildSingleReference/.conan/data/gstreamer/1.19.2/_/_/package/5a2a240dc39d481eff30f147f0e2f01ae047b26f/lib/gstreamer-1.0/libgstcoreelements.so"
0:00:00.003451766  2779 0x5566ef3f4360 TRACE   GST_REFCOUNTING gstobject.c:208:gst_object_init: 0x5566ef41e340 new
0:00:00.003470421  2779 0x5566ef3f4360 LOG   GST_PLUGIN_LOADING gstplugin.c:886:_priv_gst_plugin_load_file_for_registry: Plugin 0x5566ef41e340 for file "/home/conan/w/prod/BuildSingleReference/.conan/data/gstreamer/1.19.2/_/_/package/5a2a240dc39d481eff30f147f0e2f01ae047b26f/lib/gstreamer-1.0/libgstcoreelements.so" prepared, calling entry function...
0:00:00.003479017  2779 0x5566ef3f4360 LOG   GST_PLUGIN_LOADING gstplugin.c:893:_priv_gst_plugin_load_file_for_registry: Plugin 0x5566ef41e340 for file "/home/conan/w/prod/BuildSingleReference/.conan/data/gstreamer/1.19.2/_/_/package/5a2a240dc39d481eff30f147f0e2f01ae047b26f/lib/gstreamer-1.0/libgstcoreelements.so" prepared, registering...
0:00:00.003485596  2779 0x5566ef3f4360 LOG   GST_PLUGIN_LOADING gstplugin.c:511:gst_plugin_register_func: plugin "/home/conan/w/prod/BuildSingleReference/.conan/data/gstreamer/1.19.2/_/_/package/5a2a240dc39d481eff30f147f0e2f01ae047b26f/lib/gstreamer-1.0/libgstcoreelements.so" looks good
0:00:00.003511452  2779 0x5566ef3f4360 TRACE   GST_REFCOUNTING gstobject.c:208:gst_object_init: 0x5566ef41ea30 new
0:00:00.003520357  2779 0x5566ef3f4360 LOG   GST_ELEMENT_FACTORY gstelementfactory.c:239:gst_element_register: Created new elementfactory for type GstCapsFilter
0:00:00.003531450  2779 0x5566ef3f4360 TRACE   structure gststructure.c:292:gst_structure_new_id_empty_with_size: created structure 0x5566ef41f030
0:00:00.003542941  2779 0x5566ef3f4360 TRACE   GST_PERFORMANCE gststructure.c:511:gst_structure_copy: doing copy 0x5566ef403290 -> 0x5566ef41f030
0:00:00.003549820  2779 0x5566ef3f4360 DEBUG   GST_ELEMENT_PADS gstelement.c:311:gst_element_base_class_init: type GstBaseTransform : factory (nil)
0:00:00.003556733  2779 0x5566ef3f4360 DEBUG   basetransform gstbasetransform.c:333:gst_base_transform_class_init: gst_base_transform_class_init
0:00:00.003569470  2779 0x5566ef3f4360 TRACE   structure gststructure.c:292:gst_structure_new_id_empty_with_size: created structure 0x5566ef41f600
0:00:00.003575625  2779 0x5566ef3f4360 TRACE   GST_PERFORMANCE gststructure.c:511:gst_structure_copy: doing copy 0x5566ef41f030 -> 0x5566ef41f600
0:00:00.003593045  2779 0x5566ef3f4360 DEBUG   GST_ELEMENT_PADS gstelement.c:311:gst_element_base_class_init: type GstCapsFilter : factory 0x5566ef41ea30
0:00:00.003607373  2779 0x5566ef3f4360 TRACE   GST_CAPS gstcaps.c:263:gst_caps_new_empty: created caps 0x5566ef4075c0
0:00:00.003613372  2779 0x5566ef3f4360 TRACE   GST_CAPS gstcaps.c:439:gst_static_caps_get: created 0x7f2a62b8bef0 from string ANY
0:00:00.003619225  2779 0x5566ef3f4360 TRACE   GST_REFCOUNTING gstminiobject.c:478:gst_mini_object_ref: 0x5566ef4075c0 ref 1->2
0:00:00.003639002  2779 0x5566ef3f4360 TRACE   GST_REFCOUNTING gstobject.c:208:gst_object_init: 0x5566ef420020 new
0:00:00.003672875  2779 0x5566ef3f4360 TRACE   GST_REFCOUNTING gstminiobject.c:478:gst_mini_object_ref: 0x5566ef4075c0 ref 2->3
0:00:00.003683002  2779 0x5566ef3f4360 TRACE   GST_REFCOUNTING gstminiobject.c:660:gst_mini_object_unref: 0x5566ef4075c0 unref 3->2
0:00:00.003689429  2779 0x5566ef3f4360 TRACE   GST_REFCOUNTING gstobject.c:292:gst_object_ref_sink: 0x5566ef420020 ref_sink 1->2
0:00:00.003695400  2779 0x5566ef3f4360 TRACE   GST_CAPS gstcaps.c:263:gst_caps_new_empty: created caps 0x5566ef3f4660
0:00:00.003700735  2779 0x5566ef3f4360 TRACE   GST_CAPS gstcaps.c:439:gst_static_caps_get: created 0x7f2a62b8bf30 from string ANY
0:00:00.003706099  2779 0x5566ef3f4360 TRACE   GST_REFCOUNTING gstminiobject.c:478:gst_mini_object_ref: 0x5566ef3f4660 ref 1->2
0:00:00.003712781  2779 0x5566ef3f4360 TRACE   GST_REFCOUNTING gstobject.c:208:gst_object_init: 0x5566ef420290 new
0:00:00.003719192  2779 0x5566ef3f4360 TRACE   GST_REFCOUNTING gstminiobject.c:478:gst_mini_object_ref: 0x5566ef3f4660 ref 2->3
0:00:00.003725527  2779 0x5566ef3f4360 TRACE   GST_REFCOUNTING gstminiobject.c:660:gst_mini_object_unref: 0x5566ef3f4660 unref 3->2
0:00:00.003731194  2779 0x5566ef3f4360 TRACE   GST_REFCOUNTING gstobject.c:292:gst_object_ref_sink: 0x5566ef420290 ref_sink 1->2
0:00:00.003738799  2779 0x5566ef3f4360 TRACE   structure gststructure.c:292:gst_structure_new_id_empty_with_size: created structure 0x5566ef420420
0:00:00.003744719  2779 0x5566ef3f4360 TRACE   GST_PERFORMANCE gststructure.c:511:gst_structure_copy: doing copy 0x5566ef41f600 -> 0x5566ef420420
0:00:00.003752576  2779 0x5566ef3f4360 DEBUG   GST_REGISTRY gstregistry.c:589:gst_registry_add_feature: adding feature 0x5566ef41ea30 (capsfilter)
0:00:00.003762328  2779 0x5566ef3f4360 DEBUG   GST_REFCOUNTING gstobject.c:708:gst_object_set_parent: set parent (ref and sink)
0:00:00.003768532  2779 0x5566ef3f4360 TRACE   GST_REFCOUNTING gstobject.c:292:gst_object_ref_sink: 0x5566ef41ea30 ref_sink 1->2
0:00:00.003774085  2779 0x5566ef3f4360 LOG   GST_REGISTRY gstregistry.c:607:gst_registry_add_feature: emitting feature-added for capsfilter
0:00:00.003783710  2779 0x5566ef3f4360 TRACE   GST_REFCOUNTING gstobject.c:208:gst_object_init: 0x5566ef420770 new
0:00:00.003791215  2779 0x5566ef3f4360 LOG   GST_ELEMENT_FACTORY gstelementfactory.c:239:gst_element_register: Created new elementfactory for type GstClockSync
0:00:00.003797362  2779 0x5566ef3f4360 TRACE   structure gststructure.c:292:gst_structure_new_id_empty_with_size: created structure 0x5566ef420b50
0:00:00.003802548  2779 0x5566ef3f4360 TRACE   GST_PERFORMANCE gststructure.c:511:gst_structure_copy: doing copy 0x5566ef403290 -> 0x5566ef420b50
0:00:00.003808147  2779 0x5566ef3f4360 DEBUG   GST_ELEMENT_PADS gstelement.c:311:gst_element_base_class_init: type GstClockSync : factory 0x5566ef420770
0:00:00.003819325  2779 0x5566ef3f4360 TRACE   GST_CAPS gstcaps.c:263:gst_caps_new_empty: created caps 0x5566ef4208a0
0:00:00.003824874  2779 0x5566ef3f4360 TRACE   GST_CAPS gstcaps.c:439:gst_static_caps_get: created 0x7f2a62b8bf70 from string ANY
0:00:00.003832867  2779 0x5566ef3f4360 TRACE   GST_REFCOUNTING gstminiobject.c:478:gst_mini_object_ref: 0x5566ef4208a0 ref 1->2
0:00:00.003839496  2779 0x5566ef3f4360 TRACE   GST_REFCOUNTING gstobject.c:208:gst_object_init: 0x5566ef420e90 new
0:00:00.003845995  2779 0x5566ef3f4360 TRACE   GST_REFCOUNTING gstminiobject.c:478:gst_mini_object_ref: 0x5566ef4208a0 ref 2->3
0:00:00.003852164  2779 0x5566ef3f4360 TRACE   GST_REFCOUNTING gstminiobject.c:660:gst_mini_object_unref: 0x5566ef4208a0 unref 3->2
0:00:00.003857784  2779 0x5566ef3f4360 TRACE   GST_REFCOUNTING gstobject.c:292:gst_object_ref_sink: 0x5566ef420e90 ref_sink 1->2
0:00:00.003863077  2779 0x5566ef3f4360 TRACE   GST_CAPS gstcaps.c:263:gst_caps_new_empty: created caps 0x5566ef4206e0
0:00:00.003868257  2779 0x5566ef3f4360 TRACE   GST_CAPS gstcaps.c:439:gst_static_caps_get: created 0x7f2a62b8bfb0 from string ANY
0:00:00.003873358  2779 0x5566ef3f4360 TRACE   GST_REFCOUNTING gstminiobject.c:478:gst_mini_object_ref: 0x5566ef4206e0 ref 1->2
0:00:00.003879291  2779 0x5566ef3f4360 TRACE   GST_REFCOUNTING gstobject.c:208:gst_object_init: 0x5566ef421080 new
0:00:00.003885369  2779 0x5566ef3f4360 TRACE   GST_REFCOUNTING gstminiobject.c:478:gst_mini_object_ref: 0x5566ef4206e0 ref 2->3
0:00:00.003891459  2779 0x5566ef3f4360 TRACE   GST_REFCOUNTING gstminiobject.c:660:gst_mini_object_unref: 0x5566ef4206e0 unref 3->2
0:00:00.003897072  2779 0x5566ef3f4360 TRACE   GST_REFCOUNTING gstobject.c:292:gst_object_ref_sink: 0x5566ef421080 ref_sink 1->2
0:00:00.003907047  2779 0x5566ef3f4360 TRACE   structure gststructure.c:292:gst_structure_new_id_empty_with_size: created structure 0x5566ef4211a0
0:00:00.003912791  2779 0x5566ef3f4360 TRACE   GST_PERFORMANCE gststructure.c:511:gst_structure_copy: doing copy 0x5566ef420b50 -> 0x5566ef4211a0
0:00:00.003919559  2779 0x5566ef3f4360 DEBUG   GST_REGISTRY gstregistry.c:589:gst_registry_add_feature: adding feature 0x5566ef420770 (clocksync)
0:00:00.003924629  2779 0x5566ef3f4360 DEBUG   GST_REFCOUNTING gstobject.c:708:gst_object_set_parent: set parent (ref and sink)
0:00:00.003930450  2779 0x5566ef3f4360 TRACE   GST_REFCOUNTING gstobject.c:292:gst_object_ref_sink: 0x5566ef420770 ref_sink 1->2
0:00:00.003935792  2779 0x5566ef3f4360 LOG   GST_REGISTRY gstregistry.c:607:gst_registry_add_feature: emitting feature-added for clocksync
0:00:00.003944643  2779 0x5566ef3f4360 TRACE   GST_REFCOUNTING gstobject.c:208:gst_object_init: 0x5566ef4214b0 new
0:00:00.003951802  2779 0x5566ef3f4360 LOG   GST_ELEMENT_FACTORY gstelementfactory.c:239:gst_element_register: Created new elementfactory for type GstConcat
0:00:00.003957709  2779 0x5566ef3f4360 TRACE   structure gststructure.c:292:gst_structure_new_id_empty_with_size: created structure 0x5566ef421890
0:00:00.003962958  2779 0x5566ef3f4360 TRACE   GST_PERFORMANCE gststructure.c:511:gst_structure_copy: doing copy 0x5566ef403290 -> 0x5566ef421890
0:00:00.003968339  2779 0x5566ef3f4360 DEBUG   GST_ELEMENT_PADS gstelement.c:311:gst_element_base_class_init: type GstConcat : factory 0x5566ef4214b0
0:00:00.003977766  2779 0x5566ef3f4360 TRACE   GST_CAPS gstcaps.c:263:gst_caps_new_empty: created caps 0x5566ef4215e0
0:00:00.003983054  2779 0x5566ef3f4360 TRACE   GST_CAPS gstcaps.c:439:gst_static_caps_get: created 0x7f2a62b8c030 from string ANY
0:00:00.003988229  2779 0x5566ef3f4360 TRACE   GST_REFCOUNTING gstminiobject.c:478:gst_mini_object_ref: 0x5566ef4215e0 ref 1->2
0:00:00.003994512  2779 0x5566ef3f4360 TRACE   GST_REFCOUNTING gstobject.c:208:gst_object_init: 0x5566ef421b20 new
0:00:00.004000851  2779 0x5566ef3f4360 TRACE   GST_REFCOUNTING gstminiobject.c:478:gst_mini_object_ref: 0x5566ef4215e0 ref 2->3
0:00:00.004007082  2779 0x5566ef3f4360 TRACE   GST_REFCOUNTING gstminiobject.c:660:gst_mini_object_unref: 0x5566ef4215e0 unref 3->2
0:00:00.004012819  2779 0x5566ef3f4360 TRACE   GST_REFCOUNTING gstobject.c:292:gst_object_ref_sink: 0x5566ef421b20 ref_sink 1->2
0:00:00.004018182  2779 0x5566ef3f4360 TRACE   GST_CAPS gstcaps.c:263:gst_caps_new_empty: created caps 0x5566ef421420
0:00:00.004023402  2779 0x5566ef3f4360 TRACE   GST_CAPS gstcaps.c:439:gst_static_caps_get: created 0x7f2a62b8bff0 from string ANY
0:00:00.004028573  2779 0x5566ef3f4360 TRACE   GST_REFCOUNTING gstminiobject.c:478:gst_mini_object_ref: 0x5566ef421420 ref 1->2
0:00:00.004034619  2779 0x5566ef3f4360 TRACE   GST_REFCOUNTING gstobject.c:208:gst_object_init: 0x5566ef421d10 new
0:00:00.004044618  2779 0x5566ef3f4360 TRACE   GST_REFCOUNTING gstminiobject.c:478:gst_mini_object_ref: 0x5566ef421420 ref 2->3
0:00:00.004053415  2779 0x5566ef3f4360 TRACE   GST_REFCOUNTING gstminiobject.c:660:gst_mini_object_unref: 0x5566ef421420 unref 3->2
0:00:00.004059206  2779 0x5566ef3f4360 TRACE   GST_REFCOUNTING gstobject.c:292:gst_object_ref_sink: 0x5566ef421d10 ref_sink 1->2
0:00:00.004065564  2779 0x5566ef3f4360 TRACE   structure gststructure.c:292:gst_structure_new_id_empty_with_size: created structure 0x5566ef421ff0
0:00:00.004071232  2779 0x5566ef3f4360 TRACE   GST_PERFORMANCE gststructure.c:511:gst_structure_copy: doing copy 0x5566ef421890 -> 0x5566ef421ff0
0:00:00.004078093  2779 0x5566ef3f4360 DEBUG   GST_REGISTRY gstregistry.c:589:gst_registry_add_feature: adding feature 0x5566ef4214b0 (concat)
0:00:00.004083046  2779 0x5566ef3f4360 DEBUG   GST_REFCOUNTING gstobject.c:708:gst_object_set_parent: set parent (ref and sink)
0:00:00.004088854  2779 0x5566ef3f4360 TRACE   GST_REFCOUNTING gstobject.c:292:gst_object_ref_sink: 0x5566ef4214b0 ref_sink 1->2
0:00:00.004094102  2779 0x5566ef3f4360 LOG   GST_REGISTRY gstregistry.c:607:gst_registry_add_feature: emitting feature-added for concat
0:00:00.004108703  2779 0x5566ef3f4360 TRACE   GST_REFCOUNTING gstobject.c:208:gst_object_init: 0x5566ef422390 new
0:00:00.004115981  2779 0x5566ef3f4360 LOG   GST_ELEMENT_FACTORY gstelementfactory.c:239:gst_element_register: Created new elementfactory for type GstDataURISrc
0:00:00.004122084  2779 0x5566ef3f4360 TRACE   structure gststructure.c:292:gst_structure_new_id_empty_with_size: created structure 0x5566ef4228b0
0:00:00.004127262  2779 0x5566ef3f4360 TRACE   GST_PERFORMANCE gststructure.c:511:gst_structure_copy: doing copy 0x5566ef403290 -> 0x5566ef4228b0
0:00:00.004132744  2779 0x5566ef3f4360 DEBUG   GST_ELEMENT_PADS gstelement.c:311:gst_element_base_class_init: type GstBaseSrc : factory (nil)
0:00:00.004151439  2779 0x5566ef3f4360 TRACE   structure gststructure.c:292:gst_structure_new_id_empty_with_size: created structure 0x5566ef418800
0:00:00.004156976  2779 0x5566ef3f4360 TRACE   GST_PERFORMANCE gststructure.c:511:gst_structure_copy: doing copy 0x5566ef4228b0 -> 0x5566ef418800
0:00:00.004162599  2779 0x5566ef3f4360 DEBUG   GST_ELEMENT_PADS gstelement.c:311:gst_element_base_class_init: type GstDataURISrc : factory 0x5566ef422390
0:00:00.004169880  2779 0x5566ef3f4360 TRACE   GST_CAPS gstcaps.c:263:gst_caps_new_empty: created caps 0x5566ef4224c0
0:00:00.004175375  2779 0x5566ef3f4360 TRACE   GST_CAPS gstcaps.c:439:gst_static_caps_get: created 0x7f2a62b8c090 from string ANY
0:00:00.004180747  2779 0x5566ef3f4360 TRACE   GST_REFCOUNTING gstminiobject.c:478:gst_mini_object_ref: 0x5566ef4224c0 ref 1->2
0:00:00.004186931  2779 0x5566ef3f4360 TRACE   GST_REFCOUNTING gstobject.c:208:gst_object_init: 0x5566ef423ae0 new
0:00:00.004193264  2779 0x5566ef3f4360 TRACE   GST_REFCOUNTING gstminiobject.c:478:gst_mini_object_ref: 0x5566ef4224c0 ref 2->3
0:00:00.004199572  2779 0x5566ef3f4360 TRACE   GST_REFCOUNTING gstminiobject.c:660:gst_mini_object_unref: 0x5566ef4224c0 unref 3->2
0:00:00.004209319  2779 0x5566ef3f4360 TRACE   GST_REFCOUNTING gstobject.c:292:gst_object_ref_sink: 0x5566ef423ae0 ref_sink 1->2
0:00:00.004219136  2779 0x5566ef3f4360 TRACE   structure gststructure.c:292:gst_structure_new_id_empty_with_size: created structure 0x5566ef423d00
0:00:00.004224850  2779 0x5566ef3f4360 TRACE   GST_PERFORMANCE gststructure.c:511:gst_structure_copy: doing copy 0x5566ef418800 -> 0x5566ef423d00
0:00:00.004235673  2779 0x5566ef3f4360 DEBUG   GST_REGISTRY gstregistry.c:589:gst_registry_add_feature: adding feature 0x5566ef422390 (dataurisrc)
0:00:00.004240913  2779 0x5566ef3f4360 DEBUG   GST_REFCOUNTING gstobject.c:708:gst_object_set_parent: set parent (ref and sink)
0:00:00.004246880  2779 0x5566ef3f4360 TRACE   GST_REFCOUNTING gstobject.c:292:gst_object_ref_sink: 0x5566ef422390 ref_sink 1->2
0:00:00.004252256  2779 0x5566ef3f4360 LOG   GST_REGISTRY gstregistry.c:607:gst_registry_add_feature: emitting feature-added for dataurisrc
0:00:00.004261477  2779 0x5566ef3f4360 TRACE   GST_REFCOUNTING gstobject.c:208:gst_object_init: 0x5566ef424150 new
0:00:00.004268677  2779 0x5566ef3f4360 LOG   GST_ELEMENT_FACTORY gstelementfactory.c:239:gst_element_register: Created new elementfactory for type GstDownloadBuffer
0:00:00.004274600  2779 0x5566ef3f4360 TRACE   structure gststructure.c:292:gst_structure_new_id_empty_with_size: created structure 0x5566ef424530
0:00:00.004279680  2779 0x5566ef3f4360 TRACE   GST_PERFORMANCE gststructure.c:511:gst_structure_copy: doing copy 0x5566ef403290 -> 0x5566ef424530
0:00:00.004285077  2779 0x5566ef3f4360 DEBUG   GST_ELEMENT_PADS gstelement.c:311:gst_element_base_class_init: type GstDownloadBuffer : factory 0x5566ef424150
0:00:00.004297350  2779 0x5566ef3f4360 TRACE   GST_CAPS gstcaps.c:263:gst_caps_new_empty: created caps 0x5566ef424280
0:00:00.004302724  2779 0x5566ef3f4360 TRACE   GST_CAPS gstcaps.c:439:gst_static_caps_get: created 0x7f2a62b8c0d0 from string ANY
0:00:00.004307993  2779 0x5566ef3f4360 TRACE   GST_REFCOUNTING gstminiobject.c:478:gst_mini_object_ref: 0x5566ef424280 ref 1->2
0:00:00.004314137  2779 0x5566ef3f4360 TRACE   GST_REFCOUNTING gstobject.c:208:gst_object_init: 0x5566ef424a10 new
0:00:00.004320409  2779 0x5566ef3f4360 TRACE   GST_REFCOUNTING gstminiobject.c:478:gst_mini_object_ref: 0x5566ef424280 ref 2->3
0:00:00.004326828  2779 0x5566ef3f4360 TRACE   GST_REFCOUNTING gstminiobject.c:660:gst_mini_object_unref: 0x5566ef424280 unref 3->2
0:00:00.004332588  2779 0x5566ef3f4360 TRACE   GST_REFCOUNTING gstobject.c:292:gst_object_ref_sink: 0x5566ef424a10 ref_sink 1->2
0:00:00.004337882  2779 0x5566ef3f4360 TRACE   GST_CAPS gstcaps.c:263:gst_caps_new_empty: created caps 0x5566ef424b80
0:00:00.004343118  2779 0x5566ef3f4360 TRACE   GST_CAPS gstcaps.c:439:gst_static_caps_get: created 0x7f2a62b8c110 from string ANY
0:00:00.004348354  2779 0x5566ef3f4360 TRACE   GST_REFCOUNTING gstminiobject.c:478:gst_mini_object_ref: 0x5566ef424b80 ref 1->2
0:00:00.004360015  2779 0x5566ef3f4360 TRACE   GST_REFCOUNTING gstobject.c:208:gst_object_init: 0x5566ef424c40 new
0:00:00.004366469  2779 0x5566ef3f4360 TRACE   GST_REFCOUNTING gstminiobject.c:478:gst_mini_object_ref: 0x5566ef424b80 ref 2->3
0:00:00.004375407  2779 0x5566ef3f4360 TRACE   GST_REFCOUNTING gstminiobject.c:660:gst_mini_object_unref: 0x5566ef424b80 unref 3->2
0:00:00.004381401  2779 0x5566ef3f4360 TRACE   GST_REFCOUNTING gstobject.c:292:gst_object_ref_sink: 0x5566ef424c40 ref_sink 1->2
0:00:00.004388153  2779 0x5566ef3f4360 TRACE   structure gststructure.c:292:gst_structure_new_id_empty_with_size: created structure 0x5566ef424f00
0:00:00.004393672  2779 0x5566ef3f4360 TRACE   GST_PERFORMANCE gststructure.c:511:gst_structure_copy: doing copy 0x5566ef424530 -> 0x5566ef424f00
0:00:00.004400649  2779 0x5566ef3f4360 DEBUG   GST_REGISTRY gstregistry.c:589:gst_registry_add_feature: adding feature 0x5566ef424150 (downloadbuffer)
0:00:00.004405703  2779 0x5566ef3f4360 DEBUG   GST_REFCOUNTING gstobject.c:708:gst_object_set_parent: set parent (ref and sink)
0:00:00.004411477  2779 0x5566ef3f4360 TRACE   GST_REFCOUNTING gstobject.c:292:gst_object_ref_sink: 0x5566ef424150 ref_sink 1->2
0:00:00.004416809  2779 0x5566ef3f4360 LOG   GST_REGISTRY gstregistry.c:607:gst_registry_add_feature: emitting feature-added for downloadbuffer
0:00:00.004428799  2779 0x5566ef3f4360 TRACE   GST_REFCOUNTING gstobject.c:208:gst_object_init: 0x5566ef425250 new
0:00:00.004435851  2779 0x5566ef3f4360 LOG   GST_ELEMENT_FACTORY gstelementfactory.c:239:gst_element_register: Created new elementfactory for type GstFakeSrc
0:00:00.004441758  2779 0x5566ef3f4360 TRACE   structure gststructure.c:292:gst_structure_new_id_empty_with_size: created structure 0x5566ef425770
0:00:00.004446801  2779 0x5566ef3f4360 TRACE   GST_PERFORMANCE gststructure.c:511:gst_structure_copy: doing copy 0x5566ef4228b0 -> 0x5566ef425770
0:00:00.004452043  2779 0x5566ef3f4360 DEBUG   GST_ELEMENT_PADS gstelement.c:311:gst_element_base_class_init: type GstFakeSrc : factory 0x5566ef425250
0:00:00.004482392  2779 0x5566ef3f4360 TRACE   GST_CAPS gstcaps.c:263:gst_caps_new_empty: created caps 0x5566ef425380
0:00:00.004488398  2779 0x5566ef3f4360 TRACE   GST_CAPS gstcaps.c:439:gst_static_caps_get: created 0x7f2a62b8c190 from string ANY
0:00:00.004493745  2779 0x5566ef3f4360 TRACE   GST_REFCOUNTING gstminiobject.c:478:gst_mini_object_ref: 0x5566ef425380 ref 1->2
0:00:00.004499919  2779 0x5566ef3f4360 TRACE   GST_REFCOUNTING gstobject.c:208:gst_object_init: 0x5566ef426700 new
0:00:00.004506254  2779 0x5566ef3f4360 TRACE   GST_REFCOUNTING gstminiobject.c:478:gst_mini_object_ref: 0x5566ef425380 ref 2->3
0:00:00.004512584  2779 0x5566ef3f4360 TRACE   GST_REFCOUNTING gstminiobject.c:660:gst_mini_object_unref: 0x5566ef425380 unref 3->2
0:00:00.004518336  2779 0x5566ef3f4360 TRACE   GST_REFCOUNTING gstobject.c:292:gst_object_ref_sink: 0x5566ef426700 ref_sink 1->2
0:00:00.004529193  2779 0x5566ef3f4360 TRACE   structure gststructure.c:292:gst_structure_new_id_empty_with_size: created structure 0x5566ef426960
0:00:00.004535017  2779 0x5566ef3f4360 TRACE   GST_PERFORMANCE gststructure.c:511:gst_structure_copy: doing copy 0x5566ef425770 -> 0x5566ef426960
0:00:00.004541714  2779 0x5566ef3f4360 DEBUG   GST_REGISTRY gstregistry.c:589:gst_registry_add_feature: adding feature 0x5566ef425250 (fakesrc)
0:00:00.004546802  2779 0x5566ef3f4360 DEBUG   GST_REFCOUNTING gstobject.c:708:gst_object_set_parent: set parent (ref and sink)
0:00:00.004552417  2779 0x5566ef3f4360 TRACE   GST_REFCOUNTING gstobject.c:292:gst_object_ref_sink: 0x5566ef425250 ref_sink 1->2
0:00:00.004557754  2779 0x5566ef3f4360 LOG   GST_REGISTRY gstregistry.c:607:gst_registry_add_feature: emitting feature-added for fakesrc
0:00:00.004574964  2779 0x5566ef3f4360 TRACE   GST_REFCOUNTING gstobject.c:208:gst_object_init: 0x5566ef426eb0 new
0:00:00.004582473  2779 0x5566ef3f4360 LOG   GST_ELEMENT_FACTORY gstelementfactory.c:239:gst_element_register: Created new elementfactory for type GstFakeSink
