0:00:00.015594986  2778 0x55cfe5498360 LOG   GST_REGISTRY gstregistrychunks.c:860:_priv_gst_registry_chunks_load_plugin: desc.description='GStreamer core elements'
0:00:00.011790930  2779 0x5566ef3f4360 TRACE   GST_REFCOUNTING gstobject.c:237:gst_object_ref: 0x5566ef42f740 ref 1->2
0:00:00.015600561  2778 0x55cfe5498360 LOG   GST_REGISTRY gstregistrychunks.c:861:_priv_gst_registry_chunks_load_plugin: filename='/home/conan/w/prod/BuildSingleReference/.conan/data/gstreamer/1.19.2/_/_/package/5a2a240dc39d481eff30f147f0e2f01ae047b26f/lib/gstreamer-1.0/libgstcoreelements.so'
0:00:00.011797130  2779 0x5566ef3f4360 TRACE   GST_REFCOUNTING gstobject.c:237:gst_object_ref: 0x5566ef42e200 ref 1->2
0:00:00.015606538  2778 0x55cfe5498360 LOG   GST_REGISTRY gstregistrychunks.c:862:_priv_gst_registry_chunks_load_plugin: desc.version='1.19.2'
0:00:00.011803193  2779 0x5566ef3f4360 TRACE   GST_REFCOUNTING gstobject.c:237:gst_object_ref: 0x5566ef42d490 ref 1->2
0:00:00.015612421  2778 0x55cfe5498360 LOG   GST_REGISTRY gstregistrychunks.c:863:_priv_gst_registry_chunks_load_plugin: desc.license='LGPL'
0:00:00.011809361  2779 0x5566ef3f4360 TRACE   GST_REFCOUNTING gstobject.c:237:gst_object_ref: 0x5566ef42c6b0 ref 1->2
0:00:00.015618572  2778 0x55cfe5498360 LOG   GST_REGISTRY gstregistrychunks.c:864:_priv_gst_registry_chunks_load_plugin: desc.source='gstreamer'
0:00:00.011815481  2779 0x5566ef3f4360 TRACE   GST_REFCOUNTING gstobject.c:237:gst_object_ref: 0x5566ef42ba00 ref 1->2
0:00:00.015624733  2778 0x55cfe5498360 LOG   GST_REGISTRY gstregistrychunks.c:865:_priv_gst_registry_chunks_load_plugin: desc.package='GStreamer source release'
0:00:00.011821702  2779 0x5566ef3f4360 TRACE   GST_REFCOUNTING gstobject.c:237:gst_object_ref: 0x5566ef4294f0 ref 1->2
0:00:00.015630909  2778 0x55cfe5498360 LOG   GST_REGISTRY gstregistrychunks.c:866:_priv_gst_registry_chunks_load_plugin: desc.origin='Unknown package origin'
0:00:00.011831639  2779 0x5566ef3f4360 TRACE   GST_REFCOUNTING gstobject.c:237:gst_object_ref: 0x5566ef426eb0 ref 1->2
0:00:00.015640550  2778 0x55cfe5498360 LOG   GST_REGISTRY gstregistrychunks.c:867:_priv_gst_registry_chunks_load_plugin: desc.datetime=2021-09-23
0:00:00.011838071  2779 0x5566ef3f4360 TRACE   GST_REFCOUNTING gstobject.c:237:gst_object_ref: 0x5566ef425250 ref 1->2
0:00:00.015648545  2778 0x55cfe5498360 DEBUG   GST_REGISTRY gstregistry.c:473:gst_registry_add_plugin: adding plugin 0x55cfe54be500 for filename "/home/conan/w/prod/BuildSingleReference/.conan/data/gstreamer/1.19.2/_/_/package/5a2a240dc39d481eff30f147f0e2f01ae047b26f/lib/gstreamer-1.0/libgstcoreelements.so"
0:00:00.011844207  2779 0x5566ef3f4360 TRACE   GST_REFCOUNTING gstobject.c:237:gst_object_ref: 0x5566ef424150 ref 1->2
0:00:00.015655263  2778 0x55cfe5498360 TRACE   GST_REFCOUNTING gstobject.c:292:gst_object_ref_sink: 0x55cfe54be500 ref_sink 1->2
0:00:00.011850408  2779 0x5566ef3f4360 TRACE   GST_REFCOUNTING gstobject.c:237:gst_object_ref: 0x5566ef422390 ref 1->2
0:00:00.015661476  2778 0x55cfe5498360 LOG   GST_REGISTRY gstregistry.c:486:gst_registry_add_plugin: emitting plugin-added for filename "/home/conan/w/prod/BuildSingleReference/.conan/data/gstreamer/1.19.2/_/_/package/5a2a240dc39d481eff30f147f0e2f01ae047b26f/lib/gstreamer-1.0/libgstcoreelements.so"
0:00:00.011856554  2779 0x5566ef3f4360 TRACE   GST_REFCOUNTING gstobject.c:237:gst_object_ref: 0x5566ef4214b0 ref 1->2
0:00:00.015667898  2778 0x55cfe5498360 DEBUG   GST_REGISTRY gstregistrychunks.c:887:_priv_gst_registry_chunks_load_plugin: Added plugin 'coreelements' plugin with 22 features from binary registry
0:00:00.011862707  2779 0x5566ef3f4360 TRACE   GST_REFCOUNTING gstobject.c:237:gst_object_ref: 0x5566ef420770 ref 1->2
0:00:00.015674155  2778 0x55cfe5498360 DEBUG   GST_REGISTRY gstregistrychunks.c:583:gst_registry_chunks_load_feature: Plugin 'coreelements' feature 'streamiddemux' typename : 'GstElementFactory'
0:00:00.011868883  2779 0x5566ef3f4360 TRACE   GST_REFCOUNTING gstobject.c:237:gst_object_ref: 0x5566ef41ea30 ref 1->2
0:00:00.015682371  2778 0x55cfe5498360 TRACE   GST_REFCOUNTING gstobject.c:208:gst_object_init: 0x55cfe54c5fd0 new
0:00:00.011875396  2779 0x5566ef3f4360 DEBUG   GST_REGISTRY gstregistrychunks.c:265:gst_registry_chunks_save_feature: saved 0 interfaces 0 pad templates
0:00:00.015689224  2778 0x55cfe5498360 LOG   GST_REGISTRY gstregistrychunks.c:610:gst_registry_chunks_load_feature: Reading/casting for GstRegistryChunkElementFactory at address 0x55cfe54beb08
0:00:00.011886145  2779 0x5566ef3f4360 DEBUG   GST_REGISTRY gstregistrychunks.c:265:gst_registry_chunks_save_feature: saved 0 interfaces 0 pad templates
0:00:00.015695996  2778 0x55cfe5498360 TRACE   structure gststructure.c:292:gst_structure_new_id_empty_with_size: created structure 0x55cfe54c8b00
0:00:00.011893979  2779 0x5566ef3f4360 DEBUG   GST_REGISTRY gstregistrychunks.c:265:gst_registry_chunks_save_feature: saved 0 interfaces 0 pad templates
0:00:00.015702096  2778 0x55cfe5498360 DEBUG   structure gststructure.c:2258:gst_structure_parse_field: trying field name 'long-name'
0:00:00.011906032  2779 0x5566ef3f4360 DEBUG   GST_REGISTRY gstregistrychunks.c:265:gst_registry_chunks_save_feature: saved 1 interfaces 0 pad templates
0:00:00.015718403  2778 0x55cfe5498360 DEBUG   default gstvalue.c:2776:_priv_gst_value_parse_value: trying type name 'string'
0:00:00.011912127  2779 0x5566ef3f4360 DEBUG   GST_REGISTRY gstregistrychunks.c:285:gst_registry_chunks_save_feature: Saved 1 UriTypes
0:00:00.015727793  2778 0x55cfe5498360 DEBUG   structure gststructure.c:2258:gst_structure_parse_field: trying field name 'klass'
0:00:00.011921537  2779 0x5566ef3f4360 DEBUG   GST_REGISTRY gstregistrychunks.c:265:gst_registry_chunks_save_feature: saved 0 interfaces 0 pad templates
0:00:00.015733622  2778 0x55cfe5498360 DEBUG   default gstvalue.c:2776:_priv_gst_value_parse_value: trying type name 'string'
0:00:00.011930057  2779 0x5566ef3f4360 DEBUG   GST_REGISTRY gstregistrychunks.c:265:gst_registry_chunks_save_feature: saved 0 interfaces 0 pad templates
0:00:00.015739740  2778 0x55cfe5498360 DEBUG   structure gststructure.c:2258:gst_structure_parse_field: trying field name 'description'
0:00:00.015745336  2778 0x55cfe5498360 DEBUG   default gstvalue.c:2776:_priv_gst_value_parse_value: trying type name 'string'
0:00:00.011937685  2779 0x5566ef3f4360 DEBUG   GST_REGISTRY gstregistrychunks.c:265:gst_registry_chunks_save_feature: saved 0 interfaces 0 pad templates
0:00:00.015751195  2778 0x55cfe5498360 DEBUG   structure gststructure.c:2258:gst_structure_parse_field: trying field name 'author'
0:00:00.011947161  2779 0x5566ef3f4360 DEBUG   GST_REGISTRY gstregistrychunks.c:265:gst_registry_chunks_save_feature: saved 1 interfaces 0 pad templates
0:00:00.015756661  2778 0x55cfe5498360 DEBUG   default gstvalue.c:2776:_priv_gst_value_parse_value: trying type name 'string'
0:00:00.011952972  2779 0x5566ef3f4360 DEBUG   GST_REGISTRY gstregistrychunks.c:285:gst_registry_chunks_save_feature: Saved 1 UriTypes
0:00:00.015763525  2778 0x55cfe5498360 DEBUG   GST_REGISTRY gstregistrychunks.c:627:gst_registry_chunks_load_feature: Element factory : npadtemplates=2
0:00:00.011960156  2779 0x5566ef3f4360 DEBUG   GST_REGISTRY gstregistrychunks.c:265:gst_registry_chunks_save_feature: saved 1 interfaces 0 pad templates
0:00:00.015769084  2778 0x55cfe5498360 DEBUG   GST_REGISTRY gstregistrychunks.c:526:gst_registry_chunks_load_pad_template: Reading/casting for GstRegistryChunkPadTemplate at address 0x55cfe54bebe0
0:00:00.011965819  2779 0x5566ef3f4360 DEBUG   GST_REGISTRY gstregistrychunks.c:285:gst_registry_chunks_save_feature: Saved 1 UriTypes
0:00:00.015776087  2778 0x55cfe5498360 DEBUG   GST_REGISTRY gstregistrychunks.c:540:gst_registry_chunks_load_pad_template: Added pad_template src_%u
0:00:00.011973264  2779 0x5566ef3f4360 DEBUG   GST_REGISTRY gstregistrychunks.c:265:gst_registry_chunks_save_feature: saved 1 interfaces 0 pad templates
0:00:00.015781463  2778 0x55cfe5498360 DEBUG   GST_REGISTRY gstregistrychunks.c:526:gst_registry_chunks_load_pad_template: Reading/casting for GstRegistryChunkPadTemplate at address 0x55cfe54bebf8
0:00:00.011979142  2779 0x5566ef3f4360 DEBUG   GST_REGISTRY gstregistrychunks.c:285:gst_registry_chunks_save_feature: Saved 1 UriTypes
0:00:00.015794712  2778 0x55cfe5498360 DEBUG   GST_REGISTRY gstregistrychunks.c:540:gst_registry_chunks_load_pad_template: Added pad_template sink
0:00:00.011990893  2779 0x5566ef3f4360 DEBUG   GST_REGISTRY gstregistrychunks.c:265:gst_registry_chunks_save_feature: saved 0 interfaces 0 pad templates
0:00:00.015801346  2778 0x55cfe5498360 DEBUG   GST_REGISTRY gstregistry.c:589:gst_registry_add_feature: adding feature 0x55cfe54c5fd0 (streamiddemux)
0:00:00.011998369  2779 0x5566ef3f4360 DEBUG   GST_REGISTRY gstregistrychunks.c:265:gst_registry_chunks_save_feature: saved 0 interfaces 0 pad templates
0:00:00.015806874  2778 0x55cfe5498360 DEBUG   GST_REFCOUNTING gstobject.c:708:gst_object_set_parent: set parent (ref and sink)
0:00:00.012005887  2779 0x5566ef3f4360 DEBUG   GST_REGISTRY gstregistrychunks.c:265:gst_registry_chunks_save_feature: saved 0 interfaces 0 pad templates
0:00:00.015814414  2778 0x55cfe5498360 TRACE   GST_REFCOUNTING gstobject.c:292:gst_object_ref_sink: 0x55cfe54c5fd0 ref_sink 1->2
0:00:00.015821330  2778 0x55cfe5498360 LOG   GST_REGISTRY gstregistry.c:607:gst_registry_add_feature: emitting feature-added for streamiddemux
0:00:00.012014216  2779 0x5566ef3f4360 DEBUG   GST_REGISTRY gstregistrychunks.c:265:gst_registry_chunks_save_feature: saved 0 interfaces 0 pad templates
0:00:00.015827162  2778 0x55cfe5498360 DEBUG   GST_REGISTRY gstregistrychunks.c:741:gst_registry_chunks_load_feature: Added feature streamiddemux, plugin 0x55cfe54be500 coreelements
0:00:00.012022732  2779 0x5566ef3f4360 DEBUG   GST_REGISTRY gstregistrychunks.c:265:gst_registry_chunks_save_feature: saved 0 interfaces 0 pad templates
0:00:00.015833046  2778 0x55cfe5498360 DEBUG   GST_REGISTRY gstregistrychunks.c:583:gst_registry_chunks_load_feature: Plugin 'coreelements' feature 'valve' typename : 'GstElementFactory'
0:00:00.012029911  2779 0x5566ef3f4360 DEBUG   GST_REGISTRY gstregistrychunks.c:265:gst_registry_chunks_save_feature: saved 0 interfaces 0 pad templates
0:00:00.015839420  2778 0x55cfe5498360 TRACE   GST_REFCOUNTING gstobject.c:208:gst_object_init: 0x55cfe54c0680 new
0:00:00.012037332  2779 0x5566ef3f4360 DEBUG   GST_REGISTRY gstregistrychunks.c:265:gst_registry_chunks_save_feature: saved 1 interfaces 0 pad templates
0:00:00.015845878  2778 0x55cfe5498360 LOG   GST_REGISTRY gstregistrychunks.c:610:gst_registry_chunks_load_feature: Reading/casting for GstRegistryChunkElementFactory at address 0x55cfe54bec28
0:00:00.012042933  2779 0x5566ef3f4360 DEBUG   GST_REGISTRY gstregistrychunks.c:285:gst_registry_chunks_save_feature: Saved 1 UriTypes
0:00:00.015852956  2778 0x55cfe5498360 TRACE   structure gststructure.c:292:gst_structure_new_id_empty_with_size: created structure 0x55cfe54c0800
0:00:00.012050353  2779 0x5566ef3f4360 DEBUG   GST_REGISTRY gstregistrychunks.c:265:gst_registry_chunks_save_feature: saved 0 interfaces 0 pad templates
0:00:00.015858270  2778 0x55cfe5498360 DEBUG   structure gststructure.c:2258:gst_structure_parse_field: trying field name 'long-name'
0:00:00.015869512  2778 0x55cfe5498360 DEBUG   default gstvalue.c:2776:_priv_gst_value_parse_value: trying type name 'string'
0:00:00.012061834  2779 0x5566ef3f4360 DEBUG   GST_REGISTRY gstregistrychunks.c:265:gst_registry_chunks_save_feature: saved 0 interfaces 0 pad templates
0:00:00.015875033  2778 0x55cfe5498360 DEBUG   structure gststructure.c:2258:gst_structure_parse_field: trying field name 'klass'
0:00:00.012071063  2779 0x5566ef3f4360 DEBUG   GST_REGISTRY gstregistrychunks.c:265:gst_registry_chunks_save_feature: saved 0 interfaces 0 pad templates
0:00:00.015880428  2778 0x55cfe5498360 DEBUG   default gstvalue.c:2776:_priv_gst_value_parse_value: trying type name 'string'
0:00:00.012078701  2779 0x5566ef3f4360 DEBUG   GST_REGISTRY gstregistrychunks.c:265:gst_registry_chunks_save_feature: saved 0 interfaces 0 pad templates
0:00:00.015886658  2778 0x55cfe5498360 DEBUG   structure gststructure.c:2258:gst_structure_parse_field: trying field name 'description'
0:00:00.015893914  2778 0x55cfe5498360 DEBUG   default gstvalue.c:2776:_priv_gst_value_parse_value: trying type name 'string'
0:00:00.012086575  2779 0x5566ef3f4360 DEBUG   GST_REGISTRY gstregistrychunks.c:265:gst_registry_chunks_save_feature: saved 0 interfaces 0 pad templates
0:00:00.015899420  2778 0x55cfe5498360 DEBUG   structure gststructure.c:2258:gst_structure_parse_field: trying field name 'author'
0:00:00.015904595  2778 0x55cfe5498360 DEBUG   default gstvalue.c:2776:_priv_gst_value_parse_value: trying type name 'string'
0:00:00.012097038  2779 0x5566ef3f4360 TRACE   GST_REFCOUNTING gstobject.c:264:gst_object_unref: 0x5566ef41ea30 unref 2->1
0:00:00.015910207  2778 0x55cfe5498360 DEBUG   GST_REGISTRY gstregistrychunks.c:627:gst_registry_chunks_load_feature: Element factory : npadtemplates=2
0:00:00.012104697  2779 0x5566ef3f4360 TRACE   GST_REFCOUNTING gstobject.c:264:gst_object_unref: 0x5566ef420770 unref 2->1
0:00:00.015915681  2778 0x55cfe5498360 DEBUG   GST_REGISTRY gstregistrychunks.c:526:gst_registry_chunks_load_pad_template: Reading/casting for GstRegistryChunkPadTemplate at address 0x55cfe54bed18
0:00:00.012110974  2779 0x5566ef3f4360 TRACE   GST_REFCOUNTING gstobject.c:264:gst_object_unref: 0x5566ef4214b0 unref 2->1
0:00:00.015929272  2778 0x55cfe5498360 DEBUG   GST_REGISTRY gstregistrychunks.c:540:gst_registry_chunks_load_pad_template: Added pad_template sink
0:00:00.012124132  2779 0x5566ef3f4360 TRACE   GST_REFCOUNTING gstobject.c:264:gst_object_unref: 0x5566ef422390 unref 2->1
0:00:00.015934629  2778 0x55cfe5498360 DEBUG   GST_REGISTRY gstregistrychunks.c:526:gst_registry_chunks_load_pad_template: Reading/casting for GstRegistryChunkPadTemplate at address 0x55cfe54bed30
0:00:00.012130184  2779 0x5566ef3f4360 TRACE   GST_REFCOUNTING gstobject.c:264:gst_object_unref: 0x5566ef424150 unref 2->1
0:00:00.015940057  2778 0x55cfe5498360 DEBUG   GST_REGISTRY gstregistrychunks.c:540:gst_registry_chunks_load_pad_template: Added pad_template src
0:00:00.012136306  2779 0x5566ef3f4360 TRACE   GST_REFCOUNTING gstobject.c:264:gst_object_unref: 0x5566ef425250 unref 2->1
0:00:00.015950819  2778 0x55cfe5498360 DEBUG   GST_REGISTRY gstregistry.c:589:gst_registry_add_feature: adding feature 0x55cfe54c0680 (valve)
0:00:00.012144705  2779 0x5566ef3f4360 TRACE   GST_REFCOUNTING gstobject.c:264:gst_object_unref: 0x5566ef426eb0 unref 2->1
0:00:00.015956480  2778 0x55cfe5498360 DEBUG   GST_REFCOUNTING gstobject.c:708:gst_object_set_parent: set parent (ref and sink)
0:00:00.012151638  2779 0x5566ef3f4360 TRACE   GST_REFCOUNTING gstobject.c:264:gst_object_unref: 0x5566ef4294f0 unref 2->1
0:00:00.015963220  2778 0x55cfe5498360 TRACE   GST_REFCOUNTING gstobject.c:292:gst_object_ref_sink: 0x55cfe54c0680 ref_sink 1->2
0:00:00.012157714  2779 0x5566ef3f4360 TRACE   GST_REFCOUNTING gstobject.c:264:gst_object_unref: 0x5566ef42ba00 unref 2->1
0:00:00.015969188  2778 0x55cfe5498360 LOG   GST_REGISTRY gstregistry.c:607:gst_registry_add_feature: emitting feature-added for valve
0:00:00.012163819  2779 0x5566ef3f4360 TRACE   GST_REFCOUNTING gstobject.c:264:gst_object_unref: 0x5566ef42c6b0 unref 2->1
0:00:00.015975203  2778 0x55cfe5498360 DEBUG   GST_REGISTRY gstregistrychunks.c:741:gst_registry_chunks_load_feature: Added feature valve, plugin 0x55cfe54be500 coreelements
0:00:00.012169916  2779 0x5566ef3f4360 TRACE   GST_REFCOUNTING gstobject.c:264:gst_object_unref: 0x5566ef42d490 unref 2->1
0:00:00.015981149  2778 0x55cfe5498360 DEBUG   GST_REGISTRY gstregistrychunks.c:583:gst_registry_chunks_load_feature: Plugin 'coreelements' feature 'multiqueue' typename : 'GstElementFactory'
0:00:00.012175995  2779 0x5566ef3f4360 TRACE   GST_REFCOUNTING gstobject.c:264:gst_object_unref: 0x5566ef42e200 unref 2->1
0:00:00.015987586  2778 0x55cfe5498360 TRACE   GST_REFCOUNTING gstobject.c:208:gst_object_init: 0x55cfe54c0a50 new
0:00:00.012182076  2779 0x5566ef3f4360 TRACE   GST_REFCOUNTING gstobject.c:264:gst_object_unref: 0x5566ef42f740 unref 2->1
0:00:00.015996076  2778 0x55cfe5498360 LOG   GST_REGISTRY gstregistrychunks.c:610:gst_registry_chunks_load_feature: Reading/casting for GstRegistryChunkElementFactory at address 0x55cfe54bed60
0:00:00.012188402  2779 0x5566ef3f4360 TRACE   GST_REFCOUNTING gstobject.c:264:gst_object_unref: 0x5566ef430980 unref 2->1
0:00:00.016002093  2778 0x55cfe5498360 TRACE   structure gststructure.c:292:gst_structure_new_id_empty_with_size: created structure 0x55cfe54c0c80
0:00:00.012196540  2779 0x5566ef3f4360 TRACE   GST_REFCOUNTING gstobject.c:264:gst_object_unref: 0x5566ef431b40 unref 2->1
0:00:00.016007543  2778 0x55cfe5498360 DEBUG   structure gststructure.c:2258:gst_structure_parse_field: trying field name 'long-name'
0:00:00.012202547  2779 0x5566ef3f4360 TRACE   GST_REFCOUNTING gstobject.c:264:gst_object_unref: 0x5566ef433e20 unref 2->1
0:00:00.016013096  2778 0x55cfe5498360 DEBUG   default gstvalue.c:2776:_priv_gst_value_parse_value: trying type name 'string'
0:00:00.012208555  2779 0x5566ef3f4360 TRACE   GST_REFCOUNTING gstobject.c:264:gst_object_unref: 0x5566ef4356c0 unref 2->1
0:00:00.016022553  2778 0x55cfe5498360 DEBUG   structure gststructure.c:2258:gst_structure_parse_field: trying field name 'klass'
0:00:00.012216824  2779 0x5566ef3f4360 TRACE   GST_REFCOUNTING gstobject.c:264:gst_object_unref: 0x5566ef436b40 unref 2->1
0:00:00.016028356  2778 0x55cfe5498360 DEBUG   default gstvalue.c:2776:_priv_gst_value_parse_value: trying type name 'string'
0:00:00.012223097  2779 0x5566ef3f4360 TRACE   GST_REFCOUNTING gstobject.c:264:gst_object_unref: 0x5566ef437f20 unref 2->1
0:00:00.016034192  2778 0x55cfe5498360 DEBUG   structure gststructure.c:2258:gst_structure_parse_field: trying field name 'description'
0:00:00.012229156  2779 0x5566ef3f4360 TRACE   GST_REFCOUNTING gstobject.c:264:gst_object_unref: 0x5566ef438f10 unref 2->1
0:00:00.016039648  2778 0x55cfe5498360 DEBUG   default gstvalue.c:2776:_priv_gst_value_parse_value: trying type name 'string'
0:00:00.012235157  2779 0x5566ef3f4360 TRACE   GST_REFCOUNTING gstobject.c:264:gst_object_unref: 0x5566ef43a9f0 unref 2->1
0:00:00.016045542  2778 0x55cfe5498360 DEBUG   structure gststructure.c:2258:gst_structure_parse_field: trying field name 'author'
0:00:00.012241220  2779 0x5566ef3f4360 TRACE   GST_REFCOUNTING gstobject.c:264:gst_object_unref: 0x5566ef43bbf0 unref 2->1
0:00:00.016050880  2778 0x55cfe5498360 DEBUG   default gstvalue.c:2776:_priv_gst_value_parse_value: trying type name 'string'
0:00:00.012248697  2779 0x5566ef3f4360 DEBUG   GST_REGISTRY gstregistrychunks.c:498:_priv_gst_registry_chunks_save_plugin: Found 22 features in plugin 0x5566ef41e340 (coreelements)
0:00:00.016057351  2778 0x55cfe5498360 DEBUG   GST_REGISTRY gstregistrychunks.c:627:gst_registry_chunks_load_feature: Element factory : npadtemplates=2
0:00:00.012254836  2779 0x5566ef3f4360 DEBUG   GST_POLL gstpoll.c:979:gst_poll_fd_ctl_write: 0x5566ef418cc0: fd (fd:0, idx:1), active : 1
0:00:00.016063795  2778 0x55cfe5498360 DEBUG   GST_REGISTRY gstregistrychunks.c:526:gst_registry_chunks_load_pad_template: Reading/casting for GstRegistryChunkPadTemplate at address 0x55cfe54bee20
0:00:00.012260804  2779 0x5566ef3f4360 LOG   GST_POLL gstpoll.c:994:gst_poll_fd_ctl_write: 0x5566ef418cc0: pfd->events now 60 (POLLOUT:4)
0:00:00.016069958  2778 0x55cfe5498360 DEBUG   GST_REGISTRY gstregistrychunks.c:540:gst_registry_chunks_load_pad_template: Added pad_template src_%u
0:00:00.012266904  2779 0x5566ef3f4360 DEBUG   GST_POLL gstpoll.c:979:gst_poll_fd_ctl_write: 0x5566ef418cc0: fd (fd:0, idx:1), active : 1
0:00:00.016075845  2778 0x55cfe5498360 DEBUG   GST_REGISTRY gstregistrychunks.c:526:gst_registry_chunks_load_pad_template: Reading/casting for GstRegistryChunkPadTemplate at address 0x55cfe54bee38
0:00:00.012272547  2779 0x5566ef3f4360 LOG   GST_POLL gstpoll.c:994:gst_poll_fd_ctl_write: 0x5566ef418cc0: pfd->events now 60 (POLLOUT:4)
0:00:00.016082092  2778 0x55cfe5498360 DEBUG   GST_REGISTRY gstregistrychunks.c:540:gst_registry_chunks_load_pad_template: Added pad_template sink_%u
0:00:00.012278439  2779 0x5566ef3f4360 DEBUG   GST_POLL gstpoll.c:979:gst_poll_fd_ctl_write: 0x5566ef418cc0: fd (fd:0, idx:1), active : 1
0:00:00.012285682  2779 0x5566ef3f4360 LOG   GST_POLL gstpoll.c:994:gst_poll_fd_ctl_write: 0x5566ef418cc0: pfd->events now 60 (POLLOUT:4)
0:00:00.016094659  2778 0x55cfe5498360 DEBUG   GST_REGISTRY gstregistry.c:589:gst_registry_add_feature: adding feature 0x55cfe54c0a50 (multiqueue)
0:00:00.012290782  2779 0x5566ef3f4360 DEBUG   GST_POLL gstpoll.c:979:gst_poll_fd_ctl_write: 0x5566ef418cc0: fd (fd:0, idx:1), active : 1
0:00:00.016100250  2778 0x55cfe5498360 DEBUG   GST_REFCOUNTING gstobject.c:708:gst_object_set_parent: set parent (ref and sink)
0:00:00.012296325  2779 0x5566ef3f4360 LOG   GST_POLL gstpoll.c:994:gst_poll_fd_ctl_write: 0x5566ef418cc0: pfd->events now 60 (POLLOUT:4)
0:00:00.016106755  2778 0x55cfe5498360 TRACE   GST_REFCOUNTING gstobject.c:292:gst_object_ref_sink: 0x55cfe54c0a50 ref_sink 1->2
0:00:00.012302055  2779 0x5566ef3f4360 DEBUG   GST_POLL gstpoll.c:979:gst_poll_fd_ctl_write: 0x5566ef418cc0: fd (fd:0, idx:1), active : 1
0:00:00.016112669  2778 0x55cfe5498360 LOG   GST_REGISTRY gstregistry.c:607:gst_registry_add_feature: emitting feature-added for multiqueue
0:00:00.012307494  2779 0x5566ef3f4360 LOG   GST_POLL gstpoll.c:994:gst_poll_fd_ctl_write: 0x5566ef418cc0: pfd->events now 60 (POLLOUT:4)
0:00:00.016118695  2778 0x55cfe5498360 DEBUG   GST_REGISTRY gstregistrychunks.c:741:gst_registry_chunks_load_feature: Added feature multiqueue, plugin 0x55cfe54be500 coreelements
0:00:00.012313159  2779 0x5566ef3f4360 DEBUG   GST_POLL gstpoll.c:979:gst_poll_fd_ctl_write: 0x5566ef418cc0: fd (fd:0, idx:1), active : 1
0:00:00.016124336  2778 0x55cfe5498360 DEBUG   GST_REGISTRY gstregistrychunks.c:583:gst_registry_chunks_load_feature: Plugin 'coreelements' feature 'typefind' typename : 'GstElementFactory'
0:00:00.012318857  2779 0x5566ef3f4360 LOG   GST_POLL gstpoll.c:994:gst_poll_fd_ctl_write: 0x5566ef418cc0: pfd->events now 60 (POLLOUT:4)
0:00:00.016130711  2778 0x55cfe5498360 TRACE   GST_REFCOUNTING gstobject.c:208:gst_object_init: 0x55cfe54c0f30 new
0:00:00.012324539  2779 0x5566ef3f4360 DEBUG   GST_POLL gstpoll.c:979:gst_poll_fd_ctl_write: 0x5566ef418cc0: fd (fd:0, idx:1), active : 1
0:00:00.016137065  2778 0x55cfe5498360 LOG   GST_REGISTRY gstregistrychunks.c:610:gst_registry_chunks_load_feature: Reading/casting for GstRegistryChunkElementFactory at address 0x55cfe54bee68
0:00:00.012331130  2779 0x5566ef3f4360 LOG   GST_POLL gstpoll.c:994:gst_poll_fd_ctl_write: 0x5566ef418cc0: pfd->events now 60 (POLLOUT:4)
0:00:00.016142825  2778 0x55cfe5498360 TRACE   structure gststructure.c:292:gst_structure_new_id_empty_with_size: created structure 0x55cfe54c1240
0:00:00.012337259  2779 0x5566ef3f4360 DEBUG   GST_POLL gstpoll.c:979:gst_poll_fd_ctl_write: 0x5566ef418cc0: fd (fd:0, idx:1), active : 1
0:00:00.016148149  2778 0x55cfe5498360 DEBUG   structure gststructure.c:2258:gst_structure_parse_field: trying field name 'long-name'
0:00:00.012342766  2779 0x5566ef3f4360 LOG   GST_POLL gstpoll.c:994:gst_poll_fd_ctl_write: 0x5566ef418cc0: pfd->events now 60 (POLLOUT:4)
0:00:00.016153425  2778 0x55cfe5498360 DEBUG   default gstvalue.c:2776:_priv_gst_value_parse_value: trying type name 'string'
0:00:00.012351911  2779 0x5566ef3f4360 DEBUG   GST_POLL gstpoll.c:979:gst_poll_fd_ctl_write: 0x5566ef418cc0: fd (fd:0, idx:1), active : 1
0:00:00.016161470  2778 0x55cfe5498360 DEBUG   structure gststructure.c:2258:gst_structure_parse_field: trying field name 'klass'
0:00:00.012357761  2779 0x5566ef3f4360 LOG   GST_POLL gstpoll.c:994:gst_poll_fd_ctl_write: 0x5566ef418cc0: pfd->events now 60 (POLLOUT:4)
0:00:00.016167175  2778 0x55cfe5498360 DEBUG   default gstvalue.c:2776:_priv_gst_value_parse_value: trying type name 'string'
0:00:00.012363585  2779 0x5566ef3f4360 DEBUG   GST_POLL gstpoll.c:979:gst_poll_fd_ctl_write: 0x5566ef418cc0: fd (fd:0, idx:1), active : 1
0:00:00.016173063  2778 0x55cfe5498360 DEBUG   structure gststructure.c:2258:gst_structure_parse_field: trying field name 'description'
0:00:00.012369231  2779 0x5566ef3f4360 LOG   GST_POLL gstpoll.c:994:gst_poll_fd_ctl_write: 0x5566ef418cc0: pfd->events now 60 (POLLOUT:4)
0:00:00.016178553  2778 0x55cfe5498360 DEBUG   default gstvalue.c:2776:_priv_gst_value_parse_value: trying type name 'string'
0:00:00.012374931  2779 0x5566ef3f4360 DEBUG   GST_POLL gstpoll.c:979:gst_poll_fd_ctl_write: 0x5566ef418cc0: fd (fd:0, idx:1), active : 1
0:00:00.016184700  2778 0x55cfe5498360 DEBUG   structure gststructure.c:2258:gst_structure_parse_field: trying field name 'author'
0:00:00.012380528  2779 0x5566ef3f4360 LOG   GST_POLL gstpoll.c:994:gst_poll_fd_ctl_write: 0x5566ef418cc0: pfd->events now 60 (POLLOUT:4)
0:00:00.016189928  2778 0x55cfe5498360 DEBUG   default gstvalue.c:2776:_priv_gst_value_parse_value: trying type name 'string'
0:00:00.012386241  2779 0x5566ef3f4360 DEBUG   GST_POLL gstpoll.c:979:gst_poll_fd_ctl_write: 0x5566ef418cc0: fd (fd:0, idx:1), active : 1
0:00:00.016196228  2778 0x55cfe5498360 DEBUG   GST_REGISTRY gstregistrychunks.c:627:gst_registry_chunks_load_feature: Element factory : npadtemplates=2
0:00:00.012391826  2779 0x5566ef3f4360 LOG   GST_POLL gstpoll.c:994:gst_poll_fd_ctl_write: 0x5566ef418cc0: pfd->events now 60 (POLLOUT:4)
0:00:00.016201592  2778 0x55cfe5498360 DEBUG   GST_REGISTRY gstregistrychunks.c:526:gst_registry_chunks_load_pad_template: Reading/casting for GstRegistryChunkPadTemplate at address 0x55cfe54bef40
0:00:00.012397574  2779 0x5566ef3f4360 DEBUG   GST_POLL gstpoll.c:979:gst_poll_fd_ctl_write: 0x5566ef418cc0: fd (fd:0, idx:1), active : 1
0:00:00.016206957  2778 0x55cfe5498360 DEBUG   GST_REGISTRY gstregistrychunks.c:540:gst_registry_chunks_load_pad_template: Added pad_template sink
0:00:00.012403393  2779 0x5566ef3f4360 LOG   GST_POLL gstpoll.c:994:gst_poll_fd_ctl_write: 0x5566ef418cc0: pfd->events now 60 (POLLOUT:4)
0:00:00.016212595  2778 0x55cfe5498360 DEBUG   GST_REGISTRY gstregistrychunks.c:526:gst_registry_chunks_load_pad_template: Reading/casting for GstRegistryChunkPadTemplate at address 0x55cfe54bef58
0:00:00.012409274  2779 0x5566ef3f4360 DEBUG   GST_POLL gstpoll.c:979:gst_poll_fd_ctl_write: 0x5566ef418cc0: fd (fd:0, idx:1), active : 1
0:00:00.016218418  2778 0x55cfe5498360 DEBUG   GST_REGISTRY gstregistrychunks.c:540:gst_registry_chunks_load_pad_template: Added pad_template src
0:00:00.012418386  2779 0x5566ef3f4360 LOG   GST_POLL gstpoll.c:994:gst_poll_fd_ctl_write: 0x5566ef418cc0: pfd->events now 60 (POLLOUT:4)
0:00:00.016228617  2778 0x55cfe5498360 DEBUG   GST_REGISTRY gstregistry.c:589:gst_registry_add_feature: adding feature 0x55cfe54c0f30 (typefind)
0:00:00.012424355  2779 0x5566ef3f4360 DEBUG   GST_POLL gstpoll.c:979:gst_poll_fd_ctl_write: 0x5566ef418cc0: fd (fd:0, idx:1), active : 1
0:00:00.016233754  2778 0x55cfe5498360 DEBUG   GST_REFCOUNTING gstobject.c:708:gst_object_set_parent: set parent (ref and sink)
0:00:00.012429877  2779 0x5566ef3f4360 LOG   GST_POLL gstpoll.c:994:gst_poll_fd_ctl_write: 0x5566ef418cc0: pfd->events now 60 (POLLOUT:4)
0:00:00.016240076  2778 0x55cfe5498360 TRACE   GST_REFCOUNTING gstobject.c:292:gst_object_ref_sink: 0x55cfe54c0f30 ref_sink 1->2
0:00:00.012435626  2779 0x5566ef3f4360 DEBUG   GST_POLL gstpoll.c:979:gst_poll_fd_ctl_write: 0x5566ef418cc0: fd (fd:0, idx:1), active : 1
0:00:00.016245863  2778 0x55cfe5498360 LOG   GST_REGISTRY gstregistry.c:607:gst_registry_add_feature: emitting feature-added for typefind
0:00:00.012441192  2779 0x5566ef3f4360 LOG   GST_POLL gstpoll.c:994:gst_poll_fd_ctl_write: 0x5566ef418cc0: pfd->events now 60 (POLLOUT:4)
0:00:00.016251791  2778 0x55cfe5498360 DEBUG   GST_REGISTRY gstregistrychunks.c:741:gst_registry_chunks_load_feature: Added feature typefind, plugin 0x55cfe54be500 coreelements
0:00:00.012447024  2779 0x5566ef3f4360 DEBUG   GST_POLL gstpoll.c:979:gst_poll_fd_ctl_write: 0x5566ef418cc0: fd (fd:0, idx:1), active : 1
0:00:00.016257645  2778 0x55cfe5498360 DEBUG   GST_REGISTRY gstregistrychunks.c:583:gst_registry_chunks_load_feature: Plugin 'coreelements' feature 'tee' typename : 'GstElementFactory'
0:00:00.012452612  2779 0x5566ef3f4360 LOG   GST_POLL gstpoll.c:994:gst_poll_fd_ctl_write: 0x5566ef418cc0: pfd->events now 60 (POLLOUT:4)
0:00:00.016263970  2778 0x55cfe5498360 TRACE   GST_REFCOUNTING gstobject.c:208:gst_object_init: 0x55cfe54c1490 new
0:00:00.012458337  2779 0x5566ef3f4360 DEBUG   GST_POLL gstpoll.c:979:gst_poll_fd_ctl_write: 0x5566ef418cc0: fd (fd:0, idx:1), active : 1
0:00:00.016270353  2778 0x55cfe5498360 LOG   GST_REGISTRY gstregistrychunks.c:610:gst_registry_chunks_load_feature: Reading/casting for GstRegistryChunkElementFactory at address 0x55cfe54bef80
0:00:00.012464386  2779 0x5566ef3f4360 LOG   GST_POLL gstpoll.c:994:gst_poll_fd_ctl_write: 0x5566ef418cc0: pfd->events now 60 (POLLOUT:4)
0:00:00.016275962  2778 0x55cfe5498360 TRACE   structure gststructure.c:292:gst_structure_new_id_empty_with_size: created structure 0x55cfe54c1790
0:00:00.012470578  2779 0x5566ef3f4360 DEBUG   GST_POLL gstpoll.c:979:gst_poll_fd_ctl_write: 0x5566ef418cc0: fd (fd:0, idx:1), active : 1
0:00:00.016281320  2778 0x55cfe5498360 DEBUG   structure gststructure.c:2258:gst_structure_parse_field: trying field name 'long-name'
0:00:00.012476052  2779 0x5566ef3f4360 LOG   GST_POLL gstpoll.c:994:gst_poll_fd_ctl_write: 0x5566ef418cc0: pfd->events now 60 (POLLOUT:4)
0:00:00.016290875  2778 0x55cfe5498360 DEBUG   default gstvalue.c:2776:_priv_gst_value_parse_value: trying type name 'string'
0:00:00.012485729  2779 0x5566ef3f4360 DEBUG   GST_POLL gstpoll.c:979:gst_poll_fd_ctl_write: 0x5566ef418cc0: fd (fd:0, idx:1), active : 1
0:00:00.012491177  2779 0x5566ef3f4360 LOG   GST_POLL gstpoll.c:994:gst_poll_fd_ctl_write: 0x5566ef418cc0: pfd->events now 60 (POLLOUT:4)
0:00:00.016296796  2778 0x55cfe5498360 DEBUG   structure gststructure.c:2258:gst_structure_parse_field: trying field name 'klass'
0:00:00.012496290  2779 0x5566ef3f4360 DEBUG   GST_POLL gstpoll.c:979:gst_poll_fd_ctl_write: 0x5566ef418cc0: fd (fd:0, idx:1), active : 1
0:00:00.016308355  2778 0x55cfe5498360 DEBUG   default gstvalue.c:2776:_priv_gst_value_parse_value: trying type name 'string'
0:00:00.012502941  2779 0x5566ef3f4360 LOG   GST_POLL gstpoll.c:994:gst_poll_fd_ctl_write: 0x5566ef418cc0: pfd->events now 60 (POLLOUT:4)
0:00:00.016314335  2778 0x55cfe5498360 DEBUG   structure gststructure.c:2258:gst_structure_parse_field: trying field name 'description'
0:00:00.012508593  2779 0x5566ef3f4360 DEBUG   GST_POLL gstpoll.c:979:gst_poll_fd_ctl_write: 0x5566ef418cc0: fd (fd:0, idx:1), active : 1
0:00:00.016319690  2778 0x55cfe5498360 DEBUG   default gstvalue.c:2776:_priv_gst_value_parse_value: trying type name 'string'
0:00:00.012514462  2779 0x5566ef3f4360 LOG   GST_POLL gstpoll.c:994:gst_poll_fd_ctl_write: 0x5566ef418cc0: pfd->events now 60 (POLLOUT:4)
0:00:00.016325586  2778 0x55cfe5498360 DEBUG   structure gststructure.c:2258:gst_structure_parse_field: trying field name 'author'
0:00:00.012520151  2779 0x5566ef3f4360 DEBUG   GST_POLL gstpoll.c:979:gst_poll_fd_ctl_write: 0x5566ef418cc0: fd (fd:0, idx:1), active : 1
0:00:00.016331123  2778 0x55cfe5498360 DEBUG   default gstvalue.c:2776:_priv_gst_value_parse_value: trying type name 'string'
0:00:00.012525801  2779 0x5566ef3f4360 LOG   GST_POLL gstpoll.c:994:gst_poll_fd_ctl_write: 0x5566ef418cc0: pfd->events now 60 (POLLOUT:4)
0:00:00.016337570  2778 0x55cfe5498360 DEBUG   GST_REGISTRY gstregistrychunks.c:627:gst_registry_chunks_load_feature: Element factory : npadtemplates=2
0:00:00.012531531  2779 0x5566ef3f4360 DEBUG   GST_POLL gstpoll.c:979:gst_poll_fd_ctl_write: 0x5566ef418cc0: fd (fd:0, idx:1), active : 1
0:00:00.016343040  2778 0x55cfe5498360 DEBUG   GST_REGISTRY gstregistrychunks.c:526:gst_registry_chunks_load_pad_template: Reading/casting for GstRegistryChunkPadTemplate at address 0x55cfe54bf070
0:00:00.012537827  2779 0x5566ef3f4360 LOG   GST_POLL gstpoll.c:994:gst_poll_fd_ctl_write: 0x5566ef418cc0: pfd->events now 60 (POLLOUT:4)
0:00:00.016348615  2778 0x55cfe5498360 DEBUG   GST_REGISTRY gstregistrychunks.c:540:gst_registry_chunks_load_pad_template: Added pad_template src_%u
0:00:00.012543576  2779 0x5566ef3f4360 DEBUG   GST_POLL gstpoll.c:979:gst_poll_fd_ctl_write: 0x5566ef418cc0: fd (fd:0, idx:1), active : 1
0:00:00.016353889  2778 0x55cfe5498360 DEBUG   GST_REGISTRY gstregistrychunks.c:526:gst_registry_chunks_load_pad_template: Reading/casting for GstRegistryChunkPadTemplate at address 0x55cfe54bf088
0:00:00.012549107  2779 0x5566ef3f4360 LOG   GST_POLL gstpoll.c:994:gst_poll_fd_ctl_write: 0x5566ef418cc0: pfd->events now 60 (POLLOUT:4)
0:00:00.016362917  2778 0x55cfe5498360 DEBUG   GST_REGISTRY gstregistrychunks.c:540:gst_registry_chunks_load_pad_template: Added pad_template sink
0:00:00.012557659  2779 0x5566ef3f4360 DEBUG   GST_POLL gstpoll.c:979:gst_poll_fd_ctl_write: 0x5566ef418cc0: fd (fd:0, idx:1), active : 1
0:00:00.016369772  2778 0x55cfe5498360 DEBUG   GST_REGISTRY gstregistry.c:589:gst_registry_add_feature: adding feature 0x55cfe54c1490 (tee)
0:00:00.012563261  2779 0x5566ef3f4360 LOG   GST_POLL gstpoll.c:994:gst_poll_fd_ctl_write: 0x5566ef418cc0: pfd->events now 60 (POLLOUT:4)
0:00:00.016375641  2778 0x55cfe5498360 DEBUG   GST_REFCOUNTING gstobject.c:708:gst_object_set_parent: set parent (ref and sink)
0:00:00.012570804  2779 0x5566ef3f4360 DEBUG   GST_POLL gstpoll.c:979:gst_poll_fd_ctl_write: 0x5566ef418cc0: fd (fd:0, idx:1), active : 1
0:00:00.016382413  2778 0x55cfe5498360 TRACE   GST_REFCOUNTING gstobject.c:292:gst_object_ref_sink: 0x55cfe54c1490 ref_sink 1->2
0:00:00.012576608  2779 0x5566ef3f4360 LOG   GST_POLL gstpoll.c:994:gst_poll_fd_ctl_write: 0x5566ef418cc0: pfd->events now 60 (POLLOUT:4)
0:00:00.016388625  2778 0x55cfe5498360 LOG   GST_REGISTRY gstregistry.c:607:gst_registry_add_feature: emitting feature-added for tee
0:00:00.012583346  2779 0x5566ef3f4360 DEBUG   GST_POLL gstpoll.c:979:gst_poll_fd_ctl_write: 0x5566ef418cc0: fd (fd:0, idx:1), active : 1
0:00:00.016394762  2778 0x55cfe5498360 DEBUG   GST_REGISTRY gstregistrychunks.c:741:gst_registry_chunks_load_feature: Added feature tee, plugin 0x55cfe54be500 coreelements
0:00:00.012588891  2779 0x5566ef3f4360 LOG   GST_POLL gstpoll.c:994:gst_poll_fd_ctl_write: 0x5566ef418cc0: pfd->events now 60 (POLLOUT:4)
0:00:00.016400636  2778 0x55cfe5498360 DEBUG   GST_REGISTRY gstregistrychunks.c:583:gst_registry_chunks_load_feature: Plugin 'coreelements' feature 'filesink' typename : 'GstElementFactory'
0:00:00.012595218  2779 0x5566ef3f4360 DEBUG   GST_POLL gstpoll.c:979:gst_poll_fd_ctl_write: 0x5566ef418cc0: fd (fd:0, idx:1), active : 1
0:00:00.016406971  2778 0x55cfe5498360 TRACE   GST_REFCOUNTING gstobject.c:208:gst_object_init: 0x55cfe54c1a00 new
0:00:00.012600842  2779 0x5566ef3f4360 LOG   GST_POLL gstpoll.c:994:gst_poll_fd_ctl_write: 0x5566ef418cc0: pfd->events now 60 (POLLOUT:4)
0:00:00.016413478  2778 0x55cfe5498360 LOG   GST_REGISTRY gstregistrychunks.c:610:gst_registry_chunks_load_feature: Reading/casting for GstRegistryChunkElementFactory at address 0x55cfe54bf0b8
0:00:00.012607682  2779 0x5566ef3f4360 DEBUG   GST_POLL gstpoll.c:979:gst_poll_fd_ctl_write: 0x5566ef418cc0: fd (fd:0, idx:1), active : 1
0:00:00.016419473  2778 0x55cfe5498360 TRACE   structure gststructure.c:292:gst_structure_new_id_empty_with_size: created structure 0x55cfe54c1d70
0:00:00.012613757  2779 0x5566ef3f4360 LOG   GST_POLL gstpoll.c:994:gst_poll_fd_ctl_write: 0x5566ef418cc0: pfd->events now 60 (POLLOUT:4)
0:00:00.016425186  2778 0x55cfe5498360 DEBUG   structure gststructure.c:2258:gst_structure_parse_field: trying field name 'long-name'
0:00:00.012623679  2779 0x5566ef3f4360 DEBUG   GST_POLL gstpoll.c:979:gst_poll_fd_ctl_write: 0x5566ef418cc0: fd (fd:0, idx:1), active : 1
0:00:00.016432736  2778 0x55cfe5498360 DEBUG   default gstvalue.c:2776:_priv_gst_value_parse_value: trying type name 'string'
0:00:00.012629410  2779 0x5566ef3f4360 LOG   GST_POLL gstpoll.c:994:gst_poll_fd_ctl_write: 0x5566ef418cc0: pfd->events now 60 (POLLOUT:4)
0:00:00.016439519  2778 0x55cfe5498360 DEBUG   structure gststructure.c:2258:gst_structure_parse_field: trying field name 'klass'
0:00:00.012635270  2779 0x5566ef3f4360 DEBUG   GST_POLL gstpoll.c:979:gst_poll_fd_ctl_write: 0x5566ef418cc0: fd (fd:0, idx:1), active : 1
0:00:00.016445131  2778 0x55cfe5498360 DEBUG   default gstvalue.c:2776:_priv_gst_value_parse_value: trying type name 'string'
0:00:00.012640827  2779 0x5566ef3f4360 LOG   GST_POLL gstpoll.c:994:gst_poll_fd_ctl_write: 0x5566ef418cc0: pfd->events now 60 (POLLOUT:4)
0:00:00.016465407  2778 0x55cfe5498360 DEBUG   structure gststructure.c:2258:gst_structure_parse_field: trying field name 'description'
0:00:00.012659991  2779 0x5566ef3f4360 DEBUG   GST_POLL gstpoll.c:979:gst_poll_fd_ctl_write: 0x5566ef418cc0: fd (fd:0, idx:1), active : 1
0:00:00.012668673  2779 0x5566ef3f4360 LOG   GST_POLL gstpoll.c:994:gst_poll_fd_ctl_write: 0x5566ef418cc0: pfd->events now 60 (POLLOUT:4)
0:00:00.016475586  2778 0x55cfe5498360 DEBUG   default gstvalue.c:2776:_priv_gst_value_parse_value: trying type name 'string'
0:00:00.012673832  2779 0x5566ef3f4360 DEBUG   GST_POLL gstpoll.c:979:gst_poll_fd_ctl_write: 0x5566ef418cc0: fd (fd:0, idx:1), active : 1
0:00:00.012679374  2779 0x5566ef3f4360 LOG   GST_POLL gstpoll.c:994:gst_poll_fd_ctl_write: 0x5566ef418cc0: pfd->events now 60 (POLLOUT:4)
0:00:00.016486333  2778 0x55cfe5498360 DEBUG   structure gststructure.c:2258:gst_structure_parse_field: trying field name 'author'
0:00:00.012684611  2779 0x5566ef3f4360 DEBUG   GST_POLL gstpoll.c:979:gst_poll_fd_ctl_write: 0x5566ef418cc0: fd (fd:0, idx:1), active : 1
0:00:00.016495417  2778 0x55cfe5498360 DEBUG   default gstvalue.c:2776:_priv_gst_value_parse_value: trying type name 'string'
0:00:00.012690151  2779 0x5566ef3f4360 LOG   GST_POLL gstpoll.c:994:gst_poll_fd_ctl_write: 0x5566ef418cc0: pfd->events now 60 (POLLOUT:4)
0:00:00.012696051  2779 0x5566ef3f4360 DEBUG   GST_POLL gstpoll.c:979:gst_poll_fd_ctl_write: 0x5566ef418cc0: fd (fd:0, idx:1), active : 1
0:00:00.016505501  2778 0x55cfe5498360 DEBUG   GST_REGISTRY gstregistrychunks.c:627:gst_registry_chunks_load_feature: Element factory : npadtemplates=1
0:00:00.012700927  2779 0x5566ef3f4360 LOG   GST_POLL gstpoll.c:994:gst_poll_fd_ctl_write: 0x5566ef418cc0: pfd->events now 60 (POLLOUT:4)
0:00:00.016511048  2778 0x55cfe5498360 DEBUG   GST_REGISTRY gstregistrychunks.c:526:gst_registry_chunks_load_pad_template: Reading/casting for GstRegistryChunkPadTemplate at address 0x55cfe54bf198
0:00:00.012706828  2779 0x5566ef3f4360 DEBUG   GST_POLL gstpoll.c:979:gst_poll_fd_ctl_write: 0x5566ef418cc0: fd (fd:0, idx:1), active : 1
0:00:00.016516725  2778 0x55cfe5498360 DEBUG   GST_REGISTRY gstregistrychunks.c:540:gst_registry_chunks_load_pad_template: Added pad_template sink
0:00:00.012716270  2779 0x5566ef3f4360 LOG   GST_POLL gstpoll.c:994:gst_poll_fd_ctl_write: 0x5566ef418cc0: pfd->events now 60 (POLLOUT:4)
0:00:00.016526430  2778 0x55cfe5498360 DEBUG   GST_REGISTRY gstregistrychunks.c:640:gst_registry_chunks_load_feature: Reading 1 UriTypes at address 0x55cfe54bf1a9
0:00:00.012722194  2779 0x5566ef3f4360 DEBUG   GST_POLL gstpoll.c:979:gst_poll_fd_ctl_write: 0x5566ef418cc0: fd (fd:0, idx:1), active : 1
0:00:00.016533481  2778 0x55cfe5498360 DEBUG   GST_REGISTRY gstregistrychunks.c:655:gst_registry_chunks_load_feature: Reading 1 Interfaces at address 0x55cfe54bf1b9
0:00:00.012727769  2779 0x5566ef3f4360 LOG   GST_POLL gstpoll.c:994:gst_poll_fd_ctl_write: 0x5566ef418cc0: pfd->events now 60 (POLLOUT:4)
0:00:00.016540709  2778 0x55cfe5498360 DEBUG   GST_REGISTRY gstregistry.c:589:gst_registry_add_feature: adding feature 0x55cfe54c1a00 (filesink)
0:00:00.012733704  2779 0x5566ef3f4360 DEBUG   GST_POLL gstpoll.c:979:gst_poll_fd_ctl_write: 0x5566ef418cc0: fd (fd:0, idx:1), active : 1
0:00:00.016546500  2778 0x55cfe5498360 DEBUG   GST_REFCOUNTING gstobject.c:708:gst_object_set_parent: set parent (ref and sink)
0:00:00.012740996  2779 0x5566ef3f4360 LOG   GST_POLL gstpoll.c:994:gst_poll_fd_ctl_write: 0x5566ef418cc0: pfd->events now 60 (POLLOUT:4)
0:00:00.016553016  2778 0x55cfe5498360 TRACE   GST_REFCOUNTING gstobject.c:292:gst_object_ref_sink: 0x55cfe54c1a00 ref_sink 1->2
0:00:00.012747127  2779 0x5566ef3f4360 DEBUG   GST_POLL gstpoll.c:979:gst_poll_fd_ctl_write: 0x5566ef418cc0: fd (fd:0, idx:1), active : 1
0:00:00.016558919  2778 0x55cfe5498360 LOG   GST_REGISTRY gstregistry.c:607:gst_registry_add_feature: emitting feature-added for filesink
0:00:00.012753284  2779 0x5566ef3f4360 LOG   GST_POLL gstpoll.c:994:gst_poll_fd_ctl_write: 0x5566ef418cc0: pfd->events now 60 (POLLOUT:4)
0:00:00.016564978  2778 0x55cfe5498360 DEBUG   GST_REGISTRY gstregistrychunks.c:741:gst_registry_chunks_load_feature: Added feature filesink, plugin 0x55cfe54be500 coreelements
0:00:00.012759066  2779 0x5566ef3f4360 DEBUG   GST_POLL gstpoll.c:979:gst_poll_fd_ctl_write: 0x5566ef418cc0: fd (fd:0, idx:1), active : 1
0:00:00.016570924  2778 0x55cfe5498360 DEBUG   GST_REGISTRY gstregistrychunks.c:583:gst_registry_chunks_load_feature: Plugin 'coreelements' feature 'queue2' typename : 'GstElementFactory'
0:00:00.012765048  2779 0x5566ef3f4360 LOG   GST_POLL gstpoll.c:994:gst_poll_fd_ctl_write: 0x5566ef418cc0: pfd->events now 60 (POLLOUT:4)
0:00:00.016577546  2778 0x55cfe5498360 TRACE   GST_REFCOUNTING gstobject.c:208:gst_object_init: 0x55cfe54c2410 new
0:00:00.012771154  2779 0x5566ef3f4360 DEBUG   GST_POLL gstpoll.c:979:gst_poll_fd_ctl_write: 0x5566ef418cc0: fd (fd:0, idx:1), active : 1
0:00:00.016584130  2778 0x55cfe5498360 LOG   GST_REGISTRY gstregistrychunks.c:610:gst_registry_chunks_load_feature: Reading/casting for GstRegistryChunkElementFactory at address 0x55cfe54bf1e0
0:00:00.012777948  2779 0x5566ef3f4360 LOG   GST_POLL gstpoll.c:994:gst_poll_fd_ctl_write: 0x5566ef418cc0: pfd->events now 60 (POLLOUT:4)
0:00:00.016594038  2778 0x55cfe5498360 TRACE   structure gststructure.c:292:gst_structure_new_id_empty_with_size: created structure 0x55cfe54c2640
0:00:00.012788570  2779 0x5566ef3f4360 DEBUG   GST_POLL gstpoll.c:979:gst_poll_fd_ctl_write: 0x5566ef418cc0: fd (fd:0, idx:1), active : 1
0:00:00.016599741  2778 0x55cfe5498360 DEBUG   structure gststructure.c:2258:gst_structure_parse_field: trying field name 'long-name'
0:00:00.012794263  2779 0x5566ef3f4360 LOG   GST_POLL gstpoll.c:994:gst_poll_fd_ctl_write: 0x5566ef418cc0: pfd->events now 60 (POLLOUT:4)
0:00:00.016605060  2778 0x55cfe5498360 DEBUG   default gstvalue.c:2776:_priv_gst_value_parse_value: trying type name 'string'
0:00:00.012800038  2779 0x5566ef3f4360 DEBUG   GST_POLL gstpoll.c:979:gst_poll_fd_ctl_write: 0x5566ef418cc0: fd (fd:0, idx:1), active : 1
0:00:00.016610850  2778 0x55cfe5498360 DEBUG   structure gststructure.c:2258:gst_structure_parse_field: trying field name 'klass'
0:00:00.012805549  2779 0x5566ef3f4360 LOG   GST_POLL gstpoll.c:994:gst_poll_fd_ctl_write: 0x5566ef418cc0: pfd->events now 60 (POLLOUT:4)
0:00:00.016616145  2778 0x55cfe5498360 DEBUG   default gstvalue.c:2776:_priv_gst_value_parse_value: trying type name 'string'
0:00:00.012811245  2779 0x5566ef3f4360 DEBUG   GST_POLL gstpoll.c:979:gst_poll_fd_ctl_write: 0x5566ef418cc0: fd (fd:0, idx:1), active : 1
0:00:00.016621818  2778 0x55cfe5498360 DEBUG   structure gststructure.c:2258:gst_structure_parse_field: trying field name 'description'
0:00:00.012816844  2779 0x5566ef3f4360 LOG   GST_POLL gstpoll.c:994:gst_poll_fd_ctl_write: 0x5566ef418cc0: pfd->events now 60 (POLLOUT:4)
0:00:00.016627215  2778 0x55cfe5498360 DEBUG   default gstvalue.c:2776:_priv_gst_value_parse_value: trying type name 'string'
0:00:00.012822533  2779 0x5566ef3f4360 DEBUG   GST_POLL gstpoll.c:979:gst_poll_fd_ctl_write: 0x5566ef418cc0: fd (fd:0, idx:1), active : 1
0:00:00.016633071  2778 0x55cfe5498360 DEBUG   structure gststructure.c:2258:gst_structure_parse_field: trying field name 'author'
0:00:00.012827985  2779 0x5566ef3f4360 LOG   GST_POLL gstpoll.c:994:gst_poll_fd_ctl_write: 0x5566ef418cc0: pfd->events now 60 (POLLOUT:4)
0:00:00.016638392  2778 0x55cfe5498360 DEBUG   default gstvalue.c:2776:_priv_gst_value_parse_value: trying type name 'string'
0:00:00.012833676  2779 0x5566ef3f4360 DEBUG   GST_POLL gstpoll.c:979:gst_poll_fd_ctl_write: 0x5566ef418cc0: fd (fd:0, idx:1), active : 1
0:00:00.016644628  2778 0x55cfe5498360 DEBUG   GST_REGISTRY gstregistrychunks.c:627:gst_registry_chunks_load_feature: Element factory : npadtemplates=2
0:00:00.012839156  2779 0x5566ef3f4360 LOG   GST_POLL gstpoll.c:994:gst_poll_fd_ctl_write: 0x5566ef418cc0: pfd->events now 60 (POLLOUT:4)
0:00:00.016649950  2778 0x55cfe5498360 DEBUG   GST_REGISTRY gstregistrychunks.c:526:gst_registry_chunks_load_pad_template: Reading/casting for GstRegistryChunkPadTemplate at address 0x55cfe54bf2d0
0:00:00.012845056  2779 0x5566ef3f4360 DEBUG   GST_POLL gstpoll.c:979:gst_poll_fd_ctl_write: 0x5566ef418cc0: fd (fd:0, idx:1), active : 1
0:00:00.016655150  2778 0x55cfe5498360 DEBUG   GST_REGISTRY gstregistrychunks.c:540:gst_registry_chunks_load_pad_template: Added pad_template sink
0:00:00.012854139  2779 0x5566ef3f4360 LOG   GST_POLL gstpoll.c:994:gst_poll_fd_ctl_write: 0x5566ef418cc0: pfd->events now 60 (POLLOUT:4)
0:00:00.016663298  2778 0x55cfe5498360 DEBUG   GST_REGISTRY gstregistrychunks.c:526:gst_registry_chunks_load_pad_template: Reading/casting for GstRegistryChunkPadTemplate at address 0x55cfe54bf2e8
0:00:00.012860134  2779 0x5566ef3f4360 DEBUG   GST_POLL gstpoll.c:979:gst_poll_fd_ctl_write: 0x5566ef418cc0: fd (fd:0, idx:1), active : 1
0:00:00.016669271  2778 0x55cfe5498360 DEBUG   GST_REGISTRY gstregistrychunks.c:540:gst_registry_chunks_load_pad_template: Added pad_template src
0:00:00.012865661  2779 0x5566ef3f4360 LOG   GST_POLL gstpoll.c:994:gst_poll_fd_ctl_write: 0x5566ef418cc0: pfd->events now 60 (POLLOUT:4)
0:00:00.016676055  2778 0x55cfe5498360 DEBUG   GST_REGISTRY gstregistry.c:589:gst_registry_add_feature: adding feature 0x55cfe54c2410 (queue2)
0:00:00.012871597  2779 0x5566ef3f4360 DEBUG   GST_POLL gstpoll.c:979:gst_poll_fd_ctl_write: 0x5566ef418cc0: fd (fd:0, idx:1), active : 1
0:00:00.016681225  2778 0x55cfe5498360 DEBUG   GST_REFCOUNTING gstobject.c:708:gst_object_set_parent: set parent (ref and sink)
0:00:00.012877202  2779 0x5566ef3f4360 LOG   GST_POLL gstpoll.c:994:gst_poll_fd_ctl_write: 0x5566ef418cc0: pfd->events now 60 (POLLOUT:4)
0:00:00.016687442  2778 0x55cfe5498360 TRACE   GST_REFCOUNTING gstobject.c:292:gst_object_ref_sink: 0x55cfe54c2410 ref_sink 1->2
0:00:00.012883014  2779 0x5566ef3f4360 DEBUG   GST_POLL gstpoll.c:979:gst_poll_fd_ctl_write: 0x5566ef418cc0: fd (fd:0, idx:1), active : 1
0:00:00.016693184  2778 0x55cfe5498360 LOG   GST_REGISTRY gstregistry.c:607:gst_registry_add_feature: emitting feature-added for queue2
0:00:00.012888568  2779 0x5566ef3f4360 LOG   GST_POLL gstpoll.c:994:gst_poll_fd_ctl_write: 0x5566ef418cc0: pfd->events now 60 (POLLOUT:4)
0:00:00.016698896  2778 0x55cfe5498360 DEBUG   GST_REGISTRY gstregistrychunks.c:741:gst_registry_chunks_load_feature: Added feature queue2, plugin 0x55cfe54be500 coreelements
0:00:00.012894472  2779 0x5566ef3f4360 DEBUG   GST_POLL gstpoll.c:979:gst_poll_fd_ctl_write: 0x5566ef418cc0: fd (fd:0, idx:1), active : 1
0:00:00.016704715  2778 0x55cfe5498360 DEBUG   GST_REGISTRY gstregistrychunks.c:583:gst_registry_chunks_load_feature: Plugin 'coreelements' feature 'queue' typename : 'GstElementFactory'
0:00:00.012900222  2779 0x5566ef3f4360 LOG   GST_POLL gstpoll.c:994:gst_poll_fd_ctl_write: 0x5566ef418cc0: pfd->events now 60 (POLLOUT:4)
0:00:00.016710944  2778 0x55cfe5498360 TRACE   GST_REFCOUNTING gstobject.c:208:gst_object_init: 0x55cfe54c28d0 new
0:00:00.012906034  2779 0x5566ef3f4360 DEBUG   GST_POLL gstpoll.c:979:gst_poll_fd_ctl_write: 0x5566ef418cc0: fd (fd:0, idx:1), active : 1
0:00:00.016717158  2778 0x55cfe5498360 LOG   GST_REGISTRY gstregistrychunks.c:610:gst_registry_chunks_load_feature: Reading/casting for GstRegistryChunkElementFactory at address 0x55cfe54bf310
0:00:00.012911664  2779 0x5566ef3f4360 LOG   GST_POLL gstpoll.c:994:gst_poll_fd_ctl_write: 0x5566ef418cc0: pfd->events now 60 (POLLOUT:4)
0:00:00.016726653  2778 0x55cfe5498360 TRACE   structure gststructure.c:292:gst_structure_new_id_empty_with_size: created structure 0x55cfe54c2bb0
0:00:00.012921291  2779 0x5566ef3f4360 DEBUG   GST_POLL gstpoll.c:979:gst_poll_fd_ctl_write: 0x5566ef418cc0: fd (fd:0, idx:1), active : 1
0:00:00.016732211  2778 0x55cfe5498360 DEBUG   structure gststructure.c:2258:gst_structure_parse_field: trying field name 'long-name'
0:00:00.012926781  2779 0x5566ef3f4360 LOG   GST_POLL gstpoll.c:994:gst_poll_fd_ctl_write: 0x5566ef418cc0: pfd->events now 60 (POLLOUT:4)
0:00:00.016737594  2778 0x55cfe5498360 DEBUG   default gstvalue.c:2776:_priv_gst_value_parse_value: trying type name 'string'
0:00:00.012932642  2779 0x5566ef3f4360 DEBUG   GST_POLL gstpoll.c:979:gst_poll_fd_ctl_write: 0x5566ef418cc0: fd (fd:0, idx:1), active : 1
0:00:00.016743337  2778 0x55cfe5498360 DEBUG   structure gststructure.c:2258:gst_structure_parse_field: trying field name 'klass'
0:00:00.012938126  2779 0x5566ef3f4360 LOG   GST_POLL gstpoll.c:994:gst_poll_fd_ctl_write: 0x5566ef418cc0: pfd->events now 60 (POLLOUT:4)
0:00:00.016748721  2778 0x55cfe5498360 DEBUG   default gstvalue.c:2776:_priv_gst_value_parse_value: trying type name 'string'
0:00:00.012944076  2779 0x5566ef3f4360 DEBUG   GST_POLL gstpoll.c:979:gst_poll_fd_ctl_write: 0x5566ef418cc0: fd (fd:0, idx:1), active : 1
