0:00:00.016754775  2778 0x55cfe5498360 DEBUG   structure gststructure.c:2258:gst_structure_parse_field: trying field name 'description'
0:00:00.012949636  2779 0x5566ef3f4360 LOG   GST_POLL gstpoll.c:994:gst_poll_fd_ctl_write: 0x5566ef418cc0: pfd->events now 60 (POLLOUT:4)
0:00:00.016760201  2778 0x55cfe5498360 DEBUG   default gstvalue.c:2776:_priv_gst_value_parse_value: trying type name 'string'
0:00:00.012955577  2779 0x5566ef3f4360 DEBUG   GST_POLL gstpoll.c:979:gst_poll_fd_ctl_write: 0x5566ef418cc0: fd (fd:0, idx:1), active : 1
0:00:00.016766028  2778 0x55cfe5498360 DEBUG   structure gststructure.c:2258:gst_structure_parse_field: trying field name 'author'
0:00:00.012961112  2779 0x5566ef3f4360 LOG   GST_POLL gstpoll.c:994:gst_poll_fd_ctl_write: 0x5566ef418cc0: pfd->events now 60 (POLLOUT:4)
0:00:00.016771299  2778 0x55cfe5498360 DEBUG   default gstvalue.c:2776:_priv_gst_value_parse_value: trying type name 'string'
0:00:00.012966802  2779 0x5566ef3f4360 DEBUG   GST_POLL gstpoll.c:979:gst_poll_fd_ctl_write: 0x5566ef418cc0: fd (fd:0, idx:1), active : 1
0:00:00.016777240  2778 0x55cfe5498360 DEBUG   GST_REGISTRY gstregistrychunks.c:627:gst_registry_chunks_load_feature: Element factory : npadtemplates=2
0:00:00.012972384  2779 0x5566ef3f4360 LOG   GST_POLL gstpoll.c:994:gst_poll_fd_ctl_write: 0x5566ef418cc0: pfd->events now 60 (POLLOUT:4)
0:00:00.016782672  2778 0x55cfe5498360 DEBUG   GST_REGISTRY gstregistrychunks.c:526:gst_registry_chunks_load_pad_template: Reading/casting for GstRegistryChunkPadTemplate at address 0x55cfe54bf3c8
0:00:00.012978091  2779 0x5566ef3f4360 DEBUG   GST_POLL gstpoll.c:979:gst_poll_fd_ctl_write: 0x5566ef418cc0: fd (fd:0, idx:1), active : 1
0:00:00.016787928  2778 0x55cfe5498360 DEBUG   GST_REGISTRY gstregistrychunks.c:540:gst_registry_chunks_load_pad_template: Added pad_template sink
0:00:00.012988126  2779 0x5566ef3f4360 LOG   GST_POLL gstpoll.c:994:gst_poll_fd_ctl_write: 0x5566ef418cc0: pfd->events now 60 (POLLOUT:4)
0:00:00.016797270  2778 0x55cfe5498360 DEBUG   GST_REGISTRY gstregistrychunks.c:526:gst_registry_chunks_load_pad_template: Reading/casting for GstRegistryChunkPadTemplate at address 0x55cfe54bf3e0
0:00:00.012994186  2779 0x5566ef3f4360 DEBUG   GST_POLL gstpoll.c:979:gst_poll_fd_ctl_write: 0x5566ef418cc0: fd (fd:0, idx:1), active : 1
0:00:00.016803458  2778 0x55cfe5498360 DEBUG   GST_REGISTRY gstregistrychunks.c:540:gst_registry_chunks_load_pad_template: Added pad_template src
0:00:00.012999894  2779 0x5566ef3f4360 LOG   GST_POLL gstpoll.c:994:gst_poll_fd_ctl_write: 0x5566ef418cc0: pfd->events now 60 (POLLOUT:4)
0:00:00.013005636  2779 0x5566ef3f4360 DEBUG   GST_POLL gstpoll.c:979:gst_poll_fd_ctl_write: 0x5566ef418cc0: fd (fd:0, idx:1), active : 1
0:00:00.016813241  2778 0x55cfe5498360 DEBUG   GST_REGISTRY gstregistry.c:589:gst_registry_add_feature: adding feature 0x55cfe54c28d0 (queue)
0:00:00.013010614  2779 0x5566ef3f4360 LOG   GST_POLL gstpoll.c:994:gst_poll_fd_ctl_write: 0x5566ef418cc0: pfd->events now 60 (POLLOUT:4)
0:00:00.016821026  2778 0x55cfe5498360 DEBUG   GST_REFCOUNTING gstobject.c:708:gst_object_set_parent: set parent (ref and sink)
0:00:00.013016437  2779 0x5566ef3f4360 DEBUG   GST_POLL gstpoll.c:979:gst_poll_fd_ctl_write: 0x5566ef418cc0: fd (fd:0, idx:1), active : 1
0:00:00.016827461  2778 0x55cfe5498360 TRACE   GST_REFCOUNTING gstobject.c:292:gst_object_ref_sink: 0x55cfe54c28d0 ref_sink 1->2
0:00:00.013022051  2779 0x5566ef3f4360 LOG   GST_POLL gstpoll.c:994:gst_poll_fd_ctl_write: 0x5566ef418cc0: pfd->events now 60 (POLLOUT:4)
0:00:00.016833445  2778 0x55cfe5498360 LOG   GST_REGISTRY gstregistry.c:607:gst_registry_add_feature: emitting feature-added for queue
0:00:00.013028096  2779 0x5566ef3f4360 DEBUG   GST_POLL gstpoll.c:979:gst_poll_fd_ctl_write: 0x5566ef418cc0: fd (fd:0, idx:1), active : 1
0:00:00.016839593  2778 0x55cfe5498360 DEBUG   GST_REGISTRY gstregistrychunks.c:741:gst_registry_chunks_load_feature: Added feature queue, plugin 0x55cfe54be500 coreelements
0:00:00.013033705  2779 0x5566ef3f4360 LOG   GST_POLL gstpoll.c:994:gst_poll_fd_ctl_write: 0x5566ef418cc0: pfd->events now 60 (POLLOUT:4)
0:00:00.016845821  2778 0x55cfe5498360 DEBUG   GST_REGISTRY gstregistrychunks.c:583:gst_registry_chunks_load_feature: Plugin 'coreelements' feature 'output-selector' typename : 'GstElementFactory'
0:00:00.013040126  2779 0x5566ef3f4360 DEBUG   GST_POLL gstpoll.c:979:gst_poll_fd_ctl_write: 0x5566ef418cc0: fd (fd:0, idx:1), active : 1
0:00:00.016852309  2778 0x55cfe5498360 TRACE   GST_REFCOUNTING gstobject.c:208:gst_object_init: 0x55cfe54c3280 new
0:00:00.013046093  2779 0x5566ef3f4360 LOG   GST_POLL gstpoll.c:994:gst_poll_fd_ctl_write: 0x5566ef418cc0: pfd->events now 60 (POLLOUT:4)
0:00:00.016858900  2778 0x55cfe5498360 LOG   GST_REGISTRY gstregistrychunks.c:610:gst_registry_chunks_load_feature: Reading/casting for GstRegistryChunkElementFactory at address 0x55cfe54bf418
0:00:00.013058656  2779 0x5566ef3f4360 DEBUG   GST_POLL gstpoll.c:979:gst_poll_fd_ctl_write: 0x5566ef418cc0: fd (fd:0, idx:1), active : 1
0:00:00.016868223  2778 0x55cfe5498360 TRACE   structure gststructure.c:292:gst_structure_new_id_empty_with_size: created structure 0x55cfe54c3400
0:00:00.013064508  2779 0x5566ef3f4360 LOG   GST_POLL gstpoll.c:994:gst_poll_fd_ctl_write: 0x5566ef418cc0: pfd->events now 60 (POLLOUT:4)
0:00:00.016874085  2778 0x55cfe5498360 DEBUG   structure gststructure.c:2258:gst_structure_parse_field: trying field name 'long-name'
0:00:00.013070420  2779 0x5566ef3f4360 DEBUG   GST_POLL gstpoll.c:979:gst_poll_fd_ctl_write: 0x5566ef418cc0: fd (fd:0, idx:1), active : 1
0:00:00.016879633  2778 0x55cfe5498360 DEBUG   default gstvalue.c:2776:_priv_gst_value_parse_value: trying type name 'string'
0:00:00.013076188  2779 0x5566ef3f4360 LOG   GST_POLL gstpoll.c:994:gst_poll_fd_ctl_write: 0x5566ef418cc0: pfd->events now 60 (POLLOUT:4)
0:00:00.016886333  2778 0x55cfe5498360 DEBUG   structure gststructure.c:2258:gst_structure_parse_field: trying field name 'klass'
0:00:00.013082036  2779 0x5566ef3f4360 DEBUG   GST_POLL gstpoll.c:979:gst_poll_fd_ctl_write: 0x5566ef418cc0: fd (fd:0, idx:1), active : 1
0:00:00.016891911  2778 0x55cfe5498360 DEBUG   default gstvalue.c:2776:_priv_gst_value_parse_value: trying type name 'string'
0:00:00.013087641  2779 0x5566ef3f4360 LOG   GST_POLL gstpoll.c:994:gst_poll_fd_ctl_write: 0x5566ef418cc0: pfd->events now 60 (POLLOUT:4)
0:00:00.016897886  2778 0x55cfe5498360 DEBUG   structure gststructure.c:2258:gst_structure_parse_field: trying field name 'description'
0:00:00.013093464  2779 0x5566ef3f4360 DEBUG   GST_POLL gstpoll.c:979:gst_poll_fd_ctl_write: 0x5566ef418cc0: fd (fd:0, idx:1), active : 1
0:00:00.016903375  2778 0x55cfe5498360 DEBUG   default gstvalue.c:2776:_priv_gst_value_parse_value: trying type name 'string'
0:00:00.013099177  2779 0x5566ef3f4360 LOG   GST_POLL gstpoll.c:994:gst_poll_fd_ctl_write: 0x5566ef418cc0: pfd->events now 60 (POLLOUT:4)
0:00:00.016909544  2778 0x55cfe5498360 DEBUG   structure gststructure.c:2258:gst_structure_parse_field: trying field name 'author'
0:00:00.013105054  2779 0x5566ef3f4360 DEBUG   GST_POLL gstpoll.c:979:gst_poll_fd_ctl_write: 0x5566ef418cc0: fd (fd:0, idx:1), active : 1
0:00:00.016915013  2778 0x55cfe5498360 DEBUG   default gstvalue.c:2776:_priv_gst_value_parse_value: trying type name 'string'
0:00:00.013110723  2779 0x5566ef3f4360 LOG   GST_POLL gstpoll.c:994:gst_poll_fd_ctl_write: 0x5566ef418cc0: pfd->events now 60 (POLLOUT:4)
0:00:00.016921112  2778 0x55cfe5498360 DEBUG   GST_REGISTRY gstregistrychunks.c:627:gst_registry_chunks_load_feature: Element factory : npadtemplates=2
0:00:00.013116622  2779 0x5566ef3f4360 DEBUG   GST_POLL gstpoll.c:979:gst_poll_fd_ctl_write: 0x5566ef418cc0: fd (fd:0, idx:1), active : 1
0:00:00.016926465  2778 0x55cfe5498360 DEBUG   GST_REGISTRY gstregistrychunks.c:526:gst_registry_chunks_load_pad_template: Reading/casting for GstRegistryChunkPadTemplate at address 0x55cfe54bf4f0
0:00:00.013122312  2779 0x5566ef3f4360 LOG   GST_POLL gstpoll.c:994:gst_poll_fd_ctl_write: 0x5566ef418cc0: pfd->events now 60 (POLLOUT:4)
0:00:00.016935838  2778 0x55cfe5498360 DEBUG   GST_REGISTRY gstregistrychunks.c:540:gst_registry_chunks_load_pad_template: Added pad_template src_%u
0:00:00.013130632  2779 0x5566ef3f4360 DEBUG   GST_POLL gstpoll.c:979:gst_poll_fd_ctl_write: 0x5566ef418cc0: fd (fd:0, idx:1), active : 1
0:00:00.016941180  2778 0x55cfe5498360 DEBUG   GST_REGISTRY gstregistrychunks.c:526:gst_registry_chunks_load_pad_template: Reading/casting for GstRegistryChunkPadTemplate at address 0x55cfe54bf508
0:00:00.013136284  2779 0x5566ef3f4360 LOG   GST_POLL gstpoll.c:994:gst_poll_fd_ctl_write: 0x5566ef418cc0: pfd->events now 60 (POLLOUT:4)
0:00:00.016946578  2778 0x55cfe5498360 DEBUG   GST_REGISTRY gstregistrychunks.c:540:gst_registry_chunks_load_pad_template: Added pad_template sink
0:00:00.013142173  2779 0x5566ef3f4360 DEBUG   GST_POLL gstpoll.c:979:gst_poll_fd_ctl_write: 0x5566ef418cc0: fd (fd:0, idx:1), active : 1
0:00:00.016952922  2778 0x55cfe5498360 DEBUG   GST_REGISTRY gstregistry.c:589:gst_registry_add_feature: adding feature 0x55cfe54c3280 (output-selector)
0:00:00.013148203  2779 0x5566ef3f4360 LOG   GST_POLL gstpoll.c:994:gst_poll_fd_ctl_write: 0x5566ef418cc0: pfd->events now 60 (POLLOUT:4)
0:00:00.016958604  2778 0x55cfe5498360 DEBUG   GST_REFCOUNTING gstobject.c:708:gst_object_set_parent: set parent (ref and sink)
0:00:00.013154037  2779 0x5566ef3f4360 DEBUG   GST_POLL gstpoll.c:979:gst_poll_fd_ctl_write: 0x5566ef418cc0: fd (fd:0, idx:1), active : 1
0:00:00.016965165  2778 0x55cfe5498360 TRACE   GST_REFCOUNTING gstobject.c:292:gst_object_ref_sink: 0x55cfe54c3280 ref_sink 1->2
0:00:00.013159661  2779 0x5566ef3f4360 LOG   GST_POLL gstpoll.c:994:gst_poll_fd_ctl_write: 0x5566ef418cc0: pfd->events now 60 (POLLOUT:4)
0:00:00.016971266  2778 0x55cfe5498360 LOG   GST_REGISTRY gstregistry.c:607:gst_registry_add_feature: emitting feature-added for output-selector
0:00:00.013166045  2779 0x5566ef3f4360 DEBUG   GST_POLL gstpoll.c:979:gst_poll_fd_ctl_write: 0x5566ef418cc0: fd (fd:0, idx:1), active : 1
0:00:00.016977375  2778 0x55cfe5498360 DEBUG   GST_REGISTRY gstregistrychunks.c:741:gst_registry_chunks_load_feature: Added feature output-selector, plugin 0x55cfe54be500 coreelements
0:00:00.013171719  2779 0x5566ef3f4360 LOG   GST_POLL gstpoll.c:994:gst_poll_fd_ctl_write: 0x5566ef418cc0: pfd->events now 60 (POLLOUT:4)
0:00:00.016983257  2778 0x55cfe5498360 DEBUG   GST_REGISTRY gstregistrychunks.c:583:gst_registry_chunks_load_feature: Plugin 'coreelements' feature 'input-selector' typename : 'GstElementFactory'
0:00:00.013178021  2779 0x5566ef3f4360 DEBUG   GST_POLL gstpoll.c:979:gst_poll_fd_ctl_write: 0x5566ef418cc0: fd (fd:0, idx:1), active : 1
0:00:00.016989638  2778 0x55cfe5498360 TRACE   GST_REFCOUNTING gstobject.c:208:gst_object_init: 0x55cfe54c3840 new
0:00:00.013183877  2779 0x5566ef3f4360 LOG   GST_POLL gstpoll.c:994:gst_poll_fd_ctl_write: 0x5566ef418cc0: pfd->events now 60 (POLLOUT:4)
0:00:00.016996298  2778 0x55cfe5498360 LOG   GST_REGISTRY gstregistrychunks.c:610:gst_registry_chunks_load_feature: Reading/casting for GstRegistryChunkElementFactory at address 0x55cfe54bf540
0:00:00.013194549  2779 0x5566ef3f4360 LOG   GST_PLUGIN_LOADING gstpluginloader.c:644:put_chunk: Expanding tx buf from 10158 to 13209 for chunk of size 209
0:00:00.017005576  2778 0x55cfe5498360 TRACE   structure gststructure.c:292:gst_structure_new_id_empty_with_size: created structure 0x55cfe54c3b50
0:00:00.017011203  2778 0x55cfe5498360 DEBUG   structure gststructure.c:2258:gst_structure_parse_field: trying field name 'long-name'
0:00:00.017016273  2778 0x55cfe5498360 DEBUG   default gstvalue.c:2776:_priv_gst_value_parse_value: trying type name 'string'
0:00:00.013212073  2779 0x5566ef3f4360 DEBUG   GST_POLL gstpoll.c:979:gst_poll_fd_ctl_write: 0x5566ef418cc0: fd (fd:0, idx:1), active : 1
0:00:00.017021667  2778 0x55cfe5498360 DEBUG   structure gststructure.c:2258:gst_structure_parse_field: trying field name 'klass'
0:00:00.013223877  2779 0x5566ef3f4360 LOG   GST_POLL gstpoll.c:994:gst_poll_fd_ctl_write: 0x5566ef418cc0: pfd->events now 60 (POLLOUT:4)
0:00:00.017033316  2778 0x55cfe5498360 DEBUG   default gstvalue.c:2776:_priv_gst_value_parse_value: trying type name 'string'
0:00:00.013230104  2779 0x5566ef3f4360 DEBUG   GST_POLL gstpoll.c:979:gst_poll_fd_ctl_write: 0x5566ef418cc0: fd (fd:0, idx:1), active : 1
0:00:00.017039540  2778 0x55cfe5498360 DEBUG   structure gststructure.c:2258:gst_structure_parse_field: trying field name 'description'
0:00:00.013235803  2779 0x5566ef3f4360 LOG   GST_POLL gstpoll.c:994:gst_poll_fd_ctl_write: 0x5566ef418cc0: pfd->events now 60 (POLLOUT:4)
0:00:00.017045304  2778 0x55cfe5498360 DEBUG   default gstvalue.c:2776:_priv_gst_value_parse_value: trying type name 'string'
0:00:00.013241804  2779 0x5566ef3f4360 DEBUG   GST_POLL gstpoll.c:979:gst_poll_fd_ctl_write: 0x5566ef418cc0: fd (fd:0, idx:1), active : 1
0:00:00.017051415  2778 0x55cfe5498360 DEBUG   structure gststructure.c:2258:gst_structure_parse_field: trying field name 'author'
0:00:00.013247399  2779 0x5566ef3f4360 LOG   GST_POLL gstpoll.c:994:gst_poll_fd_ctl_write: 0x5566ef418cc0: pfd->events now 60 (POLLOUT:4)
0:00:00.017056885  2778 0x55cfe5498360 DEBUG   default gstvalue.c:2776:_priv_gst_value_parse_value: trying type name 'string'
0:00:00.013253285  2779 0x5566ef3f4360 DEBUG   GST_POLL gstpoll.c:979:gst_poll_fd_ctl_write: 0x5566ef418cc0: fd (fd:0, idx:1), active : 1
0:00:00.017063916  2778 0x55cfe5498360 DEBUG   GST_REGISTRY gstregistrychunks.c:627:gst_registry_chunks_load_feature: Element factory : npadtemplates=2
0:00:00.013258884  2779 0x5566ef3f4360 LOG   GST_POLL gstpoll.c:994:gst_poll_fd_ctl_write: 0x5566ef418cc0: pfd->events now 60 (POLLOUT:4)
0:00:00.017069155  2778 0x55cfe5498360 DEBUG   GST_REGISTRY gstregistrychunks.c:526:gst_registry_chunks_load_pad_template: Reading/casting for GstRegistryChunkPadTemplate at address 0x55cfe54bf670
0:00:00.013264809  2779 0x5566ef3f4360 DEBUG   GST_POLL gstpoll.c:979:gst_poll_fd_ctl_write: 0x5566ef418cc0: fd (fd:0, idx:1), active : 1
0:00:00.017074605  2778 0x55cfe5498360 DEBUG   GST_REGISTRY gstregistrychunks.c:540:gst_registry_chunks_load_pad_template: Added pad_template src
0:00:00.013273699  2779 0x5566ef3f4360 LOG   GST_POLL gstpoll.c:994:gst_poll_fd_ctl_write: 0x5566ef418cc0: pfd->events now 60 (POLLOUT:4)
0:00:00.017083028  2778 0x55cfe5498360 DEBUG   GST_REGISTRY gstregistrychunks.c:526:gst_registry_chunks_load_pad_template: Reading/casting for GstRegistryChunkPadTemplate at address 0x55cfe54bf680
0:00:00.013279801  2779 0x5566ef3f4360 DEBUG   GST_POLL gstpoll.c:979:gst_poll_fd_ctl_write: 0x5566ef418cc0: fd (fd:0, idx:1), active : 1
0:00:00.017089196  2778 0x55cfe5498360 DEBUG   GST_REGISTRY gstregistrychunks.c:540:gst_registry_chunks_load_pad_template: Added pad_template sink_%u
0:00:00.013285533  2779 0x5566ef3f4360 LOG   GST_POLL gstpoll.c:994:gst_poll_fd_ctl_write: 0x5566ef418cc0: pfd->events now 60 (POLLOUT:4)
0:00:00.013291445  2779 0x5566ef3f4360 DEBUG   GST_POLL gstpoll.c:979:gst_poll_fd_ctl_write: 0x5566ef418cc0: fd (fd:0, idx:1), active : 1
0:00:00.017098975  2778 0x55cfe5498360 DEBUG   GST_REGISTRY gstregistry.c:589:gst_registry_add_feature: adding feature 0x55cfe54c3840 (input-selector)
0:00:00.013296737  2779 0x5566ef3f4360 LOG   GST_POLL gstpoll.c:994:gst_poll_fd_ctl_write: 0x5566ef418cc0: pfd->events now 60 (POLLOUT:4)
0:00:00.017106401  2778 0x55cfe5498360 DEBUG   GST_REFCOUNTING gstobject.c:708:gst_object_set_parent: set parent (ref and sink)
0:00:00.013302675  2779 0x5566ef3f4360 DEBUG   GST_POLL gstpoll.c:979:gst_poll_fd_ctl_write: 0x5566ef418cc0: fd (fd:0, idx:1), active : 1
0:00:00.017113183  2778 0x55cfe5498360 TRACE   GST_REFCOUNTING gstobject.c:292:gst_object_ref_sink: 0x55cfe54c3840 ref_sink 1->2
0:00:00.013308366  2779 0x5566ef3f4360 LOG   GST_POLL gstpoll.c:994:gst_poll_fd_ctl_write: 0x5566ef418cc0: pfd->events now 60 (POLLOUT:4)
0:00:00.017119104  2778 0x55cfe5498360 LOG   GST_REGISTRY gstregistry.c:607:gst_registry_add_feature: emitting feature-added for input-selector
0:00:00.013314304  2779 0x5566ef3f4360 DEBUG   GST_POLL gstpoll.c:979:gst_poll_fd_ctl_write: 0x5566ef418cc0: fd (fd:0, idx:1), active : 1
0:00:00.017125106  2778 0x55cfe5498360 DEBUG   GST_REGISTRY gstregistrychunks.c:741:gst_registry_chunks_load_feature: Added feature input-selector, plugin 0x55cfe54be500 coreelements
0:00:00.013320061  2779 0x5566ef3f4360 LOG   GST_POLL gstpoll.c:994:gst_poll_fd_ctl_write: 0x5566ef418cc0: pfd->events now 60 (POLLOUT:4)
0:00:00.017130885  2778 0x55cfe5498360 DEBUG   GST_REGISTRY gstregistrychunks.c:583:gst_registry_chunks_load_feature: Plugin 'coreelements' feature 'identity' typename : 'GstElementFactory'
0:00:00.013325973  2779 0x5566ef3f4360 DEBUG   GST_POLL gstpoll.c:979:gst_poll_fd_ctl_write: 0x5566ef418cc0: fd (fd:0, idx:1), active : 1
0:00:00.017137075  2778 0x55cfe5498360 TRACE   GST_REFCOUNTING gstobject.c:208:gst_object_init: 0x55cfe54c4000 new
0:00:00.013331561  2779 0x5566ef3f4360 LOG   GST_POLL gstpoll.c:994:gst_poll_fd_ctl_write: 0x5566ef418cc0: pfd->events now 60 (POLLOUT:4)
0:00:00.017143526  2778 0x55cfe5498360 LOG   GST_REGISTRY gstregistrychunks.c:610:gst_registry_chunks_load_feature: Reading/casting for GstRegistryChunkElementFactory at address 0x55cfe54bf6b0
0:00:00.013341494  2779 0x5566ef3f4360 DEBUG   GST_POLL gstpoll.c:979:gst_poll_fd_ctl_write: 0x5566ef418cc0: fd (fd:0, idx:1), active : 1
0:00:00.017151081  2778 0x55cfe5498360 TRACE   structure gststructure.c:292:gst_structure_new_id_empty_with_size: created structure 0x55cfe54c4230
0:00:00.013347257  2779 0x5566ef3f4360 LOG   GST_POLL gstpoll.c:994:gst_poll_fd_ctl_write: 0x5566ef418cc0: pfd->events now 60 (POLLOUT:4)
0:00:00.017156795  2778 0x55cfe5498360 DEBUG   structure gststructure.c:2258:gst_structure_parse_field: trying field name 'long-name'
0:00:00.013353433  2779 0x5566ef3f4360 DEBUG   GST_POLL gstpoll.c:979:gst_poll_fd_ctl_write: 0x5566ef418cc0: fd (fd:0, idx:1), active : 1
0:00:00.017162656  2778 0x55cfe5498360 DEBUG   default gstvalue.c:2776:_priv_gst_value_parse_value: trying type name 'string'
0:00:00.013359367  2779 0x5566ef3f4360 LOG   GST_POLL gstpoll.c:994:gst_poll_fd_ctl_write: 0x5566ef418cc0: pfd->events now 60 (POLLOUT:4)
0:00:00.017169598  2778 0x55cfe5498360 DEBUG   structure gststructure.c:2258:gst_structure_parse_field: trying field name 'klass'
0:00:00.013365542  2779 0x5566ef3f4360 DEBUG   GST_POLL gstpoll.c:979:gst_poll_fd_ctl_write: 0x5566ef418cc0: fd (fd:0, idx:1), active : 1
0:00:00.017175360  2778 0x55cfe5498360 DEBUG   default gstvalue.c:2776:_priv_gst_value_parse_value: trying type name 'string'
0:00:00.013371420  2779 0x5566ef3f4360 LOG   GST_POLL gstpoll.c:994:gst_poll_fd_ctl_write: 0x5566ef418cc0: pfd->events now 60 (POLLOUT:4)
0:00:00.017181298  2778 0x55cfe5498360 DEBUG   structure gststructure.c:2258:gst_structure_parse_field: trying field name 'description'
0:00:00.013377476  2779 0x5566ef3f4360 DEBUG   GST_POLL gstpoll.c:979:gst_poll_fd_ctl_write: 0x5566ef418cc0: fd (fd:0, idx:1), active : 1
0:00:00.017187009  2778 0x55cfe5498360 DEBUG   default gstvalue.c:2776:_priv_gst_value_parse_value: trying type name 'string'
0:00:00.013383264  2779 0x5566ef3f4360 LOG   GST_POLL gstpoll.c:994:gst_poll_fd_ctl_write: 0x5566ef418cc0: pfd->events now 60 (POLLOUT:4)
0:00:00.017193340  2778 0x55cfe5498360 DEBUG   structure gststructure.c:2258:gst_structure_parse_field: trying field name 'author'
0:00:00.013389131  2779 0x5566ef3f4360 DEBUG   GST_POLL gstpoll.c:979:gst_poll_fd_ctl_write: 0x5566ef418cc0: fd (fd:0, idx:1), active : 1
0:00:00.017198825  2778 0x55cfe5498360 DEBUG   default gstvalue.c:2776:_priv_gst_value_parse_value: trying type name 'string'
0:00:00.013394672  2779 0x5566ef3f4360 LOG   GST_POLL gstpoll.c:994:gst_poll_fd_ctl_write: 0x5566ef418cc0: pfd->events now 60 (POLLOUT:4)
0:00:00.017204751  2778 0x55cfe5498360 DEBUG   GST_REGISTRY gstregistrychunks.c:627:gst_registry_chunks_load_feature: Element factory : npadtemplates=2
0:00:00.013400565  2779 0x5566ef3f4360 DEBUG   GST_POLL gstpoll.c:979:gst_poll_fd_ctl_write: 0x5566ef418cc0: fd (fd:0, idx:1), active : 1
0:00:00.017210101  2778 0x55cfe5498360 DEBUG   GST_REGISTRY gstregistrychunks.c:526:gst_registry_chunks_load_pad_template: Reading/casting for GstRegistryChunkPadTemplate at address 0x55cfe54bf780
0:00:00.013406347  2779 0x5566ef3f4360 LOG   GST_POLL gstpoll.c:994:gst_poll_fd_ctl_write: 0x5566ef418cc0: pfd->events now 60 (POLLOUT:4)
0:00:00.017219618  2778 0x55cfe5498360 DEBUG   GST_REGISTRY gstregistrychunks.c:540:gst_registry_chunks_load_pad_template: Added pad_template sink
0:00:00.013414649  2779 0x5566ef3f4360 DEBUG   GST_POLL gstpoll.c:979:gst_poll_fd_ctl_write: 0x5566ef418cc0: fd (fd:0, idx:1), active : 1
0:00:00.017224821  2778 0x55cfe5498360 DEBUG   GST_REGISTRY gstregistrychunks.c:526:gst_registry_chunks_load_pad_template: Reading/casting for GstRegistryChunkPadTemplate at address 0x55cfe54bf798
0:00:00.013420339  2779 0x5566ef3f4360 LOG   GST_POLL gstpoll.c:994:gst_poll_fd_ctl_write: 0x5566ef418cc0: pfd->events now 60 (POLLOUT:4)
0:00:00.017230220  2778 0x55cfe5498360 DEBUG   GST_REGISTRY gstregistrychunks.c:540:gst_registry_chunks_load_pad_template: Added pad_template src
0:00:00.013426176  2779 0x5566ef3f4360 DEBUG   GST_POLL gstpoll.c:979:gst_poll_fd_ctl_write: 0x5566ef418cc0: fd (fd:0, idx:1), active : 1
0:00:00.017236418  2778 0x55cfe5498360 DEBUG   GST_REGISTRY gstregistry.c:589:gst_registry_add_feature: adding feature 0x55cfe54c4000 (identity)
0:00:00.013431852  2779 0x5566ef3f4360 LOG   GST_POLL gstpoll.c:994:gst_poll_fd_ctl_write: 0x5566ef418cc0: pfd->events now 60 (POLLOUT:4)
0:00:00.017241773  2778 0x55cfe5498360 DEBUG   GST_REFCOUNTING gstobject.c:708:gst_object_set_parent: set parent (ref and sink)
0:00:00.013437757  2779 0x5566ef3f4360 DEBUG   GST_POLL gstpoll.c:979:gst_poll_fd_ctl_write: 0x5566ef418cc0: fd (fd:0, idx:1), active : 1
0:00:00.017248436  2778 0x55cfe5498360 TRACE   GST_REFCOUNTING gstobject.c:292:gst_object_ref_sink: 0x55cfe54c4000 ref_sink 1->2
0:00:00.013443337  2779 0x5566ef3f4360 LOG   GST_POLL gstpoll.c:994:gst_poll_fd_ctl_write: 0x5566ef418cc0: pfd->events now 60 (POLLOUT:4)
0:00:00.017254281  2778 0x55cfe5498360 LOG   GST_REGISTRY gstregistry.c:607:gst_registry_add_feature: emitting feature-added for identity
0:00:00.013449161  2779 0x5566ef3f4360 DEBUG   GST_POLL gstpoll.c:979:gst_poll_fd_ctl_write: 0x5566ef418cc0: fd (fd:0, idx:1), active : 1
0:00:00.017260474  2778 0x55cfe5498360 DEBUG   GST_REGISTRY gstregistrychunks.c:741:gst_registry_chunks_load_feature: Added feature identity, plugin 0x55cfe54be500 coreelements
0:00:00.013454709  2779 0x5566ef3f4360 LOG   GST_POLL gstpoll.c:994:gst_poll_fd_ctl_write: 0x5566ef418cc0: pfd->events now 60 (POLLOUT:4)
0:00:00.017266603  2778 0x55cfe5498360 DEBUG   GST_REGISTRY gstregistrychunks.c:583:gst_registry_chunks_load_feature: Plugin 'coreelements' feature 'funnel' typename : 'GstElementFactory'
0:00:00.013461206  2779 0x5566ef3f4360 DEBUG   GST_POLL gstpoll.c:979:gst_poll_fd_ctl_write: 0x5566ef418cc0: fd (fd:0, idx:1), active : 1
0:00:00.017272968  2778 0x55cfe5498360 TRACE   GST_REFCOUNTING gstobject.c:208:gst_object_init: 0x55cfe54c4670 new
0:00:00.013466801  2779 0x5566ef3f4360 LOG   GST_POLL gstpoll.c:994:gst_poll_fd_ctl_write: 0x5566ef418cc0: pfd->events now 60 (POLLOUT:4)
0:00:00.017279502  2778 0x55cfe5498360 LOG   GST_REGISTRY gstregistrychunks.c:610:gst_registry_chunks_load_feature: Reading/casting for GstRegistryChunkElementFactory at address 0x55cfe54bf7c8
0:00:00.013477414  2779 0x5566ef3f4360 DEBUG   GST_POLL gstpoll.c:979:gst_poll_fd_ctl_write: 0x5566ef418cc0: fd (fd:0, idx:1), active : 1
0:00:00.013491561  2779 0x5566ef3f4360 LOG   GST_POLL gstpoll.c:994:gst_poll_fd_ctl_write: 0x5566ef418cc0: pfd->events now 60 (POLLOUT:4)
0:00:00.017287106  2778 0x55cfe5498360 TRACE   structure gststructure.c:292:gst_structure_new_id_empty_with_size: created structure 0x55cfe54c4970
0:00:00.013496839  2779 0x5566ef3f4360 DEBUG   GST_POLL gstpoll.c:979:gst_poll_fd_ctl_write: 0x5566ef418cc0: fd (fd:0, idx:1), active : 1
0:00:00.017306378  2778 0x55cfe5498360 DEBUG   structure gststructure.c:2258:gst_structure_parse_field: trying field name 'long-name'
0:00:00.013502521  2779 0x5566ef3f4360 LOG   GST_POLL gstpoll.c:994:gst_poll_fd_ctl_write: 0x5566ef418cc0: pfd->events now 60 (POLLOUT:4)
0:00:00.017311982  2778 0x55cfe5498360 DEBUG   default gstvalue.c:2776:_priv_gst_value_parse_value: trying type name 'string'
0:00:00.013508584  2779 0x5566ef3f4360 DEBUG   GST_POLL gstpoll.c:979:gst_poll_fd_ctl_write: 0x5566ef418cc0: fd (fd:0, idx:1), active : 1
0:00:00.017318123  2778 0x55cfe5498360 DEBUG   structure gststructure.c:2258:gst_structure_parse_field: trying field name 'klass'
0:00:00.013514293  2779 0x5566ef3f4360 LOG   GST_POLL gstpoll.c:994:gst_poll_fd_ctl_write: 0x5566ef418cc0: pfd->events now 60 (POLLOUT:4)
0:00:00.017323971  2778 0x55cfe5498360 DEBUG   default gstvalue.c:2776:_priv_gst_value_parse_value: trying type name 'string'
0:00:00.013520202  2779 0x5566ef3f4360 DEBUG   GST_POLL gstpoll.c:979:gst_poll_fd_ctl_write: 0x5566ef418cc0: fd (fd:0, idx:1), active : 1
0:00:00.017329771  2778 0x55cfe5498360 DEBUG   structure gststructure.c:2258:gst_structure_parse_field: trying field name 'description'
0:00:00.013526063  2779 0x5566ef3f4360 LOG   GST_POLL gstpoll.c:994:gst_poll_fd_ctl_write: 0x5566ef418cc0: pfd->events now 60 (POLLOUT:4)
0:00:00.017335614  2778 0x55cfe5498360 DEBUG   default gstvalue.c:2776:_priv_gst_value_parse_value: trying type name 'string'
0:00:00.013531931  2779 0x5566ef3f4360 DEBUG   GST_POLL gstpoll.c:979:gst_poll_fd_ctl_write: 0x5566ef418cc0: fd (fd:0, idx:1), active : 1
0:00:00.017341828  2778 0x55cfe5498360 DEBUG   structure gststructure.c:2258:gst_structure_parse_field: trying field name 'author'
0:00:00.013537592  2779 0x5566ef3f4360 LOG   GST_POLL gstpoll.c:994:gst_poll_fd_ctl_write: 0x5566ef418cc0: pfd->events now 60 (POLLOUT:4)
0:00:00.017347250  2778 0x55cfe5498360 DEBUG   default gstvalue.c:2776:_priv_gst_value_parse_value: trying type name 'string'
0:00:00.013543544  2779 0x5566ef3f4360 DEBUG   GST_POLL gstpoll.c:979:gst_poll_fd_ctl_write: 0x5566ef418cc0: fd (fd:0, idx:1), active : 1
0:00:00.017353683  2778 0x55cfe5498360 DEBUG   GST_REGISTRY gstregistrychunks.c:627:gst_registry_chunks_load_feature: Element factory : npadtemplates=2
0:00:00.013549132  2779 0x5566ef3f4360 LOG   GST_POLL gstpoll.c:994:gst_poll_fd_ctl_write: 0x5566ef418cc0: pfd->events now 60 (POLLOUT:4)
0:00:00.017359159  2778 0x55cfe5498360 DEBUG   GST_REGISTRY gstregistrychunks.c:526:gst_registry_chunks_load_pad_template: Reading/casting for GstRegistryChunkPadTemplate at address 0x55cfe54bf8a0
0:00:00.013558246  2779 0x5566ef3f4360 DEBUG   GST_POLL gstpoll.c:979:gst_poll_fd_ctl_write: 0x5566ef418cc0: fd (fd:0, idx:1), active : 1
0:00:00.017367503  2778 0x55cfe5498360 DEBUG   GST_REGISTRY gstregistrychunks.c:540:gst_registry_chunks_load_pad_template: Added pad_template src
0:00:00.013564061  2779 0x5566ef3f4360 LOG   GST_POLL gstpoll.c:994:gst_poll_fd_ctl_write: 0x5566ef418cc0: pfd->events now 60 (POLLOUT:4)
0:00:00.017373425  2778 0x55cfe5498360 DEBUG   GST_REGISTRY gstregistrychunks.c:526:gst_registry_chunks_load_pad_template: Reading/casting for GstRegistryChunkPadTemplate at address 0x55cfe54bf8b0
0:00:00.013570049  2779 0x5566ef3f4360 DEBUG   GST_POLL gstpoll.c:979:gst_poll_fd_ctl_write: 0x5566ef418cc0: fd (fd:0, idx:1), active : 1
0:00:00.017379304  2778 0x55cfe5498360 DEBUG   GST_REGISTRY gstregistrychunks.c:540:gst_registry_chunks_load_pad_template: Added pad_template sink_%u
0:00:00.013575746  2779 0x5566ef3f4360 LOG   GST_POLL gstpoll.c:994:gst_poll_fd_ctl_write: 0x5566ef418cc0: pfd->events now 60 (POLLOUT:4)
0:00:00.017386263  2778 0x55cfe5498360 DEBUG   GST_REGISTRY gstregistry.c:589:gst_registry_add_feature: adding feature 0x55cfe54c4670 (funnel)
0:00:00.013581650  2779 0x5566ef3f4360 DEBUG   GST_POLL gstpoll.c:979:gst_poll_fd_ctl_write: 0x5566ef418cc0: fd (fd:0, idx:1), active : 1
0:00:00.017391619  2778 0x55cfe5498360 DEBUG   GST_REFCOUNTING gstobject.c:708:gst_object_set_parent: set parent (ref and sink)
0:00:00.013587167  2779 0x5566ef3f4360 LOG   GST_POLL gstpoll.c:994:gst_poll_fd_ctl_write: 0x5566ef418cc0: pfd->events now 60 (POLLOUT:4)
0:00:00.017398105  2778 0x55cfe5498360 TRACE   GST_REFCOUNTING gstobject.c:292:gst_object_ref_sink: 0x55cfe54c4670 ref_sink 1->2
0:00:00.013593173  2779 0x5566ef3f4360 DEBUG   GST_POLL gstpoll.c:979:gst_poll_fd_ctl_write: 0x5566ef418cc0: fd (fd:0, idx:1), active : 1
0:00:00.017404106  2778 0x55cfe5498360 LOG   GST_REGISTRY gstregistry.c:607:gst_registry_add_feature: emitting feature-added for funnel
0:00:00.013598848  2779 0x5566ef3f4360 LOG   GST_POLL gstpoll.c:994:gst_poll_fd_ctl_write: 0x5566ef418cc0: pfd->events now 60 (POLLOUT:4)
0:00:00.017410300  2778 0x55cfe5498360 DEBUG   GST_REGISTRY gstregistrychunks.c:741:gst_registry_chunks_load_feature: Added feature funnel, plugin 0x55cfe54be500 coreelements
0:00:00.013604864  2779 0x5566ef3f4360 DEBUG   GST_POLL gstpoll.c:979:gst_poll_fd_ctl_write: 0x5566ef418cc0: fd (fd:0, idx:1), active : 1
0:00:00.017416046  2778 0x55cfe5498360 DEBUG   GST_REGISTRY gstregistrychunks.c:583:gst_registry_chunks_load_feature: Plugin 'coreelements' feature 'filesrc' typename : 'GstElementFactory'
0:00:00.013610516  2779 0x5566ef3f4360 LOG   GST_POLL gstpoll.c:994:gst_poll_fd_ctl_write: 0x5566ef418cc0: pfd->events now 60 (POLLOUT:4)
0:00:00.017422328  2778 0x55cfe5498360 TRACE   GST_REFCOUNTING gstobject.c:208:gst_object_init: 0x55cfe54c4d90 new
0:00:00.013616461  2779 0x5566ef3f4360 DEBUG   GST_POLL gstpoll.c:979:gst_poll_fd_ctl_write: 0x5566ef418cc0: fd (fd:0, idx:1), active : 1
0:00:00.017435133  2778 0x55cfe5498360 LOG   GST_REGISTRY gstregistrychunks.c:610:gst_registry_chunks_load_feature: Reading/casting for GstRegistryChunkElementFactory at address 0x55cfe54bf8e0
0:00:00.013629126  2779 0x5566ef3f4360 LOG   GST_POLL gstpoll.c:994:gst_poll_fd_ctl_write: 0x5566ef418cc0: pfd->events now 60 (POLLOUT:4)
0:00:00.017441093  2778 0x55cfe5498360 TRACE   structure gststructure.c:292:gst_structure_new_id_empty_with_size: created structure 0x55cfe54c5090
0:00:00.013635717  2779 0x5566ef3f4360 DEBUG   GST_POLL gstpoll.c:979:gst_poll_fd_ctl_write: 0x5566ef418cc0: fd (fd:0, idx:1), active : 1
0:00:00.017446607  2778 0x55cfe5498360 DEBUG   structure gststructure.c:2258:gst_structure_parse_field: trying field name 'long-name'
0:00:00.013650917  2779 0x5566ef3f4360 LOG   GST_POLL gstpoll.c:994:gst_poll_fd_ctl_write: 0x5566ef418cc0: pfd->events now 60 (POLLOUT:4)
0:00:00.017460571  2778 0x55cfe5498360 DEBUG   default gstvalue.c:2776:_priv_gst_value_parse_value: trying type name 'string'
0:00:00.013657379  2779 0x5566ef3f4360 DEBUG   GST_POLL gstpoll.c:979:gst_poll_fd_ctl_write: 0x5566ef418cc0: fd (fd:0, idx:1), active : 1
0:00:00.017466876  2778 0x55cfe5498360 DEBUG   structure gststructure.c:2258:gst_structure_parse_field: trying field name 'klass'
0:00:00.013662989  2779 0x5566ef3f4360 LOG   GST_POLL gstpoll.c:994:gst_poll_fd_ctl_write: 0x5566ef418cc0: pfd->events now 60 (POLLOUT:4)
0:00:00.017472645  2778 0x55cfe5498360 DEBUG   default gstvalue.c:2776:_priv_gst_value_parse_value: trying type name 'string'
0:00:00.013669031  2779 0x5566ef3f4360 DEBUG   GST_POLL gstpoll.c:979:gst_poll_fd_ctl_write: 0x5566ef418cc0: fd (fd:0, idx:1), active : 1
0:00:00.017478623  2778 0x55cfe5498360 DEBUG   structure gststructure.c:2258:gst_structure_parse_field: trying field name 'description'
0:00:00.013674739  2779 0x5566ef3f4360 LOG   GST_POLL gstpoll.c:994:gst_poll_fd_ctl_write: 0x5566ef418cc0: pfd->events now 60 (POLLOUT:4)
0:00:00.017484266  2778 0x55cfe5498360 DEBUG   default gstvalue.c:2776:_priv_gst_value_parse_value: trying type name 'string'
0:00:00.013680749  2779 0x5566ef3f4360 DEBUG   GST_POLL gstpoll.c:979:gst_poll_fd_ctl_write: 0x5566ef418cc0: fd (fd:0, idx:1), active : 1
0:00:00.017490416  2778 0x55cfe5498360 DEBUG   structure gststructure.c:2258:gst_structure_parse_field: trying field name 'author'
0:00:00.013686634  2779 0x5566ef3f4360 LOG   GST_POLL gstpoll.c:994:gst_poll_fd_ctl_write: 0x5566ef418cc0: pfd->events now 60 (POLLOUT:4)
0:00:00.017495981  2778 0x55cfe5498360 DEBUG   default gstvalue.c:2776:_priv_gst_value_parse_value: trying type name 'string'
0:00:00.013692730  2779 0x5566ef3f4360 DEBUG   GST_POLL gstpoll.c:979:gst_poll_fd_ctl_write: 0x5566ef418cc0: fd (fd:0, idx:1), active : 1
0:00:00.017502363  2778 0x55cfe5498360 DEBUG   GST_REGISTRY gstregistrychunks.c:627:gst_registry_chunks_load_feature: Element factory : npadtemplates=1
0:00:00.013698511  2779 0x5566ef3f4360 LOG   GST_POLL gstpoll.c:994:gst_poll_fd_ctl_write: 0x5566ef418cc0: pfd->events now 60 (POLLOUT:4)
0:00:00.017511422  2778 0x55cfe5498360 DEBUG   GST_REGISTRY gstregistrychunks.c:526:gst_registry_chunks_load_pad_template: Reading/casting for GstRegistryChunkPadTemplate at address 0x55cfe54bf9c0
0:00:00.013706622  2779 0x5566ef3f4360 DEBUG   GST_POLL gstpoll.c:979:gst_poll_fd_ctl_write: 0x5566ef418cc0: fd (fd:0, idx:1), active : 1
0:00:00.017516750  2778 0x55cfe5498360 DEBUG   GST_REGISTRY gstregistrychunks.c:540:gst_registry_chunks_load_pad_template: Added pad_template src
0:00:00.013712144  2779 0x5566ef3f4360 LOG   GST_POLL gstpoll.c:994:gst_poll_fd_ctl_write: 0x5566ef418cc0: pfd->events now 60 (POLLOUT:4)
0:00:00.017522529  2778 0x55cfe5498360 DEBUG   GST_REGISTRY gstregistrychunks.c:640:gst_registry_chunks_load_feature: Reading 1 UriTypes at address 0x55cfe54bf9d0
0:00:00.013718104  2779 0x5566ef3f4360 DEBUG   GST_POLL gstpoll.c:979:gst_poll_fd_ctl_write: 0x5566ef418cc0: fd (fd:0, idx:1), active : 1
0:00:00.017528585  2778 0x55cfe5498360 DEBUG   GST_REGISTRY gstregistrychunks.c:655:gst_registry_chunks_load_feature: Reading 1 Interfaces at address 0x55cfe54bf9d9
0:00:00.013723727  2779 0x5566ef3f4360 LOG   GST_POLL gstpoll.c:994:gst_poll_fd_ctl_write: 0x5566ef418cc0: pfd->events now 60 (POLLOUT:4)
0:00:00.017535436  2778 0x55cfe5498360 DEBUG   GST_REGISTRY gstregistry.c:589:gst_registry_add_feature: adding feature 0x55cfe54c4d90 (filesrc)
0:00:00.013729546  2779 0x5566ef3f4360 DEBUG   GST_POLL gstpoll.c:979:gst_poll_fd_ctl_write: 0x5566ef418cc0: fd (fd:0, idx:1), active : 1
0:00:00.017540871  2778 0x55cfe5498360 DEBUG   GST_REFCOUNTING gstobject.c:708:gst_object_set_parent: set parent (ref and sink)
0:00:00.013735774  2779 0x5566ef3f4360 LOG   GST_POLL gstpoll.c:994:gst_poll_fd_ctl_write: 0x5566ef418cc0: pfd->events now 60 (POLLOUT:4)
0:00:00.017547468  2778 0x55cfe5498360 TRACE   GST_REFCOUNTING gstobject.c:292:gst_object_ref_sink: 0x55cfe54c4d90 ref_sink 1->2
0:00:00.013742112  2779 0x5566ef3f4360 DEBUG   GST_POLL gstpoll.c:979:gst_poll_fd_ctl_write: 0x5566ef418cc0: fd (fd:0, idx:1), active : 1
0:00:00.017553798  2778 0x55cfe5498360 LOG   GST_REGISTRY gstregistry.c:607:gst_registry_add_feature: emitting feature-added for filesrc
0:00:00.013748205  2779 0x5566ef3f4360 LOG   GST_POLL gstpoll.c:994:gst_poll_fd_ctl_write: 0x5566ef418cc0: pfd->events now 60 (POLLOUT:4)
0:00:00.017559696  2778 0x55cfe5498360 DEBUG   GST_REGISTRY gstregistrychunks.c:741:gst_registry_chunks_load_feature: Added feature filesrc, plugin 0x55cfe54be500 coreelements
0:00:00.013754064  2779 0x5566ef3f4360 DEBUG   GST_POLL gstpoll.c:979:gst_poll_fd_ctl_write: 0x5566ef418cc0: fd (fd:0, idx:1), active : 1
0:00:00.017565405  2778 0x55cfe5498360 DEBUG   GST_REGISTRY gstregistrychunks.c:583:gst_registry_chunks_load_feature: Plugin 'coreelements' feature 'fdsink' typename : 'GstElementFactory'
0:00:00.013759926  2779 0x5566ef3f4360 LOG   GST_POLL gstpoll.c:994:gst_poll_fd_ctl_write: 0x5566ef418cc0: pfd->events now 60 (POLLOUT:4)
0:00:00.017572078  2778 0x55cfe5498360 TRACE   GST_REFCOUNTING gstobject.c:208:gst_object_init: 0x55cfe54c5540 new
0:00:00.013766021  2779 0x5566ef3f4360 DEBUG   GST_POLL gstpoll.c:979:gst_poll_fd_ctl_write: 0x5566ef418cc0: fd (fd:0, idx:1), active : 1
0:00:00.017582771  2778 0x55cfe5498360 LOG   GST_REGISTRY gstregistrychunks.c:610:gst_registry_chunks_load_feature: Reading/casting for GstRegistryChunkElementFactory at address 0x55cfe54bfa00
0:00:00.013776761  2779 0x5566ef3f4360 LOG   GST_POLL gstpoll.c:994:gst_poll_fd_ctl_write: 0x5566ef418cc0: pfd->events now 60 (POLLOUT:4)
0:00:00.017588716  2778 0x55cfe5498360 TRACE   structure gststructure.c:292:gst_structure_new_id_empty_with_size: created structure 0x55cfe54c58c0
0:00:00.013783349  2779 0x5566ef3f4360 DEBUG   GST_POLL gstpoll.c:979:gst_poll_fd_ctl_write: 0x5566ef418cc0: fd (fd:0, idx:1), active : 1
0:00:00.017594025  2778 0x55cfe5498360 DEBUG   structure gststructure.c:2258:gst_structure_parse_field: trying field name 'long-name'
0:00:00.013788962  2779 0x5566ef3f4360 LOG   GST_POLL gstpoll.c:994:gst_poll_fd_ctl_write: 0x5566ef418cc0: pfd->events now 60 (POLLOUT:4)
0:00:00.017599295  2778 0x55cfe5498360 DEBUG   default gstvalue.c:2776:_priv_gst_value_parse_value: trying type name 'string'
0:00:00.013794766  2779 0x5566ef3f4360 DEBUG   GST_POLL gstpoll.c:979:gst_poll_fd_ctl_write: 0x5566ef418cc0: fd (fd:0, idx:1), active : 1
0:00:00.017605087  2778 0x55cfe5498360 DEBUG   structure gststructure.c:2258:gst_structure_parse_field: trying field name 'klass'
0:00:00.013800396  2779 0x5566ef3f4360 LOG   GST_POLL gstpoll.c:994:gst_poll_fd_ctl_write: 0x5566ef418cc0: pfd->events now 60 (POLLOUT:4)
0:00:00.017610495  2778 0x55cfe5498360 DEBUG   default gstvalue.c:2776:_priv_gst_value_parse_value: trying type name 'string'
0:00:00.013806112  2779 0x5566ef3f4360 DEBUG   GST_POLL gstpoll.c:979:gst_poll_fd_ctl_write: 0x5566ef418cc0: fd (fd:0, idx:1), active : 1
0:00:00.017616101  2778 0x55cfe5498360 DEBUG   structure gststructure.c:2258:gst_structure_parse_field: trying field name 'description'
0:00:00.013811754  2779 0x5566ef3f4360 LOG   GST_POLL gstpoll.c:994:gst_poll_fd_ctl_write: 0x5566ef418cc0: pfd->events now 60 (POLLOUT:4)
0:00:00.017621503  2778 0x55cfe5498360 DEBUG   default gstvalue.c:2776:_priv_gst_value_parse_value: trying type name 'string'
0:00:00.013817559  2779 0x5566ef3f4360 DEBUG   GST_POLL gstpoll.c:979:gst_poll_fd_ctl_write: 0x5566ef418cc0: fd (fd:0, idx:1), active : 1
0:00:00.017627693  2778 0x55cfe5498360 DEBUG   structure gststructure.c:2258:gst_structure_parse_field: trying field name 'author'
0:00:00.013823162  2779 0x5566ef3f4360 LOG   GST_POLL gstpoll.c:994:gst_poll_fd_ctl_write: 0x5566ef418cc0: pfd->events now 60 (POLLOUT:4)
0:00:00.017632965  2778 0x55cfe5498360 DEBUG   default gstvalue.c:2776:_priv_gst_value_parse_value: trying type name 'string'
0:00:00.013829037  2779 0x5566ef3f4360 DEBUG   GST_POLL gstpoll.c:979:gst_poll_fd_ctl_write: 0x5566ef418cc0: fd (fd:0, idx:1), active : 1
0:00:00.017638645  2778 0x55cfe5498360 DEBUG   GST_REGISTRY gstregistrychunks.c:627:gst_registry_chunks_load_feature: Element factory : npadtemplates=1
0:00:00.013834701  2779 0x5566ef3f4360 LOG   GST_POLL gstpoll.c:994:gst_poll_fd_ctl_write: 0x5566ef418cc0: pfd->events now 60 (POLLOUT:4)
0:00:00.017647515  2778 0x55cfe5498360 DEBUG   GST_REGISTRY gstregistrychunks.c:526:gst_registry_chunks_load_pad_template: Reading/casting for GstRegistryChunkPadTemplate at address 0x55cfe54bfae0
0:00:00.013842611  2779 0x5566ef3f4360 DEBUG   GST_POLL gstpoll.c:979:gst_poll_fd_ctl_write: 0x5566ef418cc0: fd (fd:0, idx:1), active : 1
0:00:00.017652939  2778 0x55cfe5498360 DEBUG   GST_REGISTRY gstregistrychunks.c:540:gst_registry_chunks_load_pad_template: Added pad_template sink
0:00:00.013848454  2779 0x5566ef3f4360 LOG   GST_POLL gstpoll.c:994:gst_poll_fd_ctl_write: 0x5566ef418cc0: pfd->events now 60 (POLLOUT:4)
0:00:00.017658472  2778 0x55cfe5498360 DEBUG   GST_REGISTRY gstregistrychunks.c:640:gst_registry_chunks_load_feature: Reading 1 UriTypes at address 0x55cfe54bfaf1
0:00:00.013854324  2779 0x5566ef3f4360 DEBUG   GST_POLL gstpoll.c:979:gst_poll_fd_ctl_write: 0x5566ef418cc0: fd (fd:0, idx:1), active : 1
0:00:00.017664250  2778 0x55cfe5498360 DEBUG   GST_REGISTRY gstregistrychunks.c:655:gst_registry_chunks_load_feature: Reading 1 Interfaces at address 0x55cfe54bfaff
0:00:00.013859951  2779 0x5566ef3f4360 LOG   GST_POLL gstpoll.c:994:gst_poll_fd_ctl_write: 0x5566ef418cc0: pfd->events now 60 (POLLOUT:4)
0:00:00.017670672  2778 0x55cfe5498360 DEBUG   GST_REGISTRY gstregistry.c:589:gst_registry_add_feature: adding feature 0x55cfe54c5540 (fdsink)
0:00:00.013865844  2779 0x5566ef3f4360 DEBUG   GST_POLL gstpoll.c:979:gst_poll_fd_ctl_write: 0x5566ef418cc0: fd (fd:0, idx:1), active : 1
0:00:00.017676019  2778 0x55cfe5498360 DEBUG   GST_REFCOUNTING gstobject.c:708:gst_object_set_parent: set parent (ref and sink)
0:00:00.013871399  2779 0x5566ef3f4360 LOG   GST_POLL gstpoll.c:994:gst_poll_fd_ctl_write: 0x5566ef418cc0: pfd->events now 60 (POLLOUT:4)
0:00:00.017682202  2778 0x55cfe5498360 TRACE   GST_REFCOUNTING gstobject.c:292:gst_object_ref_sink: 0x55cfe54c5540 ref_sink 1->2
0:00:00.013877310  2779 0x5566ef3f4360 DEBUG   GST_POLL gstpoll.c:979:gst_poll_fd_ctl_write: 0x5566ef418cc0: fd (fd:0, idx:1), active : 1
0:00:00.017687938  2778 0x55cfe5498360 LOG   GST_REGISTRY gstregistry.c:607:gst_registry_add_feature: emitting feature-added for fdsink
0:00:00.013882891  2779 0x5566ef3f4360 LOG   GST_POLL gstpoll.c:994:gst_poll_fd_ctl_write: 0x5566ef418cc0: pfd->events now 60 (POLLOUT:4)
0:00:00.017693753  2778 0x55cfe5498360 DEBUG   GST_REGISTRY gstregistrychunks.c:741:gst_registry_chunks_load_feature: Added feature fdsink, plugin 0x55cfe54be500 coreelements
0:00:00.013888771  2779 0x5566ef3f4360 DEBUG   GST_POLL gstpoll.c:979:gst_poll_fd_ctl_write: 0x5566ef418cc0: fd (fd:0, idx:1), active : 1
0:00:00.017699563  2778 0x55cfe5498360 DEBUG   GST_REGISTRY gstregistrychunks.c:583:gst_registry_chunks_load_feature: Plugin 'coreelements' feature 'fdsrc' typename : 'GstElementFactory'
0:00:00.013894371  2779 0x5566ef3f4360 LOG   GST_POLL gstpoll.c:994:gst_poll_fd_ctl_write: 0x5566ef418cc0: pfd->events now 60 (POLLOUT:4)
0:00:00.017705756  2778 0x55cfe5498360 TRACE   GST_REFCOUNTING gstobject.c:208:gst_object_init: 0x55cfe54c9930 new
0:00:00.013900194  2779 0x5566ef3f4360 DEBUG   GST_POLL gstpoll.c:979:gst_poll_fd_ctl_write: 0x5566ef418cc0: fd (fd:0, idx:1), active : 1
0:00:00.017715438  2778 0x55cfe5498360 LOG   GST_REGISTRY gstregistrychunks.c:610:gst_registry_chunks_load_feature: Reading/casting for GstRegistryChunkElementFactory at address 0x55cfe54bfb28
0:00:00.013909599  2779 0x5566ef3f4360 LOG   GST_POLL gstpoll.c:994:gst_poll_fd_ctl_write: 0x5566ef418cc0: pfd->events now 60 (POLLOUT:4)
0:00:00.017721140  2778 0x55cfe5498360 TRACE   structure gststructure.c:292:gst_structure_new_id_empty_with_size: created structure 0x55cfe54c9b60
0:00:00.013915734  2779 0x5566ef3f4360 DEBUG   GST_POLL gstpoll.c:979:gst_poll_fd_ctl_write: 0x5566ef418cc0: fd (fd:0, idx:1), active : 1
0:00:00.017726406  2778 0x55cfe5498360 DEBUG   structure gststructure.c:2258:gst_structure_parse_field: trying field name 'long-name'
0:00:00.013921369  2779 0x5566ef3f4360 LOG   GST_POLL gstpoll.c:994:gst_poll_fd_ctl_write: 0x5566ef418cc0: pfd->events now 60 (POLLOUT:4)
0:00:00.017731984  2778 0x55cfe5498360 DEBUG   default gstvalue.c:2776:_priv_gst_value_parse_value: trying type name 'string'
0:00:00.013927322  2779 0x5566ef3f4360 DEBUG   GST_POLL gstpoll.c:979:gst_poll_fd_ctl_write: 0x5566ef418cc0: fd (fd:0, idx:1), active : 1
0:00:00.017737886  2778 0x55cfe5498360 DEBUG   structure gststructure.c:2258:gst_structure_parse_field: trying field name 'klass'
0:00:00.013932909  2779 0x5566ef3f4360 LOG   GST_POLL gstpoll.c:994:gst_poll_fd_ctl_write: 0x5566ef418cc0: pfd->events now 60 (POLLOUT:4)
0:00:00.017743140  2778 0x55cfe5498360 DEBUG   default gstvalue.c:2776:_priv_gst_value_parse_value: trying type name 'string'
0:00:00.013938726  2779 0x5566ef3f4360 DEBUG   GST_POLL gstpoll.c:979:gst_poll_fd_ctl_write: 0x5566ef418cc0: fd (fd:0, idx:1), active : 1
0:00:00.017748686  2778 0x55cfe5498360 DEBUG   structure gststructure.c:2258:gst_structure_parse_field: trying field name 'description'
0:00:00.013944376  2779 0x5566ef3f4360 LOG   GST_POLL gstpoll.c:994:gst_poll_fd_ctl_write: 0x5566ef418cc0: pfd->events now 60 (POLLOUT:4)
0:00:00.017753858  2778 0x55cfe5498360 DEBUG   default gstvalue.c:2776:_priv_gst_value_parse_value: trying type name 'string'
0:00:00.013950139  2779 0x5566ef3f4360 DEBUG   GST_POLL gstpoll.c:979:gst_poll_fd_ctl_write: 0x5566ef418cc0: fd (fd:0, idx:1), active : 1
0:00:00.017759651  2778 0x55cfe5498360 DEBUG   structure gststructure.c:2258:gst_structure_parse_field: trying field name 'author'
0:00:00.013955826  2779 0x5566ef3f4360 LOG   GST_POLL gstpoll.c:994:gst_poll_fd_ctl_write: 0x5566ef418cc0: pfd->events now 60 (POLLOUT:4)
0:00:00.017765074  2778 0x55cfe5498360 DEBUG   default gstvalue.c:2776:_priv_gst_value_parse_value: trying type name 'string'
0:00:00.013961851  2779 0x5566ef3f4360 DEBUG   GST_POLL gstpoll.c:979:gst_poll_fd_ctl_write: 0x5566ef418cc0: fd (fd:0, idx:1), active : 1
0:00:00.017771311  2778 0x55cfe5498360 DEBUG   GST_REGISTRY gstregistrychunks.c:627:gst_registry_chunks_load_feature: Element factory : npadtemplates=1
0:00:00.013967654  2779 0x5566ef3f4360 LOG   GST_POLL gstpoll.c:994:gst_poll_fd_ctl_write: 0x5566ef418cc0: pfd->events now 60 (POLLOUT:4)
0:00:00.017780802  2778 0x55cfe5498360 DEBUG   GST_REGISTRY gstregistrychunks.c:526:gst_registry_chunks_load_pad_template: Reading/casting for GstRegistryChunkPadTemplate at address 0x55cfe54bfc08
0:00:00.013976067  2779 0x5566ef3f4360 DEBUG   GST_POLL gstpoll.c:979:gst_poll_fd_ctl_write: 0x5566ef418cc0: fd (fd:0, idx:1), active : 1
0:00:00.017786179  2778 0x55cfe5498360 DEBUG   GST_REGISTRY gstregistrychunks.c:540:gst_registry_chunks_load_pad_template: Added pad_template src
0:00:00.013981567  2779 0x5566ef3f4360 LOG   GST_POLL gstpoll.c:994:gst_poll_fd_ctl_write: 0x5566ef418cc0: pfd->events now 60 (POLLOUT:4)
0:00:00.017791611  2778 0x55cfe5498360 DEBUG   GST_REGISTRY gstregistrychunks.c:640:gst_registry_chunks_load_feature: Reading 1 UriTypes at address 0x55cfe54bfc18
0:00:00.013987437  2779 0x5566ef3f4360 DEBUG   GST_POLL gstpoll.c:979:gst_poll_fd_ctl_write: 0x5566ef418cc0: fd (fd:0, idx:1), active : 1
0:00:00.017797228  2778 0x55cfe5498360 DEBUG   GST_REGISTRY gstregistrychunks.c:655:gst_registry_chunks_load_feature: Reading 1 Interfaces at address 0x55cfe54bfc1f
0:00:00.013993046  2779 0x5566ef3f4360 LOG   GST_POLL gstpoll.c:994:gst_poll_fd_ctl_write: 0x5566ef418cc0: pfd->events now 60 (POLLOUT:4)
0:00:00.017803573  2778 0x55cfe5498360 DEBUG   GST_REGISTRY gstregistry.c:589:gst_registry_add_feature: adding feature 0x55cfe54c9930 (fdsrc)
0:00:00.013998921  2779 0x5566ef3f4360 DEBUG   GST_POLL gstpoll.c:979:gst_poll_fd_ctl_write: 0x5566ef418cc0: fd (fd:0, idx:1), active : 1
0:00:00.017814995  2778 0x55cfe5498360 DEBUG   GST_REFCOUNTING gstobject.c:708:gst_object_set_parent: set parent (ref and sink)
0:00:00.014009774  2779 0x5566ef3f4360 LOG   GST_POLL gstpoll.c:994:gst_poll_fd_ctl_write: 0x5566ef418cc0: pfd->events now 60 (POLLOUT:4)
0:00:00.014015810  2779 0x5566ef3f4360 DEBUG   GST_POLL gstpoll.c:979:gst_poll_fd_ctl_write: 0x5566ef418cc0: fd (fd:0, idx:1), active : 1
0:00:00.017824440  2778 0x55cfe5498360 TRACE   GST_REFCOUNTING gstobject.c:292:gst_object_ref_sink: 0x55cfe54c9930 ref_sink 1->2
0:00:00.014020856  2779 0x5566ef3f4360 LOG   GST_POLL gstpoll.c:994:gst_poll_fd_ctl_write: 0x5566ef418cc0: pfd->events now 60 (POLLOUT:4)
0:00:00.017830423  2778 0x55cfe5498360 LOG   GST_REGISTRY gstregistry.c:607:gst_registry_add_feature: emitting feature-added for fdsrc
0:00:00.014026669  2779 0x5566ef3f4360 DEBUG   GST_POLL gstpoll.c:979:gst_poll_fd_ctl_write: 0x5566ef418cc0: fd (fd:0, idx:1), active : 1
0:00:00.017836244  2778 0x55cfe5498360 DEBUG   GST_REGISTRY gstregistrychunks.c:741:gst_registry_chunks_load_feature: Added feature fdsrc, plugin 0x55cfe54be500 coreelements
0:00:00.014032289  2779 0x5566ef3f4360 LOG   GST_POLL gstpoll.c:994:gst_poll_fd_ctl_write: 0x5566ef418cc0: pfd->events now 60 (POLLOUT:4)
0:00:00.017842030  2778 0x55cfe5498360 DEBUG   GST_REGISTRY gstregistrychunks.c:583:gst_registry_chunks_load_feature: Plugin 'coreelements' feature 'fakesink' typename : 'GstElementFactory'
0:00:00.014038592  2779 0x5566ef3f4360 DEBUG   GST_POLL gstpoll.c:979:gst_poll_fd_ctl_write: 0x5566ef418cc0: fd (fd:0, idx:1), active : 1
0:00:00.017848293  2778 0x55cfe5498360 TRACE   GST_REFCOUNTING gstobject.c:208:gst_object_init: 0x55cfe54c9fe0 new
0:00:00.014048564  2779 0x5566ef3f4360 LOG   GST_POLL gstpoll.c:994:gst_poll_fd_ctl_write: 0x5566ef418cc0: pfd->events now 60 (POLLOUT:4)
0:00:00.017858611  2778 0x55cfe5498360 LOG   GST_REGISTRY gstregistrychunks.c:610:gst_registry_chunks_load_feature: Reading/casting for GstRegistryChunkElementFactory at address 0x55cfe54bfc48
0:00:00.014054394  2779 0x5566ef3f4360 DEBUG   GST_POLL gstpoll.c:979:gst_poll_fd_ctl_write: 0x5566ef418cc0: fd (fd:0, idx:1), active : 1
0:00:00.017864264  2778 0x55cfe5498360 TRACE   structure gststructure.c:292:gst_structure_new_id_empty_with_size: created structure 0x55cfe54ca210
0:00:00.014059979  2779 0x5566ef3f4360 LOG   GST_POLL gstpoll.c:994:gst_poll_fd_ctl_write: 0x5566ef418cc0: pfd->events now 60 (POLLOUT:4)
0:00:00.017869715  2778 0x55cfe5498360 DEBUG   structure gststructure.c:2258:gst_structure_parse_field: trying field name 'long-name'
0:00:00.014065764  2779 0x5566ef3f4360 DEBUG   GST_POLL gstpoll.c:979:gst_poll_fd_ctl_write: 0x5566ef418cc0: fd (fd:0, idx:1), active : 1
0:00:00.017875146  2778 0x55cfe5498360 DEBUG   default gstvalue.c:2776:_priv_gst_value_parse_value: trying type name 'string'
0:00:00.014071392  2779 0x5566ef3f4360 LOG   GST_POLL gstpoll.c:994:gst_poll_fd_ctl_write: 0x5566ef418cc0: pfd->events now 60 (POLLOUT:4)
