0:00:00.009884814  2779 0x5566ef3f4360 LOG   GST_POLL gstpoll.c:994:gst_poll_fd_ctl_write: 0x5566ef418cc0: pfd->events now 60 (POLLOUT:4)
0:00:00.009889975  2779 0x5566ef3f4360 DEBUG   GST_POLL gstpoll.c:979:gst_poll_fd_ctl_write: 0x5566ef418cc0: fd (fd:0, idx:1), active : 1
0:00:00.009895020  2779 0x5566ef3f4360 LOG   GST_POLL gstpoll.c:994:gst_poll_fd_ctl_write: 0x5566ef418cc0: pfd->events now 60 (POLLOUT:4)
0:00:00.009900311  2779 0x5566ef3f4360 DEBUG   GST_POLL gstpoll.c:979:gst_poll_fd_ctl_write: 0x5566ef418cc0: fd (fd:0, idx:1), active : 1
0:00:00.009905277  2779 0x5566ef3f4360 LOG   GST_POLL gstpoll.c:994:gst_poll_fd_ctl_write: 0x5566ef418cc0: pfd->events now 60 (POLLOUT:4)
0:00:00.009910482  2779 0x5566ef3f4360 DEBUG   GST_POLL gstpoll.c:979:gst_poll_fd_ctl_write: 0x5566ef418cc0: fd (fd:0, idx:1), active : 1
0:00:00.009915575  2779 0x5566ef3f4360 LOG   GST_POLL gstpoll.c:994:gst_poll_fd_ctl_write: 0x5566ef418cc0: pfd->events now 60 (POLLOUT:4)
0:00:00.009920790  2779 0x5566ef3f4360 DEBUG   GST_POLL gstpoll.c:979:gst_poll_fd_ctl_write: 0x5566ef418cc0: fd (fd:0, idx:1), active : 1
0:00:00.009925809  2779 0x5566ef3f4360 LOG   GST_POLL gstpoll.c:994:gst_poll_fd_ctl_write: 0x5566ef418cc0: pfd->events now 60 (POLLOUT:4)
0:00:00.009931046  2779 0x5566ef3f4360 DEBUG   GST_POLL gstpoll.c:979:gst_poll_fd_ctl_write: 0x5566ef418cc0: fd (fd:0, idx:1), active : 1
0:00:00.009936004  2779 0x5566ef3f4360 LOG   GST_POLL gstpoll.c:994:gst_poll_fd_ctl_write: 0x5566ef418cc0: pfd->events now 60 (POLLOUT:4)
0:00:00.009941248  2779 0x5566ef3f4360 DEBUG   GST_POLL gstpoll.c:979:gst_poll_fd_ctl_write: 0x5566ef418cc0: fd (fd:0, idx:1), active : 1
0:00:00.009946278  2779 0x5566ef3f4360 LOG   GST_POLL gstpoll.c:994:gst_poll_fd_ctl_write: 0x5566ef418cc0: pfd->events now 60 (POLLOUT:4)
0:00:00.009951635  2779 0x5566ef3f4360 DEBUG   GST_POLL gstpoll.c:979:gst_poll_fd_ctl_write: 0x5566ef418cc0: fd (fd:0, idx:1), active : 1
0:00:00.009956585  2779 0x5566ef3f4360 LOG   GST_POLL gstpoll.c:994:gst_poll_fd_ctl_write: 0x5566ef418cc0: pfd->events now 60 (POLLOUT:4)
0:00:00.009967548  2779 0x5566ef3f4360 DEBUG   GST_POLL gstpoll.c:979:gst_poll_fd_ctl_write: 0x5566ef418cc0: fd (fd:0, idx:1), active : 1
0:00:00.009972683  2779 0x5566ef3f4360 LOG   GST_POLL gstpoll.c:994:gst_poll_fd_ctl_write: 0x5566ef418cc0: pfd->events now 60 (POLLOUT:4)
0:00:00.009977843  2779 0x5566ef3f4360 DEBUG   GST_POLL gstpoll.c:979:gst_poll_fd_ctl_write: 0x5566ef418cc0: fd (fd:0, idx:1), active : 1
0:00:00.009982930  2779 0x5566ef3f4360 LOG   GST_POLL gstpoll.c:994:gst_poll_fd_ctl_write: 0x5566ef418cc0: pfd->events now 60 (POLLOUT:4)
0:00:00.009988046  2779 0x5566ef3f4360 DEBUG   GST_POLL gstpoll.c:979:gst_poll_fd_ctl_write: 0x5566ef418cc0: fd (fd:0, idx:1), active : 1
0:00:00.009992956  2779 0x5566ef3f4360 LOG   GST_POLL gstpoll.c:994:gst_poll_fd_ctl_write: 0x5566ef418cc0: pfd->events now 60 (POLLOUT:4)
0:00:00.009998100  2779 0x5566ef3f4360 DEBUG   GST_POLL gstpoll.c:979:gst_poll_fd_ctl_write: 0x5566ef418cc0: fd (fd:0, idx:1), active : 1
0:00:00.010003045  2779 0x5566ef3f4360 LOG   GST_POLL gstpoll.c:994:gst_poll_fd_ctl_write: 0x5566ef418cc0: pfd->events now 60 (POLLOUT:4)
0:00:00.010008433  2779 0x5566ef3f4360 DEBUG   GST_POLL gstpoll.c:979:gst_poll_fd_ctl_write: 0x5566ef418cc0: fd (fd:0, idx:1), active : 1
0:00:00.010013595  2779 0x5566ef3f4360 LOG   GST_POLL gstpoll.c:994:gst_poll_fd_ctl_write: 0x5566ef418cc0: pfd->events now 60 (POLLOUT:4)
0:00:00.010018794  2779 0x5566ef3f4360 DEBUG   GST_POLL gstpoll.c:979:gst_poll_fd_ctl_write: 0x5566ef418cc0: fd (fd:0, idx:1), active : 1
0:00:00.010023767  2779 0x5566ef3f4360 LOG   GST_POLL gstpoll.c:994:gst_poll_fd_ctl_write: 0x5566ef418cc0: pfd->events now 60 (POLLOUT:4)
0:00:00.010028930  2779 0x5566ef3f4360 DEBUG   GST_POLL gstpoll.c:979:gst_poll_fd_ctl_write: 0x5566ef418cc0: fd (fd:0, idx:1), active : 1
0:00:00.010033860  2779 0x5566ef3f4360 LOG   GST_POLL gstpoll.c:994:gst_poll_fd_ctl_write: 0x5566ef418cc0: pfd->events now 60 (POLLOUT:4)
0:00:00.010039026  2779 0x5566ef3f4360 DEBUG   GST_POLL gstpoll.c:979:gst_poll_fd_ctl_write: 0x5566ef418cc0: fd (fd:0, idx:1), active : 1
0:00:00.010043993  2779 0x5566ef3f4360 LOG   GST_POLL gstpoll.c:994:gst_poll_fd_ctl_write: 0x5566ef418cc0: pfd->events now 60 (POLLOUT:4)
0:00:00.010067023  2779 0x5566ef3f4360 DEBUG   GST_POLL gstpoll.c:979:gst_poll_fd_ctl_write: 0x5566ef418cc0: fd (fd:0, idx:1), active : 1
0:00:00.010072290  2779 0x5566ef3f4360 LOG   GST_POLL gstpoll.c:994:gst_poll_fd_ctl_write: 0x5566ef418cc0: pfd->events now 60 (POLLOUT:4)
0:00:00.010077780  2779 0x5566ef3f4360 DEBUG   GST_POLL gstpoll.c:979:gst_poll_fd_ctl_write: 0x5566ef418cc0: fd (fd:0, idx:1), active : 1
0:00:00.010083160  2779 0x5566ef3f4360 LOG   GST_POLL gstpoll.c:994:gst_poll_fd_ctl_write: 0x5566ef418cc0: pfd->events now 60 (POLLOUT:4)
0:00:00.010088693  2779 0x5566ef3f4360 DEBUG   GST_POLL gstpoll.c:979:gst_poll_fd_ctl_write: 0x5566ef418cc0: fd (fd:0, idx:1), active : 1
0:00:00.010093970  2779 0x5566ef3f4360 LOG   GST_POLL gstpoll.c:994:gst_poll_fd_ctl_write: 0x5566ef418cc0: pfd->events now 60 (POLLOUT:4)
0:00:00.010099543  2779 0x5566ef3f4360 DEBUG   GST_POLL gstpoll.c:979:gst_poll_fd_ctl_write: 0x5566ef418cc0: fd (fd:0, idx:1), active : 1
0:00:00.010108822  2779 0x5566ef3f4360 LOG   GST_POLL gstpoll.c:994:gst_poll_fd_ctl_write: 0x5566ef418cc0: pfd->events now 60 (POLLOUT:4)
0:00:00.010114639  2779 0x5566ef3f4360 DEBUG   GST_POLL gstpoll.c:979:gst_poll_fd_ctl_write: 0x5566ef418cc0: fd (fd:0, idx:1), active : 1
0:00:00.010120043  2779 0x5566ef3f4360 LOG   GST_POLL gstpoll.c:994:gst_poll_fd_ctl_write: 0x5566ef418cc0: pfd->events now 60 (POLLOUT:4)
0:00:00.010126102  2779 0x5566ef3f4360 DEBUG   GST_POLL gstpoll.c:979:gst_poll_fd_ctl_write: 0x5566ef418cc0: fd (fd:0, idx:1), active : 1
0:00:00.010131507  2779 0x5566ef3f4360 LOG   GST_POLL gstpoll.c:994:gst_poll_fd_ctl_write: 0x5566ef418cc0: pfd->events now 60 (POLLOUT:4)
0:00:00.010137176  2779 0x5566ef3f4360 DEBUG   GST_POLL gstpoll.c:979:gst_poll_fd_ctl_write: 0x5566ef418cc0: fd (fd:0, idx:1), active : 1
0:00:00.010142463  2779 0x5566ef3f4360 LOG   GST_POLL gstpoll.c:994:gst_poll_fd_ctl_write: 0x5566ef418cc0: pfd->events now 60 (POLLOUT:4)
0:00:00.010148133  2779 0x5566ef3f4360 DEBUG   GST_POLL gstpoll.c:979:gst_poll_fd_ctl_write: 0x5566ef418cc0: fd (fd:0, idx:1), active : 1
0:00:00.010153486  2779 0x5566ef3f4360 LOG   GST_POLL gstpoll.c:994:gst_poll_fd_ctl_write: 0x5566ef418cc0: pfd->events now 60 (POLLOUT:4)
0:00:00.010159069  2779 0x5566ef3f4360 DEBUG   GST_POLL gstpoll.c:979:gst_poll_fd_ctl_write: 0x5566ef418cc0: fd (fd:0, idx:1), active : 1
0:00:00.010164359  2779 0x5566ef3f4360 LOG   GST_POLL gstpoll.c:994:gst_poll_fd_ctl_write: 0x5566ef418cc0: pfd->events now 60 (POLLOUT:4)
0:00:00.010169859  2779 0x5566ef3f4360 DEBUG   GST_POLL gstpoll.c:979:gst_poll_fd_ctl_write: 0x5566ef418cc0: fd (fd:0, idx:1), active : 1
0:00:00.010175159  2779 0x5566ef3f4360 LOG   GST_POLL gstpoll.c:994:gst_poll_fd_ctl_write: 0x5566ef418cc0: pfd->events now 60 (POLLOUT:4)
0:00:00.010181013  2779 0x5566ef3f4360 DEBUG   GST_POLL gstpoll.c:979:gst_poll_fd_ctl_write: 0x5566ef418cc0: fd (fd:0, idx:1), active : 1
0:00:00.010186318  2779 0x5566ef3f4360 LOG   GST_POLL gstpoll.c:994:gst_poll_fd_ctl_write: 0x5566ef418cc0: pfd->events now 60 (POLLOUT:4)
0:00:00.010191785  2779 0x5566ef3f4360 DEBUG   GST_POLL gstpoll.c:979:gst_poll_fd_ctl_write: 0x5566ef418cc0: fd (fd:0, idx:1), active : 1
0:00:00.010197160  2779 0x5566ef3f4360 LOG   GST_POLL gstpoll.c:994:gst_poll_fd_ctl_write: 0x5566ef418cc0: pfd->events now 60 (POLLOUT:4)
0:00:00.010202629  2779 0x5566ef3f4360 DEBUG   GST_POLL gstpoll.c:979:gst_poll_fd_ctl_write: 0x5566ef418cc0: fd (fd:0, idx:1), active : 1
0:00:00.010207931  2779 0x5566ef3f4360 LOG   GST_POLL gstpoll.c:994:gst_poll_fd_ctl_write: 0x5566ef418cc0: pfd->events now 60 (POLLOUT:4)
0:00:00.010213611  2779 0x5566ef3f4360 DEBUG   GST_POLL gstpoll.c:979:gst_poll_fd_ctl_write: 0x5566ef418cc0: fd (fd:0, idx:1), active : 1
0:00:00.010218915  2779 0x5566ef3f4360 LOG   GST_POLL gstpoll.c:994:gst_poll_fd_ctl_write: 0x5566ef418cc0: pfd->events now 60 (POLLOUT:4)
0:00:00.010224429  2779 0x5566ef3f4360 DEBUG   GST_POLL gstpoll.c:979:gst_poll_fd_ctl_write: 0x5566ef418cc0: fd (fd:0, idx:1), active : 1
0:00:00.010233103  2779 0x5566ef3f4360 LOG   GST_POLL gstpoll.c:994:gst_poll_fd_ctl_write: 0x5566ef418cc0: pfd->events now 60 (POLLOUT:4)
0:00:00.010238698  2779 0x5566ef3f4360 LOG   GST_PLUGIN_LOADING gstpluginloader.c:644:put_chunk: Expanding tx buf from 5764 to 7717 for chunk of size 229
0:00:00.010247926  2779 0x5566ef3f4360 DEBUG   GST_POLL gstpoll.c:979:gst_poll_fd_ctl_write: 0x5566ef418cc0: fd (fd:0, idx:1), active : 1
0:00:00.010253319  2779 0x5566ef3f4360 LOG   GST_POLL gstpoll.c:994:gst_poll_fd_ctl_write: 0x5566ef418cc0: pfd->events now 60 (POLLOUT:4)
0:00:00.010258836  2779 0x5566ef3f4360 DEBUG   GST_POLL gstpoll.c:979:gst_poll_fd_ctl_write: 0x5566ef418cc0: fd (fd:0, idx:1), active : 1
0:00:00.010264130  2779 0x5566ef3f4360 LOG   GST_POLL gstpoll.c:994:gst_poll_fd_ctl_write: 0x5566ef418cc0: pfd->events now 60 (POLLOUT:4)
0:00:00.010269609  2779 0x5566ef3f4360 DEBUG   GST_POLL gstpoll.c:979:gst_poll_fd_ctl_write: 0x5566ef418cc0: fd (fd:0, idx:1), active : 1
0:00:00.010274866  2779 0x5566ef3f4360 LOG   GST_POLL gstpoll.c:994:gst_poll_fd_ctl_write: 0x5566ef418cc0: pfd->events now 60 (POLLOUT:4)
0:00:00.010280520  2779 0x5566ef3f4360 DEBUG   GST_POLL gstpoll.c:979:gst_poll_fd_ctl_write: 0x5566ef418cc0: fd (fd:0, idx:1), active : 1
0:00:00.010285779  2779 0x5566ef3f4360 LOG   GST_POLL gstpoll.c:994:gst_poll_fd_ctl_write: 0x5566ef418cc0: pfd->events now 60 (POLLOUT:4)
0:00:00.010291250  2779 0x5566ef3f4360 DEBUG   GST_POLL gstpoll.c:979:gst_poll_fd_ctl_write: 0x5566ef418cc0: fd (fd:0, idx:1), active : 1
0:00:00.010296519  2779 0x5566ef3f4360 LOG   GST_POLL gstpoll.c:994:gst_poll_fd_ctl_write: 0x5566ef418cc0: pfd->events now 60 (POLLOUT:4)
0:00:00.010301982  2779 0x5566ef3f4360 DEBUG   GST_POLL gstpoll.c:979:gst_poll_fd_ctl_write: 0x5566ef418cc0: fd (fd:0, idx:1), active : 1
0:00:00.010307224  2779 0x5566ef3f4360 LOG   GST_POLL gstpoll.c:994:gst_poll_fd_ctl_write: 0x5566ef418cc0: pfd->events now 60 (POLLOUT:4)
0:00:00.010312705  2779 0x5566ef3f4360 DEBUG   GST_POLL gstpoll.c:979:gst_poll_fd_ctl_write: 0x5566ef418cc0: fd (fd:0, idx:1), active : 1
0:00:00.010317968  2779 0x5566ef3f4360 LOG   GST_POLL gstpoll.c:994:gst_poll_fd_ctl_write: 0x5566ef418cc0: pfd->events now 60 (POLLOUT:4)
0:00:00.010323458  2779 0x5566ef3f4360 DEBUG   GST_POLL gstpoll.c:979:gst_poll_fd_ctl_write: 0x5566ef418cc0: fd (fd:0, idx:1), active : 1
0:00:00.010328722  2779 0x5566ef3f4360 LOG   GST_POLL gstpoll.c:994:gst_poll_fd_ctl_write: 0x5566ef418cc0: pfd->events now 60 (POLLOUT:4)
0:00:00.010334245  2779 0x5566ef3f4360 DEBUG   GST_POLL gstpoll.c:979:gst_poll_fd_ctl_write: 0x5566ef418cc0: fd (fd:0, idx:1), active : 1
0:00:00.010342763  2779 0x5566ef3f4360 LOG   GST_POLL gstpoll.c:994:gst_poll_fd_ctl_write: 0x5566ef418cc0: pfd->events now 60 (POLLOUT:4)
0:00:00.010348480  2779 0x5566ef3f4360 DEBUG   GST_POLL gstpoll.c:979:gst_poll_fd_ctl_write: 0x5566ef418cc0: fd (fd:0, idx:1), active : 1
0:00:00.010353780  2779 0x5566ef3f4360 LOG   GST_POLL gstpoll.c:994:gst_poll_fd_ctl_write: 0x5566ef418cc0: pfd->events now 60 (POLLOUT:4)
0:00:00.010359296  2779 0x5566ef3f4360 DEBUG   GST_POLL gstpoll.c:979:gst_poll_fd_ctl_write: 0x5566ef418cc0: fd (fd:0, idx:1), active : 1
0:00:00.010370030  2779 0x5566ef3f4360 LOG   GST_POLL gstpoll.c:994:gst_poll_fd_ctl_write: 0x5566ef418cc0: pfd->events now 60 (POLLOUT:4)
0:00:00.010375727  2779 0x5566ef3f4360 DEBUG   GST_POLL gstpoll.c:979:gst_poll_fd_ctl_write: 0x5566ef418cc0: fd (fd:0, idx:1), active : 1
0:00:00.010381040  2779 0x5566ef3f4360 LOG   GST_POLL gstpoll.c:994:gst_poll_fd_ctl_write: 0x5566ef418cc0: pfd->events now 60 (POLLOUT:4)
0:00:00.010386517  2779 0x5566ef3f4360 DEBUG   GST_POLL gstpoll.c:979:gst_poll_fd_ctl_write: 0x5566ef418cc0: fd (fd:0, idx:1), active : 1
0:00:00.010391787  2779 0x5566ef3f4360 LOG   GST_POLL gstpoll.c:994:gst_poll_fd_ctl_write: 0x5566ef418cc0: pfd->events now 60 (POLLOUT:4)
0:00:00.010397280  2779 0x5566ef3f4360 DEBUG   GST_POLL gstpoll.c:979:gst_poll_fd_ctl_write: 0x5566ef418cc0: fd (fd:0, idx:1), active : 1
0:00:00.010420596  2779 0x5566ef3f4360 LOG   GST_POLL gstpoll.c:994:gst_poll_fd_ctl_write: 0x5566ef418cc0: pfd->events now 60 (POLLOUT:4)
0:00:00.010426717  2779 0x5566ef3f4360 DEBUG   GST_POLL gstpoll.c:979:gst_poll_fd_ctl_write: 0x5566ef418cc0: fd (fd:0, idx:1), active : 1
0:00:00.010432710  2779 0x5566ef3f4360 LOG   GST_POLL gstpoll.c:994:gst_poll_fd_ctl_write: 0x5566ef418cc0: pfd->events now 60 (POLLOUT:4)
0:00:00.010438768  2779 0x5566ef3f4360 DEBUG   GST_POLL gstpoll.c:979:gst_poll_fd_ctl_write: 0x5566ef418cc0: fd (fd:0, idx:1), active : 1
0:00:00.010444664  2779 0x5566ef3f4360 LOG   GST_POLL gstpoll.c:994:gst_poll_fd_ctl_write: 0x5566ef418cc0: pfd->events now 60 (POLLOUT:4)
0:00:00.010450829  2779 0x5566ef3f4360 DEBUG   GST_POLL gstpoll.c:979:gst_poll_fd_ctl_write: 0x5566ef418cc0: fd (fd:0, idx:1), active : 1
0:00:00.010456659  2779 0x5566ef3f4360 LOG   GST_POLL gstpoll.c:994:gst_poll_fd_ctl_write: 0x5566ef418cc0: pfd->events now 60 (POLLOUT:4)
0:00:00.010462801  2779 0x5566ef3f4360 DEBUG   GST_POLL gstpoll.c:979:gst_poll_fd_ctl_write: 0x5566ef418cc0: fd (fd:0, idx:1), active : 1
0:00:00.010468708  2779 0x5566ef3f4360 LOG   GST_POLL gstpoll.c:994:gst_poll_fd_ctl_write: 0x5566ef418cc0: pfd->events now 60 (POLLOUT:4)
0:00:00.010474806  2779 0x5566ef3f4360 DEBUG   GST_POLL gstpoll.c:979:gst_poll_fd_ctl_write: 0x5566ef418cc0: fd (fd:0, idx:1), active : 1
0:00:00.010480607  2779 0x5566ef3f4360 LOG   GST_POLL gstpoll.c:994:gst_poll_fd_ctl_write: 0x5566ef418cc0: pfd->events now 60 (POLLOUT:4)
0:00:00.010486697  2779 0x5566ef3f4360 DEBUG   GST_POLL gstpoll.c:979:gst_poll_fd_ctl_write: 0x5566ef418cc0: fd (fd:0, idx:1), active : 1
0:00:00.010492534  2779 0x5566ef3f4360 LOG   GST_POLL gstpoll.c:994:gst_poll_fd_ctl_write: 0x5566ef418cc0: pfd->events now 60 (POLLOUT:4)
0:00:00.010498593  2779 0x5566ef3f4360 DEBUG   GST_POLL gstpoll.c:979:gst_poll_fd_ctl_write: 0x5566ef418cc0: fd (fd:0, idx:1), active : 1
0:00:00.010504403  2779 0x5566ef3f4360 LOG   GST_POLL gstpoll.c:994:gst_poll_fd_ctl_write: 0x5566ef418cc0: pfd->events now 60 (POLLOUT:4)
0:00:00.010510511  2779 0x5566ef3f4360 DEBUG   GST_POLL gstpoll.c:979:gst_poll_fd_ctl_write: 0x5566ef418cc0: fd (fd:0, idx:1), active : 1
0:00:00.010520147  2779 0x5566ef3f4360 LOG   GST_POLL gstpoll.c:994:gst_poll_fd_ctl_write: 0x5566ef418cc0: pfd->events now 60 (POLLOUT:4)
0:00:00.010526337  2779 0x5566ef3f4360 DEBUG   GST_POLL gstpoll.c:979:gst_poll_fd_ctl_write: 0x5566ef418cc0: fd (fd:0, idx:1), active : 1
0:00:00.010532168  2779 0x5566ef3f4360 LOG   GST_POLL gstpoll.c:994:gst_poll_fd_ctl_write: 0x5566ef418cc0: pfd->events now 60 (POLLOUT:4)
0:00:00.010538258  2779 0x5566ef3f4360 DEBUG   GST_POLL gstpoll.c:979:gst_poll_fd_ctl_write: 0x5566ef418cc0: fd (fd:0, idx:1), active : 1
0:00:00.010544098  2779 0x5566ef3f4360 LOG   GST_POLL gstpoll.c:994:gst_poll_fd_ctl_write: 0x5566ef418cc0: pfd->events now 60 (POLLOUT:4)
0:00:00.010550255  2779 0x5566ef3f4360 DEBUG   GST_POLL gstpoll.c:979:gst_poll_fd_ctl_write: 0x5566ef418cc0: fd (fd:0, idx:1), active : 1
0:00:00.010556039  2779 0x5566ef3f4360 LOG   GST_POLL gstpoll.c:994:gst_poll_fd_ctl_write: 0x5566ef418cc0: pfd->events now 60 (POLLOUT:4)
0:00:00.010562156  2779 0x5566ef3f4360 DEBUG   GST_POLL gstpoll.c:979:gst_poll_fd_ctl_write: 0x5566ef418cc0: fd (fd:0, idx:1), active : 1
0:00:00.010567972  2779 0x5566ef3f4360 LOG   GST_POLL gstpoll.c:994:gst_poll_fd_ctl_write: 0x5566ef418cc0: pfd->events now 60 (POLLOUT:4)
0:00:00.010574066  2779 0x5566ef3f4360 DEBUG   GST_POLL gstpoll.c:979:gst_poll_fd_ctl_write: 0x5566ef418cc0: fd (fd:0, idx:1), active : 1
0:00:00.010579957  2779 0x5566ef3f4360 LOG   GST_POLL gstpoll.c:994:gst_poll_fd_ctl_write: 0x5566ef418cc0: pfd->events now 60 (POLLOUT:4)
0:00:00.010586260  2779 0x5566ef3f4360 DEBUG   GST_POLL gstpoll.c:979:gst_poll_fd_ctl_write: 0x5566ef418cc0: fd (fd:0, idx:1), active : 1
0:00:00.010592564  2779 0x5566ef3f4360 LOG   GST_POLL gstpoll.c:994:gst_poll_fd_ctl_write: 0x5566ef418cc0: pfd->events now 60 (POLLOUT:4)
0:00:00.010598834  2779 0x5566ef3f4360 DEBUG   GST_POLL gstpoll.c:979:gst_poll_fd_ctl_write: 0x5566ef418cc0: fd (fd:0, idx:1), active : 1
0:00:00.010604721  2779 0x5566ef3f4360 LOG   GST_POLL gstpoll.c:994:gst_poll_fd_ctl_write: 0x5566ef418cc0: pfd->events now 60 (POLLOUT:4)
0:00:00.010611064  2779 0x5566ef3f4360 DEBUG   GST_POLL gstpoll.c:979:gst_poll_fd_ctl_write: 0x5566ef418cc0: fd (fd:0, idx:1), active : 1
0:00:00.010616854  2779 0x5566ef3f4360 LOG   GST_POLL gstpoll.c:994:gst_poll_fd_ctl_write: 0x5566ef418cc0: pfd->events now 60 (POLLOUT:4)
0:00:00.010623069  2779 0x5566ef3f4360 DEBUG   GST_POLL gstpoll.c:979:gst_poll_fd_ctl_write: 0x5566ef418cc0: fd (fd:0, idx:1), active : 1
0:00:00.010628932  2779 0x5566ef3f4360 LOG   GST_POLL gstpoll.c:994:gst_poll_fd_ctl_write: 0x5566ef418cc0: pfd->events now 60 (POLLOUT:4)
0:00:00.010635013  2779 0x5566ef3f4360 DEBUG   GST_POLL gstpoll.c:979:gst_poll_fd_ctl_write: 0x5566ef418cc0: fd (fd:0, idx:1), active : 1
0:00:00.010640849  2779 0x5566ef3f4360 LOG   GST_POLL gstpoll.c:994:gst_poll_fd_ctl_write: 0x5566ef418cc0: pfd->events now 60 (POLLOUT:4)
0:00:00.010663640  2779 0x5566ef3f4360 DEBUG   GST_POLL gstpoll.c:979:gst_poll_fd_ctl_write: 0x5566ef418cc0: fd (fd:0, idx:1), active : 1
0:00:00.010673466  2779 0x5566ef3f4360 LOG   GST_POLL gstpoll.c:994:gst_poll_fd_ctl_write: 0x5566ef418cc0: pfd->events now 60 (POLLOUT:4)
0:00:00.010679593  2779 0x5566ef3f4360 DEBUG   GST_POLL gstpoll.c:979:gst_poll_fd_ctl_write: 0x5566ef418cc0: fd (fd:0, idx:1), active : 1
0:00:00.010685647  2779 0x5566ef3f4360 LOG   GST_POLL gstpoll.c:994:gst_poll_fd_ctl_write: 0x5566ef418cc0: pfd->events now 60 (POLLOUT:4)
0:00:00.010691721  2779 0x5566ef3f4360 DEBUG   GST_POLL gstpoll.c:979:gst_poll_fd_ctl_write: 0x5566ef418cc0: fd (fd:0, idx:1), active : 1
0:00:00.010697627  2779 0x5566ef3f4360 LOG   GST_POLL gstpoll.c:994:gst_poll_fd_ctl_write: 0x5566ef418cc0: pfd->events now 60 (POLLOUT:4)
0:00:00.010703704  2779 0x5566ef3f4360 DEBUG   GST_POLL gstpoll.c:979:gst_poll_fd_ctl_write: 0x5566ef418cc0: fd (fd:0, idx:1), active : 1
0:00:00.010709517  2779 0x5566ef3f4360 LOG   GST_POLL gstpoll.c:994:gst_poll_fd_ctl_write: 0x5566ef418cc0: pfd->events now 60 (POLLOUT:4)
0:00:00.010715585  2779 0x5566ef3f4360 DEBUG   GST_POLL gstpoll.c:979:gst_poll_fd_ctl_write: 0x5566ef418cc0: fd (fd:0, idx:1), active : 1
0:00:00.010721375  2779 0x5566ef3f4360 LOG   GST_POLL gstpoll.c:994:gst_poll_fd_ctl_write: 0x5566ef418cc0: pfd->events now 60 (POLLOUT:4)
0:00:00.010727445  2779 0x5566ef3f4360 DEBUG   GST_POLL gstpoll.c:979:gst_poll_fd_ctl_write: 0x5566ef418cc0: fd (fd:0, idx:1), active : 1
0:00:00.010733239  2779 0x5566ef3f4360 LOG   GST_POLL gstpoll.c:994:gst_poll_fd_ctl_write: 0x5566ef418cc0: pfd->events now 60 (POLLOUT:4)
0:00:00.010739316  2779 0x5566ef3f4360 DEBUG   GST_POLL gstpoll.c:979:gst_poll_fd_ctl_write: 0x5566ef418cc0: fd (fd:0, idx:1), active : 1
0:00:00.010745109  2779 0x5566ef3f4360 LOG   GST_POLL gstpoll.c:994:gst_poll_fd_ctl_write: 0x5566ef418cc0: pfd->events now 60 (POLLOUT:4)
0:00:00.010751173  2779 0x5566ef3f4360 DEBUG   GST_POLL gstpoll.c:979:gst_poll_fd_ctl_write: 0x5566ef418cc0: fd (fd:0, idx:1), active : 1
0:00:00.010756988  2779 0x5566ef3f4360 LOG   GST_POLL gstpoll.c:994:gst_poll_fd_ctl_write: 0x5566ef418cc0: pfd->events now 60 (POLLOUT:4)
0:00:00.010763016  2779 0x5566ef3f4360 DEBUG   GST_POLL gstpoll.c:979:gst_poll_fd_ctl_write: 0x5566ef418cc0: fd (fd:0, idx:1), active : 1
0:00:00.010768816  2779 0x5566ef3f4360 LOG   GST_POLL gstpoll.c:994:gst_poll_fd_ctl_write: 0x5566ef418cc0: pfd->events now 60 (POLLOUT:4)
0:00:00.010775057  2779 0x5566ef3f4360 DEBUG   GST_POLL gstpoll.c:979:gst_poll_fd_ctl_write: 0x5566ef418cc0: fd (fd:0, idx:1), active : 1
0:00:00.010780844  2779 0x5566ef3f4360 LOG   GST_POLL gstpoll.c:994:gst_poll_fd_ctl_write: 0x5566ef418cc0: pfd->events now 60 (POLLOUT:4)
0:00:00.010786890  2779 0x5566ef3f4360 DEBUG   GST_POLL gstpoll.c:979:gst_poll_fd_ctl_write: 0x5566ef418cc0: fd (fd:0, idx:1), active : 1
0:00:00.010792700  2779 0x5566ef3f4360 LOG   GST_POLL gstpoll.c:994:gst_poll_fd_ctl_write: 0x5566ef418cc0: pfd->events now 60 (POLLOUT:4)
0:00:00.010798738  2779 0x5566ef3f4360 DEBUG   GST_POLL gstpoll.c:979:gst_poll_fd_ctl_write: 0x5566ef418cc0: fd (fd:0, idx:1), active : 1
0:00:00.010804572  2779 0x5566ef3f4360 LOG   GST_POLL gstpoll.c:994:gst_poll_fd_ctl_write: 0x5566ef418cc0: pfd->events now 60 (POLLOUT:4)
0:00:00.010814170  2779 0x5566ef3f4360 DEBUG   GST_POLL gstpoll.c:979:gst_poll_fd_ctl_write: 0x5566ef418cc0: fd (fd:0, idx:1), active : 1
0:00:00.010820101  2779 0x5566ef3f4360 LOG   GST_POLL gstpoll.c:994:gst_poll_fd_ctl_write: 0x5566ef418cc0: pfd->events now 60 (POLLOUT:4)
0:00:00.010826168  2779 0x5566ef3f4360 DEBUG   GST_POLL gstpoll.c:979:gst_poll_fd_ctl_write: 0x5566ef418cc0: fd (fd:0, idx:1), active : 1
0:00:00.010831998  2779 0x5566ef3f4360 LOG   GST_POLL gstpoll.c:994:gst_poll_fd_ctl_write: 0x5566ef418cc0: pfd->events now 60 (POLLOUT:4)
0:00:00.010838081  2779 0x5566ef3f4360 DEBUG   GST_POLL gstpoll.c:979:gst_poll_fd_ctl_write: 0x5566ef418cc0: fd (fd:0, idx:1), active : 1
0:00:00.010843899  2779 0x5566ef3f4360 LOG   GST_POLL gstpoll.c:994:gst_poll_fd_ctl_write: 0x5566ef418cc0: pfd->events now 60 (POLLOUT:4)
0:00:00.010850012  2779 0x5566ef3f4360 DEBUG   GST_POLL gstpoll.c:979:gst_poll_fd_ctl_write: 0x5566ef418cc0: fd (fd:0, idx:1), active : 1
0:00:00.010855828  2779 0x5566ef3f4360 LOG   GST_POLL gstpoll.c:994:gst_poll_fd_ctl_write: 0x5566ef418cc0: pfd->events now 60 (POLLOUT:4)
0:00:00.010861950  2779 0x5566ef3f4360 DEBUG   GST_POLL gstpoll.c:979:gst_poll_fd_ctl_write: 0x5566ef418cc0: fd (fd:0, idx:1), active : 1
0:00:00.010867742  2779 0x5566ef3f4360 LOG   GST_POLL gstpoll.c:994:gst_poll_fd_ctl_write: 0x5566ef418cc0: pfd->events now 60 (POLLOUT:4)
0:00:00.010873839  2779 0x5566ef3f4360 DEBUG   GST_POLL gstpoll.c:979:gst_poll_fd_ctl_write: 0x5566ef418cc0: fd (fd:0, idx:1), active : 1
0:00:00.010879627  2779 0x5566ef3f4360 LOG   GST_POLL gstpoll.c:994:gst_poll_fd_ctl_write: 0x5566ef418cc0: pfd->events now 60 (POLLOUT:4)
0:00:00.010885696  2779 0x5566ef3f4360 DEBUG   GST_POLL gstpoll.c:979:gst_poll_fd_ctl_write: 0x5566ef418cc0: fd (fd:0, idx:1), active : 1
0:00:00.010891503  2779 0x5566ef3f4360 LOG   GST_POLL gstpoll.c:994:gst_poll_fd_ctl_write: 0x5566ef418cc0: pfd->events now 60 (POLLOUT:4)
0:00:00.010897557  2779 0x5566ef3f4360 DEBUG   GST_POLL gstpoll.c:979:gst_poll_fd_ctl_write: 0x5566ef418cc0: fd (fd:0, idx:1), active : 1
0:00:00.010903382  2779 0x5566ef3f4360 LOG   GST_POLL gstpoll.c:994:gst_poll_fd_ctl_write: 0x5566ef418cc0: pfd->events now 60 (POLLOUT:4)
0:00:00.010909495  2779 0x5566ef3f4360 DEBUG   GST_POLL gstpoll.c:979:gst_poll_fd_ctl_write: 0x5566ef418cc0: fd (fd:0, idx:1), active : 1
0:00:00.010915311  2779 0x5566ef3f4360 LOG   GST_POLL gstpoll.c:994:gst_poll_fd_ctl_write: 0x5566ef418cc0: pfd->events now 60 (POLLOUT:4)
0:00:00.010921417  2779 0x5566ef3f4360 DEBUG   GST_POLL gstpoll.c:979:gst_poll_fd_ctl_write: 0x5566ef418cc0: fd (fd:0, idx:1), active : 1
0:00:00.010927246  2779 0x5566ef3f4360 LOG   GST_POLL gstpoll.c:994:gst_poll_fd_ctl_write: 0x5566ef418cc0: pfd->events now 60 (POLLOUT:4)
0:00:00.010936812  2779 0x5566ef3f4360 TRACE   GST_REFCOUNTING gstobject.c:264:gst_object_unref: 0x5566ef41e340 unref 2->1
0:00:00.010944293  2779 0x5566ef3f4360 DEBUG   GST_POLL gstpoll.c:1241:gst_poll_fd_has_error: 0x5566ef418cc0: fd (fd:0, idx:1) 0
0:00:00.010954528  2779 0x5566ef3f4360 DEBUG   GST_POLL gstpoll.c:1335:gst_poll_fd_can_write: 0x5566ef418cc0: fd (fd:0, idx:1) 1
0:00:00.010960724  2779 0x5566ef3f4360 LOG   GST_PLUGIN_LOADING gstpluginloader.c:689:write_one: Writing packet of size 528 bytes to fd 0
0:00:00.010978911  2779 0x5566ef3f4360 DEBUG   GST_POLL gstpoll.c:1414:gst_poll_wait: 0x5566ef418cc0: timeout :0:00:01.000000000
0:00:00.010989684  2779 0x5566ef3f4360 LOG   GST_PLUGIN_LOADING gstpluginloader.c:1026:exchange_packets: Poll res = 2. 6872 bytes pending for write
0:00:00.010996418  2779 0x5566ef3f4360 DEBUG   GST_POLL gstpoll.c:1241:gst_poll_fd_has_error: 0x5566ef418cc0: fd (fd:5, idx:2) 0
0:00:00.014804402  2778 0x55cfe5498360 LOG   GST_PLUGIN_LOADING gstpluginloader.c:1026:exchange_packets: Poll res = 1. 0 bytes pending for write
0:00:00.011002632  2779 0x5566ef3f4360 DEBUG   GST_POLL gstpoll.c:1266:gst_poll_fd_can_read_unlocked: 0x5566ef418cc0: fd (fd:5, idx:2) 1
0:00:00.014820604  2778 0x55cfe5498360 DEBUG   GST_POLL gstpoll.c:1241:gst_poll_fd_has_error: 0x55cfe54bd7b0: fd (fd:8, idx:2) 0
0:00:00.011017944  2779 0x5566ef3f4360 DEBUG   GST_PLUGIN_LOADING gstpluginloader.c:721:do_plugin_load: Plugin scanner loading file /home/conan/w/prod/BuildSingleReference/.conan/data/gstreamer/1.19.2/_/_/package/5a2a240dc39d481eff30f147f0e2f01ae047b26f/lib/gstreamer-1.0/libgstcoretracers.so. tag 2
0:00:00.014828898  2778 0x55cfe5498360 DEBUG   GST_POLL gstpoll.c:1266:gst_poll_fd_can_read_unlocked: 0x55cfe54bd7b0: fd (fd:8, idx:2) 1
0:00:00.011026076  2779 0x5566ef3f4360 TRACE   GST_REFCOUNTING gstobject.c:237:gst_object_ref: 0x5566ef41a720 ref 1->2
0:00:00.014838698  2778 0x55cfe5498360 LOG   GST_PLUGIN_LOADING gstpluginloader.c:984:read_one: Expanding rx buf from 512 to 1040
0:00:00.011034609  2779 0x5566ef3f4360 TRACE   GST_REFCOUNTING gstobject.c:237:gst_object_ref: 0x5566ef41c220 ref 1->2
0:00:00.011041914  2779 0x5566ef3f4360 TRACE   GST_REFCOUNTING gstobject.c:237:gst_object_ref: 0x5566ef41c0e0 ref 1->2
0:00:00.011048719  2779 0x5566ef3f4360 TRACE   GST_REFCOUNTING gstobject.c:237:gst_object_ref: 0x5566ef41be60 ref 1->2
0:00:00.014856458  2778 0x55cfe5498360 DEBUG   GST_PLUGIN_LOADING gstpluginloader.c:847:handle_rx_packet: Received plugin details from child w/ tag 0. 516 bytes info
0:00:00.011055436  2779 0x5566ef3f4360 TRACE   GST_REFCOUNTING gstobject.c:237:gst_object_ref: 0x5566ef41bb90 ref 1->2
0:00:00.014865659  2778 0x55cfe5498360 LOG   GST_REGISTRY gstregistrychunks.c:837:_priv_gst_registry_chunks_load_plugin: Reading/casting for GstRegistryChunkPluginElement at address 0x55cfe54bdc00
0:00:00.011062927  2779 0x5566ef3f4360 TRACE   GST_REFCOUNTING gstobject.c:237:gst_object_ref: 0x5566ef41b8c0 ref 1->2
0:00:00.011069925  2779 0x5566ef3f4360 TRACE   GST_REFCOUNTING gstobject.c:237:gst_object_ref: 0x5566ef41b410 ref 1->2
0:00:00.014882876  2778 0x55cfe5498360 TRACE   GST_REFCOUNTING gstobject.c:208:gst_object_init: 0x55cfe54c82f0 new
0:00:00.011078344  2779 0x5566ef3f4360 TRACE   GST_REFCOUNTING gstobject.c:264:gst_object_unref: 0x5566ef41b410 unref 2->1
0:00:00.011092605  2779 0x5566ef3f4360 TRACE   GST_REFCOUNTING gstobject.c:264:gst_object_unref: 0x5566ef41b8c0 unref 2->1
0:00:00.011099304  2779 0x5566ef3f4360 TRACE   GST_REFCOUNTING gstobject.c:264:gst_object_unref: 0x5566ef41bb90 unref 2->1
0:00:00.014910171  2778 0x55cfe5498360 LOG   GST_REGISTRY gstregistrychunks.c:859:_priv_gst_registry_chunks_load_plugin: read strings for name='coretracers'
0:00:00.011105836  2779 0x5566ef3f4360 TRACE   GST_REFCOUNTING gstobject.c:264:gst_object_unref: 0x5566ef41be60 unref 2->1
0:00:00.014917141  2778 0x55cfe5498360 LOG   GST_REGISTRY gstregistrychunks.c:860:_priv_gst_registry_chunks_load_plugin: desc.description='GStreamer core tracers'
0:00:00.011112921  2779 0x5566ef3f4360 TRACE   GST_REFCOUNTING gstobject.c:264:gst_object_unref: 0x5566ef41c0e0 unref 2->1
0:00:00.014923873  2778 0x55cfe5498360 LOG   GST_REGISTRY gstregistrychunks.c:861:_priv_gst_registry_chunks_load_plugin: filename='/home/conan/w/prod/BuildSingleReference/.conan/data/gstreamer/1.19.2/_/_/package/5a2a240dc39d481eff30f147f0e2f01ae047b26f/lib/gstreamer-1.0/libgstcoretracers.so'
0:00:00.011119945  2779 0x5566ef3f4360 TRACE   GST_REFCOUNTING gstobject.c:264:gst_object_unref: 0x5566ef41c220 unref 2->1
0:00:00.014930192  2778 0x55cfe5498360 LOG   GST_REGISTRY gstregistrychunks.c:862:_priv_gst_registry_chunks_load_plugin: desc.version='1.19.2'
0:00:00.011128297  2779 0x5566ef3f4360 DEBUG   GST_REGISTRY gstregistrychunks.c:498:_priv_gst_registry_chunks_save_plugin: Found 6 features in plugin 0x5566ef41a720 (coretracers)
0:00:00.014936462  2778 0x55cfe5498360 LOG   GST_REGISTRY gstregistrychunks.c:863:_priv_gst_registry_chunks_load_plugin: desc.license='LGPL'
0:00:00.011135490  2779 0x5566ef3f4360 DEBUG   GST_POLL gstpoll.c:979:gst_poll_fd_ctl_write: 0x5566ef418cc0: fd (fd:0, idx:1), active : 1
0:00:00.014944643  2778 0x55cfe5498360 LOG   GST_REGISTRY gstregistrychunks.c:864:_priv_gst_registry_chunks_load_plugin: desc.source='gstreamer'
0:00:00.011142170  2779 0x5566ef3f4360 LOG   GST_POLL gstpoll.c:994:gst_poll_fd_ctl_write: 0x5566ef418cc0: pfd->events now 60 (POLLOUT:4)
0:00:00.014951601  2778 0x55cfe5498360 LOG   GST_REGISTRY gstregistrychunks.c:865:_priv_gst_registry_chunks_load_plugin: desc.package='GStreamer source release'
0:00:00.011149011  2779 0x5566ef3f4360 DEBUG   GST_POLL gstpoll.c:979:gst_poll_fd_ctl_write: 0x5566ef418cc0: fd (fd:0, idx:1), active : 1
0:00:00.014958351  2778 0x55cfe5498360 LOG   GST_REGISTRY gstregistrychunks.c:866:_priv_gst_registry_chunks_load_plugin: desc.origin='Unknown package origin'
0:00:00.011155688  2779 0x5566ef3f4360 LOG   GST_POLL gstpoll.c:994:gst_poll_fd_ctl_write: 0x5566ef418cc0: pfd->events now 60 (POLLOUT:4)
0:00:00.014965107  2778 0x55cfe5498360 LOG   GST_REGISTRY gstregistrychunks.c:867:_priv_gst_registry_chunks_load_plugin: desc.datetime=2021-09-23
0:00:00.011162448  2779 0x5566ef3f4360 DEBUG   GST_POLL gstpoll.c:979:gst_poll_fd_ctl_write: 0x5566ef418cc0: fd (fd:0, idx:1), active : 1
0:00:00.014974624  2778 0x55cfe5498360 DEBUG   GST_REGISTRY gstregistry.c:473:gst_registry_add_plugin: adding plugin 0x55cfe54c82f0 for filename "/home/conan/w/prod/BuildSingleReference/.conan/data/gstreamer/1.19.2/_/_/package/5a2a240dc39d481eff30f147f0e2f01ae047b26f/lib/gstreamer-1.0/libgstcoretracers.so"
0:00:00.011168921  2779 0x5566ef3f4360 LOG   GST_POLL gstpoll.c:994:gst_poll_fd_ctl_write: 0x5566ef418cc0: pfd->events now 60 (POLLOUT:4)
0:00:00.011183504  2779 0x5566ef3f4360 DEBUG   GST_POLL gstpoll.c:979:gst_poll_fd_ctl_write: 0x5566ef418cc0: fd (fd:0, idx:1), active : 1
0:00:00.014991576  2778 0x55cfe5498360 TRACE   GST_REFCOUNTING gstobject.c:292:gst_object_ref_sink: 0x55cfe54c82f0 ref_sink 1->2
0:00:00.011189341  2779 0x5566ef3f4360 LOG   GST_POLL gstpoll.c:994:gst_poll_fd_ctl_write: 0x5566ef418cc0: pfd->events now 60 (POLLOUT:4)
0:00:00.014999975  2778 0x55cfe5498360 LOG   GST_REGISTRY gstregistry.c:486:gst_registry_add_plugin: emitting plugin-added for filename "/home/conan/w/prod/BuildSingleReference/.conan/data/gstreamer/1.19.2/_/_/package/5a2a240dc39d481eff30f147f0e2f01ae047b26f/lib/gstreamer-1.0/libgstcoretracers.so"
0:00:00.011195871  2779 0x5566ef3f4360 DEBUG   GST_POLL gstpoll.c:979:gst_poll_fd_ctl_write: 0x5566ef418cc0: fd (fd:0, idx:1), active : 1
0:00:00.015007642  2778 0x55cfe5498360 DEBUG   GST_REGISTRY gstregistrychunks.c:887:_priv_gst_registry_chunks_load_plugin: Added plugin 'coretracers' plugin with 6 features from binary registry
0:00:00.011202159  2779 0x5566ef3f4360 LOG   GST_POLL gstpoll.c:994:gst_poll_fd_ctl_write: 0x5566ef418cc0: pfd->events now 60 (POLLOUT:4)
0:00:00.015015068  2778 0x55cfe5498360 DEBUG   GST_REGISTRY gstregistrychunks.c:583:gst_registry_chunks_load_feature: Plugin 'coretracers' feature 'factories' typename : 'GstTracerFactory'
0:00:00.011209323  2779 0x5566ef3f4360 DEBUG   GST_POLL gstpoll.c:979:gst_poll_fd_ctl_write: 0x5566ef418cc0: fd (fd:0, idx:1), active : 1
0:00:00.011216396  2779 0x5566ef3f4360 LOG   GST_POLL gstpoll.c:994:gst_poll_fd_ctl_write: 0x5566ef418cc0: pfd->events now 60 (POLLOUT:4)
0:00:00.015027040  2778 0x55cfe5498360 TRACE   GST_REFCOUNTING gstobject.c:208:gst_object_init: 0x55cfe54c7090 new
0:00:00.011222347  2779 0x5566ef3f4360 DEBUG   GST_POLL gstpoll.c:979:gst_poll_fd_ctl_write: 0x5566ef418cc0: fd (fd:0, idx:1), active : 1
0:00:00.015037051  2778 0x55cfe5498360 DEBUG   GST_REGISTRY gstregistrychunks.c:717:gst_registry_chunks_load_feature: Reading/casting for GstRegistryChunkPluginFeature at address 0x55cfe54bdd50
0:00:00.011229718  2779 0x5566ef3f4360 LOG   GST_POLL gstpoll.c:994:gst_poll_fd_ctl_write: 0x5566ef418cc0: pfd->events now 60 (POLLOUT:4)
0:00:00.015045430  2778 0x55cfe5498360 DEBUG   GST_REGISTRY gstregistry.c:589:gst_registry_add_feature: adding feature 0x55cfe54c7090 (factories)
0:00:00.011238909  2779 0x5566ef3f4360 DEBUG   GST_POLL gstpoll.c:979:gst_poll_fd_ctl_write: 0x5566ef418cc0: fd (fd:0, idx:1), active : 1
0:00:00.011247029  2779 0x5566ef3f4360 LOG   GST_POLL gstpoll.c:994:gst_poll_fd_ctl_write: 0x5566ef418cc0: pfd->events now 60 (POLLOUT:4)
0:00:00.015055147  2778 0x55cfe5498360 DEBUG   GST_REFCOUNTING gstobject.c:708:gst_object_set_parent: set parent (ref and sink)
0:00:00.011253130  2779 0x5566ef3f4360 DEBUG   GST_POLL gstpoll.c:979:gst_poll_fd_ctl_write: 0x5566ef418cc0: fd (fd:0, idx:1), active : 1
0:00:00.015063594  2778 0x55cfe5498360 TRACE   GST_REFCOUNTING gstobject.c:292:gst_object_ref_sink: 0x55cfe54c7090 ref_sink 1->2
0:00:00.011263682  2779 0x5566ef3f4360 LOG   GST_POLL gstpoll.c:994:gst_poll_fd_ctl_write: 0x5566ef418cc0: pfd->events now 60 (POLLOUT:4)
0:00:00.015073867  2778 0x55cfe5498360 LOG   GST_REGISTRY gstregistry.c:607:gst_registry_add_feature: emitting feature-added for factories
0:00:00.011270381  2779 0x5566ef3f4360 DEBUG   GST_POLL gstpoll.c:979:gst_poll_fd_ctl_write: 0x5566ef418cc0: fd (fd:0, idx:1), active : 1
0:00:00.015081303  2778 0x55cfe5498360 DEBUG   GST_REGISTRY gstregistrychunks.c:741:gst_registry_chunks_load_feature: Added feature factories, plugin 0x55cfe54c82f0 coretracers
0:00:00.011276828  2779 0x5566ef3f4360 LOG   GST_POLL gstpoll.c:994:gst_poll_fd_ctl_write: 0x5566ef418cc0: pfd->events now 60 (POLLOUT:4)
0:00:00.015088366  2778 0x55cfe5498360 DEBUG   GST_REGISTRY gstregistrychunks.c:583:gst_registry_chunks_load_feature: Plugin 'coretracers' feature 'leaks' typename : 'GstTracerFactory'
0:00:00.011283603  2779 0x5566ef3f4360 LOG   GST_PLUGIN_LOADING gstpluginloader.c:644:put_chunk: Expanding tx buf from 7717 to 10158 for chunk of size 11
0:00:00.015095981  2778 0x55cfe5498360 TRACE   GST_REFCOUNTING gstobject.c:208:gst_object_init: 0x55cfe54c7fe0 new
0:00:00.011293724  2779 0x5566ef3f4360 DEBUG   GST_POLL gstpoll.c:979:gst_poll_fd_ctl_write: 0x5566ef418cc0: fd (fd:0, idx:1), active : 1
0:00:00.015103926  2778 0x55cfe5498360 DEBUG   GST_REGISTRY gstregistrychunks.c:717:gst_registry_chunks_load_feature: Reading/casting for GstRegistryChunkPluginFeature at address 0x55cfe54bdd70
0:00:00.011300260  2779 0x5566ef3f4360 LOG   GST_POLL gstpoll.c:994:gst_poll_fd_ctl_write: 0x5566ef418cc0: pfd->events now 60 (POLLOUT:4)
0:00:00.015111461  2778 0x55cfe5498360 DEBUG   GST_REGISTRY gstregistry.c:589:gst_registry_add_feature: adding feature 0x55cfe54c7fe0 (leaks)
0:00:00.011306968  2779 0x5566ef3f4360 DEBUG   GST_POLL gstpoll.c:979:gst_poll_fd_ctl_write: 0x5566ef418cc0: fd (fd:0, idx:1), active : 1
0:00:00.015117971  2778 0x55cfe5498360 DEBUG   GST_REFCOUNTING gstobject.c:708:gst_object_set_parent: set parent (ref and sink)
0:00:00.011313422  2779 0x5566ef3f4360 LOG   GST_POLL gstpoll.c:994:gst_poll_fd_ctl_write: 0x5566ef418cc0: pfd->events now 60 (POLLOUT:4)
0:00:00.015125448  2778 0x55cfe5498360 TRACE   GST_REFCOUNTING gstobject.c:292:gst_object_ref_sink: 0x55cfe54c7fe0 ref_sink 1->2
0:00:00.011320181  2779 0x5566ef3f4360 DEBUG   GST_POLL gstpoll.c:979:gst_poll_fd_ctl_write: 0x5566ef418cc0: fd (fd:0, idx:1), active : 1
0:00:00.015132388  2778 0x55cfe5498360 LOG   GST_REGISTRY gstregistry.c:607:gst_registry_add_feature: emitting feature-added for leaks
0:00:00.011327130  2779 0x5566ef3f4360 LOG   GST_POLL gstpoll.c:994:gst_poll_fd_ctl_write: 0x5566ef418cc0: pfd->events now 60 (POLLOUT:4)
0:00:00.015139407  2778 0x55cfe5498360 DEBUG   GST_REGISTRY gstregistrychunks.c:741:gst_registry_chunks_load_feature: Added feature leaks, plugin 0x55cfe54c82f0 coretracers
0:00:00.011333836  2779 0x5566ef3f4360 DEBUG   GST_POLL gstpoll.c:979:gst_poll_fd_ctl_write: 0x5566ef418cc0: fd (fd:0, idx:1), active : 1
0:00:00.015151017  2778 0x55cfe5498360 DEBUG   GST_REGISTRY gstregistrychunks.c:583:gst_registry_chunks_load_feature: Plugin 'coretracers' feature 'stats' typename : 'GstTracerFactory'
0:00:00.011345374  2779 0x5566ef3f4360 LOG   GST_POLL gstpoll.c:994:gst_poll_fd_ctl_write: 0x5566ef418cc0: pfd->events now 60 (POLLOUT:4)
0:00:00.015158417  2778 0x55cfe5498360 TRACE   GST_REFCOUNTING gstobject.c:208:gst_object_init: 0x55cfe54be010 new
0:00:00.011352516  2779 0x5566ef3f4360 DEBUG   GST_POLL gstpoll.c:979:gst_poll_fd_ctl_write: 0x5566ef418cc0: fd (fd:0, idx:1), active : 1
0:00:00.015166091  2778 0x55cfe5498360 DEBUG   GST_REGISTRY gstregistrychunks.c:717:gst_registry_chunks_load_feature: Reading/casting for GstRegistryChunkPluginFeature at address 0x55cfe54bdd90
0:00:00.011360299  2779 0x5566ef3f4360 LOG   GST_POLL gstpoll.c:994:gst_poll_fd_ctl_write: 0x5566ef418cc0: pfd->events now 60 (POLLOUT:4)
0:00:00.015173216  2778 0x55cfe5498360 DEBUG   GST_REGISTRY gstregistry.c:589:gst_registry_add_feature: adding feature 0x55cfe54be010 (stats)
0:00:00.011367661  2779 0x5566ef3f4360 DEBUG   GST_POLL gstpoll.c:979:gst_poll_fd_ctl_write: 0x5566ef418cc0: fd (fd:0, idx:1), active : 1
0:00:00.015179491  2778 0x55cfe5498360 DEBUG   GST_REFCOUNTING gstobject.c:708:gst_object_set_parent: set parent (ref and sink)
0:00:00.011374612  2779 0x5566ef3f4360 LOG   GST_POLL gstpoll.c:994:gst_poll_fd_ctl_write: 0x5566ef418cc0: pfd->events now 60 (POLLOUT:4)
0:00:00.015186658  2778 0x55cfe5498360 TRACE   GST_REFCOUNTING gstobject.c:292:gst_object_ref_sink: 0x55cfe54be010 ref_sink 1->2
0:00:00.011381281  2779 0x5566ef3f4360 DEBUG   GST_POLL gstpoll.c:979:gst_poll_fd_ctl_write: 0x5566ef418cc0: fd (fd:0, idx:1), active : 1
0:00:00.015193426  2778 0x55cfe5498360 LOG   GST_REGISTRY gstregistry.c:607:gst_registry_add_feature: emitting feature-added for stats
0:00:00.011388436  2779 0x5566ef3f4360 LOG   GST_POLL gstpoll.c:994:gst_poll_fd_ctl_write: 0x5566ef418cc0: pfd->events now 60 (POLLOUT:4)
0:00:00.015200049  2778 0x55cfe5498360 DEBUG   GST_REGISTRY gstregistrychunks.c:741:gst_registry_chunks_load_feature: Added feature stats, plugin 0x55cfe54c82f0 coretracers
0:00:00.011395115  2779 0x5566ef3f4360 DEBUG   GST_POLL gstpoll.c:979:gst_poll_fd_ctl_write: 0x5566ef418cc0: fd (fd:0, idx:1), active : 1
0:00:00.015206750  2778 0x55cfe5498360 DEBUG   GST_REGISTRY gstregistrychunks.c:583:gst_registry_chunks_load_feature: Plugin 'coretracers' feature 'rusage' typename : 'GstTracerFactory'
0:00:00.011401600  2779 0x5566ef3f4360 LOG   GST_POLL gstpoll.c:994:gst_poll_fd_ctl_write: 0x5566ef418cc0: pfd->events now 60 (POLLOUT:4)
0:00:00.015213668  2778 0x55cfe5498360 TRACE   GST_REFCOUNTING gstobject.c:208:gst_object_init: 0x55cfe54be220 new
0:00:00.011408255  2779 0x5566ef3f4360 DEBUG   GST_POLL gstpoll.c:979:gst_poll_fd_ctl_write: 0x5566ef418cc0: fd (fd:0, idx:1), active : 1
0:00:00.015221060  2778 0x55cfe5498360 DEBUG   GST_REGISTRY gstregistrychunks.c:717:gst_registry_chunks_load_feature: Reading/casting for GstRegistryChunkPluginFeature at address 0x55cfe54bddb0
0:00:00.011415418  2779 0x5566ef3f4360 LOG   GST_POLL gstpoll.c:994:gst_poll_fd_ctl_write: 0x5566ef418cc0: pfd->events now 60 (POLLOUT:4)
0:00:00.015232124  2778 0x55cfe5498360 DEBUG   GST_REGISTRY gstregistry.c:589:gst_registry_add_feature: adding feature 0x55cfe54be220 (rusage)
0:00:00.011426381  2779 0x5566ef3f4360 DEBUG   GST_POLL gstpoll.c:979:gst_poll_fd_ctl_write: 0x5566ef418cc0: fd (fd:0, idx:1), active : 1
0:00:00.015238534  2778 0x55cfe5498360 DEBUG   GST_REFCOUNTING gstobject.c:708:gst_object_set_parent: set parent (ref and sink)
0:00:00.011433558  2779 0x5566ef3f4360 LOG   GST_POLL gstpoll.c:994:gst_poll_fd_ctl_write: 0x5566ef418cc0: pfd->events now 60 (POLLOUT:4)
0:00:00.015245689  2778 0x55cfe5498360 TRACE   GST_REFCOUNTING gstobject.c:292:gst_object_ref_sink: 0x55cfe54be220 ref_sink 1->2
0:00:00.011440322  2779 0x5566ef3f4360 DEBUG   GST_POLL gstpoll.c:979:gst_poll_fd_ctl_write: 0x5566ef418cc0: fd (fd:0, idx:1), active : 1
0:00:00.015252402  2778 0x55cfe5498360 LOG   GST_REGISTRY gstregistry.c:607:gst_registry_add_feature: emitting feature-added for rusage
0:00:00.011447359  2779 0x5566ef3f4360 LOG   GST_POLL gstpoll.c:994:gst_poll_fd_ctl_write: 0x5566ef418cc0: pfd->events now 60 (POLLOUT:4)
0:00:00.015259072  2778 0x55cfe5498360 DEBUG   GST_REGISTRY gstregistrychunks.c:741:gst_registry_chunks_load_feature: Added feature rusage, plugin 0x55cfe54c82f0 coretracers
0:00:00.011454098  2779 0x5566ef3f4360 DEBUG   GST_POLL gstpoll.c:979:gst_poll_fd_ctl_write: 0x5566ef418cc0: fd (fd:0, idx:1), active : 1
0:00:00.015265857  2778 0x55cfe5498360 DEBUG   GST_REGISTRY gstregistrychunks.c:583:gst_registry_chunks_load_feature: Plugin 'coretracers' feature 'log' typename : 'GstTracerFactory'
0:00:00.011460547  2779 0x5566ef3f4360 LOG   GST_POLL gstpoll.c:994:gst_poll_fd_ctl_write: 0x5566ef418cc0: pfd->events now 60 (POLLOUT:4)
0:00:00.015272880  2778 0x55cfe5498360 TRACE   GST_REFCOUNTING gstobject.c:208:gst_object_init: 0x55cfe54be430 new
0:00:00.011467237  2779 0x5566ef3f4360 DEBUG   GST_POLL gstpoll.c:979:gst_poll_fd_ctl_write: 0x5566ef418cc0: fd (fd:0, idx:1), active : 1
0:00:00.015280289  2778 0x55cfe5498360 DEBUG   GST_REGISTRY gstregistrychunks.c:717:gst_registry_chunks_load_feature: Reading/casting for GstRegistryChunkPluginFeature at address 0x55cfe54bddd0
0:00:00.011474621  2779 0x5566ef3f4360 LOG   GST_POLL gstpoll.c:994:gst_poll_fd_ctl_write: 0x5566ef418cc0: pfd->events now 60 (POLLOUT:4)
0:00:00.015287181  2778 0x55cfe5498360 DEBUG   GST_REGISTRY gstregistry.c:589:gst_registry_add_feature: adding feature 0x55cfe54be430 (log)
0:00:00.011481824  2779 0x5566ef3f4360 DEBUG   GST_POLL gstpoll.c:979:gst_poll_fd_ctl_write: 0x5566ef418cc0: fd (fd:0, idx:1), active : 1
0:00:00.015293473  2778 0x55cfe5498360 DEBUG   GST_REFCOUNTING gstobject.c:708:gst_object_set_parent: set parent (ref and sink)
0:00:00.011488587  2779 0x5566ef3f4360 LOG   GST_POLL gstpoll.c:994:gst_poll_fd_ctl_write: 0x5566ef418cc0: pfd->events now 60 (POLLOUT:4)
0:00:00.015310334  2778 0x55cfe5498360 TRACE   GST_REFCOUNTING gstobject.c:292:gst_object_ref_sink: 0x55cfe54be430 ref_sink 1->2
0:00:00.011508987  2779 0x5566ef3f4360 DEBUG   GST_POLL gstpoll.c:979:gst_poll_fd_ctl_write: 0x5566ef418cc0: fd (fd:0, idx:1), active : 1
0:00:00.015318724  2778 0x55cfe5498360 LOG   GST_REGISTRY gstregistry.c:607:gst_registry_add_feature: emitting feature-added for log
0:00:00.011515526  2779 0x5566ef3f4360 LOG   GST_POLL gstpoll.c:994:gst_poll_fd_ctl_write: 0x5566ef418cc0: pfd->events now 60 (POLLOUT:4)
0:00:00.015325591  2778 0x55cfe5498360 DEBUG   GST_REGISTRY gstregistrychunks.c:741:gst_registry_chunks_load_feature: Added feature log, plugin 0x55cfe54c82f0 coretracers
0:00:00.011522149  2779 0x5566ef3f4360 DEBUG   GST_POLL gstpoll.c:979:gst_poll_fd_ctl_write: 0x5566ef418cc0: fd (fd:0, idx:1), active : 1
0:00:00.015332084  2778 0x55cfe5498360 DEBUG   GST_REGISTRY gstregistrychunks.c:583:gst_registry_chunks_load_feature: Plugin 'coretracers' feature 'latency' typename : 'GstTracerFactory'
0:00:00.011528612  2779 0x5566ef3f4360 LOG   GST_POLL gstpoll.c:994:gst_poll_fd_ctl_write: 0x5566ef418cc0: pfd->events now 60 (POLLOUT:4)
0:00:00.015338982  2778 0x55cfe5498360 TRACE   GST_REFCOUNTING gstobject.c:208:gst_object_init: 0x55cfe54be640 new
0:00:00.011535417  2779 0x5566ef3f4360 DEBUG   GST_POLL gstpoll.c:979:gst_poll_fd_ctl_write: 0x5566ef418cc0: fd (fd:0, idx:1), active : 1
0:00:00.015346331  2778 0x55cfe5498360 DEBUG   GST_REGISTRY gstregistrychunks.c:717:gst_registry_chunks_load_feature: Reading/casting for GstRegistryChunkPluginFeature at address 0x55cfe54bddf8
0:00:00.011541865  2779 0x5566ef3f4360 LOG   GST_POLL gstpoll.c:994:gst_poll_fd_ctl_write: 0x5566ef418cc0: pfd->events now 60 (POLLOUT:4)
0:00:00.015353362  2778 0x55cfe5498360 DEBUG   GST_REGISTRY gstregistry.c:589:gst_registry_add_feature: adding feature 0x55cfe54be640 (latency)
0:00:00.011548601  2779 0x5566ef3f4360 DEBUG   GST_POLL gstpoll.c:979:gst_poll_fd_ctl_write: 0x5566ef418cc0: fd (fd:0, idx:1), active : 1
0:00:00.015360478  2778 0x55cfe5498360 DEBUG   GST_REFCOUNTING gstobject.c:708:gst_object_set_parent: set parent (ref and sink)
0:00:00.011555081  2779 0x5566ef3f4360 LOG   GST_POLL gstpoll.c:994:gst_poll_fd_ctl_write: 0x5566ef418cc0: pfd->events now 60 (POLLOUT:4)
0:00:00.015367564  2778 0x55cfe5498360 TRACE   GST_REFCOUNTING gstobject.c:292:gst_object_ref_sink: 0x55cfe54be640 ref_sink 1->2
0:00:00.011562264  2779 0x5566ef3f4360 DEBUG   GST_POLL gstpoll.c:979:gst_poll_fd_ctl_write: 0x5566ef418cc0: fd (fd:0, idx:1), active : 1
0:00:00.015374280  2778 0x55cfe5498360 LOG   GST_REGISTRY gstregistry.c:607:gst_registry_add_feature: emitting feature-added for latency
0:00:00.011569179  2779 0x5566ef3f4360 LOG   GST_POLL gstpoll.c:994:gst_poll_fd_ctl_write: 0x5566ef418cc0: pfd->events now 60 (POLLOUT:4)
0:00:00.015380796  2778 0x55cfe5498360 DEBUG   GST_REGISTRY gstregistrychunks.c:741:gst_registry_chunks_load_feature: Added feature latency, plugin 0x55cfe54c82f0 coretracers
0:00:00.011575773  2779 0x5566ef3f4360 DEBUG   GST_POLL gstpoll.c:979:gst_poll_fd_ctl_write: 0x5566ef418cc0: fd (fd:0, idx:1), active : 1
0:00:00.015400202  2778 0x55cfe5498360 LOG   GST_PLUGIN_LOADING gstpluginloader.c:886:handle_rx_packet: marking plugin 0x55cfe54c82f0 as registered as /home/conan/w/prod/BuildSingleReference/.conan/data/gstreamer/1.19.2/_/_/package/5a2a240dc39d481eff30f147f0e2f01ae047b26f/lib/gstreamer-1.0/libgstcoretracers.so
0:00:00.011597655  2779 0x5566ef3f4360 LOG   GST_POLL gstpoll.c:994:gst_poll_fd_ctl_write: 0x5566ef418cc0: pfd->events now 60 (POLLOUT:4)
0:00:00.011604653  2779 0x5566ef3f4360 TRACE   GST_REFCOUNTING gstobject.c:264:gst_object_unref: 0x5566ef41a720 unref 2->1
0:00:00.015412679  2778 0x55cfe5498360 DEBUG   GST_POLL gstpoll.c:1414:gst_poll_wait: 0x55cfe54bd7b0: timeout :0:00:01.000000000
0:00:00.011611251  2779 0x5566ef3f4360 DEBUG   GST_POLL gstpoll.c:1241:gst_poll_fd_has_error: 0x5566ef418cc0: fd (fd:0, idx:1) 0
0:00:00.011617841  2779 0x5566ef3f4360 DEBUG   GST_POLL gstpoll.c:1335:gst_poll_fd_can_write: 0x5566ef418cc0: fd (fd:0, idx:1) 1
0:00:00.011634623  2779 0x5566ef3f4360 LOG   GST_PLUGIN_LOADING gstpluginloader.c:689:write_one: Writing packet of size 6872 bytes to fd 0
0:00:00.011660337  2779 0x5566ef3f4360 DEBUG   GST_POLL gstpoll.c:1414:gst_poll_wait: 0x5566ef418cc0: timeout :0:00:01.000000000
0:00:00.011668487  2779 0x5566ef3f4360 LOG   GST_PLUGIN_LOADING gstpluginloader.c:1026:exchange_packets: Poll res = 2. 528 bytes pending for write
0:00:00.011673960  2779 0x5566ef3f4360 DEBUG   GST_POLL gstpoll.c:1241:gst_poll_fd_has_error: 0x5566ef418cc0: fd (fd:5, idx:2) 0
0:00:00.011679154  2779 0x5566ef3f4360 DEBUG   GST_POLL gstpoll.c:1266:gst_poll_fd_can_read_unlocked: 0x5566ef418cc0: fd (fd:5, idx:2) 1
0:00:00.015483935  2778 0x55cfe5498360 LOG   GST_PLUGIN_LOADING gstpluginloader.c:1026:exchange_packets: Poll res = 1. 0 bytes pending for write
0:00:00.011686692  2779 0x5566ef3f4360 DEBUG   GST_PLUGIN_LOADING gstpluginloader.c:721:do_plugin_load: Plugin scanner loading file /home/conan/w/prod/BuildSingleReference/.conan/data/gstreamer/1.19.2/_/_/package/5a2a240dc39d481eff30f147f0e2f01ae047b26f/lib/gstreamer-1.0/libgstcoreelements.so. tag 3
0:00:00.015515280  2778 0x55cfe5498360 DEBUG   GST_POLL gstpoll.c:1241:gst_poll_fd_has_error: 0x55cfe54bd7b0: fd (fd:8, idx:2) 0
0:00:00.011711042  2779 0x5566ef3f4360 TRACE   GST_REFCOUNTING gstobject.c:237:gst_object_ref: 0x5566ef41e340 ref 1->2
0:00:00.015523520  2778 0x55cfe5498360 DEBUG   GST_POLL gstpoll.c:1266:gst_poll_fd_can_read_unlocked: 0x55cfe54bd7b0: fd (fd:8, idx:2) 1
0:00:00.011718060  2779 0x5566ef3f4360 TRACE   GST_REFCOUNTING gstobject.c:237:gst_object_ref: 0x5566ef43bbf0 ref 1->2
0:00:00.015531617  2778 0x55cfe5498360 LOG   GST_PLUGIN_LOADING gstpluginloader.c:984:read_one: Expanding rx buf from 1040 to 7384
0:00:00.011724544  2779 0x5566ef3f4360 TRACE   GST_REFCOUNTING gstobject.c:237:gst_object_ref: 0x5566ef43a9f0 ref 1->2
0:00:00.011746168  2779 0x5566ef3f4360 TRACE   GST_REFCOUNTING gstobject.c:237:gst_object_ref: 0x5566ef438f10 ref 1->2
0:00:00.011751676  2779 0x5566ef3f4360 TRACE   GST_REFCOUNTING gstobject.c:237:gst_object_ref: 0x5566ef437f20 ref 1->2
0:00:00.015564923  2778 0x55cfe5498360 DEBUG   GST_PLUGIN_LOADING gstpluginloader.c:847:handle_rx_packet: Received plugin details from child w/ tag 1. 6860 bytes info
0:00:00.011761076  2779 0x5566ef3f4360 TRACE   GST_REFCOUNTING gstobject.c:237:gst_object_ref: 0x5566ef436b40 ref 1->2
0:00:00.015571173  2778 0x55cfe5498360 LOG   GST_REGISTRY gstregistrychunks.c:837:_priv_gst_registry_chunks_load_plugin: Reading/casting for GstRegistryChunkPluginElement at address 0x55cfe54be9b0
0:00:00.011767206  2779 0x5566ef3f4360 TRACE   GST_REFCOUNTING gstobject.c:237:gst_object_ref: 0x5566ef4356c0 ref 1->2
0:00:00.015578262  2778 0x55cfe5498360 TRACE   GST_REFCOUNTING gstobject.c:208:gst_object_init: 0x55cfe54be500 new
0:00:00.011773262  2779 0x5566ef3f4360 TRACE   GST_REFCOUNTING gstobject.c:237:gst_object_ref: 0x5566ef433e20 ref 1->2
0:00:00.011779287  2779 0x5566ef3f4360 TRACE   GST_REFCOUNTING gstobject.c:237:gst_object_ref: 0x5566ef431b40 ref 1->2
0:00:00.015589408  2778 0x55cfe5498360 LOG   GST_REGISTRY gstregistrychunks.c:859:_priv_gst_registry_chunks_load_plugin: read strings for name='coreelements'
0:00:00.011784744  2779 0x5566ef3f4360 TRACE   GST_REFCOUNTING gstobject.c:237:gst_object_ref: 0x5566ef430980 ref 1->2
