0:00:00.010076679  2749 0x55b10ffbf360 LOG   GST_POLL gstpoll.c:994:gst_poll_fd_ctl_write: 0x55b10ffe3d30: pfd->events now 60 (POLLOUT:4)
0:00:00.010082652  2749 0x55b10ffbf360 DEBUG   GST_POLL gstpoll.c:979:gst_poll_fd_ctl_write: 0x55b10ffe3d30: fd (fd:0, idx:1), active : 1
0:00:00.010088418  2749 0x55b10ffbf360 LOG   GST_POLL gstpoll.c:994:gst_poll_fd_ctl_write: 0x55b10ffe3d30: pfd->events now 60 (POLLOUT:4)
0:00:00.010106068  2749 0x55b10ffbf360 DEBUG   GST_POLL gstpoll.c:979:gst_poll_fd_ctl_write: 0x55b10ffe3d30: fd (fd:0, idx:1), active : 1
0:00:00.010111686  2749 0x55b10ffbf360 LOG   GST_POLL gstpoll.c:994:gst_poll_fd_ctl_write: 0x55b10ffe3d30: pfd->events now 60 (POLLOUT:4)
0:00:00.010117518  2749 0x55b10ffbf360 DEBUG   GST_POLL gstpoll.c:979:gst_poll_fd_ctl_write: 0x55b10ffe3d30: fd (fd:0, idx:1), active : 1
0:00:00.010123058  2749 0x55b10ffbf360 LOG   GST_POLL gstpoll.c:994:gst_poll_fd_ctl_write: 0x55b10ffe3d30: pfd->events now 60 (POLLOUT:4)
0:00:00.010128880  2749 0x55b10ffbf360 DEBUG   GST_POLL gstpoll.c:979:gst_poll_fd_ctl_write: 0x55b10ffe3d30: fd (fd:0, idx:1), active : 1
0:00:00.010134471  2749 0x55b10ffbf360 LOG   GST_POLL gstpoll.c:994:gst_poll_fd_ctl_write: 0x55b10ffe3d30: pfd->events now 60 (POLLOUT:4)
0:00:00.010140327  2749 0x55b10ffbf360 DEBUG   GST_POLL gstpoll.c:979:gst_poll_fd_ctl_write: 0x55b10ffe3d30: fd (fd:0, idx:1), active : 1
0:00:00.010145891  2749 0x55b10ffbf360 LOG   GST_POLL gstpoll.c:994:gst_poll_fd_ctl_write: 0x55b10ffe3d30: pfd->events now 60 (POLLOUT:4)
0:00:00.010151656  2749 0x55b10ffbf360 DEBUG   GST_POLL gstpoll.c:979:gst_poll_fd_ctl_write: 0x55b10ffe3d30: fd (fd:0, idx:1), active : 1
0:00:00.010157225  2749 0x55b10ffbf360 LOG   GST_POLL gstpoll.c:994:gst_poll_fd_ctl_write: 0x55b10ffe3d30: pfd->events now 60 (POLLOUT:4)
0:00:00.010162960  2749 0x55b10ffbf360 DEBUG   GST_POLL gstpoll.c:979:gst_poll_fd_ctl_write: 0x55b10ffe3d30: fd (fd:0, idx:1), active : 1
0:00:00.010168541  2749 0x55b10ffbf360 LOG   GST_POLL gstpoll.c:994:gst_poll_fd_ctl_write: 0x55b10ffe3d30: pfd->events now 60 (POLLOUT:4)
0:00:00.010178174  2749 0x55b10ffbf360 DEBUG   GST_POLL gstpoll.c:979:gst_poll_fd_ctl_write: 0x55b10ffe3d30: fd (fd:0, idx:1), active : 1
0:00:00.010183859  2749 0x55b10ffbf360 LOG   GST_POLL gstpoll.c:994:gst_poll_fd_ctl_write: 0x55b10ffe3d30: pfd->events now 60 (POLLOUT:4)
0:00:00.010189683  2749 0x55b10ffbf360 DEBUG   GST_POLL gstpoll.c:979:gst_poll_fd_ctl_write: 0x55b10ffe3d30: fd (fd:0, idx:1), active : 1
0:00:00.010195271  2749 0x55b10ffbf360 LOG   GST_POLL gstpoll.c:994:gst_poll_fd_ctl_write: 0x55b10ffe3d30: pfd->events now 60 (POLLOUT:4)
0:00:00.010201006  2749 0x55b10ffbf360 DEBUG   GST_POLL gstpoll.c:979:gst_poll_fd_ctl_write: 0x55b10ffe3d30: fd (fd:0, idx:1), active : 1
0:00:00.010206543  2749 0x55b10ffbf360 LOG   GST_POLL gstpoll.c:994:gst_poll_fd_ctl_write: 0x55b10ffe3d30: pfd->events now 60 (POLLOUT:4)
0:00:00.010212277  2749 0x55b10ffbf360 DEBUG   GST_POLL gstpoll.c:979:gst_poll_fd_ctl_write: 0x55b10ffe3d30: fd (fd:0, idx:1), active : 1
0:00:00.010217836  2749 0x55b10ffbf360 LOG   GST_POLL gstpoll.c:994:gst_poll_fd_ctl_write: 0x55b10ffe3d30: pfd->events now 60 (POLLOUT:4)
0:00:00.010223533  2749 0x55b10ffbf360 DEBUG   GST_POLL gstpoll.c:979:gst_poll_fd_ctl_write: 0x55b10ffe3d30: fd (fd:0, idx:1), active : 1
0:00:00.010229111  2749 0x55b10ffbf360 LOG   GST_POLL gstpoll.c:994:gst_poll_fd_ctl_write: 0x55b10ffe3d30: pfd->events now 60 (POLLOUT:4)
0:00:00.010234901  2749 0x55b10ffbf360 DEBUG   GST_POLL gstpoll.c:979:gst_poll_fd_ctl_write: 0x55b10ffe3d30: fd (fd:0, idx:1), active : 1
0:00:00.010240471  2749 0x55b10ffbf360 LOG   GST_POLL gstpoll.c:994:gst_poll_fd_ctl_write: 0x55b10ffe3d30: pfd->events now 60 (POLLOUT:4)
0:00:00.010246292  2749 0x55b10ffbf360 DEBUG   GST_POLL gstpoll.c:979:gst_poll_fd_ctl_write: 0x55b10ffe3d30: fd (fd:0, idx:1), active : 1
0:00:00.010251864  2749 0x55b10ffbf360 LOG   GST_POLL gstpoll.c:994:gst_poll_fd_ctl_write: 0x55b10ffe3d30: pfd->events now 60 (POLLOUT:4)
0:00:00.010257676  2749 0x55b10ffbf360 DEBUG   GST_POLL gstpoll.c:979:gst_poll_fd_ctl_write: 0x55b10ffe3d30: fd (fd:0, idx:1), active : 1
0:00:00.010263242  2749 0x55b10ffbf360 LOG   GST_POLL gstpoll.c:994:gst_poll_fd_ctl_write: 0x55b10ffe3d30: pfd->events now 60 (POLLOUT:4)
0:00:00.010268998  2749 0x55b10ffbf360 DEBUG   GST_POLL gstpoll.c:979:gst_poll_fd_ctl_write: 0x55b10ffe3d30: fd (fd:0, idx:1), active : 1
0:00:00.010274549  2749 0x55b10ffbf360 LOG   GST_POLL gstpoll.c:994:gst_poll_fd_ctl_write: 0x55b10ffe3d30: pfd->events now 60 (POLLOUT:4)
0:00:00.010280313  2749 0x55b10ffbf360 DEBUG   GST_POLL gstpoll.c:979:gst_poll_fd_ctl_write: 0x55b10ffe3d30: fd (fd:0, idx:1), active : 1
0:00:00.010285873  2749 0x55b10ffbf360 LOG   GST_POLL gstpoll.c:994:gst_poll_fd_ctl_write: 0x55b10ffe3d30: pfd->events now 60 (POLLOUT:4)
0:00:00.010291642  2749 0x55b10ffbf360 DEBUG   GST_POLL gstpoll.c:979:gst_poll_fd_ctl_write: 0x55b10ffe3d30: fd (fd:0, idx:1), active : 1
0:00:00.010297198  2749 0x55b10ffbf360 LOG   GST_POLL gstpoll.c:994:gst_poll_fd_ctl_write: 0x55b10ffe3d30: pfd->events now 60 (POLLOUT:4)
0:00:00.010303063  2749 0x55b10ffbf360 DEBUG   GST_POLL gstpoll.c:979:gst_poll_fd_ctl_write: 0x55b10ffe3d30: fd (fd:0, idx:1), active : 1
0:00:00.010312228  2749 0x55b10ffbf360 LOG   GST_POLL gstpoll.c:994:gst_poll_fd_ctl_write: 0x55b10ffe3d30: pfd->events now 60 (POLLOUT:4)
0:00:00.010318124  2749 0x55b10ffbf360 DEBUG   GST_POLL gstpoll.c:979:gst_poll_fd_ctl_write: 0x55b10ffe3d30: fd (fd:0, idx:1), active : 1
0:00:00.010323747  2749 0x55b10ffbf360 LOG   GST_POLL gstpoll.c:994:gst_poll_fd_ctl_write: 0x55b10ffe3d30: pfd->events now 60 (POLLOUT:4)
0:00:00.010329547  2749 0x55b10ffbf360 DEBUG   GST_POLL gstpoll.c:979:gst_poll_fd_ctl_write: 0x55b10ffe3d30: fd (fd:0, idx:1), active : 1
0:00:00.010335131  2749 0x55b10ffbf360 LOG   GST_POLL gstpoll.c:994:gst_poll_fd_ctl_write: 0x55b10ffe3d30: pfd->events now 60 (POLLOUT:4)
0:00:00.010340851  2749 0x55b10ffbf360 DEBUG   GST_POLL gstpoll.c:979:gst_poll_fd_ctl_write: 0x55b10ffe3d30: fd (fd:0, idx:1), active : 1
0:00:00.010346411  2749 0x55b10ffbf360 LOG   GST_POLL gstpoll.c:994:gst_poll_fd_ctl_write: 0x55b10ffe3d30: pfd->events now 60 (POLLOUT:4)
0:00:00.010352167  2749 0x55b10ffbf360 DEBUG   GST_POLL gstpoll.c:979:gst_poll_fd_ctl_write: 0x55b10ffe3d30: fd (fd:0, idx:1), active : 1
0:00:00.010357759  2749 0x55b10ffbf360 LOG   GST_POLL gstpoll.c:994:gst_poll_fd_ctl_write: 0x55b10ffe3d30: pfd->events now 60 (POLLOUT:4)
0:00:00.010363572  2749 0x55b10ffbf360 DEBUG   GST_POLL gstpoll.c:979:gst_poll_fd_ctl_write: 0x55b10ffe3d30: fd (fd:0, idx:1), active : 1
0:00:00.010369150  2749 0x55b10ffbf360 LOG   GST_POLL gstpoll.c:994:gst_poll_fd_ctl_write: 0x55b10ffe3d30: pfd->events now 60 (POLLOUT:4)
0:00:00.010374941  2749 0x55b10ffbf360 DEBUG   GST_POLL gstpoll.c:979:gst_poll_fd_ctl_write: 0x55b10ffe3d30: fd (fd:0, idx:1), active : 1
0:00:00.010380488  2749 0x55b10ffbf360 LOG   GST_POLL gstpoll.c:994:gst_poll_fd_ctl_write: 0x55b10ffe3d30: pfd->events now 60 (POLLOUT:4)
0:00:00.010386270  2749 0x55b10ffbf360 DEBUG   GST_POLL gstpoll.c:979:gst_poll_fd_ctl_write: 0x55b10ffe3d30: fd (fd:0, idx:1), active : 1
0:00:00.010391817  2749 0x55b10ffbf360 LOG   GST_POLL gstpoll.c:994:gst_poll_fd_ctl_write: 0x55b10ffe3d30: pfd->events now 60 (POLLOUT:4)
0:00:00.010397575  2749 0x55b10ffbf360 DEBUG   GST_POLL gstpoll.c:979:gst_poll_fd_ctl_write: 0x55b10ffe3d30: fd (fd:0, idx:1), active : 1
0:00:00.010403098  2749 0x55b10ffbf360 LOG   GST_POLL gstpoll.c:994:gst_poll_fd_ctl_write: 0x55b10ffe3d30: pfd->events now 60 (POLLOUT:4)
0:00:00.010408836  2749 0x55b10ffbf360 DEBUG   GST_POLL gstpoll.c:979:gst_poll_fd_ctl_write: 0x55b10ffe3d30: fd (fd:0, idx:1), active : 1
0:00:00.010414371  2749 0x55b10ffbf360 LOG   GST_POLL gstpoll.c:994:gst_poll_fd_ctl_write: 0x55b10ffe3d30: pfd->events now 60 (POLLOUT:4)
0:00:00.010420143  2749 0x55b10ffbf360 DEBUG   GST_POLL gstpoll.c:979:gst_poll_fd_ctl_write: 0x55b10ffe3d30: fd (fd:0, idx:1), active : 1
0:00:00.010425693  2749 0x55b10ffbf360 LOG   GST_POLL gstpoll.c:994:gst_poll_fd_ctl_write: 0x55b10ffe3d30: pfd->events now 60 (POLLOUT:4)
0:00:00.010431477  2749 0x55b10ffbf360 DEBUG   GST_POLL gstpoll.c:979:gst_poll_fd_ctl_write: 0x55b10ffe3d30: fd (fd:0, idx:1), active : 1
0:00:00.010440331  2749 0x55b10ffbf360 LOG   GST_POLL gstpoll.c:994:gst_poll_fd_ctl_write: 0x55b10ffe3d30: pfd->events now 60 (POLLOUT:4)
0:00:00.010446163  2749 0x55b10ffbf360 LOG   GST_PLUGIN_LOADING gstpluginloader.c:644:put_chunk: Expanding tx buf from 5764 to 7717 for chunk of size 229
0:00:00.010455468  2749 0x55b10ffbf360 DEBUG   GST_POLL gstpoll.c:979:gst_poll_fd_ctl_write: 0x55b10ffe3d30: fd (fd:0, idx:1), active : 1
0:00:00.010461246  2749 0x55b10ffbf360 LOG   GST_POLL gstpoll.c:994:gst_poll_fd_ctl_write: 0x55b10ffe3d30: pfd->events now 60 (POLLOUT:4)
0:00:00.010467093  2749 0x55b10ffbf360 DEBUG   GST_POLL gstpoll.c:979:gst_poll_fd_ctl_write: 0x55b10ffe3d30: fd (fd:0, idx:1), active : 1
0:00:00.010472669  2749 0x55b10ffbf360 LOG   GST_POLL gstpoll.c:994:gst_poll_fd_ctl_write: 0x55b10ffe3d30: pfd->events now 60 (POLLOUT:4)
0:00:00.010478406  2749 0x55b10ffbf360 DEBUG   GST_POLL gstpoll.c:979:gst_poll_fd_ctl_write: 0x55b10ffe3d30: fd (fd:0, idx:1), active : 1
0:00:00.010488143  2749 0x55b10ffbf360 LOG   GST_POLL gstpoll.c:994:gst_poll_fd_ctl_write: 0x55b10ffe3d30: pfd->events now 60 (POLLOUT:4)
0:00:00.010494321  2749 0x55b10ffbf360 DEBUG   GST_POLL gstpoll.c:979:gst_poll_fd_ctl_write: 0x55b10ffe3d30: fd (fd:0, idx:1), active : 1
0:00:00.010499988  2749 0x55b10ffbf360 LOG   GST_POLL gstpoll.c:994:gst_poll_fd_ctl_write: 0x55b10ffe3d30: pfd->events now 60 (POLLOUT:4)
0:00:00.010505761  2749 0x55b10ffbf360 DEBUG   GST_POLL gstpoll.c:979:gst_poll_fd_ctl_write: 0x55b10ffe3d30: fd (fd:0, idx:1), active : 1
0:00:00.010511358  2749 0x55b10ffbf360 LOG   GST_POLL gstpoll.c:994:gst_poll_fd_ctl_write: 0x55b10ffe3d30: pfd->events now 60 (POLLOUT:4)
0:00:00.010517111  2749 0x55b10ffbf360 DEBUG   GST_POLL gstpoll.c:979:gst_poll_fd_ctl_write: 0x55b10ffe3d30: fd (fd:0, idx:1), active : 1
0:00:00.010522678  2749 0x55b10ffbf360 LOG   GST_POLL gstpoll.c:994:gst_poll_fd_ctl_write: 0x55b10ffe3d30: pfd->events now 60 (POLLOUT:4)
0:00:00.010528465  2749 0x55b10ffbf360 DEBUG   GST_POLL gstpoll.c:979:gst_poll_fd_ctl_write: 0x55b10ffe3d30: fd (fd:0, idx:1), active : 1
0:00:00.010534149  2749 0x55b10ffbf360 LOG   GST_POLL gstpoll.c:994:gst_poll_fd_ctl_write: 0x55b10ffe3d30: pfd->events now 60 (POLLOUT:4)
0:00:00.010540034  2749 0x55b10ffbf360 DEBUG   GST_POLL gstpoll.c:979:gst_poll_fd_ctl_write: 0x55b10ffe3d30: fd (fd:0, idx:1), active : 1
0:00:00.010545576  2749 0x55b10ffbf360 LOG   GST_POLL gstpoll.c:994:gst_poll_fd_ctl_write: 0x55b10ffe3d30: pfd->events now 60 (POLLOUT:4)
0:00:00.010551366  2749 0x55b10ffbf360 DEBUG   GST_POLL gstpoll.c:979:gst_poll_fd_ctl_write: 0x55b10ffe3d30: fd (fd:0, idx:1), active : 1
0:00:00.010556986  2749 0x55b10ffbf360 LOG   GST_POLL gstpoll.c:994:gst_poll_fd_ctl_write: 0x55b10ffe3d30: pfd->events now 60 (POLLOUT:4)
0:00:00.010562735  2749 0x55b10ffbf360 DEBUG   GST_POLL gstpoll.c:979:gst_poll_fd_ctl_write: 0x55b10ffe3d30: fd (fd:0, idx:1), active : 1
0:00:00.010568287  2749 0x55b10ffbf360 LOG   GST_POLL gstpoll.c:994:gst_poll_fd_ctl_write: 0x55b10ffe3d30: pfd->events now 60 (POLLOUT:4)
0:00:00.010574011  2749 0x55b10ffbf360 DEBUG   GST_POLL gstpoll.c:979:gst_poll_fd_ctl_write: 0x55b10ffe3d30: fd (fd:0, idx:1), active : 1
0:00:00.010584724  2749 0x55b10ffbf360 LOG   GST_POLL gstpoll.c:994:gst_poll_fd_ctl_write: 0x55b10ffe3d30: pfd->events now 60 (POLLOUT:4)
0:00:00.010590703  2749 0x55b10ffbf360 DEBUG   GST_POLL gstpoll.c:979:gst_poll_fd_ctl_write: 0x55b10ffe3d30: fd (fd:0, idx:1), active : 1
0:00:00.010596312  2749 0x55b10ffbf360 LOG   GST_POLL gstpoll.c:994:gst_poll_fd_ctl_write: 0x55b10ffe3d30: pfd->events now 60 (POLLOUT:4)
0:00:00.010602118  2749 0x55b10ffbf360 DEBUG   GST_POLL gstpoll.c:979:gst_poll_fd_ctl_write: 0x55b10ffe3d30: fd (fd:0, idx:1), active : 1
0:00:00.010607781  2749 0x55b10ffbf360 LOG   GST_POLL gstpoll.c:994:gst_poll_fd_ctl_write: 0x55b10ffe3d30: pfd->events now 60 (POLLOUT:4)
0:00:00.010613570  2749 0x55b10ffbf360 DEBUG   GST_POLL gstpoll.c:979:gst_poll_fd_ctl_write: 0x55b10ffe3d30: fd (fd:0, idx:1), active : 1
0:00:00.010619175  2749 0x55b10ffbf360 LOG   GST_POLL gstpoll.c:994:gst_poll_fd_ctl_write: 0x55b10ffe3d30: pfd->events now 60 (POLLOUT:4)
0:00:00.010625334  2749 0x55b10ffbf360 DEBUG   GST_POLL gstpoll.c:979:gst_poll_fd_ctl_write: 0x55b10ffe3d30: fd (fd:0, idx:1), active : 1
0:00:00.010631317  2749 0x55b10ffbf360 LOG   GST_POLL gstpoll.c:994:gst_poll_fd_ctl_write: 0x55b10ffe3d30: pfd->events now 60 (POLLOUT:4)
0:00:00.010637134  2749 0x55b10ffbf360 DEBUG   GST_POLL gstpoll.c:979:gst_poll_fd_ctl_write: 0x55b10ffe3d30: fd (fd:0, idx:1), active : 1
0:00:00.010642685  2749 0x55b10ffbf360 LOG   GST_POLL gstpoll.c:994:gst_poll_fd_ctl_write: 0x55b10ffe3d30: pfd->events now 60 (POLLOUT:4)
0:00:00.010648463  2749 0x55b10ffbf360 DEBUG   GST_POLL gstpoll.c:979:gst_poll_fd_ctl_write: 0x55b10ffe3d30: fd (fd:0, idx:1), active : 1
0:00:00.010654101  2749 0x55b10ffbf360 LOG   GST_POLL gstpoll.c:994:gst_poll_fd_ctl_write: 0x55b10ffe3d30: pfd->events now 60 (POLLOUT:4)
0:00:00.010659932  2749 0x55b10ffbf360 DEBUG   GST_POLL gstpoll.c:979:gst_poll_fd_ctl_write: 0x55b10ffe3d30: fd (fd:0, idx:1), active : 1
0:00:00.010665497  2749 0x55b10ffbf360 LOG   GST_POLL gstpoll.c:994:gst_poll_fd_ctl_write: 0x55b10ffe3d30: pfd->events now 60 (POLLOUT:4)
0:00:00.010671392  2749 0x55b10ffbf360 DEBUG   GST_POLL gstpoll.c:979:gst_poll_fd_ctl_write: 0x55b10ffe3d30: fd (fd:0, idx:1), active : 1
0:00:00.010676959  2749 0x55b10ffbf360 LOG   GST_POLL gstpoll.c:994:gst_poll_fd_ctl_write: 0x55b10ffe3d30: pfd->events now 60 (POLLOUT:4)
0:00:00.010682726  2749 0x55b10ffbf360 DEBUG   GST_POLL gstpoll.c:979:gst_poll_fd_ctl_write: 0x55b10ffe3d30: fd (fd:0, idx:1), active : 1
0:00:00.010688346  2749 0x55b10ffbf360 LOG   GST_POLL gstpoll.c:994:gst_poll_fd_ctl_write: 0x55b10ffe3d30: pfd->events now 60 (POLLOUT:4)
0:00:00.010694148  2749 0x55b10ffbf360 DEBUG   GST_POLL gstpoll.c:979:gst_poll_fd_ctl_write: 0x55b10ffe3d30: fd (fd:0, idx:1), active : 1
0:00:00.010699854  2749 0x55b10ffbf360 LOG   GST_POLL gstpoll.c:994:gst_poll_fd_ctl_write: 0x55b10ffe3d30: pfd->events now 60 (POLLOUT:4)
0:00:00.010705653  2749 0x55b10ffbf360 DEBUG   GST_POLL gstpoll.c:979:gst_poll_fd_ctl_write: 0x55b10ffe3d30: fd (fd:0, idx:1), active : 1
0:00:00.010714787  2749 0x55b10ffbf360 LOG   GST_POLL gstpoll.c:994:gst_poll_fd_ctl_write: 0x55b10ffe3d30: pfd->events now 60 (POLLOUT:4)
0:00:00.010720727  2749 0x55b10ffbf360 DEBUG   GST_POLL gstpoll.c:979:gst_poll_fd_ctl_write: 0x55b10ffe3d30: fd (fd:0, idx:1), active : 1
0:00:00.010726311  2749 0x55b10ffbf360 LOG   GST_POLL gstpoll.c:994:gst_poll_fd_ctl_write: 0x55b10ffe3d30: pfd->events now 60 (POLLOUT:4)
0:00:00.010732101  2749 0x55b10ffbf360 DEBUG   GST_POLL gstpoll.c:979:gst_poll_fd_ctl_write: 0x55b10ffe3d30: fd (fd:0, idx:1), active : 1
0:00:00.010737669  2749 0x55b10ffbf360 LOG   GST_POLL gstpoll.c:994:gst_poll_fd_ctl_write: 0x55b10ffe3d30: pfd->events now 60 (POLLOUT:4)
0:00:00.010743405  2749 0x55b10ffbf360 DEBUG   GST_POLL gstpoll.c:979:gst_poll_fd_ctl_write: 0x55b10ffe3d30: fd (fd:0, idx:1), active : 1
0:00:00.010748986  2749 0x55b10ffbf360 LOG   GST_POLL gstpoll.c:994:gst_poll_fd_ctl_write: 0x55b10ffe3d30: pfd->events now 60 (POLLOUT:4)
0:00:00.010754737  2749 0x55b10ffbf360 DEBUG   GST_POLL gstpoll.c:979:gst_poll_fd_ctl_write: 0x55b10ffe3d30: fd (fd:0, idx:1), active : 1
0:00:00.010760288  2749 0x55b10ffbf360 LOG   GST_POLL gstpoll.c:994:gst_poll_fd_ctl_write: 0x55b10ffe3d30: pfd->events now 60 (POLLOUT:4)
0:00:00.010766058  2749 0x55b10ffbf360 DEBUG   GST_POLL gstpoll.c:979:gst_poll_fd_ctl_write: 0x55b10ffe3d30: fd (fd:0, idx:1), active : 1
0:00:00.010771630  2749 0x55b10ffbf360 LOG   GST_POLL gstpoll.c:994:gst_poll_fd_ctl_write: 0x55b10ffe3d30: pfd->events now 60 (POLLOUT:4)
0:00:00.010777440  2749 0x55b10ffbf360 DEBUG   GST_POLL gstpoll.c:979:gst_poll_fd_ctl_write: 0x55b10ffe3d30: fd (fd:0, idx:1), active : 1
0:00:00.010782970  2749 0x55b10ffbf360 LOG   GST_POLL gstpoll.c:994:gst_poll_fd_ctl_write: 0x55b10ffe3d30: pfd->events now 60 (POLLOUT:4)
0:00:00.010788742  2749 0x55b10ffbf360 DEBUG   GST_POLL gstpoll.c:979:gst_poll_fd_ctl_write: 0x55b10ffe3d30: fd (fd:0, idx:1), active : 1
0:00:00.010794310  2749 0x55b10ffbf360 LOG   GST_POLL gstpoll.c:994:gst_poll_fd_ctl_write: 0x55b10ffe3d30: pfd->events now 60 (POLLOUT:4)
0:00:00.010800105  2749 0x55b10ffbf360 DEBUG   GST_POLL gstpoll.c:979:gst_poll_fd_ctl_write: 0x55b10ffe3d30: fd (fd:0, idx:1), active : 1
0:00:00.010805669  2749 0x55b10ffbf360 LOG   GST_POLL gstpoll.c:994:gst_poll_fd_ctl_write: 0x55b10ffe3d30: pfd->events now 60 (POLLOUT:4)
0:00:00.010811383  2749 0x55b10ffbf360 DEBUG   GST_POLL gstpoll.c:979:gst_poll_fd_ctl_write: 0x55b10ffe3d30: fd (fd:0, idx:1), active : 1
0:00:00.010816980  2749 0x55b10ffbf360 LOG   GST_POLL gstpoll.c:994:gst_poll_fd_ctl_write: 0x55b10ffe3d30: pfd->events now 60 (POLLOUT:4)
0:00:00.010822854  2749 0x55b10ffbf360 DEBUG   GST_POLL gstpoll.c:979:gst_poll_fd_ctl_write: 0x55b10ffe3d30: fd (fd:0, idx:1), active : 1
0:00:00.010828405  2749 0x55b10ffbf360 LOG   GST_POLL gstpoll.c:994:gst_poll_fd_ctl_write: 0x55b10ffe3d30: pfd->events now 60 (POLLOUT:4)
0:00:00.010834171  2749 0x55b10ffbf360 DEBUG   GST_POLL gstpoll.c:979:gst_poll_fd_ctl_write: 0x55b10ffe3d30: fd (fd:0, idx:1), active : 1
0:00:00.010839714  2749 0x55b10ffbf360 LOG   GST_POLL gstpoll.c:994:gst_poll_fd_ctl_write: 0x55b10ffe3d30: pfd->events now 60 (POLLOUT:4)
0:00:00.010872088  2749 0x55b10ffbf360 DEBUG   GST_POLL gstpoll.c:979:gst_poll_fd_ctl_write: 0x55b10ffe3d30: fd (fd:0, idx:1), active : 1
0:00:00.010878257  2749 0x55b10ffbf360 LOG   GST_POLL gstpoll.c:994:gst_poll_fd_ctl_write: 0x55b10ffe3d30: pfd->events now 60 (POLLOUT:4)
0:00:00.010884081  2749 0x55b10ffbf360 DEBUG   GST_POLL gstpoll.c:979:gst_poll_fd_ctl_write: 0x55b10ffe3d30: fd (fd:0, idx:1), active : 1
0:00:00.010889689  2749 0x55b10ffbf360 LOG   GST_POLL gstpoll.c:994:gst_poll_fd_ctl_write: 0x55b10ffe3d30: pfd->events now 60 (POLLOUT:4)
0:00:00.010895576  2749 0x55b10ffbf360 DEBUG   GST_POLL gstpoll.c:979:gst_poll_fd_ctl_write: 0x55b10ffe3d30: fd (fd:0, idx:1), active : 1
0:00:00.010901594  2749 0x55b10ffbf360 LOG   GST_POLL gstpoll.c:994:gst_poll_fd_ctl_write: 0x55b10ffe3d30: pfd->events now 60 (POLLOUT:4)
0:00:00.010907359  2749 0x55b10ffbf360 DEBUG   GST_POLL gstpoll.c:979:gst_poll_fd_ctl_write: 0x55b10ffe3d30: fd (fd:0, idx:1), active : 1
0:00:00.010912945  2749 0x55b10ffbf360 LOG   GST_POLL gstpoll.c:994:gst_poll_fd_ctl_write: 0x55b10ffe3d30: pfd->events now 60 (POLLOUT:4)
0:00:00.010918775  2749 0x55b10ffbf360 DEBUG   GST_POLL gstpoll.c:979:gst_poll_fd_ctl_write: 0x55b10ffe3d30: fd (fd:0, idx:1), active : 1
0:00:00.010924353  2749 0x55b10ffbf360 LOG   GST_POLL gstpoll.c:994:gst_poll_fd_ctl_write: 0x55b10ffe3d30: pfd->events now 60 (POLLOUT:4)
0:00:00.010930186  2749 0x55b10ffbf360 DEBUG   GST_POLL gstpoll.c:979:gst_poll_fd_ctl_write: 0x55b10ffe3d30: fd (fd:0, idx:1), active : 1
0:00:00.010935787  2749 0x55b10ffbf360 LOG   GST_POLL gstpoll.c:994:gst_poll_fd_ctl_write: 0x55b10ffe3d30: pfd->events now 60 (POLLOUT:4)
0:00:00.010941551  2749 0x55b10ffbf360 DEBUG   GST_POLL gstpoll.c:979:gst_poll_fd_ctl_write: 0x55b10ffe3d30: fd (fd:0, idx:1), active : 1
0:00:00.010947111  2749 0x55b10ffbf360 LOG   GST_POLL gstpoll.c:994:gst_poll_fd_ctl_write: 0x55b10ffe3d30: pfd->events now 60 (POLLOUT:4)
0:00:00.010952878  2749 0x55b10ffbf360 DEBUG   GST_POLL gstpoll.c:979:gst_poll_fd_ctl_write: 0x55b10ffe3d30: fd (fd:0, idx:1), active : 1
0:00:00.010958461  2749 0x55b10ffbf360 LOG   GST_POLL gstpoll.c:994:gst_poll_fd_ctl_write: 0x55b10ffe3d30: pfd->events now 60 (POLLOUT:4)
0:00:00.010964254  2749 0x55b10ffbf360 DEBUG   GST_POLL gstpoll.c:979:gst_poll_fd_ctl_write: 0x55b10ffe3d30: fd (fd:0, idx:1), active : 1
0:00:00.010969830  2749 0x55b10ffbf360 LOG   GST_POLL gstpoll.c:994:gst_poll_fd_ctl_write: 0x55b10ffe3d30: pfd->events now 60 (POLLOUT:4)
0:00:00.010975647  2749 0x55b10ffbf360 DEBUG   GST_POLL gstpoll.c:979:gst_poll_fd_ctl_write: 0x55b10ffe3d30: fd (fd:0, idx:1), active : 1
0:00:00.010981280  2749 0x55b10ffbf360 LOG   GST_POLL gstpoll.c:994:gst_poll_fd_ctl_write: 0x55b10ffe3d30: pfd->events now 60 (POLLOUT:4)
0:00:00.010986996  2749 0x55b10ffbf360 DEBUG   GST_POLL gstpoll.c:979:gst_poll_fd_ctl_write: 0x55b10ffe3d30: fd (fd:0, idx:1), active : 1
0:00:00.010992570  2749 0x55b10ffbf360 LOG   GST_POLL gstpoll.c:994:gst_poll_fd_ctl_write: 0x55b10ffe3d30: pfd->events now 60 (POLLOUT:4)
0:00:00.011001858  2749 0x55b10ffbf360 DEBUG   GST_POLL gstpoll.c:979:gst_poll_fd_ctl_write: 0x55b10ffe3d30: fd (fd:0, idx:1), active : 1
0:00:00.011007569  2749 0x55b10ffbf360 LOG   GST_POLL gstpoll.c:994:gst_poll_fd_ctl_write: 0x55b10ffe3d30: pfd->events now 60 (POLLOUT:4)
0:00:00.011013285  2749 0x55b10ffbf360 DEBUG   GST_POLL gstpoll.c:979:gst_poll_fd_ctl_write: 0x55b10ffe3d30: fd (fd:0, idx:1), active : 1
0:00:00.011018799  2749 0x55b10ffbf360 LOG   GST_POLL gstpoll.c:994:gst_poll_fd_ctl_write: 0x55b10ffe3d30: pfd->events now 60 (POLLOUT:4)
0:00:00.011024717  2749 0x55b10ffbf360 DEBUG   GST_POLL gstpoll.c:979:gst_poll_fd_ctl_write: 0x55b10ffe3d30: fd (fd:0, idx:1), active : 1
0:00:00.011030238  2749 0x55b10ffbf360 LOG   GST_POLL gstpoll.c:994:gst_poll_fd_ctl_write: 0x55b10ffe3d30: pfd->events now 60 (POLLOUT:4)
0:00:00.011036161  2749 0x55b10ffbf360 DEBUG   GST_POLL gstpoll.c:979:gst_poll_fd_ctl_write: 0x55b10ffe3d30: fd (fd:0, idx:1), active : 1
0:00:00.011041678  2749 0x55b10ffbf360 LOG   GST_POLL gstpoll.c:994:gst_poll_fd_ctl_write: 0x55b10ffe3d30: pfd->events now 60 (POLLOUT:4)
0:00:00.011047408  2749 0x55b10ffbf360 DEBUG   GST_POLL gstpoll.c:979:gst_poll_fd_ctl_write: 0x55b10ffe3d30: fd (fd:0, idx:1), active : 1
0:00:00.011052910  2749 0x55b10ffbf360 LOG   GST_POLL gstpoll.c:994:gst_poll_fd_ctl_write: 0x55b10ffe3d30: pfd->events now 60 (POLLOUT:4)
0:00:00.011058626  2749 0x55b10ffbf360 DEBUG   GST_POLL gstpoll.c:979:gst_poll_fd_ctl_write: 0x55b10ffe3d30: fd (fd:0, idx:1), active : 1
0:00:00.011064116  2749 0x55b10ffbf360 LOG   GST_POLL gstpoll.c:994:gst_poll_fd_ctl_write: 0x55b10ffe3d30: pfd->events now 60 (POLLOUT:4)
0:00:00.011069808  2749 0x55b10ffbf360 DEBUG   GST_POLL gstpoll.c:979:gst_poll_fd_ctl_write: 0x55b10ffe3d30: fd (fd:0, idx:1), active : 1
0:00:00.011075337  2749 0x55b10ffbf360 LOG   GST_POLL gstpoll.c:994:gst_poll_fd_ctl_write: 0x55b10ffe3d30: pfd->events now 60 (POLLOUT:4)
0:00:00.011081082  2749 0x55b10ffbf360 DEBUG   GST_POLL gstpoll.c:979:gst_poll_fd_ctl_write: 0x55b10ffe3d30: fd (fd:0, idx:1), active : 1
0:00:00.011086776  2749 0x55b10ffbf360 LOG   GST_POLL gstpoll.c:994:gst_poll_fd_ctl_write: 0x55b10ffe3d30: pfd->events now 60 (POLLOUT:4)
0:00:00.011092483  2749 0x55b10ffbf360 DEBUG   GST_POLL gstpoll.c:979:gst_poll_fd_ctl_write: 0x55b10ffe3d30: fd (fd:0, idx:1), active : 1
0:00:00.011098006  2749 0x55b10ffbf360 LOG   GST_POLL gstpoll.c:994:gst_poll_fd_ctl_write: 0x55b10ffe3d30: pfd->events now 60 (POLLOUT:4)
0:00:00.011103699  2749 0x55b10ffbf360 DEBUG   GST_POLL gstpoll.c:979:gst_poll_fd_ctl_write: 0x55b10ffe3d30: fd (fd:0, idx:1), active : 1
0:00:00.011109240  2749 0x55b10ffbf360 LOG   GST_POLL gstpoll.c:994:gst_poll_fd_ctl_write: 0x55b10ffe3d30: pfd->events now 60 (POLLOUT:4)
0:00:00.011118412  2749 0x55b10ffbf360 TRACE   GST_REFCOUNTING gstobject.c:264:gst_object_unref: 0x55b10ffe9350 unref 2->1
0:00:00.011125413  2749 0x55b10ffbf360 DEBUG   GST_POLL gstpoll.c:1241:gst_poll_fd_has_error: 0x55b10ffe3d30: fd (fd:0, idx:1) 0
0:00:00.011134992  2749 0x55b10ffbf360 DEBUG   GST_POLL gstpoll.c:1335:gst_poll_fd_can_write: 0x55b10ffe3d30: fd (fd:0, idx:1) 1
0:00:00.011140910  2749 0x55b10ffbf360 LOG   GST_PLUGIN_LOADING gstpluginloader.c:689:write_one: Writing packet of size 528 bytes to fd 0
0:00:00.011158458  2749 0x55b10ffbf360 DEBUG   GST_POLL gstpoll.c:1414:gst_poll_wait: 0x55b10ffe3d30: timeout :0:00:01.000000000
0:00:00.011168587  2749 0x55b10ffbf360 LOG   GST_PLUGIN_LOADING gstpluginloader.c:1026:exchange_packets: Poll res = 2. 6872 bytes pending for write
0:00:00.011175091  2749 0x55b10ffbf360 DEBUG   GST_POLL gstpoll.c:1241:gst_poll_fd_has_error: 0x55b10ffe3d30: fd (fd:5, idx:2) 0
0:00:00.015359820  2748 0x556d67130360 LOG   GST_PLUGIN_LOADING gstpluginloader.c:1026:exchange_packets: Poll res = 1. 0 bytes pending for write
0:00:00.011181031  2749 0x55b10ffbf360 DEBUG   GST_POLL gstpoll.c:1266:gst_poll_fd_can_read_unlocked: 0x55b10ffe3d30: fd (fd:5, idx:2) 1
0:00:00.015378221  2748 0x556d67130360 DEBUG   GST_POLL gstpoll.c:1241:gst_poll_fd_has_error: 0x556d67155920: fd (fd:8, idx:2) 0
0:00:00.011197811  2749 0x55b10ffbf360 DEBUG   GST_PLUGIN_LOADING gstpluginloader.c:721:do_plugin_load: Plugin scanner loading file /home/conan/w/prod/BuildSingleReference/.conan/data/gstreamer/1.19.2/_/_/package/62e0ab6106dfea3ec3ecb5db13d8d55a63451b50/lib/gstreamer-1.0/libgstcoretracers.so. tag 2
0:00:00.015385965  2748 0x556d67130360 DEBUG   GST_POLL gstpoll.c:1266:gst_poll_fd_can_read_unlocked: 0x556d67155920: fd (fd:8, idx:2) 1
0:00:00.011205495  2749 0x55b10ffbf360 TRACE   GST_REFCOUNTING gstobject.c:237:gst_object_ref: 0x55b10ffe5730 ref 1->2
0:00:00.015394695  2748 0x556d67130360 LOG   GST_PLUGIN_LOADING gstpluginloader.c:984:read_one: Expanding rx buf from 512 to 1040
0:00:00.011213504  2749 0x55b10ffbf360 TRACE   GST_REFCOUNTING gstobject.c:237:gst_object_ref: 0x55b10ffe7230 ref 1->2
0:00:00.011220618  2749 0x55b10ffbf360 TRACE   GST_REFCOUNTING gstobject.c:237:gst_object_ref: 0x55b10ffe70f0 ref 1->2
0:00:00.015406626  2748 0x556d67130360 DEBUG   GST_PLUGIN_LOADING gstpluginloader.c:847:handle_rx_packet: Received plugin details from child w/ tag 0. 516 bytes info
0:00:00.011226828  2749 0x55b10ffbf360 TRACE   GST_REFCOUNTING gstobject.c:237:gst_object_ref: 0x55b10ffe6e70 ref 1->2
0:00:00.015414240  2748 0x556d67130360 LOG   GST_REGISTRY gstregistrychunks.c:837:_priv_gst_registry_chunks_load_plugin: Reading/casting for GstRegistryChunkPluginElement at address 0x556d67155cc0
0:00:00.011233345  2749 0x55b10ffbf360 TRACE   GST_REFCOUNTING gstobject.c:237:gst_object_ref: 0x55b10ffe6ba0 ref 1->2
0:00:00.011240078  2749 0x55b10ffbf360 TRACE   GST_REFCOUNTING gstobject.c:237:gst_object_ref: 0x55b10ffe68d0 ref 1->2
0:00:00.011246217  2749 0x55b10ffbf360 TRACE   GST_REFCOUNTING gstobject.c:237:gst_object_ref: 0x55b10ffe6420 ref 1->2
0:00:00.015431680  2748 0x556d67130360 TRACE   GST_REFCOUNTING gstobject.c:208:gst_object_init: 0x556d671611e0 new
0:00:00.011254333  2749 0x55b10ffbf360 TRACE   GST_REFCOUNTING gstobject.c:264:gst_object_unref: 0x55b10ffe6420 unref 2->1
0:00:00.011267006  2749 0x55b10ffbf360 TRACE   GST_REFCOUNTING gstobject.c:264:gst_object_unref: 0x55b10ffe68d0 unref 2->1
0:00:00.011273181  2749 0x55b10ffbf360 TRACE   GST_REFCOUNTING gstobject.c:264:gst_object_unref: 0x55b10ffe6ba0 unref 2->1
0:00:00.015458980  2748 0x556d67130360 LOG   GST_REGISTRY gstregistrychunks.c:859:_priv_gst_registry_chunks_load_plugin: read strings for name='coretracers'
0:00:00.011279323  2749 0x55b10ffbf360 TRACE   GST_REFCOUNTING gstobject.c:264:gst_object_unref: 0x55b10ffe6e70 unref 2->1
0:00:00.015466520  2748 0x556d67130360 LOG   GST_REGISTRY gstregistrychunks.c:860:_priv_gst_registry_chunks_load_plugin: desc.description='GStreamer core tracers'
0:00:00.011285789  2749 0x55b10ffbf360 TRACE   GST_REFCOUNTING gstobject.c:264:gst_object_unref: 0x55b10ffe70f0 unref 2->1
0:00:00.015472718  2748 0x556d67130360 LOG   GST_REGISTRY gstregistrychunks.c:861:_priv_gst_registry_chunks_load_plugin: filename='/home/conan/w/prod/BuildSingleReference/.conan/data/gstreamer/1.19.2/_/_/package/62e0ab6106dfea3ec3ecb5db13d8d55a63451b50/lib/gstreamer-1.0/libgstcoretracers.so'
0:00:00.011292169  2749 0x55b10ffbf360 TRACE   GST_REFCOUNTING gstobject.c:264:gst_object_unref: 0x55b10ffe7230 unref 2->1
0:00:00.015478961  2748 0x556d67130360 LOG   GST_REGISTRY gstregistrychunks.c:862:_priv_gst_registry_chunks_load_plugin: desc.version='1.19.2'
0:00:00.015485308  2748 0x556d67130360 LOG   GST_REGISTRY gstregistrychunks.c:863:_priv_gst_registry_chunks_load_plugin: desc.license='LGPL'
0:00:00.011300164  2749 0x55b10ffbf360 DEBUG   GST_REGISTRY gstregistrychunks.c:498:_priv_gst_registry_chunks_save_plugin: Found 6 features in plugin 0x55b10ffe5730 (coretracers)
0:00:00.015490780  2748 0x556d67130360 LOG   GST_REGISTRY gstregistrychunks.c:864:_priv_gst_registry_chunks_load_plugin: desc.source='gstreamer'
0:00:00.011308851  2749 0x55b10ffbf360 DEBUG   GST_POLL gstpoll.c:979:gst_poll_fd_ctl_write: 0x55b10ffe3d30: fd (fd:0, idx:1), active : 1
0:00:00.015496738  2748 0x556d67130360 LOG   GST_REGISTRY gstregistrychunks.c:865:_priv_gst_registry_chunks_load_plugin: desc.package='GStreamer source release'
0:00:00.011315120  2749 0x55b10ffbf360 LOG   GST_POLL gstpoll.c:994:gst_poll_fd_ctl_write: 0x55b10ffe3d30: pfd->events now 60 (POLLOUT:4)
0:00:00.015502661  2748 0x556d67130360 LOG   GST_REGISTRY gstregistrychunks.c:866:_priv_gst_registry_chunks_load_plugin: desc.origin='Unknown package origin'
0:00:00.011321451  2749 0x55b10ffbf360 DEBUG   GST_POLL gstpoll.c:979:gst_poll_fd_ctl_write: 0x55b10ffe3d30: fd (fd:0, idx:1), active : 1
0:00:00.015508586  2748 0x556d67130360 LOG   GST_REGISTRY gstregistrychunks.c:867:_priv_gst_registry_chunks_load_plugin: desc.datetime=2021-09-23
0:00:00.011327470  2749 0x55b10ffbf360 LOG   GST_POLL gstpoll.c:994:gst_poll_fd_ctl_write: 0x55b10ffe3d30: pfd->events now 60 (POLLOUT:4)
0:00:00.015517390  2748 0x556d67130360 DEBUG   GST_REGISTRY gstregistry.c:473:gst_registry_add_plugin: adding plugin 0x556d671611e0 for filename "/home/conan/w/prod/BuildSingleReference/.conan/data/gstreamer/1.19.2/_/_/package/62e0ab6106dfea3ec3ecb5db13d8d55a63451b50/lib/gstreamer-1.0/libgstcoretracers.so"
0:00:00.011333666  2749 0x55b10ffbf360 DEBUG   GST_POLL gstpoll.c:979:gst_poll_fd_ctl_write: 0x55b10ffe3d30: fd (fd:0, idx:1), active : 1
0:00:00.011349142  2749 0x55b10ffbf360 LOG   GST_POLL gstpoll.c:994:gst_poll_fd_ctl_write: 0x55b10ffe3d30: pfd->events now 60 (POLLOUT:4)
0:00:00.015535206  2748 0x556d67130360 TRACE   GST_REFCOUNTING gstobject.c:292:gst_object_ref_sink: 0x556d671611e0 ref_sink 1->2
0:00:00.011354937  2749 0x55b10ffbf360 DEBUG   GST_POLL gstpoll.c:979:gst_poll_fd_ctl_write: 0x55b10ffe3d30: fd (fd:0, idx:1), active : 1
0:00:00.015543048  2748 0x556d67130360 LOG   GST_REGISTRY gstregistry.c:486:gst_registry_add_plugin: emitting plugin-added for filename "/home/conan/w/prod/BuildSingleReference/.conan/data/gstreamer/1.19.2/_/_/package/62e0ab6106dfea3ec3ecb5db13d8d55a63451b50/lib/gstreamer-1.0/libgstcoretracers.so"
0:00:00.011360877  2749 0x55b10ffbf360 LOG   GST_POLL gstpoll.c:994:gst_poll_fd_ctl_write: 0x55b10ffe3d30: pfd->events now 60 (POLLOUT:4)
0:00:00.015550585  2748 0x556d67130360 DEBUG   GST_REGISTRY gstregistrychunks.c:887:_priv_gst_registry_chunks_load_plugin: Added plugin 'coretracers' plugin with 6 features from binary registry
0:00:00.011367138  2749 0x55b10ffbf360 DEBUG   GST_POLL gstpoll.c:979:gst_poll_fd_ctl_write: 0x55b10ffe3d30: fd (fd:0, idx:1), active : 1
0:00:00.015557535  2748 0x556d67130360 DEBUG   GST_REGISTRY gstregistrychunks.c:583:gst_registry_chunks_load_feature: Plugin 'coretracers' feature 'factories' typename : 'GstTracerFactory'
0:00:00.011374052  2749 0x55b10ffbf360 LOG   GST_POLL gstpoll.c:994:gst_poll_fd_ctl_write: 0x55b10ffe3d30: pfd->events now 60 (POLLOUT:4)
0:00:00.011381087  2749 0x55b10ffbf360 DEBUG   GST_POLL gstpoll.c:979:gst_poll_fd_ctl_write: 0x55b10ffe3d30: fd (fd:0, idx:1), active : 1
0:00:00.011386583  2749 0x55b10ffbf360 LOG   GST_POLL gstpoll.c:994:gst_poll_fd_ctl_write: 0x55b10ffe3d30: pfd->events now 60 (POLLOUT:4)
0:00:00.011392288  2749 0x55b10ffbf360 DEBUG   GST_POLL gstpoll.c:979:gst_poll_fd_ctl_write: 0x55b10ffe3d30: fd (fd:0, idx:1), active : 1
0:00:00.015570156  2748 0x556d67130360 TRACE   GST_REFCOUNTING gstobject.c:208:gst_object_init: 0x556d67160930 new
0:00:00.011397950  2749 0x55b10ffbf360 LOG   GST_POLL gstpoll.c:994:gst_poll_fd_ctl_write: 0x55b10ffe3d30: pfd->events now 60 (POLLOUT:4)
0:00:00.015587566  2748 0x556d67130360 DEBUG   GST_REGISTRY gstregistrychunks.c:717:gst_registry_chunks_load_feature: Reading/casting for GstRegistryChunkPluginFeature at address 0x556d67155e10
0:00:00.011404111  2749 0x55b10ffbf360 DEBUG   GST_POLL gstpoll.c:979:gst_poll_fd_ctl_write: 0x55b10ffe3d30: fd (fd:0, idx:1), active : 1
0:00:00.015595835  2748 0x556d67130360 DEBUG   GST_REGISTRY gstregistry.c:589:gst_registry_add_feature: adding feature 0x556d67160930 (factories)
0:00:00.011411392  2749 0x55b10ffbf360 LOG   GST_POLL gstpoll.c:994:gst_poll_fd_ctl_write: 0x55b10ffe3d30: pfd->events now 60 (POLLOUT:4)
0:00:00.015603688  2748 0x556d67130360 DEBUG   GST_REFCOUNTING gstobject.c:708:gst_object_set_parent: set parent (ref and sink)
0:00:00.011419601  2749 0x55b10ffbf360 DEBUG   GST_POLL gstpoll.c:979:gst_poll_fd_ctl_write: 0x55b10ffe3d30: fd (fd:0, idx:1), active : 1
0:00:00.015611239  2748 0x556d67130360 TRACE   GST_REFCOUNTING gstobject.c:292:gst_object_ref_sink: 0x556d67160930 ref_sink 1->2
0:00:00.011431746  2749 0x55b10ffbf360 LOG   GST_POLL gstpoll.c:994:gst_poll_fd_ctl_write: 0x55b10ffe3d30: pfd->events now 60 (POLLOUT:4)
0:00:00.015618937  2748 0x556d67130360 LOG   GST_REGISTRY gstregistry.c:607:gst_registry_add_feature: emitting feature-added for factories
0:00:00.011438051  2749 0x55b10ffbf360 DEBUG   GST_POLL gstpoll.c:979:gst_poll_fd_ctl_write: 0x55b10ffe3d30: fd (fd:0, idx:1), active : 1
0:00:00.015626279  2748 0x556d67130360 DEBUG   GST_REGISTRY gstregistrychunks.c:741:gst_registry_chunks_load_feature: Added feature factories, plugin 0x556d671611e0 coretracers
0:00:00.011444068  2749 0x55b10ffbf360 LOG   GST_POLL gstpoll.c:994:gst_poll_fd_ctl_write: 0x55b10ffe3d30: pfd->events now 60 (POLLOUT:4)
0:00:00.015633099  2748 0x556d67130360 DEBUG   GST_REGISTRY gstregistrychunks.c:583:gst_registry_chunks_load_feature: Plugin 'coretracers' feature 'leaks' typename : 'GstTracerFactory'
0:00:00.011450216  2749 0x55b10ffbf360 LOG   GST_PLUGIN_LOADING gstpluginloader.c:644:put_chunk: Expanding tx buf from 7717 to 10158 for chunk of size 11
0:00:00.015640422  2748 0x556d67130360 TRACE   GST_REFCOUNTING gstobject.c:208:gst_object_init: 0x556d671560d0 new
0:00:00.011459928  2749 0x55b10ffbf360 DEBUG   GST_POLL gstpoll.c:979:gst_poll_fd_ctl_write: 0x55b10ffe3d30: fd (fd:0, idx:1), active : 1
0:00:00.015647875  2748 0x556d67130360 DEBUG   GST_REGISTRY gstregistrychunks.c:717:gst_registry_chunks_load_feature: Reading/casting for GstRegistryChunkPluginFeature at address 0x556d67155e30
0:00:00.011465940  2749 0x55b10ffbf360 LOG   GST_POLL gstpoll.c:994:gst_poll_fd_ctl_write: 0x55b10ffe3d30: pfd->events now 60 (POLLOUT:4)
0:00:00.015655032  2748 0x556d67130360 DEBUG   GST_REGISTRY gstregistry.c:589:gst_registry_add_feature: adding feature 0x556d671560d0 (leaks)
0:00:00.011471889  2749 0x55b10ffbf360 DEBUG   GST_POLL gstpoll.c:979:gst_poll_fd_ctl_write: 0x55b10ffe3d30: fd (fd:0, idx:1), active : 1
0:00:00.015661151  2748 0x556d67130360 DEBUG   GST_REFCOUNTING gstobject.c:708:gst_object_set_parent: set parent (ref and sink)
0:00:00.011478550  2749 0x55b10ffbf360 LOG   GST_POLL gstpoll.c:994:gst_poll_fd_ctl_write: 0x55b10ffe3d30: pfd->events now 60 (POLLOUT:4)
0:00:00.015669046  2748 0x556d67130360 TRACE   GST_REFCOUNTING gstobject.c:292:gst_object_ref_sink: 0x556d671560d0 ref_sink 1->2
0:00:00.011489145  2749 0x55b10ffbf360 DEBUG   GST_POLL gstpoll.c:979:gst_poll_fd_ctl_write: 0x55b10ffe3d30: fd (fd:0, idx:1), active : 1
0:00:00.011495135  2749 0x55b10ffbf360 LOG   GST_POLL gstpoll.c:994:gst_poll_fd_ctl_write: 0x55b10ffe3d30: pfd->events now 60 (POLLOUT:4)
0:00:00.015678693  2748 0x556d67130360 LOG   GST_REGISTRY gstregistry.c:607:gst_registry_add_feature: emitting feature-added for leaks
0:00:00.011500856  2749 0x55b10ffbf360 DEBUG   GST_POLL gstpoll.c:979:gst_poll_fd_ctl_write: 0x55b10ffe3d30: fd (fd:0, idx:1), active : 1
0:00:00.011506809  2749 0x55b10ffbf360 LOG   GST_POLL gstpoll.c:994:gst_poll_fd_ctl_write: 0x55b10ffe3d30: pfd->events now 60 (POLLOUT:4)
0:00:00.015690683  2748 0x556d67130360 DEBUG   GST_REGISTRY gstregistrychunks.c:741:gst_registry_chunks_load_feature: Added feature leaks, plugin 0x556d671611e0 coretracers
0:00:00.011516332  2749 0x55b10ffbf360 DEBUG   GST_POLL gstpoll.c:979:gst_poll_fd_ctl_write: 0x55b10ffe3d30: fd (fd:0, idx:1), active : 1
0:00:00.015705973  2748 0x556d67130360 DEBUG   GST_REGISTRY gstregistrychunks.c:583:gst_registry_chunks_load_feature: Plugin 'coretracers' feature 'stats' typename : 'GstTracerFactory'
0:00:00.011522403  2749 0x55b10ffbf360 LOG   GST_POLL gstpoll.c:994:gst_poll_fd_ctl_write: 0x55b10ffe3d30: pfd->events now 60 (POLLOUT:4)
0:00:00.011531578  2749 0x55b10ffbf360 DEBUG   GST_POLL gstpoll.c:979:gst_poll_fd_ctl_write: 0x55b10ffe3d30: fd (fd:0, idx:1), active : 1
0:00:00.015716250  2748 0x556d67130360 TRACE   GST_REFCOUNTING gstobject.c:208:gst_object_init: 0x556d67156290 new
0:00:00.011537093  2749 0x55b10ffbf360 LOG   GST_POLL gstpoll.c:994:gst_poll_fd_ctl_write: 0x55b10ffe3d30: pfd->events now 60 (POLLOUT:4)
0:00:00.011543048  2749 0x55b10ffbf360 DEBUG   GST_POLL gstpoll.c:979:gst_poll_fd_ctl_write: 0x55b10ffe3d30: fd (fd:0, idx:1), active : 1
0:00:00.015726888  2748 0x556d67130360 DEBUG   GST_REGISTRY gstregistrychunks.c:717:gst_registry_chunks_load_feature: Reading/casting for GstRegistryChunkPluginFeature at address 0x556d67155e50
0:00:00.011548623  2749 0x55b10ffbf360 LOG   GST_POLL gstpoll.c:994:gst_poll_fd_ctl_write: 0x55b10ffe3d30: pfd->events now 60 (POLLOUT:4)
0:00:00.011554586  2749 0x55b10ffbf360 DEBUG   GST_POLL gstpoll.c:979:gst_poll_fd_ctl_write: 0x55b10ffe3d30: fd (fd:0, idx:1), active : 1
0:00:00.015738281  2748 0x556d67130360 DEBUG   GST_REGISTRY gstregistry.c:589:gst_registry_add_feature: adding feature 0x556d67156290 (stats)
0:00:00.011560161  2749 0x55b10ffbf360 LOG   GST_POLL gstpoll.c:994:gst_poll_fd_ctl_write: 0x55b10ffe3d30: pfd->events now 60 (POLLOUT:4)
0:00:00.015748469  2748 0x556d67130360 DEBUG   GST_REFCOUNTING gstobject.c:708:gst_object_set_parent: set parent (ref and sink)
0:00:00.011566190  2749 0x55b10ffbf360 DEBUG   GST_POLL gstpoll.c:979:gst_poll_fd_ctl_write: 0x55b10ffe3d30: fd (fd:0, idx:1), active : 1
0:00:00.011574481  2749 0x55b10ffbf360 LOG   GST_POLL gstpoll.c:994:gst_poll_fd_ctl_write: 0x55b10ffe3d30: pfd->events now 60 (POLLOUT:4)
0:00:00.015758785  2748 0x556d67130360 TRACE   GST_REFCOUNTING gstobject.c:292:gst_object_ref_sink: 0x556d67156290 ref_sink 1->2
0:00:00.011580193  2749 0x55b10ffbf360 DEBUG   GST_POLL gstpoll.c:979:gst_poll_fd_ctl_write: 0x55b10ffe3d30: fd (fd:0, idx:1), active : 1
0:00:00.015768448  2748 0x556d67130360 LOG   GST_REGISTRY gstregistry.c:607:gst_registry_add_feature: emitting feature-added for stats
0:00:00.011585995  2749 0x55b10ffbf360 LOG   GST_POLL gstpoll.c:994:gst_poll_fd_ctl_write: 0x55b10ffe3d30: pfd->events now 60 (POLLOUT:4)
0:00:00.011594124  2749 0x55b10ffbf360 DEBUG   GST_POLL gstpoll.c:979:gst_poll_fd_ctl_write: 0x55b10ffe3d30: fd (fd:0, idx:1), active : 1
0:00:00.015777913  2748 0x556d67130360 DEBUG   GST_REGISTRY gstregistrychunks.c:741:gst_registry_chunks_load_feature: Added feature stats, plugin 0x556d671611e0 coretracers
0:00:00.011603128  2749 0x55b10ffbf360 LOG   GST_POLL gstpoll.c:994:gst_poll_fd_ctl_write: 0x55b10ffe3d30: pfd->events now 60 (POLLOUT:4)
0:00:00.015792498  2748 0x556d67130360 DEBUG   GST_REGISTRY gstregistrychunks.c:583:gst_registry_chunks_load_feature: Plugin 'coretracers' feature 'rusage' typename : 'GstTracerFactory'
0:00:00.011609433  2749 0x55b10ffbf360 DEBUG   GST_POLL gstpoll.c:979:gst_poll_fd_ctl_write: 0x55b10ffe3d30: fd (fd:0, idx:1), active : 1
0:00:00.011618006  2749 0x55b10ffbf360 LOG   GST_POLL gstpoll.c:994:gst_poll_fd_ctl_write: 0x55b10ffe3d30: pfd->events now 60 (POLLOUT:4)
0:00:00.015802333  2748 0x556d67130360 TRACE   GST_REFCOUNTING gstobject.c:208:gst_object_init: 0x556d67156450 new
0:00:00.011623765  2749 0x55b10ffbf360 DEBUG   GST_POLL gstpoll.c:979:gst_poll_fd_ctl_write: 0x55b10ffe3d30: fd (fd:0, idx:1), active : 1
0:00:00.015812653  2748 0x556d67130360 DEBUG   GST_REGISTRY gstregistrychunks.c:717:gst_registry_chunks_load_feature: Reading/casting for GstRegistryChunkPluginFeature at address 0x556d67155e70
0:00:00.011629635  2749 0x55b10ffbf360 LOG   GST_POLL gstpoll.c:994:gst_poll_fd_ctl_write: 0x55b10ffe3d30: pfd->events now 60 (POLLOUT:4)
0:00:00.011638559  2749 0x55b10ffbf360 DEBUG   GST_POLL gstpoll.c:979:gst_poll_fd_ctl_write: 0x55b10ffe3d30: fd (fd:0, idx:1), active : 1
0:00:00.015822690  2748 0x556d67130360 DEBUG   GST_REGISTRY gstregistry.c:589:gst_registry_add_feature: adding feature 0x556d67156450 (rusage)
0:00:00.011644168  2749 0x55b10ffbf360 LOG   GST_POLL gstpoll.c:994:gst_poll_fd_ctl_write: 0x55b10ffe3d30: pfd->events now 60 (POLLOUT:4)
0:00:00.015832603  2748 0x556d67130360 DEBUG   GST_REFCOUNTING gstobject.c:708:gst_object_set_parent: set parent (ref and sink)
0:00:00.011650188  2749 0x55b10ffbf360 DEBUG   GST_POLL gstpoll.c:979:gst_poll_fd_ctl_write: 0x55b10ffe3d30: fd (fd:0, idx:1), active : 1
0:00:00.011658680  2749 0x55b10ffbf360 LOG   GST_POLL gstpoll.c:994:gst_poll_fd_ctl_write: 0x55b10ffe3d30: pfd->events now 60 (POLLOUT:4)
0:00:00.015842848  2748 0x556d67130360 TRACE   GST_REFCOUNTING gstobject.c:292:gst_object_ref_sink: 0x556d67156450 ref_sink 1->2
0:00:00.011664443  2749 0x55b10ffbf360 DEBUG   GST_POLL gstpoll.c:979:gst_poll_fd_ctl_write: 0x55b10ffe3d30: fd (fd:0, idx:1), active : 1
0:00:00.015852955  2748 0x556d67130360 LOG   GST_REGISTRY gstregistry.c:607:gst_registry_add_feature: emitting feature-added for rusage
0:00:00.011670331  2749 0x55b10ffbf360 LOG   GST_POLL gstpoll.c:994:gst_poll_fd_ctl_write: 0x55b10ffe3d30: pfd->events now 60 (POLLOUT:4)
0:00:00.011678804  2749 0x55b10ffbf360 DEBUG   GST_POLL gstpoll.c:979:gst_poll_fd_ctl_write: 0x55b10ffe3d30: fd (fd:0, idx:1), active : 1
0:00:00.015862408  2748 0x556d67130360 DEBUG   GST_REGISTRY gstregistrychunks.c:741:gst_registry_chunks_load_feature: Added feature rusage, plugin 0x556d671611e0 coretracers
0:00:00.011684374  2749 0x55b10ffbf360 LOG   GST_POLL gstpoll.c:994:gst_poll_fd_ctl_write: 0x55b10ffe3d30: pfd->events now 60 (POLLOUT:4)
0:00:00.015873565  2748 0x556d67130360 DEBUG   GST_REGISTRY gstregistrychunks.c:583:gst_registry_chunks_load_feature: Plugin 'coretracers' feature 'log' typename : 'GstTracerFactory'
0:00:00.011693708  2749 0x55b10ffbf360 DEBUG   GST_POLL gstpoll.c:979:gst_poll_fd_ctl_write: 0x55b10ffe3d30: fd (fd:0, idx:1), active : 1
0:00:00.011699808  2749 0x55b10ffbf360 LOG   GST_POLL gstpoll.c:994:gst_poll_fd_ctl_write: 0x55b10ffe3d30: pfd->events now 60 (POLLOUT:4)
0:00:00.015883485  2748 0x556d67130360 TRACE   GST_REFCOUNTING gstobject.c:208:gst_object_init: 0x556d67156610 new
0:00:00.011705586  2749 0x55b10ffbf360 DEBUG   GST_POLL gstpoll.c:979:gst_poll_fd_ctl_write: 0x55b10ffe3d30: fd (fd:0, idx:1), active : 1
0:00:00.015894553  2748 0x556d67130360 DEBUG   GST_REGISTRY gstregistrychunks.c:717:gst_registry_chunks_load_feature: Reading/casting for GstRegistryChunkPluginFeature at address 0x556d67155e90
0:00:00.011711465  2749 0x55b10ffbf360 LOG   GST_POLL gstpoll.c:994:gst_poll_fd_ctl_write: 0x55b10ffe3d30: pfd->events now 60 (POLLOUT:4)
0:00:00.011720205  2749 0x55b10ffbf360 DEBUG   GST_POLL gstpoll.c:979:gst_poll_fd_ctl_write: 0x55b10ffe3d30: fd (fd:0, idx:1), active : 1
0:00:00.015904315  2748 0x556d67130360 DEBUG   GST_REGISTRY gstregistry.c:589:gst_registry_add_feature: adding feature 0x556d67156610 (log)
0:00:00.011725793  2749 0x55b10ffbf360 LOG   GST_POLL gstpoll.c:994:gst_poll_fd_ctl_write: 0x55b10ffe3d30: pfd->events now 60 (POLLOUT:4)
0:00:00.015913985  2748 0x556d67130360 DEBUG   GST_REFCOUNTING gstobject.c:708:gst_object_set_parent: set parent (ref and sink)
0:00:00.011732419  2749 0x55b10ffbf360 TRACE   GST_REFCOUNTING gstobject.c:264:gst_object_unref: 0x55b10ffe5730 unref 2->1
0:00:00.011740643  2749 0x55b10ffbf360 DEBUG   GST_POLL gstpoll.c:1241:gst_poll_fd_has_error: 0x55b10ffe3d30: fd (fd:0, idx:1) 0
0:00:00.015924593  2748 0x556d67130360 TRACE   GST_REFCOUNTING gstobject.c:292:gst_object_ref_sink: 0x556d67156610 ref_sink 1->2
0:00:00.011746518  2749 0x55b10ffbf360 DEBUG   GST_POLL gstpoll.c:1335:gst_poll_fd_can_write: 0x55b10ffe3d30: fd (fd:0, idx:1) 1
0:00:00.015934966  2748 0x556d67130360 LOG   GST_REGISTRY gstregistry.c:607:gst_registry_add_feature: emitting feature-added for log
0:00:00.011752378  2749 0x55b10ffbf360 LOG   GST_PLUGIN_LOADING gstpluginloader.c:689:write_one: Writing packet of size 6872 bytes to fd 0
0:00:00.015944482  2748 0x556d67130360 DEBUG   GST_REGISTRY gstregistrychunks.c:741:gst_registry_chunks_load_feature: Added feature log, plugin 0x556d671611e0 coretracers
0:00:00.011764854  2749 0x55b10ffbf360 DEBUG   GST_POLL gstpoll.c:1414:gst_poll_wait: 0x55b10ffe3d30: timeout :0:00:01.000000000
0:00:00.015954004  2748 0x556d67130360 DEBUG   GST_REGISTRY gstregistrychunks.c:583:gst_registry_chunks_load_feature: Plugin 'coretracers' feature 'latency' typename : 'GstTracerFactory'
0:00:00.011773211  2749 0x55b10ffbf360 LOG   GST_PLUGIN_LOADING gstpluginloader.c:1026:exchange_packets: Poll res = 2. 528 bytes pending for write
0:00:00.011779917  2749 0x55b10ffbf360 DEBUG   GST_POLL gstpoll.c:1241:gst_poll_fd_has_error: 0x55b10ffe3d30: fd (fd:5, idx:2) 0
0:00:00.015963651  2748 0x556d67130360 TRACE   GST_REFCOUNTING gstobject.c:208:gst_object_init: 0x556d671567d0 new
0:00:00.011789391  2749 0x55b10ffbf360 DEBUG   GST_POLL gstpoll.c:1266:gst_poll_fd_can_read_unlocked: 0x55b10ffe3d30: fd (fd:5, idx:2) 1
0:00:00.015978392  2748 0x556d67130360 DEBUG   GST_REGISTRY gstregistrychunks.c:717:gst_registry_chunks_load_feature: Reading/casting for GstRegistryChunkPluginFeature at address 0x556d67155eb8
0:00:00.011798164  2749 0x55b10ffbf360 DEBUG   GST_PLUGIN_LOADING gstpluginloader.c:721:do_plugin_load: Plugin scanner loading file /home/conan/w/prod/BuildSingleReference/.conan/data/gstreamer/1.19.2/_/_/package/62e0ab6106dfea3ec3ecb5db13d8d55a63451b50/lib/gstreamer-1.0/libgstcoreelements.so. tag 3
0:00:00.015988211  2748 0x556d67130360 DEBUG   GST_REGISTRY gstregistry.c:589:gst_registry_add_feature: adding feature 0x556d671567d0 (latency)
0:00:00.011805363  2749 0x55b10ffbf360 TRACE   GST_REFCOUNTING gstobject.c:237:gst_object_ref: 0x55b10ffe9350 ref 1->2
0:00:00.011814261  2749 0x55b10ffbf360 TRACE   GST_REFCOUNTING gstobject.c:237:gst_object_ref: 0x55b110006c00 ref 1->2
0:00:00.015998117  2748 0x556d67130360 DEBUG   GST_REFCOUNTING gstobject.c:708:gst_object_set_parent: set parent (ref and sink)
0:00:00.011820676  2749 0x55b10ffbf360 TRACE   GST_REFCOUNTING gstobject.c:237:gst_object_ref: 0x55b110005a00 ref 1->2
0:00:00.016009616  2748 0x556d67130360 TRACE   GST_REFCOUNTING gstobject.c:292:gst_object_ref_sink: 0x556d671567d0 ref_sink 1->2
0:00:00.011827310  2749 0x55b10ffbf360 TRACE   GST_REFCOUNTING gstobject.c:237:gst_object_ref: 0x55b110003f20 ref 1->2
0:00:00.016019198  2748 0x556d67130360 LOG   GST_REGISTRY gstregistry.c:607:gst_registry_add_feature: emitting feature-added for latency
0:00:00.011836038  2749 0x55b10ffbf360 TRACE   GST_REFCOUNTING gstobject.c:237:gst_object_ref: 0x55b110002f30 ref 1->2
0:00:00.011858298  2749 0x55b10ffbf360 TRACE   GST_REFCOUNTING gstobject.c:237:gst_object_ref: 0x55b110001b50 ref 1->2
0:00:00.016051170  2748 0x556d67130360 DEBUG   GST_REGISTRY gstregistrychunks.c:741:gst_registry_chunks_load_feature: Added feature latency, plugin 0x556d671611e0 coretracers
0:00:00.011872203  2749 0x55b10ffbf360 TRACE   GST_REFCOUNTING gstobject.c:237:gst_object_ref: 0x55b1100006d0 ref 1->2
0:00:00.016061953  2748 0x556d67130360 LOG   GST_PLUGIN_LOADING gstpluginloader.c:886:handle_rx_packet: marking plugin 0x556d671611e0 as registered as /home/conan/w/prod/BuildSingleReference/.conan/data/gstreamer/1.19.2/_/_/package/62e0ab6106dfea3ec3ecb5db13d8d55a63451b50/lib/gstreamer-1.0/libgstcoretracers.so
0:00:00.011882318  2749 0x55b10ffbf360 TRACE   GST_REFCOUNTING gstobject.c:237:gst_object_ref: 0x55b10fffee30 ref 1->2
0:00:00.011888926  2749 0x55b10ffbf360 TRACE   GST_REFCOUNTING gstobject.c:237:gst_object_ref: 0x55b10fffcb50 ref 1->2
0:00:00.011894956  2749 0x55b10ffbf360 TRACE   GST_REFCOUNTING gstobject.c:237:gst_object_ref: 0x55b10fffb990 ref 1->2
0:00:00.016079279  2748 0x556d67130360 DEBUG   GST_POLL gstpoll.c:1414:gst_poll_wait: 0x556d67155920: timeout :0:00:01.000000000
0:00:00.011905763  2749 0x55b10ffbf360 TRACE   GST_REFCOUNTING gstobject.c:237:gst_object_ref: 0x55b10fffa750 ref 1->2
0:00:00.011912438  2749 0x55b10ffbf360 TRACE   GST_REFCOUNTING gstobject.c:237:gst_object_ref: 0x55b10fff9210 ref 1->2
0:00:00.016098758  2748 0x556d67130360 LOG   GST_PLUGIN_LOADING gstpluginloader.c:1026:exchange_packets: Poll res = 1. 0 bytes pending for write
0:00:00.011918467  2749 0x55b10ffbf360 TRACE   GST_REFCOUNTING gstobject.c:237:gst_object_ref: 0x55b10fff84a0 ref 1->2
0:00:00.011925009  2749 0x55b10ffbf360 TRACE   GST_REFCOUNTING gstobject.c:237:gst_object_ref: 0x55b10fff76c0 ref 1->2
0:00:00.016109165  2748 0x556d67130360 DEBUG   GST_POLL gstpoll.c:1241:gst_poll_fd_has_error: 0x556d67155920: fd (fd:8, idx:2) 0
0:00:00.011931082  2749 0x55b10ffbf360 TRACE   GST_REFCOUNTING gstobject.c:237:gst_object_ref: 0x55b10fff6a10 ref 1->2
0:00:00.016120359  2748 0x556d67130360 DEBUG   GST_POLL gstpoll.c:1266:gst_poll_fd_can_read_unlocked: 0x556d67155920: fd (fd:8, idx:2) 1
0:00:00.011937678  2749 0x55b10ffbf360 TRACE   GST_REFCOUNTING gstobject.c:237:gst_object_ref: 0x55b10fff4500 ref 1->2
0:00:00.011946304  2749 0x55b10ffbf360 TRACE   GST_REFCOUNTING gstobject.c:237:gst_object_ref: 0x55b10fff1ec0 ref 1->2
