0:00:00.005995611  2748 0x556d67130360 LOG   GST_PLUGIN_LOADING gstpluginloader.c:689:write_one: Writing packet of size 174 bytes to fd 7
0:00:00.006002619  2748 0x556d67130360 DEBUG   GST_POLL gstpoll.c:979:gst_poll_fd_ctl_write: 0x556d67155920: fd (fd:7, idx:1), active : 0
0:00:00.006007877  2748 0x556d67130360 LOG   GST_POLL gstpoll.c:994:gst_poll_fd_ctl_write: 0x556d67155920: pfd->events now 56 (POLLOUT:4)
0:00:00.006021672  2748 0x556d67130360 DEBUG   GST_REGISTRY gstregistry.c:1383:gst_registry_scan_path_internal: registry changed in path /home/conan/w/prod/BuildSingleReference/.conan/data/gstreamer/1.19.2/_/_/package/62e0ab6106dfea3ec3ecb5db13d8d55a63451b50/lib/gstreamer-1.0: 0
0:00:00.006028493  2748 0x556d67130360 DEBUG   GST_REGISTRY gstregistry.c:1659:scan_and_update_registry: GST_PLUGIN_SYSTEM_PATH not set
0:00:00.006038468  2748 0x556d67130360 DEBUG   GST_REGISTRY gstregistry.c:1666:scan_and_update_registry: scanning home plugins /home/conan/.local/share/gstreamer-1.0/plugins
0:00:00.006044085  2748 0x556d67130360 DEBUG   GST_REGISTRY gstregistry.c:1380:gst_registry_scan_path_internal: scanning path /home/conan/.local/share/gstreamer-1.0/plugins
0:00:00.006077429  2748 0x556d67130360 DEBUG   GST_REGISTRY gstregistry.c:1383:gst_registry_scan_path_internal: registry changed in path /home/conan/.local/share/gstreamer-1.0/plugins: 0
0:00:00.006085994  2748 0x556d67130360 DEBUG   GST_REGISTRY gstregistry.c:1691:scan_and_update_registry: scanning main plugins /home/conan/w/prod/BuildSingleReference/.conan/data/gstreamer/1.19.2/_/_/package/62e0ab6106dfea3ec3ecb5db13d8d55a63451b50/lib/gstreamer-1.0
0:00:00.006091621  2748 0x556d67130360 DEBUG   GST_REGISTRY gstregistry.c:1380:gst_registry_scan_path_internal: scanning path /home/conan/w/prod/BuildSingleReference/.conan/data/gstreamer/1.19.2/_/_/package/62e0ab6106dfea3ec3ecb5db13d8d55a63451b50/lib/gstreamer-1.0
0:00:00.006123628  2748 0x556d67130360 LOG   GST_REGISTRY gstregistry.c:1299:gst_registry_scan_path_level: file /home/conan/w/prod/BuildSingleReference/.conan/data/gstreamer/1.19.2/_/_/package/62e0ab6106dfea3ec3ecb5db13d8d55a63451b50/lib/gstreamer-1.0/libgstcoretracers.so looks like a possible module
0:00:00.006130011  2748 0x556d67130360 DEBUG   GST_REGISTRY gstregistry.c:1360:gst_registry_scan_path_level: file /home/conan/w/prod/BuildSingleReference/.conan/data/gstreamer/1.19.2/_/_/package/62e0ab6106dfea3ec3ecb5db13d8d55a63451b50/lib/gstreamer-1.0/libgstcoretracers.so not yet in registry
0:00:00.006135440  2748 0x556d67130360 DEBUG   GST_REGISTRY gstregistry.c:1172:gst_registry_scan_plugin_file: Using scan-helper to load plugin /home/conan/w/prod/BuildSingleReference/.conan/data/gstreamer/1.19.2/_/_/package/62e0ab6106dfea3ec3ecb5db13d8d55a63451b50/lib/gstreamer-1.0/libgstcoretracers.so
0:00:00.001954799  2749 0x55b10ffbf360 TRACE   GST_REFCOUNTING gstobject.c:208:gst_object_init: 0x55b10ffe5730 new
0:00:00.006145819  2748 0x556d67130360 LOG   GST_PLUGIN_LOADING gstpluginloader.c:235:plugin_loader_load: Sending file /home/conan/w/prod/BuildSingleReference/.conan/data/gstreamer/1.19.2/_/_/package/62e0ab6106dfea3ec3ecb5db13d8d55a63451b50/lib/gstreamer-1.0/libgstcoretracers.so to child. tag 2
0:00:00.006154425  2748 0x556d67130360 DEBUG   GST_POLL gstpoll.c:979:gst_poll_fd_ctl_write: 0x556d67155920: fd (fd:7, idx:1), active : 1
0:00:00.006160196  2748 0x556d67130360 LOG   GST_POLL gstpoll.c:994:gst_poll_fd_ctl_write: 0x556d67155920: pfd->events now 60 (POLLOUT:4)
0:00:00.001980057  2749 0x55b10ffbf360 LOG   GST_PLUGIN_LOADING gstplugin.c:886:_priv_gst_plugin_load_file_for_registry: Plugin 0x55b10ffe5730 for file "/home/conan/w/prod/BuildSingleReference/.conan/data/gstreamer/1.19.2/_/_/package/62e0ab6106dfea3ec3ecb5db13d8d55a63451b50/lib/gstreamer-1.0/libgstcoretracers.so" prepared, calling entry function...
0:00:00.006166389  2748 0x556d67130360 DEBUG   GST_POLL gstpoll.c:1414:gst_poll_wait: 0x556d67155920: timeout :0:00:01.000000000
0:00:00.001989030  2749 0x55b10ffbf360 LOG   GST_PLUGIN_LOADING gstplugin.c:893:_priv_gst_plugin_load_file_for_registry: Plugin 0x55b10ffe5730 for file "/home/conan/w/prod/BuildSingleReference/.conan/data/gstreamer/1.19.2/_/_/package/62e0ab6106dfea3ec3ecb5db13d8d55a63451b50/lib/gstreamer-1.0/libgstcoretracers.so" prepared, registering...
0:00:00.006175653  2748 0x556d67130360 LOG   GST_PLUGIN_LOADING gstpluginloader.c:1026:exchange_packets: Poll res = 1. 173 bytes pending for write
0:00:00.001995422  2749 0x55b10ffbf360 LOG   GST_PLUGIN_LOADING gstplugin.c:511:gst_plugin_register_func: plugin "/home/conan/w/prod/BuildSingleReference/.conan/data/gstreamer/1.19.2/_/_/package/62e0ab6106dfea3ec3ecb5db13d8d55a63451b50/lib/gstreamer-1.0/libgstcoretracers.so" looks good
0:00:00.006182517  2748 0x556d67130360 DEBUG   GST_POLL gstpoll.c:1241:gst_poll_fd_has_error: 0x556d67155920: fd (fd:8, idx:2) 0
0:00:00.006188662  2748 0x556d67130360 DEBUG   GST_POLL gstpoll.c:1266:gst_poll_fd_can_read_unlocked: 0x556d67155920: fd (fd:8, idx:2) 0
0:00:00.006194082  2748 0x556d67130360 DEBUG   GST_POLL gstpoll.c:1195:gst_poll_fd_has_closed: 0x556d67155920: fd (fd:8, idx:2) 0
0:00:00.002013503  2749 0x55b10ffbf360 TRACE   GST_REFCOUNTING gstobject.c:208:gst_object_init: 0x55b10ffe6420 new
0:00:00.006199521  2748 0x556d67130360 DEBUG   GST_POLL gstpoll.c:1241:gst_poll_fd_has_error: 0x556d67155920: fd (fd:7, idx:1) 0
0:00:00.002022255  2749 0x55b10ffbf360 DEBUG   GST_TRACER gsttracer.c:169:gst_tracer_register: new tracer factory for latency
0:00:00.006207618  2748 0x556d67130360 DEBUG   GST_POLL gstpoll.c:1335:gst_poll_fd_can_write: 0x556d67155920: fd (fd:7, idx:1) 1
0:00:00.002030200  2749 0x55b10ffbf360 DEBUG   GST_TRACER gsttracer.c:176:gst_tracer_register: tracer factory for 268310944:GstLatencyTracer
0:00:00.006215363  2748 0x556d67130360 LOG   GST_PLUGIN_LOADING gstpluginloader.c:689:write_one: Writing packet of size 173 bytes to fd 7
0:00:00.002037585  2749 0x55b10ffbf360 DEBUG   GST_REGISTRY gstregistry.c:589:gst_registry_add_feature: adding feature 0x55b10ffe6420 (latency)
0:00:00.006225095  2748 0x556d67130360 DEBUG   GST_POLL gstpoll.c:979:gst_poll_fd_ctl_write: 0x556d67155920: fd (fd:7, idx:1), active : 0
0:00:00.002049617  2749 0x55b10ffbf360 DEBUG   GST_REFCOUNTING gstobject.c:708:gst_object_set_parent: set parent (ref and sink)
0:00:00.006236733  2748 0x556d67130360 LOG   GST_POLL gstpoll.c:994:gst_poll_fd_ctl_write: 0x556d67155920: pfd->events now 56 (POLLOUT:4)
0:00:00.002056919  2749 0x55b10ffbf360 TRACE   GST_REFCOUNTING gstobject.c:292:gst_object_ref_sink: 0x55b10ffe6420 ref_sink 1->2
0:00:00.002063283  2749 0x55b10ffbf360 LOG   GST_REGISTRY gstregistry.c:607:gst_registry_add_feature: emitting feature-added for latency
0:00:00.006250065  2748 0x556d67130360 LOG   GST_REGISTRY gstregistry.c:1299:gst_registry_scan_path_level: file /home/conan/w/prod/BuildSingleReference/.conan/data/gstreamer/1.19.2/_/_/package/62e0ab6106dfea3ec3ecb5db13d8d55a63451b50/lib/gstreamer-1.0/libgstcoreelements.so looks like a possible module
0:00:00.006256254  2748 0x556d67130360 DEBUG   GST_REGISTRY gstregistry.c:1360:gst_registry_scan_path_level: file /home/conan/w/prod/BuildSingleReference/.conan/data/gstreamer/1.19.2/_/_/package/62e0ab6106dfea3ec3ecb5db13d8d55a63451b50/lib/gstreamer-1.0/libgstcoreelements.so not yet in registry
0:00:00.002075151  2749 0x55b10ffbf360 TRACE   GST_REFCOUNTING gstobject.c:208:gst_object_init: 0x55b10ffe68d0 new
0:00:00.006261527  2748 0x556d67130360 DEBUG   GST_REGISTRY gstregistry.c:1172:gst_registry_scan_plugin_file: Using scan-helper to load plugin /home/conan/w/prod/BuildSingleReference/.conan/data/gstreamer/1.19.2/_/_/package/62e0ab6106dfea3ec3ecb5db13d8d55a63451b50/lib/gstreamer-1.0/libgstcoreelements.so
0:00:00.002083051  2749 0x55b10ffbf360 DEBUG   GST_TRACER gsttracer.c:169:gst_tracer_register: new tracer factory for log
0:00:00.006275283  2748 0x556d67130360 LOG   GST_PLUGIN_LOADING gstpluginloader.c:235:plugin_loader_load: Sending file /home/conan/w/prod/BuildSingleReference/.conan/data/gstreamer/1.19.2/_/_/package/62e0ab6106dfea3ec3ecb5db13d8d55a63451b50/lib/gstreamer-1.0/libgstcoreelements.so to child. tag 3
0:00:00.002092933  2749 0x55b10ffbf360 DEBUG   GST_TRACER gsttracer.c:176:gst_tracer_register: tracer factory for 268330768:GstLogTracer
0:00:00.006282257  2748 0x556d67130360 DEBUG   GST_POLL gstpoll.c:979:gst_poll_fd_ctl_write: 0x556d67155920: fd (fd:7, idx:1), active : 1
0:00:00.002099653  2749 0x55b10ffbf360 DEBUG   GST_REGISTRY gstregistry.c:589:gst_registry_add_feature: adding feature 0x55b10ffe68d0 (log)
0:00:00.006288373  2748 0x556d67130360 LOG   GST_POLL gstpoll.c:994:gst_poll_fd_ctl_write: 0x556d67155920: pfd->events now 60 (POLLOUT:4)
0:00:00.002105041  2749 0x55b10ffbf360 DEBUG   GST_REFCOUNTING gstobject.c:708:gst_object_set_parent: set parent (ref and sink)
0:00:00.006295225  2748 0x556d67130360 DEBUG   GST_POLL gstpoll.c:1414:gst_poll_wait: 0x556d67155920: timeout :0:00:01.000000000
0:00:00.002112131  2749 0x55b10ffbf360 TRACE   GST_REFCOUNTING gstobject.c:292:gst_object_ref_sink: 0x55b10ffe68d0 ref_sink 1->2
0:00:00.006302703  2748 0x556d67130360 LOG   GST_PLUGIN_LOADING gstpluginloader.c:1026:exchange_packets: Poll res = 1. 174 bytes pending for write
0:00:00.002122062  2749 0x55b10ffbf360 LOG   GST_REGISTRY gstregistry.c:607:gst_registry_add_feature: emitting feature-added for log
0:00:00.006309417  2748 0x556d67130360 DEBUG   GST_POLL gstpoll.c:1241:gst_poll_fd_has_error: 0x556d67155920: fd (fd:8, idx:2) 0
0:00:00.006315713  2748 0x556d67130360 DEBUG   GST_POLL gstpoll.c:1266:gst_poll_fd_can_read_unlocked: 0x556d67155920: fd (fd:8, idx:2) 0
0:00:00.002132416  2749 0x55b10ffbf360 TRACE   GST_REFCOUNTING gstobject.c:208:gst_object_init: 0x55b10ffe6ba0 new
0:00:00.006321433  2748 0x556d67130360 DEBUG   GST_POLL gstpoll.c:1195:gst_poll_fd_has_closed: 0x556d67155920: fd (fd:8, idx:2) 0
0:00:00.002140246  2749 0x55b10ffbf360 DEBUG   GST_TRACER gsttracer.c:169:gst_tracer_register: new tracer factory for rusage
0:00:00.006327517  2748 0x556d67130360 DEBUG   GST_POLL gstpoll.c:1241:gst_poll_fd_has_error: 0x556d67155920: fd (fd:7, idx:1) 0
0:00:00.002147179  2749 0x55b10ffbf360 DEBUG   GST_TRACER gsttracer.c:176:gst_tracer_register: tracer factory for 268331408:GstRUsageTracer
0:00:00.006333750  2748 0x556d67130360 DEBUG   GST_POLL gstpoll.c:1335:gst_poll_fd_can_write: 0x556d67155920: fd (fd:7, idx:1) 1
0:00:00.002153698  2749 0x55b10ffbf360 DEBUG   GST_REGISTRY gstregistry.c:589:gst_registry_add_feature: adding feature 0x55b10ffe6ba0 (rusage)
0:00:00.006339981  2748 0x556d67130360 LOG   GST_PLUGIN_LOADING gstpluginloader.c:689:write_one: Writing packet of size 174 bytes to fd 7
0:00:00.002159278  2749 0x55b10ffbf360 DEBUG   GST_REFCOUNTING gstobject.c:708:gst_object_set_parent: set parent (ref and sink)
0:00:00.006348193  2748 0x556d67130360 DEBUG   GST_POLL gstpoll.c:979:gst_poll_fd_ctl_write: 0x556d67155920: fd (fd:7, idx:1), active : 0
0:00:00.002165898  2749 0x55b10ffbf360 TRACE   GST_REFCOUNTING gstobject.c:292:gst_object_ref_sink: 0x55b10ffe6ba0 ref_sink 1->2
0:00:00.006354272  2748 0x556d67130360 LOG   GST_POLL gstpoll.c:994:gst_poll_fd_ctl_write: 0x556d67155920: pfd->events now 56 (POLLOUT:4)
0:00:00.002171755  2749 0x55b10ffbf360 LOG   GST_REGISTRY gstregistry.c:607:gst_registry_add_feature: emitting feature-added for rusage
0:00:00.006364201  2748 0x556d67130360 DEBUG   GST_REGISTRY gstregistry.c:1383:gst_registry_scan_path_internal: registry changed in path /home/conan/w/prod/BuildSingleReference/.conan/data/gstreamer/1.19.2/_/_/package/62e0ab6106dfea3ec3ecb5db13d8d55a63451b50/lib/gstreamer-1.0: 0
0:00:00.002182003  2749 0x55b10ffbf360 TRACE   GST_REFCOUNTING gstobject.c:208:gst_object_init: 0x55b10ffe6e70 new
0:00:00.006373421  2748 0x556d67130360 DEBUG   GST_POLL gstpoll.c:979:gst_poll_fd_ctl_write: 0x556d67155920: fd (fd:7, idx:1), active : 1
0:00:00.002189475  2749 0x55b10ffbf360 DEBUG   GST_TRACER gsttracer.c:169:gst_tracer_register: new tracer factory for stats
0:00:00.006379583  2748 0x556d67130360 LOG   GST_POLL gstpoll.c:994:gst_poll_fd_ctl_write: 0x556d67155920: pfd->events now 60 (POLLOUT:4)
0:00:00.002199881  2749 0x55b10ffbf360 DEBUG   GST_TRACER gsttracer.c:176:gst_tracer_register: tracer factory for 268332128:GstStatsTracer
0:00:00.006390285  2748 0x556d67130360 DEBUG   GST_POLL gstpoll.c:1414:gst_poll_wait: 0x556d67155920: timeout :0:00:01.000000000
0:00:00.002207053  2749 0x55b10ffbf360 DEBUG   GST_REGISTRY gstregistry.c:589:gst_registry_add_feature: adding feature 0x55b10ffe6e70 (stats)
0:00:00.006397861  2748 0x556d67130360 LOG   GST_PLUGIN_LOADING gstpluginloader.c:1026:exchange_packets: Poll res = 1. 12 bytes pending for write
0:00:00.002213025  2749 0x55b10ffbf360 DEBUG   GST_REFCOUNTING gstobject.c:708:gst_object_set_parent: set parent (ref and sink)
0:00:00.006404294  2748 0x556d67130360 DEBUG   GST_POLL gstpoll.c:1241:gst_poll_fd_has_error: 0x556d67155920: fd (fd:8, idx:2) 0
0:00:00.002221331  2749 0x55b10ffbf360 TRACE   GST_REFCOUNTING gstobject.c:292:gst_object_ref_sink: 0x55b10ffe6e70 ref_sink 1->2
0:00:00.006410507  2748 0x556d67130360 DEBUG   GST_POLL gstpoll.c:1266:gst_poll_fd_can_read_unlocked: 0x556d67155920: fd (fd:8, idx:2) 0
0:00:00.002227408  2749 0x55b10ffbf360 LOG   GST_REGISTRY gstregistry.c:607:gst_registry_add_feature: emitting feature-added for stats
0:00:00.006416658  2748 0x556d67130360 DEBUG   GST_POLL gstpoll.c:1195:gst_poll_fd_has_closed: 0x556d67155920: fd (fd:8, idx:2) 0
0:00:00.002237403  2749 0x55b10ffbf360 TRACE   GST_REFCOUNTING gstobject.c:208:gst_object_init: 0x55b10ffe70f0 new
0:00:00.006423048  2748 0x556d67130360 DEBUG   GST_POLL gstpoll.c:1241:gst_poll_fd_has_error: 0x556d67155920: fd (fd:7, idx:1) 0
0:00:00.002244634  2749 0x55b10ffbf360 DEBUG   GST_TRACER gsttracer.c:169:gst_tracer_register: new tracer factory for leaks
0:00:00.006430740  2748 0x556d67130360 DEBUG   GST_POLL gstpoll.c:1335:gst_poll_fd_can_write: 0x556d67155920: fd (fd:7, idx:1) 1
0:00:00.002251200  2749 0x55b10ffbf360 DEBUG   GST_TRACER gsttracer.c:176:gst_tracer_register: tracer factory for 268332848:GstLeaksTracer
0:00:00.006437481  2748 0x556d67130360 LOG   GST_PLUGIN_LOADING gstpluginloader.c:689:write_one: Writing packet of size 12 bytes to fd 7
0:00:00.002257523  2749 0x55b10ffbf360 DEBUG   GST_REGISTRY gstregistry.c:589:gst_registry_add_feature: adding feature 0x55b10ffe70f0 (leaks)
0:00:00.006445466  2748 0x556d67130360 DEBUG   GST_POLL gstpoll.c:979:gst_poll_fd_ctl_write: 0x556d67155920: fd (fd:7, idx:1), active : 0
0:00:00.002262930  2749 0x55b10ffbf360 DEBUG   GST_REFCOUNTING gstobject.c:708:gst_object_set_parent: set parent (ref and sink)
0:00:00.006451511  2748 0x556d67130360 LOG   GST_POLL gstpoll.c:994:gst_poll_fd_ctl_write: 0x556d67155920: pfd->events now 56 (POLLOUT:4)
0:00:00.002269299  2749 0x55b10ffbf360 TRACE   GST_REFCOUNTING gstobject.c:292:gst_object_ref_sink: 0x55b10ffe70f0 ref_sink 1->2
0:00:00.002275226  2749 0x55b10ffbf360 LOG   GST_REGISTRY gstregistry.c:607:gst_registry_add_feature: emitting feature-added for leaks
0:00:00.006461181  2748 0x556d67130360 DEBUG   GST_POLL gstpoll.c:1414:gst_poll_wait: 0x556d67155920: timeout :0:00:01.000000000
0:00:00.002283407  2749 0x55b10ffbf360 TRACE   GST_REFCOUNTING gstobject.c:208:gst_object_init: 0x55b10ffe7230 new
0:00:00.002290697  2749 0x55b10ffbf360 DEBUG   GST_TRACER gsttracer.c:169:gst_tracer_register: new tracer factory for factories
0:00:00.002296745  2749 0x55b10ffbf360 DEBUG   GST_TRACER gsttracer.c:176:gst_tracer_register: tracer factory for 268333488:GstFactoriesTracer
0:00:00.002303085  2749 0x55b10ffbf360 DEBUG   GST_REGISTRY gstregistry.c:589:gst_registry_add_feature: adding feature 0x55b10ffe7230 (factories)
0:00:00.002309103  2749 0x55b10ffbf360 DEBUG   GST_REFCOUNTING gstobject.c:708:gst_object_set_parent: set parent (ref and sink)
0:00:00.002315279  2749 0x55b10ffbf360 TRACE   GST_REFCOUNTING gstobject.c:292:gst_object_ref_sink: 0x55b10ffe7230 ref_sink 1->2
0:00:00.002320923  2749 0x55b10ffbf360 LOG   GST_REGISTRY gstregistry.c:607:gst_registry_add_feature: emitting feature-added for factories
0:00:00.002326411  2749 0x55b10ffbf360 LOG   GST_PLUGIN_LOADING gstplugin.c:538:gst_plugin_register_func: plugin "/home/conan/w/prod/BuildSingleReference/.conan/data/gstreamer/1.19.2/_/_/package/62e0ab6106dfea3ec3ecb5db13d8d55a63451b50/lib/gstreamer-1.0/libgstcoretracers.so" initialised
0:00:00.002332823  2749 0x55b10ffbf360 INFO   GST_PLUGIN_LOADING gstplugin.c:912:_priv_gst_plugin_load_file_for_registry: plugin "/home/conan/w/prod/BuildSingleReference/.conan/data/gstreamer/1.19.2/_/_/package/62e0ab6106dfea3ec3ecb5db13d8d55a63451b50/lib/gstreamer-1.0/libgstcoretracers.so" loaded
0:00:00.002339002  2749 0x55b10ffbf360 TRACE   GST_REFCOUNTING gstobject.c:237:gst_object_ref: 0x55b10ffe5730 ref 1->2
0:00:00.002345569  2749 0x55b10ffbf360 DEBUG   GST_REGISTRY gstregistry.c:473:gst_registry_add_plugin: adding plugin 0x55b10ffe5730 for filename "/home/conan/w/prod/BuildSingleReference/.conan/data/gstreamer/1.19.2/_/_/package/62e0ab6106dfea3ec3ecb5db13d8d55a63451b50/lib/gstreamer-1.0/libgstcoretracers.so"
0:00:00.002351846  2749 0x55b10ffbf360 TRACE   GST_REFCOUNTING gstobject.c:292:gst_object_ref_sink: 0x55b10ffe5730 ref_sink 2->3
0:00:00.002357987  2749 0x55b10ffbf360 LOG   GST_REGISTRY gstregistry.c:486:gst_registry_add_plugin: emitting plugin-added for filename "/home/conan/w/prod/BuildSingleReference/.conan/data/gstreamer/1.19.2/_/_/package/62e0ab6106dfea3ec3ecb5db13d8d55a63451b50/lib/gstreamer-1.0/libgstcoretracers.so"
0:00:00.002364451  2749 0x55b10ffbf360 TRACE   GST_REFCOUNTING gstobject.c:237:gst_object_ref: 0x55b10ffe7230 ref 1->2
0:00:00.002370971  2749 0x55b10ffbf360 TRACE   GST_REFCOUNTING gstobject.c:237:gst_object_ref: 0x55b10ffe70f0 ref 1->2
0:00:00.002377336  2749 0x55b10ffbf360 TRACE   GST_REFCOUNTING gstobject.c:237:gst_object_ref: 0x55b10ffe6e70 ref 1->2
0:00:00.002383581  2749 0x55b10ffbf360 TRACE   GST_REFCOUNTING gstobject.c:237:gst_object_ref: 0x55b10ffe6ba0 ref 1->2
0:00:00.002390206  2749 0x55b10ffbf360 TRACE   GST_REFCOUNTING gstobject.c:237:gst_object_ref: 0x55b10ffe68d0 ref 1->2
0:00:00.002396581  2749 0x55b10ffbf360 TRACE   GST_REFCOUNTING gstobject.c:237:gst_object_ref: 0x55b10ffe6420 ref 1->2
0:00:00.002415272  2749 0x55b10ffbf360 TRACE   GST_REFCOUNTING gstobject.c:264:gst_object_unref: 0x55b10ffe6420 unref 2->1
0:00:00.002422475  2749 0x55b10ffbf360 TRACE   GST_REFCOUNTING gstobject.c:264:gst_object_unref: 0x55b10ffe68d0 unref 2->1
0:00:00.002428526  2749 0x55b10ffbf360 TRACE   GST_REFCOUNTING gstobject.c:264:gst_object_unref: 0x55b10ffe6ba0 unref 2->1
0:00:00.002434435  2749 0x55b10ffbf360 TRACE   GST_REFCOUNTING gstobject.c:264:gst_object_unref: 0x55b10ffe6e70 unref 2->1
0:00:00.002440313  2749 0x55b10ffbf360 TRACE   GST_REFCOUNTING gstobject.c:264:gst_object_unref: 0x55b10ffe70f0 unref 2->1
0:00:00.002445958  2749 0x55b10ffbf360 TRACE   GST_REFCOUNTING gstobject.c:264:gst_object_unref: 0x55b10ffe7230 unref 2->1
0:00:00.002454311  2749 0x55b10ffbf360 DEBUG   GST_REGISTRY gstregistrychunks.c:498:_priv_gst_registry_chunks_save_plugin: Found 6 features in plugin 0x55b10ffe5730 (coretracers)
0:00:00.002460986  2749 0x55b10ffbf360 DEBUG   GST_POLL gstpoll.c:979:gst_poll_fd_ctl_write: 0x55b10ffe3d30: fd (fd:0, idx:1), active : 1
0:00:00.002467069  2749 0x55b10ffbf360 LOG   GST_POLL gstpoll.c:994:gst_poll_fd_ctl_write: 0x55b10ffe3d30: pfd->events now 60 (POLLOUT:4)
0:00:00.002473232  2749 0x55b10ffbf360 DEBUG   GST_POLL gstpoll.c:979:gst_poll_fd_ctl_write: 0x55b10ffe3d30: fd (fd:0, idx:1), active : 1
0:00:00.002478651  2749 0x55b10ffbf360 LOG   GST_POLL gstpoll.c:994:gst_poll_fd_ctl_write: 0x55b10ffe3d30: pfd->events now 60 (POLLOUT:4)
0:00:00.002491493  2749 0x55b10ffbf360 DEBUG   GST_POLL gstpoll.c:979:gst_poll_fd_ctl_write: 0x55b10ffe3d30: fd (fd:0, idx:1), active : 1
0:00:00.002497108  2749 0x55b10ffbf360 LOG   GST_POLL gstpoll.c:994:gst_poll_fd_ctl_write: 0x55b10ffe3d30: pfd->events now 60 (POLLOUT:4)
0:00:00.002502545  2749 0x55b10ffbf360 DEBUG   GST_POLL gstpoll.c:979:gst_poll_fd_ctl_write: 0x55b10ffe3d30: fd (fd:0, idx:1), active : 1
0:00:00.002507745  2749 0x55b10ffbf360 LOG   GST_POLL gstpoll.c:994:gst_poll_fd_ctl_write: 0x55b10ffe3d30: pfd->events now 60 (POLLOUT:4)
0:00:00.002513172  2749 0x55b10ffbf360 DEBUG   GST_POLL gstpoll.c:979:gst_poll_fd_ctl_write: 0x55b10ffe3d30: fd (fd:0, idx:1), active : 1
0:00:00.002518353  2749 0x55b10ffbf360 LOG   GST_POLL gstpoll.c:994:gst_poll_fd_ctl_write: 0x55b10ffe3d30: pfd->events now 60 (POLLOUT:4)
0:00:00.002523701  2749 0x55b10ffbf360 DEBUG   GST_POLL gstpoll.c:979:gst_poll_fd_ctl_write: 0x55b10ffe3d30: fd (fd:0, idx:1), active : 1
0:00:00.002528877  2749 0x55b10ffbf360 LOG   GST_POLL gstpoll.c:994:gst_poll_fd_ctl_write: 0x55b10ffe3d30: pfd->events now 60 (POLLOUT:4)
0:00:00.002534187  2749 0x55b10ffbf360 DEBUG   GST_POLL gstpoll.c:979:gst_poll_fd_ctl_write: 0x55b10ffe3d30: fd (fd:0, idx:1), active : 1
0:00:00.002539375  2749 0x55b10ffbf360 LOG   GST_POLL gstpoll.c:994:gst_poll_fd_ctl_write: 0x55b10ffe3d30: pfd->events now 60 (POLLOUT:4)
0:00:00.002544785  2749 0x55b10ffbf360 DEBUG   GST_POLL gstpoll.c:979:gst_poll_fd_ctl_write: 0x55b10ffe3d30: fd (fd:0, idx:1), active : 1
0:00:00.002553621  2749 0x55b10ffbf360 LOG   GST_POLL gstpoll.c:994:gst_poll_fd_ctl_write: 0x55b10ffe3d30: pfd->events now 60 (POLLOUT:4)
0:00:00.002559065  2749 0x55b10ffbf360 DEBUG   GST_POLL gstpoll.c:979:gst_poll_fd_ctl_write: 0x55b10ffe3d30: fd (fd:0, idx:1), active : 1
0:00:00.002564288  2749 0x55b10ffbf360 LOG   GST_POLL gstpoll.c:994:gst_poll_fd_ctl_write: 0x55b10ffe3d30: pfd->events now 60 (POLLOUT:4)
0:00:00.002569667  2749 0x55b10ffbf360 DEBUG   GST_POLL gstpoll.c:979:gst_poll_fd_ctl_write: 0x55b10ffe3d30: fd (fd:0, idx:1), active : 1
0:00:00.002574821  2749 0x55b10ffbf360 LOG   GST_POLL gstpoll.c:994:gst_poll_fd_ctl_write: 0x55b10ffe3d30: pfd->events now 60 (POLLOUT:4)
0:00:00.002580133  2749 0x55b10ffbf360 DEBUG   GST_POLL gstpoll.c:979:gst_poll_fd_ctl_write: 0x55b10ffe3d30: fd (fd:0, idx:1), active : 1
0:00:00.002585301  2749 0x55b10ffbf360 LOG   GST_POLL gstpoll.c:994:gst_poll_fd_ctl_write: 0x55b10ffe3d30: pfd->events now 60 (POLLOUT:4)
0:00:00.002590620  2749 0x55b10ffbf360 DEBUG   GST_POLL gstpoll.c:979:gst_poll_fd_ctl_write: 0x55b10ffe3d30: fd (fd:0, idx:1), active : 1
0:00:00.002595771  2749 0x55b10ffbf360 LOG   GST_POLL gstpoll.c:994:gst_poll_fd_ctl_write: 0x55b10ffe3d30: pfd->events now 60 (POLLOUT:4)
0:00:00.002601101  2749 0x55b10ffbf360 DEBUG   GST_POLL gstpoll.c:979:gst_poll_fd_ctl_write: 0x55b10ffe3d30: fd (fd:0, idx:1), active : 1
0:00:00.002606322  2749 0x55b10ffbf360 LOG   GST_POLL gstpoll.c:994:gst_poll_fd_ctl_write: 0x55b10ffe3d30: pfd->events now 60 (POLLOUT:4)
0:00:00.002611650  2749 0x55b10ffbf360 DEBUG   GST_POLL gstpoll.c:979:gst_poll_fd_ctl_write: 0x55b10ffe3d30: fd (fd:0, idx:1), active : 1
0:00:00.002616875  2749 0x55b10ffbf360 LOG   GST_POLL gstpoll.c:994:gst_poll_fd_ctl_write: 0x55b10ffe3d30: pfd->events now 60 (POLLOUT:4)
0:00:00.002622316  2749 0x55b10ffbf360 DEBUG   GST_POLL gstpoll.c:979:gst_poll_fd_ctl_write: 0x55b10ffe3d30: fd (fd:0, idx:1), active : 1
0:00:00.002627526  2749 0x55b10ffbf360 LOG   GST_POLL gstpoll.c:994:gst_poll_fd_ctl_write: 0x55b10ffe3d30: pfd->events now 60 (POLLOUT:4)
0:00:00.002632920  2749 0x55b10ffbf360 DEBUG   GST_POLL gstpoll.c:979:gst_poll_fd_ctl_write: 0x55b10ffe3d30: fd (fd:0, idx:1), active : 1
0:00:00.002638111  2749 0x55b10ffbf360 LOG   GST_POLL gstpoll.c:994:gst_poll_fd_ctl_write: 0x55b10ffe3d30: pfd->events now 60 (POLLOUT:4)
0:00:00.002643409  2749 0x55b10ffbf360 DEBUG   GST_POLL gstpoll.c:979:gst_poll_fd_ctl_write: 0x55b10ffe3d30: fd (fd:0, idx:1), active : 1
0:00:00.002648628  2749 0x55b10ffbf360 LOG   GST_POLL gstpoll.c:994:gst_poll_fd_ctl_write: 0x55b10ffe3d30: pfd->events now 60 (POLLOUT:4)
0:00:00.002653984  2749 0x55b10ffbf360 DEBUG   GST_POLL gstpoll.c:979:gst_poll_fd_ctl_write: 0x55b10ffe3d30: fd (fd:0, idx:1), active : 1
0:00:00.002659179  2749 0x55b10ffbf360 LOG   GST_POLL gstpoll.c:994:gst_poll_fd_ctl_write: 0x55b10ffe3d30: pfd->events now 60 (POLLOUT:4)
0:00:00.002664540  2749 0x55b10ffbf360 DEBUG   GST_POLL gstpoll.c:979:gst_poll_fd_ctl_write: 0x55b10ffe3d30: fd (fd:0, idx:1), active : 1
0:00:00.002669731  2749 0x55b10ffbf360 LOG   GST_POLL gstpoll.c:994:gst_poll_fd_ctl_write: 0x55b10ffe3d30: pfd->events now 60 (POLLOUT:4)
0:00:00.002684461  2749 0x55b10ffbf360 DEBUG   GST_POLL gstpoll.c:979:gst_poll_fd_ctl_write: 0x55b10ffe3d30: fd (fd:0, idx:1), active : 1
0:00:00.002689833  2749 0x55b10ffbf360 LOG   GST_POLL gstpoll.c:994:gst_poll_fd_ctl_write: 0x55b10ffe3d30: pfd->events now 60 (POLLOUT:4)
0:00:00.002695221  2749 0x55b10ffbf360 DEBUG   GST_POLL gstpoll.c:979:gst_poll_fd_ctl_write: 0x55b10ffe3d30: fd (fd:0, idx:1), active : 1
0:00:00.002700406  2749 0x55b10ffbf360 LOG   GST_POLL gstpoll.c:994:gst_poll_fd_ctl_write: 0x55b10ffe3d30: pfd->events now 60 (POLLOUT:4)
0:00:00.002705755  2749 0x55b10ffbf360 DEBUG   GST_POLL gstpoll.c:979:gst_poll_fd_ctl_write: 0x55b10ffe3d30: fd (fd:0, idx:1), active : 1
0:00:00.002710945  2749 0x55b10ffbf360 LOG   GST_POLL gstpoll.c:994:gst_poll_fd_ctl_write: 0x55b10ffe3d30: pfd->events now 60 (POLLOUT:4)
0:00:00.002716284  2749 0x55b10ffbf360 DEBUG   GST_POLL gstpoll.c:979:gst_poll_fd_ctl_write: 0x55b10ffe3d30: fd (fd:0, idx:1), active : 1
0:00:00.002721482  2749 0x55b10ffbf360 LOG   GST_POLL gstpoll.c:994:gst_poll_fd_ctl_write: 0x55b10ffe3d30: pfd->events now 60 (POLLOUT:4)
0:00:00.002726815  2749 0x55b10ffbf360 DEBUG   GST_POLL gstpoll.c:979:gst_poll_fd_ctl_write: 0x55b10ffe3d30: fd (fd:0, idx:1), active : 1
0:00:00.002731989  2749 0x55b10ffbf360 LOG   GST_POLL gstpoll.c:994:gst_poll_fd_ctl_write: 0x55b10ffe3d30: pfd->events now 60 (POLLOUT:4)
0:00:00.002737353  2749 0x55b10ffbf360 DEBUG   GST_POLL gstpoll.c:979:gst_poll_fd_ctl_write: 0x55b10ffe3d30: fd (fd:0, idx:1), active : 1
0:00:00.002742527  2749 0x55b10ffbf360 LOG   GST_POLL gstpoll.c:994:gst_poll_fd_ctl_write: 0x55b10ffe3d30: pfd->events now 60 (POLLOUT:4)
0:00:00.002747879  2749 0x55b10ffbf360 DEBUG   GST_POLL gstpoll.c:979:gst_poll_fd_ctl_write: 0x55b10ffe3d30: fd (fd:0, idx:1), active : 1
0:00:00.002753089  2749 0x55b10ffbf360 LOG   GST_POLL gstpoll.c:994:gst_poll_fd_ctl_write: 0x55b10ffe3d30: pfd->events now 60 (POLLOUT:4)
0:00:00.002758526  2749 0x55b10ffbf360 DEBUG   GST_POLL gstpoll.c:979:gst_poll_fd_ctl_write: 0x55b10ffe3d30: fd (fd:0, idx:1), active : 1
0:00:00.002763717  2749 0x55b10ffbf360 LOG   GST_POLL gstpoll.c:994:gst_poll_fd_ctl_write: 0x55b10ffe3d30: pfd->events now 60 (POLLOUT:4)
0:00:00.002769056  2749 0x55b10ffbf360 DEBUG   GST_POLL gstpoll.c:979:gst_poll_fd_ctl_write: 0x55b10ffe3d30: fd (fd:0, idx:1), active : 1
0:00:00.002774207  2749 0x55b10ffbf360 LOG   GST_POLL gstpoll.c:994:gst_poll_fd_ctl_write: 0x55b10ffe3d30: pfd->events now 60 (POLLOUT:4)
0:00:00.002779807  2749 0x55b10ffbf360 LOG   GST_PLUGIN_LOADING gstpluginloader.c:644:put_chunk: Expanding tx buf from 512 to 1152 for chunk of size 8
0:00:00.002786172  2749 0x55b10ffbf360 DEBUG   GST_POLL gstpoll.c:979:gst_poll_fd_ctl_write: 0x55b10ffe3d30: fd (fd:0, idx:1), active : 1
0:00:00.002791461  2749 0x55b10ffbf360 LOG   GST_POLL gstpoll.c:994:gst_poll_fd_ctl_write: 0x55b10ffe3d30: pfd->events now 60 (POLLOUT:4)
0:00:00.002796793  2749 0x55b10ffbf360 DEBUG   GST_POLL gstpoll.c:979:gst_poll_fd_ctl_write: 0x55b10ffe3d30: fd (fd:0, idx:1), active : 1
0:00:00.002805263  2749 0x55b10ffbf360 LOG   GST_POLL gstpoll.c:994:gst_poll_fd_ctl_write: 0x55b10ffe3d30: pfd->events now 60 (POLLOUT:4)
0:00:00.002812038  2749 0x55b10ffbf360 TRACE   GST_REFCOUNTING gstobject.c:264:gst_object_unref: 0x55b10ffe5730 unref 2->1
0:00:00.002818503  2749 0x55b10ffbf360 DEBUG   GST_POLL gstpoll.c:1241:gst_poll_fd_has_error: 0x55b10ffe3d30: fd (fd:0, idx:1) 0
0:00:00.002824420  2749 0x55b10ffbf360 DEBUG   GST_POLL gstpoll.c:1335:gst_poll_fd_can_write: 0x55b10ffe3d30: fd (fd:0, idx:1) 0
0:00:00.002830159  2749 0x55b10ffbf360 DEBUG   GST_POLL gstpoll.c:1195:gst_poll_fd_has_closed: 0x55b10ffe3d30: fd (fd:0, idx:1) 0
0:00:00.002836610  2749 0x55b10ffbf360 DEBUG   GST_POLL gstpoll.c:1414:gst_poll_wait: 0x55b10ffe3d30: timeout :0:00:01.000000000
0:00:00.002860827  2749 0x55b10ffbf360 LOG   GST_PLUGIN_LOADING gstpluginloader.c:1026:exchange_packets: Poll res = 2. 528 bytes pending for write
0:00:00.002872950  2749 0x55b10ffbf360 DEBUG   GST_POLL gstpoll.c:1241:gst_poll_fd_has_error: 0x55b10ffe3d30: fd (fd:5, idx:2) 0
0:00:00.002880897  2749 0x55b10ffbf360 DEBUG   GST_POLL gstpoll.c:1266:gst_poll_fd_can_read_unlocked: 0x55b10ffe3d30: fd (fd:5, idx:2) 1
0:00:00.002890039  2749 0x55b10ffbf360 DEBUG   GST_PLUGIN_LOADING gstpluginloader.c:721:do_plugin_load: Plugin scanner loading file /home/conan/w/prod/BuildSingleReference/.conan/data/gstreamer/1.19.2/_/_/package/62e0ab6106dfea3ec3ecb5db13d8d55a63451b50/lib/gstreamer-1.0/libgstcoreelements.so. tag 1
0:00:00.002896667  2749 0x55b10ffbf360 DEBUG   GST_PLUGIN_LOADING gstplugin.c:764:_priv_gst_plugin_load_file_for_registry: attempt to load plugin "/home/conan/w/prod/BuildSingleReference/.conan/data/gstreamer/1.19.2/_/_/package/62e0ab6106dfea3ec3ecb5db13d8d55a63451b50/lib/gstreamer-1.0/libgstcoreelements.so"
0:00:00.003302928  2749 0x55b10ffbf360 TRACE   GST_REFCOUNTING gstobject.c:208:gst_object_init: 0x55b10ffe9350 new
0:00:00.003323038  2749 0x55b10ffbf360 LOG   GST_PLUGIN_LOADING gstplugin.c:886:_priv_gst_plugin_load_file_for_registry: Plugin 0x55b10ffe9350 for file "/home/conan/w/prod/BuildSingleReference/.conan/data/gstreamer/1.19.2/_/_/package/62e0ab6106dfea3ec3ecb5db13d8d55a63451b50/lib/gstreamer-1.0/libgstcoreelements.so" prepared, calling entry function...
0:00:00.003331860  2749 0x55b10ffbf360 LOG   GST_PLUGIN_LOADING gstplugin.c:893:_priv_gst_plugin_load_file_for_registry: Plugin 0x55b10ffe9350 for file "/home/conan/w/prod/BuildSingleReference/.conan/data/gstreamer/1.19.2/_/_/package/62e0ab6106dfea3ec3ecb5db13d8d55a63451b50/lib/gstreamer-1.0/libgstcoreelements.so" prepared, registering...
0:00:00.003338247  2749 0x55b10ffbf360 LOG   GST_PLUGIN_LOADING gstplugin.c:511:gst_plugin_register_func: plugin "/home/conan/w/prod/BuildSingleReference/.conan/data/gstreamer/1.19.2/_/_/package/62e0ab6106dfea3ec3ecb5db13d8d55a63451b50/lib/gstreamer-1.0/libgstcoreelements.so" looks good
0:00:00.003363931  2749 0x55b10ffbf360 TRACE   GST_REFCOUNTING gstobject.c:208:gst_object_init: 0x55b10ffe9a40 new
0:00:00.003373489  2749 0x55b10ffbf360 LOG   GST_ELEMENT_FACTORY gstelementfactory.c:239:gst_element_register: Created new elementfactory for type GstCapsFilter
0:00:00.003385117  2749 0x55b10ffbf360 TRACE   structure gststructure.c:292:gst_structure_new_id_empty_with_size: created structure 0x55b10ffea040
0:00:00.003397844  2749 0x55b10ffbf360 TRACE   GST_PERFORMANCE gststructure.c:511:gst_structure_copy: doing copy 0x55b10ffce2b0 -> 0x55b10ffea040
0:00:00.003405232  2749 0x55b10ffbf360 DEBUG   GST_ELEMENT_PADS gstelement.c:311:gst_element_base_class_init: type GstBaseTransform : factory (nil)
0:00:00.003412617  2749 0x55b10ffbf360 DEBUG   basetransform gstbasetransform.c:333:gst_base_transform_class_init: gst_base_transform_class_init
0:00:00.003423433  2749 0x55b10ffbf360 TRACE   structure gststructure.c:292:gst_structure_new_id_empty_with_size: created structure 0x55b10ffea610
0:00:00.003429508  2749 0x55b10ffbf360 TRACE   GST_PERFORMANCE gststructure.c:511:gst_structure_copy: doing copy 0x55b10ffea040 -> 0x55b10ffea610
0:00:00.003435830  2749 0x55b10ffbf360 DEBUG   GST_ELEMENT_PADS gstelement.c:311:gst_element_base_class_init: type GstCapsFilter : factory 0x55b10ffe9a40
0:00:00.003451895  2749 0x55b10ffbf360 TRACE   GST_CAPS gstcaps.c:263:gst_caps_new_empty: created caps 0x55b10ffd2470
0:00:00.003458968  2749 0x55b10ffbf360 TRACE   GST_CAPS gstcaps.c:439:gst_static_caps_get: created 0x7f15f2b90ef0 from string ANY
0:00:00.003465767  2749 0x55b10ffbf360 TRACE   GST_REFCOUNTING gstminiobject.c:478:gst_mini_object_ref: 0x55b10ffd2470 ref 1->2
0:00:00.003494789  2749 0x55b10ffbf360 TRACE   GST_REFCOUNTING gstobject.c:208:gst_object_init: 0x55b10ffeb030 new
0:00:00.003506427  2749 0x55b10ffbf360 TRACE   GST_REFCOUNTING gstminiobject.c:478:gst_mini_object_ref: 0x55b10ffd2470 ref 2->3
0:00:00.003517107  2749 0x55b10ffbf360 TRACE   GST_REFCOUNTING gstminiobject.c:660:gst_mini_object_unref: 0x55b10ffd2470 unref 3->2
0:00:00.003524489  2749 0x55b10ffbf360 TRACE   GST_REFCOUNTING gstobject.c:292:gst_object_ref_sink: 0x55b10ffeb030 ref_sink 1->2
0:00:00.003531403  2749 0x55b10ffbf360 TRACE   GST_CAPS gstcaps.c:263:gst_caps_new_empty: created caps 0x55b10ffce8d0
0:00:00.003537558  2749 0x55b10ffbf360 TRACE   GST_CAPS gstcaps.c:439:gst_static_caps_get: created 0x7f15f2b90f30 from string ANY
0:00:00.003543647  2749 0x55b10ffbf360 TRACE   GST_REFCOUNTING gstminiobject.c:478:gst_mini_object_ref: 0x55b10ffce8d0 ref 1->2
0:00:00.003551426  2749 0x55b10ffbf360 TRACE   GST_REFCOUNTING gstobject.c:208:gst_object_init: 0x55b10ffeb2a0 new
0:00:00.003558943  2749 0x55b10ffbf360 TRACE   GST_REFCOUNTING gstminiobject.c:478:gst_mini_object_ref: 0x55b10ffce8d0 ref 2->3
0:00:00.003566332  2749 0x55b10ffbf360 TRACE   GST_REFCOUNTING gstminiobject.c:660:gst_mini_object_unref: 0x55b10ffce8d0 unref 3->2
0:00:00.003572984  2749 0x55b10ffbf360 TRACE   GST_REFCOUNTING gstobject.c:292:gst_object_ref_sink: 0x55b10ffeb2a0 ref_sink 1->2
0:00:00.003581526  2749 0x55b10ffbf360 TRACE   structure gststructure.c:292:gst_structure_new_id_empty_with_size: created structure 0x55b10ffeb430
0:00:00.003588195  2749 0x55b10ffbf360 TRACE   GST_PERFORMANCE gststructure.c:511:gst_structure_copy: doing copy 0x55b10ffea610 -> 0x55b10ffeb430
0:00:00.003597530  2749 0x55b10ffbf360 DEBUG   GST_REGISTRY gstregistry.c:589:gst_registry_add_feature: adding feature 0x55b10ffe9a40 (capsfilter)
0:00:00.003609152  2749 0x55b10ffbf360 DEBUG   GST_REFCOUNTING gstobject.c:708:gst_object_set_parent: set parent (ref and sink)
0:00:00.003616334  2749 0x55b10ffbf360 TRACE   GST_REFCOUNTING gstobject.c:292:gst_object_ref_sink: 0x55b10ffe9a40 ref_sink 1->2
0:00:00.003623036  2749 0x55b10ffbf360 LOG   GST_REGISTRY gstregistry.c:607:gst_registry_add_feature: emitting feature-added for capsfilter
0:00:00.003633913  2749 0x55b10ffbf360 TRACE   GST_REFCOUNTING gstobject.c:208:gst_object_init: 0x55b10ffeb780 new
0:00:00.003642329  2749 0x55b10ffbf360 LOG   GST_ELEMENT_FACTORY gstelementfactory.c:239:gst_element_register: Created new elementfactory for type GstClockSync
0:00:00.003649340  2749 0x55b10ffbf360 TRACE   structure gststructure.c:292:gst_structure_new_id_empty_with_size: created structure 0x55b10ffebb60
0:00:00.003655225  2749 0x55b10ffbf360 TRACE   GST_PERFORMANCE gststructure.c:511:gst_structure_copy: doing copy 0x55b10ffce2b0 -> 0x55b10ffebb60
0:00:00.003661480  2749 0x55b10ffbf360 DEBUG   GST_ELEMENT_PADS gstelement.c:311:gst_element_base_class_init: type GstClockSync : factory 0x55b10ffeb780
0:00:00.003674852  2749 0x55b10ffbf360 TRACE   GST_CAPS gstcaps.c:263:gst_caps_new_empty: created caps 0x55b10ffeb8b0
0:00:00.003681418  2749 0x55b10ffbf360 TRACE   GST_CAPS gstcaps.c:439:gst_static_caps_get: created 0x7f15f2b90f70 from string ANY
0:00:00.003690238  2749 0x55b10ffbf360 TRACE   GST_REFCOUNTING gstminiobject.c:478:gst_mini_object_ref: 0x55b10ffeb8b0 ref 1->2
0:00:00.003697981  2749 0x55b10ffbf360 TRACE   GST_REFCOUNTING gstobject.c:208:gst_object_init: 0x55b10ffebea0 new
0:00:00.003705606  2749 0x55b10ffbf360 TRACE   GST_REFCOUNTING gstminiobject.c:478:gst_mini_object_ref: 0x55b10ffeb8b0 ref 2->3
0:00:00.003712802  2749 0x55b10ffbf360 TRACE   GST_REFCOUNTING gstminiobject.c:660:gst_mini_object_unref: 0x55b10ffeb8b0 unref 3->2
0:00:00.003719367  2749 0x55b10ffbf360 TRACE   GST_REFCOUNTING gstobject.c:292:gst_object_ref_sink: 0x55b10ffebea0 ref_sink 1->2
0:00:00.003725591  2749 0x55b10ffbf360 TRACE   GST_CAPS gstcaps.c:263:gst_caps_new_empty: created caps 0x55b10ffeb6f0
0:00:00.003731500  2749 0x55b10ffbf360 TRACE   GST_CAPS gstcaps.c:439:gst_static_caps_get: created 0x7f15f2b90fb0 from string ANY
0:00:00.003737387  2749 0x55b10ffbf360 TRACE   GST_REFCOUNTING gstminiobject.c:478:gst_mini_object_ref: 0x55b10ffeb6f0 ref 1->2
0:00:00.003744463  2749 0x55b10ffbf360 TRACE   GST_REFCOUNTING gstobject.c:208:gst_object_init: 0x55b10ffec090 new
0:00:00.003751640  2749 0x55b10ffbf360 TRACE   GST_REFCOUNTING gstminiobject.c:478:gst_mini_object_ref: 0x55b10ffeb6f0 ref 2->3
0:00:00.003758643  2749 0x55b10ffbf360 TRACE   GST_REFCOUNTING gstminiobject.c:660:gst_mini_object_unref: 0x55b10ffeb6f0 unref 3->2
0:00:00.003765226  2749 0x55b10ffbf360 TRACE   GST_REFCOUNTING gstobject.c:292:gst_object_ref_sink: 0x55b10ffec090 ref_sink 1->2
0:00:00.003775878  2749 0x55b10ffbf360 TRACE   structure gststructure.c:292:gst_structure_new_id_empty_with_size: created structure 0x55b10ffec1b0
0:00:00.003782300  2749 0x55b10ffbf360 TRACE   GST_PERFORMANCE gststructure.c:511:gst_structure_copy: doing copy 0x55b10ffebb60 -> 0x55b10ffec1b0
0:00:00.003790128  2749 0x55b10ffbf360 DEBUG   GST_REGISTRY gstregistry.c:589:gst_registry_add_feature: adding feature 0x55b10ffeb780 (clocksync)
0:00:00.003796035  2749 0x55b10ffbf360 DEBUG   GST_REFCOUNTING gstobject.c:708:gst_object_set_parent: set parent (ref and sink)
0:00:00.003802858  2749 0x55b10ffbf360 TRACE   GST_REFCOUNTING gstobject.c:292:gst_object_ref_sink: 0x55b10ffeb780 ref_sink 1->2
0:00:00.003809009  2749 0x55b10ffbf360 LOG   GST_REGISTRY gstregistry.c:607:gst_registry_add_feature: emitting feature-added for clocksync
0:00:00.003819156  2749 0x55b10ffbf360 TRACE   GST_REFCOUNTING gstobject.c:208:gst_object_init: 0x55b10ffec4c0 new
0:00:00.003827254  2749 0x55b10ffbf360 LOG   GST_ELEMENT_FACTORY gstelementfactory.c:239:gst_element_register: Created new elementfactory for type GstConcat
0:00:00.003834175  2749 0x55b10ffbf360 TRACE   structure gststructure.c:292:gst_structure_new_id_empty_with_size: created structure 0x55b10ffec8a0
0:00:00.003840303  2749 0x55b10ffbf360 TRACE   GST_PERFORMANCE gststructure.c:511:gst_structure_copy: doing copy 0x55b10ffce2b0 -> 0x55b10ffec8a0
0:00:00.003875855  2749 0x55b10ffbf360 DEBUG   GST_ELEMENT_PADS gstelement.c:311:gst_element_base_class_init: type GstConcat : factory 0x55b10ffec4c0
0:00:00.003897495  2749 0x55b10ffbf360 TRACE   GST_CAPS gstcaps.c:263:gst_caps_new_empty: created caps 0x55b10ffec5f0
0:00:00.003909195  2749 0x55b10ffbf360 TRACE   GST_CAPS gstcaps.c:439:gst_static_caps_get: created 0x7f15f2b91030 from string ANY
0:00:00.003921306  2749 0x55b10ffbf360 TRACE   GST_REFCOUNTING gstminiobject.c:478:gst_mini_object_ref: 0x55b10ffec5f0 ref 1->2
0:00:00.003935039  2749 0x55b10ffbf360 TRACE   GST_REFCOUNTING gstobject.c:208:gst_object_init: 0x55b10ffecb30 new
0:00:00.003945955  2749 0x55b10ffbf360 TRACE   GST_REFCOUNTING gstminiobject.c:478:gst_mini_object_ref: 0x55b10ffec5f0 ref 2->3
0:00:00.003954223  2749 0x55b10ffbf360 TRACE   GST_REFCOUNTING gstminiobject.c:660:gst_mini_object_unref: 0x55b10ffec5f0 unref 3->2
0:00:00.003961003  2749 0x55b10ffbf360 TRACE   GST_REFCOUNTING gstobject.c:292:gst_object_ref_sink: 0x55b10ffecb30 ref_sink 1->2
0:00:00.003967601  2749 0x55b10ffbf360 TRACE   GST_CAPS gstcaps.c:263:gst_caps_new_empty: created caps 0x55b10ffec430
0:00:00.003973703  2749 0x55b10ffbf360 TRACE   GST_CAPS gstcaps.c:439:gst_static_caps_get: created 0x7f15f2b90ff0 from string ANY
0:00:00.003979786  2749 0x55b10ffbf360 TRACE   GST_REFCOUNTING gstminiobject.c:478:gst_mini_object_ref: 0x55b10ffec430 ref 1->2
0:00:00.003986992  2749 0x55b10ffbf360 TRACE   GST_REFCOUNTING gstobject.c:208:gst_object_init: 0x55b10ffecd20 new
0:00:00.003998958  2749 0x55b10ffbf360 TRACE   GST_REFCOUNTING gstminiobject.c:478:gst_mini_object_ref: 0x55b10ffec430 ref 2->3
0:00:00.004009489  2749 0x55b10ffbf360 TRACE   GST_REFCOUNTING gstminiobject.c:660:gst_mini_object_unref: 0x55b10ffec430 unref 3->2
0:00:00.004016379  2749 0x55b10ffbf360 TRACE   GST_REFCOUNTING gstobject.c:292:gst_object_ref_sink: 0x55b10ffecd20 ref_sink 1->2
0:00:00.004024158  2749 0x55b10ffbf360 TRACE   structure gststructure.c:292:gst_structure_new_id_empty_with_size: created structure 0x55b10ffed000
0:00:00.004030721  2749 0x55b10ffbf360 TRACE   GST_PERFORMANCE gststructure.c:511:gst_structure_copy: doing copy 0x55b10ffec8a0 -> 0x55b10ffed000
0:00:00.004039000  2749 0x55b10ffbf360 DEBUG   GST_REGISTRY gstregistry.c:589:gst_registry_add_feature: adding feature 0x55b10ffec4c0 (concat)
0:00:00.004045095  2749 0x55b10ffbf360 DEBUG   GST_REFCOUNTING gstobject.c:708:gst_object_set_parent: set parent (ref and sink)
0:00:00.004051822  2749 0x55b10ffbf360 TRACE   GST_REFCOUNTING gstobject.c:292:gst_object_ref_sink: 0x55b10ffec4c0 ref_sink 1->2
0:00:00.004057942  2749 0x55b10ffbf360 LOG   GST_REGISTRY gstregistry.c:607:gst_registry_add_feature: emitting feature-added for concat
0:00:00.004071695  2749 0x55b10ffbf360 TRACE   GST_REFCOUNTING gstobject.c:208:gst_object_init: 0x55b10ffed3a0 new
0:00:00.004080261  2749 0x55b10ffbf360 LOG   GST_ELEMENT_FACTORY gstelementfactory.c:239:gst_element_register: Created new elementfactory for type GstDataURISrc
0:00:00.004087306  2749 0x55b10ffbf360 TRACE   structure gststructure.c:292:gst_structure_new_id_empty_with_size: created structure 0x55b10ffed8c0
0:00:00.004093072  2749 0x55b10ffbf360 TRACE   GST_PERFORMANCE gststructure.c:511:gst_structure_copy: doing copy 0x55b10ffce2b0 -> 0x55b10ffed8c0
0:00:00.004099498  2749 0x55b10ffbf360 DEBUG   GST_ELEMENT_PADS gstelement.c:311:gst_element_base_class_init: type GstBaseSrc : factory (nil)
0:00:00.004126219  2749 0x55b10ffbf360 TRACE   structure gststructure.c:292:gst_structure_new_id_empty_with_size: created structure 0x55b10ffe3870
0:00:00.004132654  2749 0x55b10ffbf360 TRACE   GST_PERFORMANCE gststructure.c:511:gst_structure_copy: doing copy 0x55b10ffed8c0 -> 0x55b10ffe3870
0:00:00.004139166  2749 0x55b10ffbf360 DEBUG   GST_ELEMENT_PADS gstelement.c:311:gst_element_base_class_init: type GstDataURISrc : factory 0x55b10ffed3a0
0:00:00.004147941  2749 0x55b10ffbf360 TRACE   GST_CAPS gstcaps.c:263:gst_caps_new_empty: created caps 0x55b10ffed4d0
0:00:00.004154519  2749 0x55b10ffbf360 TRACE   GST_CAPS gstcaps.c:439:gst_static_caps_get: created 0x7f15f2b91090 from string ANY
0:00:00.004160775  2749 0x55b10ffbf360 TRACE   GST_REFCOUNTING gstminiobject.c:478:gst_mini_object_ref: 0x55b10ffed4d0 ref 1->2
0:00:00.004168249  2749 0x55b10ffbf360 TRACE   GST_REFCOUNTING gstobject.c:208:gst_object_init: 0x55b10ffeeaf0 new
0:00:00.004175816  2749 0x55b10ffbf360 TRACE   GST_REFCOUNTING gstminiobject.c:478:gst_mini_object_ref: 0x55b10ffed4d0 ref 2->3
0:00:00.004183146  2749 0x55b10ffbf360 TRACE   GST_REFCOUNTING gstminiobject.c:660:gst_mini_object_unref: 0x55b10ffed4d0 unref 3->2
0:00:00.004194291  2749 0x55b10ffbf360 TRACE   GST_REFCOUNTING gstobject.c:292:gst_object_ref_sink: 0x55b10ffeeaf0 ref_sink 1->2
0:00:00.004206363  2749 0x55b10ffbf360 TRACE   structure gststructure.c:292:gst_structure_new_id_empty_with_size: created structure 0x55b10ffeed10
0:00:00.004213095  2749 0x55b10ffbf360 TRACE   GST_PERFORMANCE gststructure.c:511:gst_structure_copy: doing copy 0x55b10ffe3870 -> 0x55b10ffeed10
0:00:00.004225678  2749 0x55b10ffbf360 DEBUG   GST_REGISTRY gstregistry.c:589:gst_registry_add_feature: adding feature 0x55b10ffed3a0 (dataurisrc)
0:00:00.004231963  2749 0x55b10ffbf360 DEBUG   GST_REFCOUNTING gstobject.c:708:gst_object_set_parent: set parent (ref and sink)
0:00:00.004238925  2749 0x55b10ffbf360 TRACE   GST_REFCOUNTING gstobject.c:292:gst_object_ref_sink: 0x55b10ffed3a0 ref_sink 1->2
0:00:00.004256519  2749 0x55b10ffbf360 LOG   GST_REGISTRY gstregistry.c:607:gst_registry_add_feature: emitting feature-added for dataurisrc
0:00:00.004266656  2749 0x55b10ffbf360 TRACE   GST_REFCOUNTING gstobject.c:208:gst_object_init: 0x55b10ffef160 new
0:00:00.004274651  2749 0x55b10ffbf360 LOG   GST_ELEMENT_FACTORY gstelementfactory.c:239:gst_element_register: Created new elementfactory for type GstDownloadBuffer
0:00:00.004281258  2749 0x55b10ffbf360 TRACE   structure gststructure.c:292:gst_structure_new_id_empty_with_size: created structure 0x55b10ffef540
0:00:00.004298189  2749 0x55b10ffbf360 TRACE   GST_PERFORMANCE gststructure.c:511:gst_structure_copy: doing copy 0x55b10ffce2b0 -> 0x55b10ffef540
0:00:00.004303446  2749 0x55b10ffbf360 DEBUG   GST_ELEMENT_PADS gstelement.c:311:gst_element_base_class_init: type GstDownloadBuffer : factory 0x55b10ffef160
0:00:00.004315952  2749 0x55b10ffbf360 TRACE   GST_CAPS gstcaps.c:263:gst_caps_new_empty: created caps 0x55b10ffef290
0:00:00.004321189  2749 0x55b10ffbf360 TRACE   GST_CAPS gstcaps.c:439:gst_static_caps_get: created 0x7f15f2b910d0 from string ANY
0:00:00.004326367  2749 0x55b10ffbf360 TRACE   GST_REFCOUNTING gstminiobject.c:478:gst_mini_object_ref: 0x55b10ffef290 ref 1->2
0:00:00.004332669  2749 0x55b10ffbf360 TRACE   GST_REFCOUNTING gstobject.c:208:gst_object_init: 0x55b10ffefa20 new
0:00:00.004338925  2749 0x55b10ffbf360 TRACE   GST_REFCOUNTING gstminiobject.c:478:gst_mini_object_ref: 0x55b10ffef290 ref 2->3
0:00:00.004345096  2749 0x55b10ffbf360 TRACE   GST_REFCOUNTING gstminiobject.c:660:gst_mini_object_unref: 0x55b10ffef290 unref 3->2
0:00:00.004350746  2749 0x55b10ffbf360 TRACE   GST_REFCOUNTING gstobject.c:292:gst_object_ref_sink: 0x55b10ffefa20 ref_sink 1->2
0:00:00.004356121  2749 0x55b10ffbf360 TRACE   GST_CAPS gstcaps.c:263:gst_caps_new_empty: created caps 0x55b10ffefb90
0:00:00.004361215  2749 0x55b10ffbf360 TRACE   GST_CAPS gstcaps.c:439:gst_static_caps_get: created 0x7f15f2b91110 from string ANY
0:00:00.004366340  2749 0x55b10ffbf360 TRACE   GST_REFCOUNTING gstminiobject.c:478:gst_mini_object_ref: 0x55b10ffefb90 ref 1->2
0:00:00.004377999  2749 0x55b10ffbf360 TRACE   GST_REFCOUNTING gstobject.c:208:gst_object_init: 0x55b10ffefc50 new
0:00:00.004384228  2749 0x55b10ffbf360 TRACE   GST_REFCOUNTING gstminiobject.c:478:gst_mini_object_ref: 0x55b10ffefb90 ref 2->3
0:00:00.004392761  2749 0x55b10ffbf360 TRACE   GST_REFCOUNTING gstminiobject.c:660:gst_mini_object_unref: 0x55b10ffefb90 unref 3->2
0:00:00.004398507  2749 0x55b10ffbf360 TRACE   GST_REFCOUNTING gstobject.c:292:gst_object_ref_sink: 0x55b10ffefc50 ref_sink 1->2
0:00:00.004405222  2749 0x55b10ffbf360 TRACE   structure gststructure.c:292:gst_structure_new_id_empty_with_size: created structure 0x55b10ffeff10
0:00:00.004410729  2749 0x55b10ffbf360 TRACE   GST_PERFORMANCE gststructure.c:511:gst_structure_copy: doing copy 0x55b10ffef540 -> 0x55b10ffeff10
0:00:00.004417452  2749 0x55b10ffbf360 DEBUG   GST_REGISTRY gstregistry.c:589:gst_registry_add_feature: adding feature 0x55b10ffef160 (downloadbuffer)
0:00:00.004422570  2749 0x55b10ffbf360 DEBUG   GST_REFCOUNTING gstobject.c:708:gst_object_set_parent: set parent (ref and sink)
0:00:00.004428310  2749 0x55b10ffbf360 TRACE   GST_REFCOUNTING gstobject.c:292:gst_object_ref_sink: 0x55b10ffef160 ref_sink 1->2
0:00:00.004433607  2749 0x55b10ffbf360 LOG   GST_REGISTRY gstregistry.c:607:gst_registry_add_feature: emitting feature-added for downloadbuffer
0:00:00.004445494  2749 0x55b10ffbf360 TRACE   GST_REFCOUNTING gstobject.c:208:gst_object_init: 0x55b10fff0260 new
0:00:00.004452306  2749 0x55b10ffbf360 LOG   GST_ELEMENT_FACTORY gstelementfactory.c:239:gst_element_register: Created new elementfactory for type GstFakeSrc
0:00:00.004458005  2749 0x55b10ffbf360 TRACE   structure gststructure.c:292:gst_structure_new_id_empty_with_size: created structure 0x55b10fff0780
0:00:00.004462930  2749 0x55b10ffbf360 TRACE   GST_PERFORMANCE gststructure.c:511:gst_structure_copy: doing copy 0x55b10ffed8c0 -> 0x55b10fff0780
0:00:00.004468092  2749 0x55b10ffbf360 DEBUG   GST_ELEMENT_PADS gstelement.c:311:gst_element_base_class_init: type GstFakeSrc : factory 0x55b10fff0260
0:00:00.004523747  2749 0x55b10ffbf360 TRACE   GST_CAPS gstcaps.c:263:gst_caps_new_empty: created caps 0x55b10fff0390
0:00:00.004529922  2749 0x55b10ffbf360 TRACE   GST_CAPS gstcaps.c:439:gst_static_caps_get: created 0x7f15f2b91190 from string ANY
0:00:00.004535403  2749 0x55b10ffbf360 TRACE   GST_REFCOUNTING gstminiobject.c:478:gst_mini_object_ref: 0x55b10fff0390 ref 1->2
0:00:00.004542148  2749 0x55b10ffbf360 TRACE   GST_REFCOUNTING gstobject.c:208:gst_object_init: 0x55b10fff1710 new
0:00:00.004548856  2749 0x55b10ffbf360 TRACE   GST_REFCOUNTING gstminiobject.c:478:gst_mini_object_ref: 0x55b10fff0390 ref 2->3
0:00:00.004555559  2749 0x55b10ffbf360 TRACE   GST_REFCOUNTING gstminiobject.c:660:gst_mini_object_unref: 0x55b10fff0390 unref 3->2
0:00:00.004561735  2749 0x55b10ffbf360 TRACE   GST_REFCOUNTING gstobject.c:292:gst_object_ref_sink: 0x55b10fff1710 ref_sink 1->2
0:00:00.004573599  2749 0x55b10ffbf360 TRACE   structure gststructure.c:292:gst_structure_new_id_empty_with_size: created structure 0x55b10fff1970
0:00:00.004579458  2749 0x55b10ffbf360 TRACE   GST_PERFORMANCE gststructure.c:511:gst_structure_copy: doing copy 0x55b10fff0780 -> 0x55b10fff1970
0:00:00.004586485  2749 0x55b10ffbf360 DEBUG   GST_REGISTRY gstregistry.c:589:gst_registry_add_feature: adding feature 0x55b10fff0260 (fakesrc)
0:00:00.004591804  2749 0x55b10ffbf360 DEBUG   GST_REFCOUNTING gstobject.c:708:gst_object_set_parent: set parent (ref and sink)
0:00:00.004597809  2749 0x55b10ffbf360 TRACE   GST_REFCOUNTING gstobject.c:292:gst_object_ref_sink: 0x55b10fff0260 ref_sink 1->2
0:00:00.004603323  2749 0x55b10ffbf360 LOG   GST_REGISTRY gstregistry.c:607:gst_registry_add_feature: emitting feature-added for fakesrc
0:00:00.004617505  2749 0x55b10ffbf360 TRACE   GST_REFCOUNTING gstobject.c:208:gst_object_init: 0x55b10fff1ec0 new
0:00:00.004624976  2749 0x55b10ffbf360 LOG   GST_ELEMENT_FACTORY gstelementfactory.c:239:gst_element_register: Created new elementfactory for type GstFakeSink
0:00:00.004631171  2749 0x55b10ffbf360 TRACE   structure gststructure.c:292:gst_structure_new_id_empty_with_size: created structure 0x55b10fff23d0
