0:00:00.016131430  2748 0x556d67130360 LOG   GST_PLUGIN_LOADING gstpluginloader.c:984:read_one: Expanding rx buf from 1040 to 7384
0:00:00.011952545  2749 0x55b10ffbf360 TRACE   GST_REFCOUNTING gstobject.c:237:gst_object_ref: 0x55b10fff0260 ref 1->2
0:00:00.011959093  2749 0x55b10ffbf360 TRACE   GST_REFCOUNTING gstobject.c:237:gst_object_ref: 0x55b10ffef160 ref 1->2
0:00:00.011965228  2749 0x55b10ffbf360 TRACE   GST_REFCOUNTING gstobject.c:237:gst_object_ref: 0x55b10ffed3a0 ref 1->2
0:00:00.016153159  2748 0x556d67130360 DEBUG   GST_PLUGIN_LOADING gstpluginloader.c:847:handle_rx_packet: Received plugin details from child w/ tag 1. 6860 bytes info
0:00:00.011971292  2749 0x55b10ffbf360 TRACE   GST_REFCOUNTING gstobject.c:237:gst_object_ref: 0x55b10ffec4c0 ref 1->2
0:00:00.016162585  2748 0x556d67130360 LOG   GST_REGISTRY gstregistrychunks.c:837:_priv_gst_registry_chunks_load_plugin: Reading/casting for GstRegistryChunkPluginElement at address 0x556d67156b30
0:00:00.011979513  2749 0x55b10ffbf360 TRACE   GST_REFCOUNTING gstobject.c:237:gst_object_ref: 0x55b10ffeb780 ref 1->2
0:00:00.011988638  2749 0x55b10ffbf360 TRACE   GST_REFCOUNTING gstobject.c:237:gst_object_ref: 0x55b10ffe9a40 ref 1->2
0:00:00.016173021  2748 0x556d67130360 TRACE   GST_REFCOUNTING gstobject.c:208:gst_object_init: 0x556d67155cc0 new
0:00:00.011995432  2749 0x55b10ffbf360 DEBUG   GST_REGISTRY gstregistrychunks.c:265:gst_registry_chunks_save_feature: saved 0 interfaces 0 pad templates
0:00:00.016188813  2748 0x556d67130360 LOG   GST_REGISTRY gstregistrychunks.c:859:_priv_gst_registry_chunks_load_plugin: read strings for name='coreelements'
0:00:00.012005321  2749 0x55b10ffbf360 DEBUG   GST_REGISTRY gstregistrychunks.c:265:gst_registry_chunks_save_feature: saved 0 interfaces 0 pad templates
0:00:00.016204554  2748 0x556d67130360 LOG   GST_REGISTRY gstregistrychunks.c:860:_priv_gst_registry_chunks_load_plugin: desc.description='GStreamer core elements'
0:00:00.012023878  2749 0x55b10ffbf360 DEBUG   GST_REGISTRY gstregistrychunks.c:265:gst_registry_chunks_save_feature: saved 0 interfaces 0 pad templates
0:00:00.016213448  2748 0x556d67130360 LOG   GST_REGISTRY gstregistrychunks.c:861:_priv_gst_registry_chunks_load_plugin: filename='/home/conan/w/prod/BuildSingleReference/.conan/data/gstreamer/1.19.2/_/_/package/62e0ab6106dfea3ec3ecb5db13d8d55a63451b50/lib/gstreamer-1.0/libgstcoreelements.so'
0:00:00.012032610  2749 0x55b10ffbf360 DEBUG   GST_REGISTRY gstregistrychunks.c:265:gst_registry_chunks_save_feature: saved 1 interfaces 0 pad templates
0:00:00.016221998  2748 0x556d67130360 LOG   GST_REGISTRY gstregistrychunks.c:862:_priv_gst_registry_chunks_load_plugin: desc.version='1.19.2'
0:00:00.012039172  2749 0x55b10ffbf360 DEBUG   GST_REGISTRY gstregistrychunks.c:285:gst_registry_chunks_save_feature: Saved 1 UriTypes
0:00:00.016230140  2748 0x556d67130360 LOG   GST_REGISTRY gstregistrychunks.c:863:_priv_gst_registry_chunks_load_plugin: desc.license='LGPL'
0:00:00.012050203  2749 0x55b10ffbf360 DEBUG   GST_REGISTRY gstregistrychunks.c:265:gst_registry_chunks_save_feature: saved 0 interfaces 0 pad templates
0:00:00.016238335  2748 0x556d67130360 LOG   GST_REGISTRY gstregistrychunks.c:864:_priv_gst_registry_chunks_load_plugin: desc.source='gstreamer'
0:00:00.012058225  2749 0x55b10ffbf360 DEBUG   GST_REGISTRY gstregistrychunks.c:265:gst_registry_chunks_save_feature: saved 0 interfaces 0 pad templates
0:00:00.016246545  2748 0x556d67130360 LOG   GST_REGISTRY gstregistrychunks.c:865:_priv_gst_registry_chunks_load_plugin: desc.package='GStreamer source release'
0:00:00.012066870  2749 0x55b10ffbf360 DEBUG   GST_REGISTRY gstregistrychunks.c:265:gst_registry_chunks_save_feature: saved 0 interfaces 0 pad templates
0:00:00.016254967  2748 0x556d67130360 LOG   GST_REGISTRY gstregistrychunks.c:866:_priv_gst_registry_chunks_load_plugin: desc.origin='Unknown package origin'
0:00:00.012075588  2749 0x55b10ffbf360 DEBUG   GST_REGISTRY gstregistrychunks.c:265:gst_registry_chunks_save_feature: saved 1 interfaces 0 pad templates
0:00:00.016263116  2748 0x556d67130360 LOG   GST_REGISTRY gstregistrychunks.c:867:_priv_gst_registry_chunks_load_plugin: desc.datetime=2021-09-23
0:00:00.012081525  2749 0x55b10ffbf360 DEBUG   GST_REGISTRY gstregistrychunks.c:285:gst_registry_chunks_save_feature: Saved 1 UriTypes
0:00:00.012097430  2749 0x55b10ffbf360 DEBUG   GST_REGISTRY gstregistrychunks.c:265:gst_registry_chunks_save_feature: saved 1 interfaces 0 pad templates
0:00:00.016281024  2748 0x556d67130360 DEBUG   GST_REGISTRY gstregistry.c:473:gst_registry_add_plugin: adding plugin 0x556d67155cc0 for filename "/home/conan/w/prod/BuildSingleReference/.conan/data/gstreamer/1.19.2/_/_/package/62e0ab6106dfea3ec3ecb5db13d8d55a63451b50/lib/gstreamer-1.0/libgstcoreelements.so"
0:00:00.012102943  2749 0x55b10ffbf360 DEBUG   GST_REGISTRY gstregistrychunks.c:285:gst_registry_chunks_save_feature: Saved 1 UriTypes
0:00:00.012114766  2749 0x55b10ffbf360 DEBUG   GST_REGISTRY gstregistrychunks.c:265:gst_registry_chunks_save_feature: saved 1 interfaces 0 pad templates
0:00:00.016297867  2748 0x556d67130360 TRACE   GST_REFCOUNTING gstobject.c:292:gst_object_ref_sink: 0x556d67155cc0 ref_sink 1->2
0:00:00.016309700  2748 0x556d67130360 LOG   GST_REGISTRY gstregistry.c:486:gst_registry_add_plugin: emitting plugin-added for filename "/home/conan/w/prod/BuildSingleReference/.conan/data/gstreamer/1.19.2/_/_/package/62e0ab6106dfea3ec3ecb5db13d8d55a63451b50/lib/gstreamer-1.0/libgstcoreelements.so"
0:00:00.012129004  2749 0x55b10ffbf360 DEBUG   GST_REGISTRY gstregistrychunks.c:285:gst_registry_chunks_save_feature: Saved 1 UriTypes
0:00:00.016318812  2748 0x556d67130360 DEBUG   GST_REGISTRY gstregistrychunks.c:887:_priv_gst_registry_chunks_load_plugin: Added plugin 'coreelements' plugin with 22 features from binary registry
0:00:00.012137026  2749 0x55b10ffbf360 DEBUG   GST_REGISTRY gstregistrychunks.c:265:gst_registry_chunks_save_feature: saved 0 interfaces 0 pad templates
0:00:00.016328647  2748 0x556d67130360 DEBUG   GST_REGISTRY gstregistrychunks.c:583:gst_registry_chunks_load_feature: Plugin 'coreelements' feature 'streamiddemux' typename : 'GstElementFactory'
0:00:00.012146726  2749 0x55b10ffbf360 DEBUG   GST_REGISTRY gstregistrychunks.c:265:gst_registry_chunks_save_feature: saved 0 interfaces 0 pad templates
0:00:00.012156058  2749 0x55b10ffbf360 DEBUG   GST_REGISTRY gstregistrychunks.c:265:gst_registry_chunks_save_feature: saved 0 interfaces 0 pad templates
0:00:00.016340722  2748 0x556d67130360 TRACE   GST_REFCOUNTING gstobject.c:208:gst_object_init: 0x556d67156890 new
0:00:00.012164537  2749 0x55b10ffbf360 DEBUG   GST_REGISTRY gstregistrychunks.c:265:gst_registry_chunks_save_feature: saved 0 interfaces 0 pad templates
0:00:00.016351345  2748 0x556d67130360 LOG   GST_REGISTRY gstregistrychunks.c:610:gst_registry_chunks_load_feature: Reading/casting for GstRegistryChunkElementFactory at address 0x556d67156c88
0:00:00.012172561  2749 0x55b10ffbf360 DEBUG   GST_REGISTRY gstregistrychunks.c:265:gst_registry_chunks_save_feature: saved 0 interfaces 0 pad templates
0:00:00.016361714  2748 0x556d67130360 TRACE   structure gststructure.c:292:gst_structure_new_id_empty_with_size: created structure 0x556d67155f60
0:00:00.012180382  2749 0x55b10ffbf360 DEBUG   GST_REGISTRY gstregistrychunks.c:265:gst_registry_chunks_save_feature: saved 0 interfaces 0 pad templates
0:00:00.016371220  2748 0x556d67130360 DEBUG   structure gststructure.c:2258:gst_structure_parse_field: trying field name 'long-name'
0:00:00.012189672  2749 0x55b10ffbf360 DEBUG   GST_REGISTRY gstregistrychunks.c:265:gst_registry_chunks_save_feature: saved 1 interfaces 0 pad templates
0:00:00.012196652  2749 0x55b10ffbf360 DEBUG   GST_REGISTRY gstregistrychunks.c:285:gst_registry_chunks_save_feature: Saved 1 UriTypes
0:00:00.016385393  2748 0x556d67130360 DEBUG   default gstvalue.c:2776:_priv_gst_value_parse_value: trying type name 'string'
0:00:00.012204156  2749 0x55b10ffbf360 DEBUG   GST_REGISTRY gstregistrychunks.c:265:gst_registry_chunks_save_feature: saved 0 interfaces 0 pad templates
0:00:00.012218369  2749 0x55b10ffbf360 DEBUG   GST_REGISTRY gstregistrychunks.c:265:gst_registry_chunks_save_feature: saved 0 interfaces 0 pad templates
0:00:00.016404023  2748 0x556d67130360 DEBUG   structure gststructure.c:2258:gst_structure_parse_field: trying field name 'klass'
0:00:00.012226140  2749 0x55b10ffbf360 DEBUG   GST_REGISTRY gstregistrychunks.c:265:gst_registry_chunks_save_feature: saved 0 interfaces 0 pad templates
0:00:00.016413283  2748 0x556d67130360 DEBUG   default gstvalue.c:2776:_priv_gst_value_parse_value: trying type name 'string'
0:00:00.012234449  2749 0x55b10ffbf360 DEBUG   GST_REGISTRY gstregistrychunks.c:265:gst_registry_chunks_save_feature: saved 0 interfaces 0 pad templates
0:00:00.016423290  2748 0x556d67130360 DEBUG   structure gststructure.c:2258:gst_structure_parse_field: trying field name 'description'
0:00:00.012243133  2749 0x55b10ffbf360 DEBUG   GST_REGISTRY gstregistrychunks.c:265:gst_registry_chunks_save_feature: saved 0 interfaces 0 pad templates
0:00:00.016431784  2748 0x556d67130360 DEBUG   default gstvalue.c:2776:_priv_gst_value_parse_value: trying type name 'string'
0:00:00.012253099  2749 0x55b10ffbf360 TRACE   GST_REFCOUNTING gstobject.c:264:gst_object_unref: 0x55b10ffe9a40 unref 2->1
0:00:00.016441490  2748 0x556d67130360 DEBUG   structure gststructure.c:2258:gst_structure_parse_field: trying field name 'author'
0:00:00.012260410  2749 0x55b10ffbf360 TRACE   GST_REFCOUNTING gstobject.c:264:gst_object_unref: 0x55b10ffeb780 unref 2->1
0:00:00.016450198  2748 0x556d67130360 DEBUG   default gstvalue.c:2776:_priv_gst_value_parse_value: trying type name 'string'
0:00:00.012267465  2749 0x55b10ffbf360 TRACE   GST_REFCOUNTING gstobject.c:264:gst_object_unref: 0x55b10ffec4c0 unref 2->1
0:00:00.012275871  2749 0x55b10ffbf360 TRACE   GST_REFCOUNTING gstobject.c:264:gst_object_unref: 0x55b10ffed3a0 unref 2->1
0:00:00.016459921  2748 0x556d67130360 DEBUG   GST_REGISTRY gstregistrychunks.c:627:gst_registry_chunks_load_feature: Element factory : npadtemplates=2
0:00:00.012281947  2749 0x55b10ffbf360 TRACE   GST_REFCOUNTING gstobject.c:264:gst_object_unref: 0x55b10ffef160 unref 2->1
0:00:00.016469983  2748 0x556d67130360 DEBUG   GST_REGISTRY gstregistrychunks.c:526:gst_registry_chunks_load_pad_template: Reading/casting for GstRegistryChunkPadTemplate at address 0x556d67156d60
0:00:00.012288365  2749 0x55b10ffbf360 TRACE   GST_REFCOUNTING gstobject.c:264:gst_object_unref: 0x55b10fff0260 unref 2->1
0:00:00.016479176  2748 0x556d67130360 DEBUG   GST_REGISTRY gstregistrychunks.c:540:gst_registry_chunks_load_pad_template: Added pad_template src_%u
0:00:00.012295405  2749 0x55b10ffbf360 TRACE   GST_REFCOUNTING gstobject.c:264:gst_object_unref: 0x55b10fff1ec0 unref 2->1
0:00:00.016487601  2748 0x556d67130360 DEBUG   GST_REGISTRY gstregistrychunks.c:526:gst_registry_chunks_load_pad_template: Reading/casting for GstRegistryChunkPadTemplate at address 0x556d67156d78
0:00:00.012304751  2749 0x55b10ffbf360 TRACE   GST_REFCOUNTING gstobject.c:264:gst_object_unref: 0x55b10fff4500 unref 2->1
0:00:00.016501008  2748 0x556d67130360 DEBUG   GST_REGISTRY gstregistrychunks.c:540:gst_registry_chunks_load_pad_template: Added pad_template sink
0:00:00.012317579  2749 0x55b10ffbf360 TRACE   GST_REFCOUNTING gstobject.c:264:gst_object_unref: 0x55b10fff6a10 unref 2->1
0:00:00.012326797  2749 0x55b10ffbf360 TRACE   GST_REFCOUNTING gstobject.c:264:gst_object_unref: 0x55b10fff76c0 unref 2->1
0:00:00.016511408  2748 0x556d67130360 DEBUG   GST_REGISTRY gstregistry.c:589:gst_registry_add_feature: adding feature 0x556d67156890 (streamiddemux)
0:00:00.012332788  2749 0x55b10ffbf360 TRACE   GST_REFCOUNTING gstobject.c:264:gst_object_unref: 0x55b10fff84a0 unref 2->1
0:00:00.016521180  2748 0x556d67130360 DEBUG   GST_REFCOUNTING gstobject.c:708:gst_object_set_parent: set parent (ref and sink)
0:00:00.012339221  2749 0x55b10ffbf360 TRACE   GST_REFCOUNTING gstobject.c:264:gst_object_unref: 0x55b10fff9210 unref 2->1
0:00:00.012347635  2749 0x55b10ffbf360 TRACE   GST_REFCOUNTING gstobject.c:264:gst_object_unref: 0x55b10fffa750 unref 2->1
0:00:00.016532156  2748 0x556d67130360 TRACE   GST_REFCOUNTING gstobject.c:292:gst_object_ref_sink: 0x556d67156890 ref_sink 1->2
0:00:00.012353647  2749 0x55b10ffbf360 TRACE   GST_REFCOUNTING gstobject.c:264:gst_object_unref: 0x55b10fffb990 unref 2->1
0:00:00.016542145  2748 0x556d67130360 LOG   GST_REGISTRY gstregistry.c:607:gst_registry_add_feature: emitting feature-added for streamiddemux
0:00:00.012360091  2749 0x55b10ffbf360 TRACE   GST_REFCOUNTING gstobject.c:264:gst_object_unref: 0x55b10fffcb50 unref 2->1
0:00:00.012367889  2749 0x55b10ffbf360 TRACE   GST_REFCOUNTING gstobject.c:264:gst_object_unref: 0x55b10fffee30 unref 2->1
0:00:00.016552400  2748 0x556d67130360 DEBUG   GST_REGISTRY gstregistrychunks.c:741:gst_registry_chunks_load_feature: Added feature streamiddemux, plugin 0x556d67155cc0 coreelements
0:00:00.012373850  2749 0x55b10ffbf360 TRACE   GST_REFCOUNTING gstobject.c:264:gst_object_unref: 0x55b1100006d0 unref 2->1
0:00:00.016563227  2748 0x556d67130360 DEBUG   GST_REGISTRY gstregistrychunks.c:583:gst_registry_chunks_load_feature: Plugin 'coreelements' feature 'valve' typename : 'GstElementFactory'
0:00:00.012380189  2749 0x55b10ffbf360 TRACE   GST_REFCOUNTING gstobject.c:264:gst_object_unref: 0x55b110001b50 unref 2->1
0:00:00.012389009  2749 0x55b10ffbf360 TRACE   GST_REFCOUNTING gstobject.c:264:gst_object_unref: 0x55b110002f30 unref 2->1
0:00:00.016573546  2748 0x556d67130360 TRACE   GST_REFCOUNTING gstobject.c:208:gst_object_init: 0x556d671589b0 new
0:00:00.012395020  2749 0x55b10ffbf360 TRACE   GST_REFCOUNTING gstobject.c:264:gst_object_unref: 0x55b110003f20 unref 2->1
0:00:00.016584200  2748 0x556d67130360 LOG   GST_REGISTRY gstregistrychunks.c:610:gst_registry_chunks_load_feature: Reading/casting for GstRegistryChunkElementFactory at address 0x556d67156da8
0:00:00.012401325  2749 0x55b10ffbf360 TRACE   GST_REFCOUNTING gstobject.c:264:gst_object_unref: 0x55b110005a00 unref 2->1
0:00:00.016598315  2748 0x556d67130360 TRACE   structure gststructure.c:292:gst_structure_new_id_empty_with_size: created structure 0x556d67158be0
0:00:00.012415078  2749 0x55b10ffbf360 TRACE   GST_REFCOUNTING gstobject.c:264:gst_object_unref: 0x55b110006c00 unref 2->1
0:00:00.016607198  2748 0x556d67130360 DEBUG   structure gststructure.c:2258:gst_structure_parse_field: trying field name 'long-name'
0:00:00.012425768  2749 0x55b10ffbf360 DEBUG   GST_REGISTRY gstregistrychunks.c:498:_priv_gst_registry_chunks_save_plugin: Found 22 features in plugin 0x55b10ffe9350 (coreelements)
0:00:00.012433068  2749 0x55b10ffbf360 DEBUG   GST_POLL gstpoll.c:979:gst_poll_fd_ctl_write: 0x55b10ffe3d30: fd (fd:0, idx:1), active : 1
0:00:00.016615274  2748 0x556d67130360 DEBUG   default gstvalue.c:2776:_priv_gst_value_parse_value: trying type name 'string'
0:00:00.012439031  2749 0x55b10ffbf360 LOG   GST_POLL gstpoll.c:994:gst_poll_fd_ctl_write: 0x55b10ffe3d30: pfd->events now 60 (POLLOUT:4)
0:00:00.012445511  2749 0x55b10ffbf360 DEBUG   GST_POLL gstpoll.c:979:gst_poll_fd_ctl_write: 0x55b10ffe3d30: fd (fd:0, idx:1), active : 1
0:00:00.016629498  2748 0x556d67130360 DEBUG   structure gststructure.c:2258:gst_structure_parse_field: trying field name 'klass'
0:00:00.012451280  2749 0x55b10ffbf360 LOG   GST_POLL gstpoll.c:994:gst_poll_fd_ctl_write: 0x55b10ffe3d30: pfd->events now 60 (POLLOUT:4)
0:00:00.016640316  2748 0x556d67130360 DEBUG   default gstvalue.c:2776:_priv_gst_value_parse_value: trying type name 'string'
0:00:00.012457466  2749 0x55b10ffbf360 DEBUG   GST_POLL gstpoll.c:979:gst_poll_fd_ctl_write: 0x55b10ffe3d30: fd (fd:0, idx:1), active : 1
0:00:00.016648605  2748 0x556d67130360 DEBUG   structure gststructure.c:2258:gst_structure_parse_field: trying field name 'description'
0:00:00.012465174  2749 0x55b10ffbf360 LOG   GST_POLL gstpoll.c:994:gst_poll_fd_ctl_write: 0x55b10ffe3d30: pfd->events now 60 (POLLOUT:4)
0:00:00.016654700  2748 0x556d67130360 DEBUG   default gstvalue.c:2776:_priv_gst_value_parse_value: trying type name 'string'
0:00:00.012472423  2749 0x55b10ffbf360 DEBUG   GST_POLL gstpoll.c:979:gst_poll_fd_ctl_write: 0x55b10ffe3d30: fd (fd:0, idx:1), active : 1
0:00:00.016661315  2748 0x556d67130360 DEBUG   structure gststructure.c:2258:gst_structure_parse_field: trying field name 'author'
0:00:00.012478442  2749 0x55b10ffbf360 LOG   GST_POLL gstpoll.c:994:gst_poll_fd_ctl_write: 0x55b10ffe3d30: pfd->events now 60 (POLLOUT:4)
0:00:00.016667323  2748 0x556d67130360 DEBUG   default gstvalue.c:2776:_priv_gst_value_parse_value: trying type name 'string'
0:00:00.016674203  2748 0x556d67130360 DEBUG   GST_REGISTRY gstregistrychunks.c:627:gst_registry_chunks_load_feature: Element factory : npadtemplates=2
0:00:00.012489321  2749 0x55b10ffbf360 DEBUG   GST_POLL gstpoll.c:979:gst_poll_fd_ctl_write: 0x55b10ffe3d30: fd (fd:0, idx:1), active : 1
0:00:00.016679724  2748 0x556d67130360 DEBUG   GST_REGISTRY gstregistrychunks.c:526:gst_registry_chunks_load_pad_template: Reading/casting for GstRegistryChunkPadTemplate at address 0x556d67156e98
0:00:00.012501413  2749 0x55b10ffbf360 LOG   GST_POLL gstpoll.c:994:gst_poll_fd_ctl_write: 0x55b10ffe3d30: pfd->events now 60 (POLLOUT:4)
0:00:00.016688407  2748 0x556d67130360 DEBUG   GST_REGISTRY gstregistrychunks.c:540:gst_registry_chunks_load_pad_template: Added pad_template sink
0:00:00.012507871  2749 0x55b10ffbf360 DEBUG   GST_POLL gstpoll.c:979:gst_poll_fd_ctl_write: 0x55b10ffe3d30: fd (fd:0, idx:1), active : 1
0:00:00.016694268  2748 0x556d67130360 DEBUG   GST_REGISTRY gstregistrychunks.c:526:gst_registry_chunks_load_pad_template: Reading/casting for GstRegistryChunkPadTemplate at address 0x556d67156eb0
0:00:00.012513729  2749 0x55b10ffbf360 LOG   GST_POLL gstpoll.c:994:gst_poll_fd_ctl_write: 0x55b10ffe3d30: pfd->events now 60 (POLLOUT:4)
0:00:00.016700796  2748 0x556d67130360 DEBUG   GST_REGISTRY gstregistrychunks.c:540:gst_registry_chunks_load_pad_template: Added pad_template src
0:00:00.012519787  2749 0x55b10ffbf360 DEBUG   GST_POLL gstpoll.c:979:gst_poll_fd_ctl_write: 0x55b10ffe3d30: fd (fd:0, idx:1), active : 1
0:00:00.016708200  2748 0x556d67130360 DEBUG   GST_REGISTRY gstregistry.c:589:gst_registry_add_feature: adding feature 0x556d671589b0 (valve)
0:00:00.012525727  2749 0x55b10ffbf360 LOG   GST_POLL gstpoll.c:994:gst_poll_fd_ctl_write: 0x55b10ffe3d30: pfd->events now 60 (POLLOUT:4)
0:00:00.016714325  2748 0x556d67130360 DEBUG   GST_REFCOUNTING gstobject.c:708:gst_object_set_parent: set parent (ref and sink)
0:00:00.012531842  2749 0x55b10ffbf360 DEBUG   GST_POLL gstpoll.c:979:gst_poll_fd_ctl_write: 0x55b10ffe3d30: fd (fd:0, idx:1), active : 1
0:00:00.016721885  2748 0x556d67130360 TRACE   GST_REFCOUNTING gstobject.c:292:gst_object_ref_sink: 0x556d671589b0 ref_sink 1->2
0:00:00.012538403  2749 0x55b10ffbf360 LOG   GST_POLL gstpoll.c:994:gst_poll_fd_ctl_write: 0x55b10ffe3d30: pfd->events now 60 (POLLOUT:4)
0:00:00.016728478  2748 0x556d67130360 LOG   GST_REGISTRY gstregistry.c:607:gst_registry_add_feature: emitting feature-added for valve
0:00:00.012545851  2749 0x55b10ffbf360 DEBUG   GST_POLL gstpoll.c:979:gst_poll_fd_ctl_write: 0x55b10ffe3d30: fd (fd:0, idx:1), active : 1
0:00:00.016735169  2748 0x556d67130360 DEBUG   GST_REGISTRY gstregistrychunks.c:741:gst_registry_chunks_load_feature: Added feature valve, plugin 0x556d67155cc0 coreelements
0:00:00.012551596  2749 0x55b10ffbf360 LOG   GST_POLL gstpoll.c:994:gst_poll_fd_ctl_write: 0x55b10ffe3d30: pfd->events now 60 (POLLOUT:4)
0:00:00.016741770  2748 0x556d67130360 DEBUG   GST_REGISTRY gstregistrychunks.c:583:gst_registry_chunks_load_feature: Plugin 'coreelements' feature 'multiqueue' typename : 'GstElementFactory'
0:00:00.012558772  2749 0x55b10ffbf360 DEBUG   GST_POLL gstpoll.c:979:gst_poll_fd_ctl_write: 0x55b10ffe3d30: fd (fd:0, idx:1), active : 1
0:00:00.012565013  2749 0x55b10ffbf360 LOG   GST_POLL gstpoll.c:994:gst_poll_fd_ctl_write: 0x55b10ffe3d30: pfd->events now 60 (POLLOUT:4)
0:00:00.016749304  2748 0x556d67130360 TRACE   GST_REFCOUNTING gstobject.c:208:gst_object_init: 0x556d67158e30 new
0:00:00.012570921  2749 0x55b10ffbf360 DEBUG   GST_POLL gstpoll.c:979:gst_poll_fd_ctl_write: 0x55b10ffe3d30: fd (fd:0, idx:1), active : 1
0:00:00.012579849  2749 0x55b10ffbf360 LOG   GST_POLL gstpoll.c:994:gst_poll_fd_ctl_write: 0x55b10ffe3d30: pfd->events now 60 (POLLOUT:4)
0:00:00.016766616  2748 0x556d67130360 LOG   GST_REGISTRY gstregistrychunks.c:610:gst_registry_chunks_load_feature: Reading/casting for GstRegistryChunkElementFactory at address 0x556d67156ee0
0:00:00.012585525  2749 0x55b10ffbf360 DEBUG   GST_POLL gstpoll.c:979:gst_poll_fd_ctl_write: 0x55b10ffe3d30: fd (fd:0, idx:1), active : 1
0:00:00.016773451  2748 0x556d67130360 TRACE   structure gststructure.c:292:gst_structure_new_id_empty_with_size: created structure 0x556d67159060
0:00:00.012591421  2749 0x55b10ffbf360 LOG   GST_POLL gstpoll.c:994:gst_poll_fd_ctl_write: 0x55b10ffe3d30: pfd->events now 60 (POLLOUT:4)
0:00:00.016779680  2748 0x556d67130360 DEBUG   structure gststructure.c:2258:gst_structure_parse_field: trying field name 'long-name'
0:00:00.012597429  2749 0x55b10ffbf360 DEBUG   GST_POLL gstpoll.c:979:gst_poll_fd_ctl_write: 0x55b10ffe3d30: fd (fd:0, idx:1), active : 1
0:00:00.016785606  2748 0x556d67130360 DEBUG   default gstvalue.c:2776:_priv_gst_value_parse_value: trying type name 'string'
0:00:00.012603241  2749 0x55b10ffbf360 LOG   GST_POLL gstpoll.c:994:gst_poll_fd_ctl_write: 0x55b10ffe3d30: pfd->events now 60 (POLLOUT:4)
0:00:00.016792075  2748 0x556d67130360 DEBUG   structure gststructure.c:2258:gst_structure_parse_field: trying field name 'klass'
0:00:00.012609249  2749 0x55b10ffbf360 DEBUG   GST_POLL gstpoll.c:979:gst_poll_fd_ctl_write: 0x55b10ffe3d30: fd (fd:0, idx:1), active : 1
0:00:00.016797923  2748 0x556d67130360 DEBUG   default gstvalue.c:2776:_priv_gst_value_parse_value: trying type name 'string'
0:00:00.012615155  2749 0x55b10ffbf360 LOG   GST_POLL gstpoll.c:994:gst_poll_fd_ctl_write: 0x55b10ffe3d30: pfd->events now 60 (POLLOUT:4)
0:00:00.016804470  2748 0x556d67130360 DEBUG   structure gststructure.c:2258:gst_structure_parse_field: trying field name 'description'
0:00:00.012621753  2749 0x55b10ffbf360 DEBUG   GST_POLL gstpoll.c:979:gst_poll_fd_ctl_write: 0x55b10ffe3d30: fd (fd:0, idx:1), active : 1
0:00:00.016810458  2748 0x556d67130360 DEBUG   default gstvalue.c:2776:_priv_gst_value_parse_value: trying type name 'string'
0:00:00.012627523  2749 0x55b10ffbf360 LOG   GST_POLL gstpoll.c:994:gst_poll_fd_ctl_write: 0x55b10ffe3d30: pfd->events now 60 (POLLOUT:4)
0:00:00.016817240  2748 0x556d67130360 DEBUG   structure gststructure.c:2258:gst_structure_parse_field: trying field name 'author'
0:00:00.012634186  2749 0x55b10ffbf360 DEBUG   GST_POLL gstpoll.c:979:gst_poll_fd_ctl_write: 0x55b10ffe3d30: fd (fd:0, idx:1), active : 1
0:00:00.016823164  2748 0x556d67130360 DEBUG   default gstvalue.c:2776:_priv_gst_value_parse_value: trying type name 'string'
0:00:00.012640440  2749 0x55b10ffbf360 LOG   GST_POLL gstpoll.c:994:gst_poll_fd_ctl_write: 0x55b10ffe3d30: pfd->events now 60 (POLLOUT:4)
0:00:00.016830182  2748 0x556d67130360 DEBUG   GST_REGISTRY gstregistrychunks.c:627:gst_registry_chunks_load_feature: Element factory : npadtemplates=2
0:00:00.012650741  2749 0x55b10ffbf360 DEBUG   GST_POLL gstpoll.c:979:gst_poll_fd_ctl_write: 0x55b10ffe3d30: fd (fd:0, idx:1), active : 1
0:00:00.016837296  2748 0x556d67130360 DEBUG   GST_REGISTRY gstregistrychunks.c:526:gst_registry_chunks_load_pad_template: Reading/casting for GstRegistryChunkPadTemplate at address 0x556d67156fa0
0:00:00.012656836  2749 0x55b10ffbf360 LOG   GST_POLL gstpoll.c:994:gst_poll_fd_ctl_write: 0x55b10ffe3d30: pfd->events now 60 (POLLOUT:4)
0:00:00.016843852  2748 0x556d67130360 DEBUG   GST_REGISTRY gstregistrychunks.c:540:gst_registry_chunks_load_pad_template: Added pad_template src_%u
0:00:00.012662928  2749 0x55b10ffbf360 DEBUG   GST_POLL gstpoll.c:979:gst_poll_fd_ctl_write: 0x55b10ffe3d30: fd (fd:0, idx:1), active : 1
0:00:00.016849748  2748 0x556d67130360 DEBUG   GST_REGISTRY gstregistrychunks.c:526:gst_registry_chunks_load_pad_template: Reading/casting for GstRegistryChunkPadTemplate at address 0x556d67156fb8
0:00:00.012668898  2749 0x55b10ffbf360 LOG   GST_POLL gstpoll.c:994:gst_poll_fd_ctl_write: 0x55b10ffe3d30: pfd->events now 60 (POLLOUT:4)
0:00:00.016856091  2748 0x556d67130360 DEBUG   GST_REGISTRY gstregistrychunks.c:540:gst_registry_chunks_load_pad_template: Added pad_template sink_%u
0:00:00.012674952  2749 0x55b10ffbf360 DEBUG   GST_POLL gstpoll.c:979:gst_poll_fd_ctl_write: 0x55b10ffe3d30: fd (fd:0, idx:1), active : 1
0:00:00.016863422  2748 0x556d67130360 DEBUG   GST_REGISTRY gstregistry.c:589:gst_registry_add_feature: adding feature 0x556d67158e30 (multiqueue)
0:00:00.012680821  2749 0x55b10ffbf360 LOG   GST_POLL gstpoll.c:994:gst_poll_fd_ctl_write: 0x55b10ffe3d30: pfd->events now 60 (POLLOUT:4)
0:00:00.016869614  2748 0x556d67130360 DEBUG   GST_REFCOUNTING gstobject.c:708:gst_object_set_parent: set parent (ref and sink)
0:00:00.012687257  2749 0x55b10ffbf360 DEBUG   GST_POLL gstpoll.c:979:gst_poll_fd_ctl_write: 0x55b10ffe3d30: fd (fd:0, idx:1), active : 1
0:00:00.016876804  2748 0x556d67130360 TRACE   GST_REFCOUNTING gstobject.c:292:gst_object_ref_sink: 0x556d67158e30 ref_sink 1->2
0:00:00.012693461  2749 0x55b10ffbf360 LOG   GST_POLL gstpoll.c:994:gst_poll_fd_ctl_write: 0x55b10ffe3d30: pfd->events now 60 (POLLOUT:4)
0:00:00.016883472  2748 0x556d67130360 LOG   GST_REGISTRY gstregistry.c:607:gst_registry_add_feature: emitting feature-added for multiqueue
0:00:00.012700721  2749 0x55b10ffbf360 DEBUG   GST_POLL gstpoll.c:979:gst_poll_fd_ctl_write: 0x55b10ffe3d30: fd (fd:0, idx:1), active : 1
0:00:00.016890451  2748 0x556d67130360 DEBUG   GST_REGISTRY gstregistrychunks.c:741:gst_registry_chunks_load_feature: Added feature multiqueue, plugin 0x556d67155cc0 coreelements
0:00:00.012707037  2749 0x55b10ffbf360 LOG   GST_POLL gstpoll.c:994:gst_poll_fd_ctl_write: 0x55b10ffe3d30: pfd->events now 60 (POLLOUT:4)
0:00:00.016896987  2748 0x556d67130360 DEBUG   GST_REGISTRY gstregistrychunks.c:583:gst_registry_chunks_load_feature: Plugin 'coreelements' feature 'typefind' typename : 'GstElementFactory'
0:00:00.012713886  2749 0x55b10ffbf360 DEBUG   GST_POLL gstpoll.c:979:gst_poll_fd_ctl_write: 0x55b10ffe3d30: fd (fd:0, idx:1), active : 1
0:00:00.016908664  2748 0x556d67130360 TRACE   GST_REFCOUNTING gstobject.c:208:gst_object_init: 0x556d67159270 new
0:00:00.012725008  2749 0x55b10ffbf360 LOG   GST_POLL gstpoll.c:994:gst_poll_fd_ctl_write: 0x55b10ffe3d30: pfd->events now 60 (POLLOUT:4)
0:00:00.016916141  2748 0x556d67130360 LOG   GST_REGISTRY gstregistrychunks.c:610:gst_registry_chunks_load_feature: Reading/casting for GstRegistryChunkElementFactory at address 0x556d67156fe8
0:00:00.012733186  2749 0x55b10ffbf360 DEBUG   GST_POLL gstpoll.c:979:gst_poll_fd_ctl_write: 0x55b10ffe3d30: fd (fd:0, idx:1), active : 1
0:00:00.016922731  2748 0x556d67130360 TRACE   structure gststructure.c:292:gst_structure_new_id_empty_with_size: created structure 0x556d67159580
0:00:00.012739527  2749 0x55b10ffbf360 LOG   GST_POLL gstpoll.c:994:gst_poll_fd_ctl_write: 0x55b10ffe3d30: pfd->events now 60 (POLLOUT:4)
0:00:00.016928917  2748 0x556d67130360 DEBUG   structure gststructure.c:2258:gst_structure_parse_field: trying field name 'long-name'
0:00:00.012746535  2749 0x55b10ffbf360 DEBUG   GST_POLL gstpoll.c:979:gst_poll_fd_ctl_write: 0x55b10ffe3d30: fd (fd:0, idx:1), active : 1
0:00:00.016934749  2748 0x556d67130360 DEBUG   default gstvalue.c:2776:_priv_gst_value_parse_value: trying type name 'string'
0:00:00.012752452  2749 0x55b10ffbf360 LOG   GST_POLL gstpoll.c:994:gst_poll_fd_ctl_write: 0x55b10ffe3d30: pfd->events now 60 (POLLOUT:4)
0:00:00.016940985  2748 0x556d67130360 DEBUG   structure gststructure.c:2258:gst_structure_parse_field: trying field name 'klass'
0:00:00.012758577  2749 0x55b10ffbf360 DEBUG   GST_POLL gstpoll.c:979:gst_poll_fd_ctl_write: 0x55b10ffe3d30: fd (fd:0, idx:1), active : 1
0:00:00.016946758  2748 0x556d67130360 DEBUG   default gstvalue.c:2776:_priv_gst_value_parse_value: trying type name 'string'
0:00:00.012764532  2749 0x55b10ffbf360 LOG   GST_POLL gstpoll.c:994:gst_poll_fd_ctl_write: 0x55b10ffe3d30: pfd->events now 60 (POLLOUT:4)
0:00:00.016953007  2748 0x556d67130360 DEBUG   structure gststructure.c:2258:gst_structure_parse_field: trying field name 'description'
0:00:00.012770672  2749 0x55b10ffbf360 DEBUG   GST_POLL gstpoll.c:979:gst_poll_fd_ctl_write: 0x55b10ffe3d30: fd (fd:0, idx:1), active : 1
0:00:00.016958865  2748 0x556d67130360 DEBUG   default gstvalue.c:2776:_priv_gst_value_parse_value: trying type name 'string'
0:00:00.012776541  2749 0x55b10ffbf360 LOG   GST_POLL gstpoll.c:994:gst_poll_fd_ctl_write: 0x55b10ffe3d30: pfd->events now 60 (POLLOUT:4)
0:00:00.016965317  2748 0x556d67130360 DEBUG   structure gststructure.c:2258:gst_structure_parse_field: trying field name 'author'
0:00:00.012782938  2749 0x55b10ffbf360 DEBUG   GST_POLL gstpoll.c:979:gst_poll_fd_ctl_write: 0x55b10ffe3d30: fd (fd:0, idx:1), active : 1
0:00:00.016971267  2748 0x556d67130360 DEBUG   default gstvalue.c:2776:_priv_gst_value_parse_value: trying type name 'string'
0:00:00.012788941  2749 0x55b10ffbf360 LOG   GST_POLL gstpoll.c:994:gst_poll_fd_ctl_write: 0x55b10ffe3d30: pfd->events now 60 (POLLOUT:4)
0:00:00.016977939  2748 0x556d67130360 DEBUG   GST_REGISTRY gstregistrychunks.c:627:gst_registry_chunks_load_feature: Element factory : npadtemplates=2
0:00:00.012798963  2749 0x55b10ffbf360 DEBUG   GST_POLL gstpoll.c:979:gst_poll_fd_ctl_write: 0x55b10ffe3d30: fd (fd:0, idx:1), active : 1
0:00:00.016985588  2748 0x556d67130360 DEBUG   GST_REGISTRY gstregistrychunks.c:526:gst_registry_chunks_load_pad_template: Reading/casting for GstRegistryChunkPadTemplate at address 0x556d671570c0
0:00:00.012805071  2749 0x55b10ffbf360 LOG   GST_POLL gstpoll.c:994:gst_poll_fd_ctl_write: 0x55b10ffe3d30: pfd->events now 60 (POLLOUT:4)
0:00:00.016992135  2748 0x556d67130360 DEBUG   GST_REGISTRY gstregistrychunks.c:540:gst_registry_chunks_load_pad_template: Added pad_template sink
0:00:00.012811276  2749 0x55b10ffbf360 DEBUG   GST_POLL gstpoll.c:979:gst_poll_fd_ctl_write: 0x55b10ffe3d30: fd (fd:0, idx:1), active : 1
0:00:00.016997852  2748 0x556d67130360 DEBUG   GST_REGISTRY gstregistrychunks.c:526:gst_registry_chunks_load_pad_template: Reading/casting for GstRegistryChunkPadTemplate at address 0x556d671570d8
0:00:00.012817109  2749 0x55b10ffbf360 LOG   GST_POLL gstpoll.c:994:gst_poll_fd_ctl_write: 0x55b10ffe3d30: pfd->events now 60 (POLLOUT:4)
0:00:00.017003988  2748 0x556d67130360 DEBUG   GST_REGISTRY gstregistrychunks.c:540:gst_registry_chunks_load_pad_template: Added pad_template src
0:00:00.012823226  2749 0x55b10ffbf360 DEBUG   GST_POLL gstpoll.c:979:gst_poll_fd_ctl_write: 0x55b10ffe3d30: fd (fd:0, idx:1), active : 1
0:00:00.017010987  2748 0x556d67130360 DEBUG   GST_REGISTRY gstregistry.c:589:gst_registry_add_feature: adding feature 0x556d67159270 (typefind)
0:00:00.012829005  2749 0x55b10ffbf360 LOG   GST_POLL gstpoll.c:994:gst_poll_fd_ctl_write: 0x55b10ffe3d30: pfd->events now 60 (POLLOUT:4)
0:00:00.017017067  2748 0x556d67130360 DEBUG   GST_REFCOUNTING gstobject.c:708:gst_object_set_parent: set parent (ref and sink)
0:00:00.012835213  2749 0x55b10ffbf360 DEBUG   GST_POLL gstpoll.c:979:gst_poll_fd_ctl_write: 0x55b10ffe3d30: fd (fd:0, idx:1), active : 1
0:00:00.017024146  2748 0x556d67130360 TRACE   GST_REFCOUNTING gstobject.c:292:gst_object_ref_sink: 0x556d67159270 ref_sink 1->2
0:00:00.012856188  2749 0x55b10ffbf360 LOG   GST_POLL gstpoll.c:994:gst_poll_fd_ctl_write: 0x55b10ffe3d30: pfd->events now 60 (POLLOUT:4)
0:00:00.017044024  2748 0x556d67130360 LOG   GST_REGISTRY gstregistry.c:607:gst_registry_add_feature: emitting feature-added for typefind
0:00:00.012869756  2749 0x55b10ffbf360 DEBUG   GST_POLL gstpoll.c:979:gst_poll_fd_ctl_write: 0x55b10ffe3d30: fd (fd:0, idx:1), active : 1
0:00:00.017059368  2748 0x556d67130360 DEBUG   GST_REGISTRY gstregistrychunks.c:741:gst_registry_chunks_load_feature: Added feature typefind, plugin 0x556d67155cc0 coreelements
0:00:00.012877688  2749 0x55b10ffbf360 LOG   GST_POLL gstpoll.c:994:gst_poll_fd_ctl_write: 0x55b10ffe3d30: pfd->events now 60 (POLLOUT:4)
0:00:00.017069170  2748 0x556d67130360 DEBUG   GST_REGISTRY gstregistrychunks.c:583:gst_registry_chunks_load_feature: Plugin 'coreelements' feature 'tee' typename : 'GstElementFactory'
0:00:00.012885445  2749 0x55b10ffbf360 DEBUG   GST_POLL gstpoll.c:979:gst_poll_fd_ctl_write: 0x55b10ffe3d30: fd (fd:0, idx:1), active : 1
0:00:00.012897363  2749 0x55b10ffbf360 LOG   GST_POLL gstpoll.c:994:gst_poll_fd_ctl_write: 0x55b10ffe3d30: pfd->events now 60 (POLLOUT:4)
0:00:00.017081868  2748 0x556d67130360 TRACE   GST_REFCOUNTING gstobject.c:208:gst_object_init: 0x556d671597d0 new
0:00:00.012903201  2749 0x55b10ffbf360 DEBUG   GST_POLL gstpoll.c:979:gst_poll_fd_ctl_write: 0x55b10ffe3d30: fd (fd:0, idx:1), active : 1
0:00:00.017091335  2748 0x556d67130360 LOG   GST_REGISTRY gstregistrychunks.c:610:gst_registry_chunks_load_feature: Reading/casting for GstRegistryChunkElementFactory at address 0x556d67157100
0:00:00.012909163  2749 0x55b10ffbf360 LOG   GST_POLL gstpoll.c:994:gst_poll_fd_ctl_write: 0x55b10ffe3d30: pfd->events now 60 (POLLOUT:4)
0:00:00.017097732  2748 0x556d67130360 TRACE   structure gststructure.c:292:gst_structure_new_id_empty_with_size: created structure 0x556d67159a10
0:00:00.012915218  2749 0x55b10ffbf360 DEBUG   GST_POLL gstpoll.c:979:gst_poll_fd_ctl_write: 0x55b10ffe3d30: fd (fd:0, idx:1), active : 1
0:00:00.017103773  2748 0x556d67130360 DEBUG   structure gststructure.c:2258:gst_structure_parse_field: trying field name 'long-name'
0:00:00.012921167  2749 0x55b10ffbf360 LOG   GST_POLL gstpoll.c:994:gst_poll_fd_ctl_write: 0x55b10ffe3d30: pfd->events now 60 (POLLOUT:4)
0:00:00.017109627  2748 0x556d67130360 DEBUG   default gstvalue.c:2776:_priv_gst_value_parse_value: trying type name 'string'
0:00:00.012927350  2749 0x55b10ffbf360 DEBUG   GST_POLL gstpoll.c:979:gst_poll_fd_ctl_write: 0x55b10ffe3d30: fd (fd:0, idx:1), active : 1
0:00:00.017116208  2748 0x556d67130360 DEBUG   structure gststructure.c:2258:gst_structure_parse_field: trying field name 'klass'
0:00:00.012933276  2749 0x55b10ffbf360 LOG   GST_POLL gstpoll.c:994:gst_poll_fd_ctl_write: 0x55b10ffe3d30: pfd->events now 60 (POLLOUT:4)
0:00:00.017122205  2748 0x556d67130360 DEBUG   default gstvalue.c:2776:_priv_gst_value_parse_value: trying type name 'string'
0:00:00.012939826  2749 0x55b10ffbf360 DEBUG   GST_POLL gstpoll.c:979:gst_poll_fd_ctl_write: 0x55b10ffe3d30: fd (fd:0, idx:1), active : 1
0:00:00.017128470  2748 0x556d67130360 DEBUG   structure gststructure.c:2258:gst_structure_parse_field: trying field name 'description'
0:00:00.012945778  2749 0x55b10ffbf360 LOG   GST_POLL gstpoll.c:994:gst_poll_fd_ctl_write: 0x55b10ffe3d30: pfd->events now 60 (POLLOUT:4)
0:00:00.017142503  2748 0x556d67130360 DEBUG   default gstvalue.c:2776:_priv_gst_value_parse_value: trying type name 'string'
0:00:00.012960176  2749 0x55b10ffbf360 DEBUG   GST_POLL gstpoll.c:979:gst_poll_fd_ctl_write: 0x55b10ffe3d30: fd (fd:0, idx:1), active : 1
0:00:00.017149003  2748 0x556d67130360 DEBUG   structure gststructure.c:2258:gst_structure_parse_field: trying field name 'author'
0:00:00.012966060  2749 0x55b10ffbf360 LOG   GST_POLL gstpoll.c:994:gst_poll_fd_ctl_write: 0x55b10ffe3d30: pfd->events now 60 (POLLOUT:4)
0:00:00.017154969  2748 0x556d67130360 DEBUG   default gstvalue.c:2776:_priv_gst_value_parse_value: trying type name 'string'
0:00:00.012972495  2749 0x55b10ffbf360 DEBUG   GST_POLL gstpoll.c:979:gst_poll_fd_ctl_write: 0x55b10ffe3d30: fd (fd:0, idx:1), active : 1
0:00:00.017167043  2748 0x556d67130360 DEBUG   GST_REGISTRY gstregistrychunks.c:627:gst_registry_chunks_load_feature: Element factory : npadtemplates=2
0:00:00.012983246  2749 0x55b10ffbf360 LOG   GST_POLL gstpoll.c:994:gst_poll_fd_ctl_write: 0x55b10ffe3d30: pfd->events now 60 (POLLOUT:4)
0:00:00.017173027  2748 0x556d67130360 DEBUG   GST_REGISTRY gstregistrychunks.c:526:gst_registry_chunks_load_pad_template: Reading/casting for GstRegistryChunkPadTemplate at address 0x556d671571f0
0:00:00.012990778  2749 0x55b10ffbf360 DEBUG   GST_POLL gstpoll.c:979:gst_poll_fd_ctl_write: 0x55b10ffe3d30: fd (fd:0, idx:1), active : 1
0:00:00.017179150  2748 0x556d67130360 DEBUG   GST_REGISTRY gstregistrychunks.c:540:gst_registry_chunks_load_pad_template: Added pad_template src_%u
0:00:00.012996771  2749 0x55b10ffbf360 LOG   GST_POLL gstpoll.c:994:gst_poll_fd_ctl_write: 0x55b10ffe3d30: pfd->events now 60 (POLLOUT:4)
0:00:00.017184758  2748 0x556d67130360 DEBUG   GST_REGISTRY gstregistrychunks.c:526:gst_registry_chunks_load_pad_template: Reading/casting for GstRegistryChunkPadTemplate at address 0x556d67157208
0:00:00.013002861  2749 0x55b10ffbf360 DEBUG   GST_POLL gstpoll.c:979:gst_poll_fd_ctl_write: 0x55b10ffe3d30: fd (fd:0, idx:1), active : 1
0:00:00.017190670  2748 0x556d67130360 DEBUG   GST_REGISTRY gstregistrychunks.c:540:gst_registry_chunks_load_pad_template: Added pad_template sink
0:00:00.013012923  2749 0x55b10ffbf360 LOG   GST_POLL gstpoll.c:994:gst_poll_fd_ctl_write: 0x55b10ffe3d30: pfd->events now 60 (POLLOUT:4)
0:00:00.017199283  2748 0x556d67130360 DEBUG   GST_REGISTRY gstregistry.c:589:gst_registry_add_feature: adding feature 0x556d671597d0 (tee)
0:00:00.013019358  2749 0x55b10ffbf360 DEBUG   GST_POLL gstpoll.c:979:gst_poll_fd_ctl_write: 0x55b10ffe3d30: fd (fd:0, idx:1), active : 1
0:00:00.017206102  2748 0x556d67130360 DEBUG   GST_REFCOUNTING gstobject.c:708:gst_object_set_parent: set parent (ref and sink)
0:00:00.013025211  2749 0x55b10ffbf360 LOG   GST_POLL gstpoll.c:994:gst_poll_fd_ctl_write: 0x55b10ffe3d30: pfd->events now 60 (POLLOUT:4)
0:00:00.017213508  2748 0x556d67130360 TRACE   GST_REFCOUNTING gstobject.c:292:gst_object_ref_sink: 0x556d671597d0 ref_sink 1->2
0:00:00.013031393  2749 0x55b10ffbf360 DEBUG   GST_POLL gstpoll.c:979:gst_poll_fd_ctl_write: 0x55b10ffe3d30: fd (fd:0, idx:1), active : 1
0:00:00.017220040  2748 0x556d67130360 LOG   GST_REGISTRY gstregistry.c:607:gst_registry_add_feature: emitting feature-added for tee
0:00:00.013037337  2749 0x55b10ffbf360 LOG   GST_POLL gstpoll.c:994:gst_poll_fd_ctl_write: 0x55b10ffe3d30: pfd->events now 60 (POLLOUT:4)
0:00:00.017226712  2748 0x556d67130360 DEBUG   GST_REGISTRY gstregistrychunks.c:741:gst_registry_chunks_load_feature: Added feature tee, plugin 0x556d67155cc0 coreelements
0:00:00.013043655  2749 0x55b10ffbf360 DEBUG   GST_POLL gstpoll.c:979:gst_poll_fd_ctl_write: 0x55b10ffe3d30: fd (fd:0, idx:1), active : 1
0:00:00.017233200  2748 0x556d67130360 DEBUG   GST_REGISTRY gstregistrychunks.c:583:gst_registry_chunks_load_feature: Plugin 'coreelements' feature 'filesink' typename : 'GstElementFactory'
0:00:00.013072889  2749 0x55b10ffbf360 LOG   GST_POLL gstpoll.c:994:gst_poll_fd_ctl_write: 0x55b10ffe3d30: pfd->events now 60 (POLLOUT:4)
0:00:00.017261146  2748 0x556d67130360 TRACE   GST_REFCOUNTING gstobject.c:208:gst_object_init: 0x556d67159d40 new
0:00:00.013079370  2749 0x55b10ffbf360 DEBUG   GST_POLL gstpoll.c:979:gst_poll_fd_ctl_write: 0x55b10ffe3d30: fd (fd:0, idx:1), active : 1
0:00:00.013085426  2749 0x55b10ffbf360 LOG   GST_POLL gstpoll.c:994:gst_poll_fd_ctl_write: 0x55b10ffe3d30: pfd->events now 60 (POLLOUT:4)
0:00:00.013091430  2749 0x55b10ffbf360 DEBUG   GST_POLL gstpoll.c:979:gst_poll_fd_ctl_write: 0x55b10ffe3d30: fd (fd:0, idx:1), active : 1
0:00:00.017277002  2748 0x556d67130360 LOG   GST_REGISTRY gstregistrychunks.c:610:gst_registry_chunks_load_feature: Reading/casting for GstRegistryChunkElementFactory at address 0x556d67157238
0:00:00.013097271  2749 0x55b10ffbf360 LOG   GST_POLL gstpoll.c:994:gst_poll_fd_ctl_write: 0x55b10ffe3d30: pfd->events now 60 (POLLOUT:4)
0:00:00.017285078  2748 0x556d67130360 TRACE   structure gststructure.c:292:gst_structure_new_id_empty_with_size: created structure 0x556d6715a040
0:00:00.013103660  2749 0x55b10ffbf360 DEBUG   GST_POLL gstpoll.c:979:gst_poll_fd_ctl_write: 0x55b10ffe3d30: fd (fd:0, idx:1), active : 1
0:00:00.017291228  2748 0x556d67130360 DEBUG   structure gststructure.c:2258:gst_structure_parse_field: trying field name 'long-name'
0:00:00.013112574  2749 0x55b10ffbf360 LOG   GST_POLL gstpoll.c:994:gst_poll_fd_ctl_write: 0x55b10ffe3d30: pfd->events now 60 (POLLOUT:4)
0:00:00.017297372  2748 0x556d67130360 DEBUG   default gstvalue.c:2776:_priv_gst_value_parse_value: trying type name 'string'
0:00:00.013118895  2749 0x55b10ffbf360 DEBUG   GST_POLL gstpoll.c:979:gst_poll_fd_ctl_write: 0x55b10ffe3d30: fd (fd:0, idx:1), active : 1
0:00:00.017306010  2748 0x556d67130360 DEBUG   structure gststructure.c:2258:gst_structure_parse_field: trying field name 'klass'
0:00:00.013124995  2749 0x55b10ffbf360 LOG   GST_POLL gstpoll.c:994:gst_poll_fd_ctl_write: 0x55b10ffe3d30: pfd->events now 60 (POLLOUT:4)
0:00:00.017312087  2748 0x556d67130360 DEBUG   default gstvalue.c:2776:_priv_gst_value_parse_value: trying type name 'string'
0:00:00.013131214  2749 0x55b10ffbf360 DEBUG   GST_POLL gstpoll.c:979:gst_poll_fd_ctl_write: 0x55b10ffe3d30: fd (fd:0, idx:1), active : 1
0:00:00.017318833  2748 0x556d67130360 DEBUG   structure gststructure.c:2258:gst_structure_parse_field: trying field name 'description'
0:00:00.013137307  2749 0x55b10ffbf360 LOG   GST_POLL gstpoll.c:994:gst_poll_fd_ctl_write: 0x55b10ffe3d30: pfd->events now 60 (POLLOUT:4)
0:00:00.017324855  2748 0x556d67130360 DEBUG   default gstvalue.c:2776:_priv_gst_value_parse_value: trying type name 'string'
0:00:00.013143498  2749 0x55b10ffbf360 DEBUG   GST_POLL gstpoll.c:979:gst_poll_fd_ctl_write: 0x55b10ffe3d30: fd (fd:0, idx:1), active : 1
0:00:00.017331443  2748 0x556d67130360 DEBUG   structure gststructure.c:2258:gst_structure_parse_field: trying field name 'author'
0:00:00.013154107  2749 0x55b10ffbf360 LOG   GST_POLL gstpoll.c:994:gst_poll_fd_ctl_write: 0x55b10ffe3d30: pfd->events now 60 (POLLOUT:4)
0:00:00.017341081  2748 0x556d67130360 DEBUG   default gstvalue.c:2776:_priv_gst_value_parse_value: trying type name 'string'
0:00:00.013160555  2749 0x55b10ffbf360 DEBUG   GST_POLL gstpoll.c:979:gst_poll_fd_ctl_write: 0x55b10ffe3d30: fd (fd:0, idx:1), active : 1
0:00:00.017350010  2748 0x556d67130360 DEBUG   GST_REGISTRY gstregistrychunks.c:627:gst_registry_chunks_load_feature: Element factory : npadtemplates=1
0:00:00.013166736  2749 0x55b10ffbf360 LOG   GST_POLL gstpoll.c:994:gst_poll_fd_ctl_write: 0x55b10ffe3d30: pfd->events now 60 (POLLOUT:4)
0:00:00.017356086  2748 0x556d67130360 DEBUG   GST_REGISTRY gstregistrychunks.c:526:gst_registry_chunks_load_pad_template: Reading/casting for GstRegistryChunkPadTemplate at address 0x556d67157318
0:00:00.013173960  2749 0x55b10ffbf360 DEBUG   GST_POLL gstpoll.c:979:gst_poll_fd_ctl_write: 0x55b10ffe3d30: fd (fd:0, idx:1), active : 1
0:00:00.017362204  2748 0x556d67130360 DEBUG   GST_REGISTRY gstregistrychunks.c:540:gst_registry_chunks_load_pad_template: Added pad_template sink
0:00:00.013180074  2749 0x55b10ffbf360 LOG   GST_POLL gstpoll.c:994:gst_poll_fd_ctl_write: 0x55b10ffe3d30: pfd->events now 60 (POLLOUT:4)
0:00:00.017368945  2748 0x556d67130360 DEBUG   GST_REGISTRY gstregistrychunks.c:640:gst_registry_chunks_load_feature: Reading 1 UriTypes at address 0x556d67157329
0:00:00.013186462  2749 0x55b10ffbf360 DEBUG   GST_POLL gstpoll.c:979:gst_poll_fd_ctl_write: 0x55b10ffe3d30: fd (fd:0, idx:1), active : 1
0:00:00.017376891  2748 0x556d67130360 DEBUG   GST_REGISTRY gstregistrychunks.c:655:gst_registry_chunks_load_feature: Reading 1 Interfaces at address 0x556d67157339
0:00:00.013192608  2749 0x55b10ffbf360 LOG   GST_POLL gstpoll.c:994:gst_poll_fd_ctl_write: 0x55b10ffe3d30: pfd->events now 60 (POLLOUT:4)
0:00:00.017384735  2748 0x556d67130360 DEBUG   GST_REGISTRY gstregistry.c:589:gst_registry_add_feature: adding feature 0x556d67159d40 (filesink)
0:00:00.013200792  2749 0x55b10ffbf360 DEBUG   GST_POLL gstpoll.c:979:gst_poll_fd_ctl_write: 0x55b10ffe3d30: fd (fd:0, idx:1), active : 1
0:00:00.017390919  2748 0x556d67130360 DEBUG   GST_REFCOUNTING gstobject.c:708:gst_object_set_parent: set parent (ref and sink)
0:00:00.013208363  2749 0x55b10ffbf360 LOG   GST_POLL gstpoll.c:994:gst_poll_fd_ctl_write: 0x55b10ffe3d30: pfd->events now 60 (POLLOUT:4)
0:00:00.017398631  2748 0x556d67130360 TRACE   GST_REFCOUNTING gstobject.c:292:gst_object_ref_sink: 0x556d67159d40 ref_sink 1->2
0:00:00.013215469  2749 0x55b10ffbf360 DEBUG   GST_POLL gstpoll.c:979:gst_poll_fd_ctl_write: 0x55b10ffe3d30: fd (fd:0, idx:1), active : 1
0:00:00.017405451  2748 0x556d67130360 LOG   GST_REGISTRY gstregistry.c:607:gst_registry_add_feature: emitting feature-added for filesink
0:00:00.013222535  2749 0x55b10ffbf360 LOG   GST_POLL gstpoll.c:994:gst_poll_fd_ctl_write: 0x55b10ffe3d30: pfd->events now 60 (POLLOUT:4)
0:00:00.017412448  2748 0x556d67130360 DEBUG   GST_REGISTRY gstregistrychunks.c:741:gst_registry_chunks_load_feature: Added feature filesink, plugin 0x556d67155cc0 coreelements
0:00:00.013233306  2749 0x55b10ffbf360 DEBUG   GST_POLL gstpoll.c:979:gst_poll_fd_ctl_write: 0x55b10ffe3d30: fd (fd:0, idx:1), active : 1
0:00:00.017421018  2748 0x556d67130360 DEBUG   GST_REGISTRY gstregistrychunks.c:583:gst_registry_chunks_load_feature: Plugin 'coreelements' feature 'queue2' typename : 'GstElementFactory'
0:00:00.013239678  2749 0x55b10ffbf360 LOG   GST_POLL gstpoll.c:994:gst_poll_fd_ctl_write: 0x55b10ffe3d30: pfd->events now 60 (POLLOUT:4)
0:00:00.017428079  2748 0x556d67130360 TRACE   GST_REFCOUNTING gstobject.c:208:gst_object_init: 0x556d6715a550 new
0:00:00.013246089  2749 0x55b10ffbf360 DEBUG   GST_POLL gstpoll.c:979:gst_poll_fd_ctl_write: 0x55b10ffe3d30: fd (fd:0, idx:1), active : 1
0:00:00.017435535  2748 0x556d67130360 LOG   GST_REGISTRY gstregistrychunks.c:610:gst_registry_chunks_load_feature: Reading/casting for GstRegistryChunkElementFactory at address 0x556d67157360
0:00:00.013252141  2749 0x55b10ffbf360 LOG   GST_POLL gstpoll.c:994:gst_poll_fd_ctl_write: 0x55b10ffe3d30: pfd->events now 60 (POLLOUT:4)
0:00:00.017442068  2748 0x556d67130360 TRACE   structure gststructure.c:292:gst_structure_new_id_empty_with_size: created structure 0x556d6715a780
0:00:00.013259498  2749 0x55b10ffbf360 DEBUG   GST_POLL gstpoll.c:979:gst_poll_fd_ctl_write: 0x55b10ffe3d30: fd (fd:0, idx:1), active : 1
0:00:00.017448216  2748 0x556d67130360 DEBUG   structure gststructure.c:2258:gst_structure_parse_field: trying field name 'long-name'
0:00:00.013265695  2749 0x55b10ffbf360 LOG   GST_POLL gstpoll.c:994:gst_poll_fd_ctl_write: 0x55b10ffe3d30: pfd->events now 60 (POLLOUT:4)
0:00:00.017454210  2748 0x556d67130360 DEBUG   default gstvalue.c:2776:_priv_gst_value_parse_value: trying type name 'string'
0:00:00.013271975  2749 0x55b10ffbf360 DEBUG   GST_POLL gstpoll.c:979:gst_poll_fd_ctl_write: 0x55b10ffe3d30: fd (fd:0, idx:1), active : 1
0:00:00.017460547  2748 0x556d67130360 DEBUG   structure gststructure.c:2258:gst_structure_parse_field: trying field name 'klass'
0:00:00.013278087  2749 0x55b10ffbf360 LOG   GST_POLL gstpoll.c:994:gst_poll_fd_ctl_write: 0x55b10ffe3d30: pfd->events now 60 (POLLOUT:4)
0:00:00.017466588  2748 0x556d67130360 DEBUG   default gstvalue.c:2776:_priv_gst_value_parse_value: trying type name 'string'
0:00:00.013284314  2749 0x55b10ffbf360 DEBUG   GST_POLL gstpoll.c:979:gst_poll_fd_ctl_write: 0x55b10ffe3d30: fd (fd:0, idx:1), active : 1
0:00:00.017472979  2748 0x556d67130360 DEBUG   structure gststructure.c:2258:gst_structure_parse_field: trying field name 'description'
0:00:00.013290435  2749 0x55b10ffbf360 LOG   GST_POLL gstpoll.c:994:gst_poll_fd_ctl_write: 0x55b10ffe3d30: pfd->events now 60 (POLLOUT:4)
0:00:00.017479004  2748 0x556d67130360 DEBUG   default gstvalue.c:2776:_priv_gst_value_parse_value: trying type name 'string'
0:00:00.013296832  2749 0x55b10ffbf360 DEBUG   GST_POLL gstpoll.c:979:gst_poll_fd_ctl_write: 0x55b10ffe3d30: fd (fd:0, idx:1), active : 1
0:00:00.017485682  2748 0x556d67130360 DEBUG   structure gststructure.c:2258:gst_structure_parse_field: trying field name 'author'
0:00:00.013306866  2749 0x55b10ffbf360 LOG   GST_POLL gstpoll.c:994:gst_poll_fd_ctl_write: 0x55b10ffe3d30: pfd->events now 60 (POLLOUT:4)
0:00:00.017493997  2748 0x556d67130360 DEBUG   default gstvalue.c:2776:_priv_gst_value_parse_value: trying type name 'string'
0:00:00.013313364  2749 0x55b10ffbf360 DEBUG   GST_POLL gstpoll.c:979:gst_poll_fd_ctl_write: 0x55b10ffe3d30: fd (fd:0, idx:1), active : 1
0:00:00.017501202  2748 0x556d67130360 DEBUG   GST_REGISTRY gstregistrychunks.c:627:gst_registry_chunks_load_feature: Element factory : npadtemplates=2
0:00:00.013319447  2749 0x55b10ffbf360 LOG   GST_POLL gstpoll.c:994:gst_poll_fd_ctl_write: 0x55b10ffe3d30: pfd->events now 60 (POLLOUT:4)
0:00:00.017507189  2748 0x556d67130360 DEBUG   GST_REGISTRY gstregistrychunks.c:526:gst_registry_chunks_load_pad_template: Reading/casting for GstRegistryChunkPadTemplate at address 0x556d67157450
0:00:00.013325779  2749 0x55b10ffbf360 DEBUG   GST_POLL gstpoll.c:979:gst_poll_fd_ctl_write: 0x55b10ffe3d30: fd (fd:0, idx:1), active : 1
0:00:00.017513230  2748 0x556d67130360 DEBUG   GST_REGISTRY gstregistrychunks.c:540:gst_registry_chunks_load_pad_template: Added pad_template sink
0:00:00.013331780  2749 0x55b10ffbf360 LOG   GST_POLL gstpoll.c:994:gst_poll_fd_ctl_write: 0x55b10ffe3d30: pfd->events now 60 (POLLOUT:4)
0:00:00.017519248  2748 0x556d67130360 DEBUG   GST_REGISTRY gstregistrychunks.c:526:gst_registry_chunks_load_pad_template: Reading/casting for GstRegistryChunkPadTemplate at address 0x556d67157468
