0:00:00.013338140  2749 0x55b10ffbf360 DEBUG   GST_POLL gstpoll.c:979:gst_poll_fd_ctl_write: 0x55b10ffe3d30: fd (fd:0, idx:1), active : 1
0:00:00.017525287  2748 0x556d67130360 DEBUG   GST_REGISTRY gstregistrychunks.c:540:gst_registry_chunks_load_pad_template: Added pad_template src
0:00:00.013344212  2749 0x55b10ffbf360 LOG   GST_POLL gstpoll.c:994:gst_poll_fd_ctl_write: 0x55b10ffe3d30: pfd->events now 60 (POLLOUT:4)
0:00:00.017532464  2748 0x556d67130360 DEBUG   GST_REGISTRY gstregistry.c:589:gst_registry_add_feature: adding feature 0x556d6715a550 (queue2)
0:00:00.013350485  2749 0x55b10ffbf360 DEBUG   GST_POLL gstpoll.c:979:gst_poll_fd_ctl_write: 0x55b10ffe3d30: fd (fd:0, idx:1), active : 1
0:00:00.017538537  2748 0x556d67130360 DEBUG   GST_REFCOUNTING gstobject.c:708:gst_object_set_parent: set parent (ref and sink)
0:00:00.013356586  2749 0x55b10ffbf360 LOG   GST_POLL gstpoll.c:994:gst_poll_fd_ctl_write: 0x55b10ffe3d30: pfd->events now 60 (POLLOUT:4)
0:00:00.017545850  2748 0x556d67130360 TRACE   GST_REFCOUNTING gstobject.c:292:gst_object_ref_sink: 0x556d6715a550 ref_sink 1->2
0:00:00.013362942  2749 0x55b10ffbf360 DEBUG   GST_POLL gstpoll.c:979:gst_poll_fd_ctl_write: 0x55b10ffe3d30: fd (fd:0, idx:1), active : 1
0:00:00.017552683  2748 0x556d67130360 LOG   GST_REGISTRY gstregistry.c:607:gst_registry_add_feature: emitting feature-added for queue2
0:00:00.013369975  2749 0x55b10ffbf360 LOG   GST_POLL gstpoll.c:994:gst_poll_fd_ctl_write: 0x55b10ffe3d30: pfd->events now 60 (POLLOUT:4)
0:00:00.017559473  2748 0x556d67130360 DEBUG   GST_REGISTRY gstregistrychunks.c:741:gst_registry_chunks_load_feature: Added feature queue2, plugin 0x556d67155cc0 coreelements
0:00:00.013384849  2749 0x55b10ffbf360 DEBUG   GST_POLL gstpoll.c:979:gst_poll_fd_ctl_write: 0x55b10ffe3d30: fd (fd:0, idx:1), active : 1
0:00:00.017571934  2748 0x556d67130360 DEBUG   GST_REGISTRY gstregistrychunks.c:583:gst_registry_chunks_load_feature: Plugin 'coreelements' feature 'queue' typename : 'GstElementFactory'
0:00:00.013391226  2749 0x55b10ffbf360 LOG   GST_POLL gstpoll.c:994:gst_poll_fd_ctl_write: 0x55b10ffe3d30: pfd->events now 60 (POLLOUT:4)
0:00:00.017579058  2748 0x556d67130360 TRACE   GST_REFCOUNTING gstobject.c:208:gst_object_init: 0x556d6715aa10 new
0:00:00.013397635  2749 0x55b10ffbf360 DEBUG   GST_POLL gstpoll.c:979:gst_poll_fd_ctl_write: 0x55b10ffe3d30: fd (fd:0, idx:1), active : 1
0:00:00.017586698  2748 0x556d67130360 LOG   GST_REGISTRY gstregistrychunks.c:610:gst_registry_chunks_load_feature: Reading/casting for GstRegistryChunkElementFactory at address 0x556d67157490
0:00:00.013403830  2749 0x55b10ffbf360 LOG   GST_POLL gstpoll.c:994:gst_poll_fd_ctl_write: 0x55b10ffe3d30: pfd->events now 60 (POLLOUT:4)
0:00:00.017593115  2748 0x556d67130360 TRACE   structure gststructure.c:292:gst_structure_new_id_empty_with_size: created structure 0x556d6715ac40
0:00:00.013410610  2749 0x55b10ffbf360 DEBUG   GST_POLL gstpoll.c:979:gst_poll_fd_ctl_write: 0x55b10ffe3d30: fd (fd:0, idx:1), active : 1
0:00:00.017599210  2748 0x556d67130360 DEBUG   structure gststructure.c:2258:gst_structure_parse_field: trying field name 'long-name'
0:00:00.013416742  2749 0x55b10ffbf360 LOG   GST_POLL gstpoll.c:994:gst_poll_fd_ctl_write: 0x55b10ffe3d30: pfd->events now 60 (POLLOUT:4)
0:00:00.017605368  2748 0x556d67130360 DEBUG   default gstvalue.c:2776:_priv_gst_value_parse_value: trying type name 'string'
0:00:00.013423109  2749 0x55b10ffbf360 DEBUG   GST_POLL gstpoll.c:979:gst_poll_fd_ctl_write: 0x55b10ffe3d30: fd (fd:0, idx:1), active : 1
0:00:00.017611789  2748 0x556d67130360 DEBUG   structure gststructure.c:2258:gst_structure_parse_field: trying field name 'klass'
0:00:00.013429060  2749 0x55b10ffbf360 LOG   GST_POLL gstpoll.c:994:gst_poll_fd_ctl_write: 0x55b10ffe3d30: pfd->events now 60 (POLLOUT:4)
0:00:00.017617899  2748 0x556d67130360 DEBUG   default gstvalue.c:2776:_priv_gst_value_parse_value: trying type name 'string'
0:00:00.013435423  2749 0x55b10ffbf360 DEBUG   GST_POLL gstpoll.c:979:gst_poll_fd_ctl_write: 0x55b10ffe3d30: fd (fd:0, idx:1), active : 1
0:00:00.017624298  2748 0x556d67130360 DEBUG   structure gststructure.c:2258:gst_structure_parse_field: trying field name 'description'
0:00:00.013441450  2749 0x55b10ffbf360 LOG   GST_POLL gstpoll.c:994:gst_poll_fd_ctl_write: 0x55b10ffe3d30: pfd->events now 60 (POLLOUT:4)
0:00:00.017630634  2748 0x556d67130360 DEBUG   default gstvalue.c:2776:_priv_gst_value_parse_value: trying type name 'string'
0:00:00.013448211  2749 0x55b10ffbf360 DEBUG   GST_POLL gstpoll.c:979:gst_poll_fd_ctl_write: 0x55b10ffe3d30: fd (fd:0, idx:1), active : 1
0:00:00.017637341  2748 0x556d67130360 DEBUG   structure gststructure.c:2258:gst_structure_parse_field: trying field name 'author'
0:00:00.013458471  2749 0x55b10ffbf360 LOG   GST_POLL gstpoll.c:994:gst_poll_fd_ctl_write: 0x55b10ffe3d30: pfd->events now 60 (POLLOUT:4)
0:00:00.017645618  2748 0x556d67130360 DEBUG   default gstvalue.c:2776:_priv_gst_value_parse_value: trying type name 'string'
0:00:00.013464901  2749 0x55b10ffbf360 DEBUG   GST_POLL gstpoll.c:979:gst_poll_fd_ctl_write: 0x55b10ffe3d30: fd (fd:0, idx:1), active : 1
0:00:00.017652433  2748 0x556d67130360 DEBUG   GST_REGISTRY gstregistrychunks.c:627:gst_registry_chunks_load_feature: Element factory : npadtemplates=2
0:00:00.013470999  2749 0x55b10ffbf360 LOG   GST_POLL gstpoll.c:994:gst_poll_fd_ctl_write: 0x55b10ffe3d30: pfd->events now 60 (POLLOUT:4)
0:00:00.017658703  2748 0x556d67130360 DEBUG   GST_REGISTRY gstregistrychunks.c:526:gst_registry_chunks_load_pad_template: Reading/casting for GstRegistryChunkPadTemplate at address 0x556d67157548
0:00:00.013477334  2749 0x55b10ffbf360 DEBUG   GST_POLL gstpoll.c:979:gst_poll_fd_ctl_write: 0x55b10ffe3d30: fd (fd:0, idx:1), active : 1
0:00:00.017664697  2748 0x556d67130360 DEBUG   GST_REGISTRY gstregistrychunks.c:540:gst_registry_chunks_load_pad_template: Added pad_template sink
0:00:00.013483559  2749 0x55b10ffbf360 LOG   GST_POLL gstpoll.c:994:gst_poll_fd_ctl_write: 0x55b10ffe3d30: pfd->events now 60 (POLLOUT:4)
0:00:00.017673611  2748 0x556d67130360 DEBUG   GST_REGISTRY gstregistrychunks.c:526:gst_registry_chunks_load_pad_template: Reading/casting for GstRegistryChunkPadTemplate at address 0x556d67157560
0:00:00.013494343  2749 0x55b10ffbf360 DEBUG   GST_POLL gstpoll.c:979:gst_poll_fd_ctl_write: 0x55b10ffe3d30: fd (fd:0, idx:1), active : 1
0:00:00.017681070  2748 0x556d67130360 DEBUG   GST_REGISTRY gstregistrychunks.c:540:gst_registry_chunks_load_pad_template: Added pad_template src
0:00:00.013500530  2749 0x55b10ffbf360 LOG   GST_POLL gstpoll.c:994:gst_poll_fd_ctl_write: 0x55b10ffe3d30: pfd->events now 60 (POLLOUT:4)
0:00:00.017688666  2748 0x556d67130360 DEBUG   GST_REGISTRY gstregistry.c:589:gst_registry_add_feature: adding feature 0x556d6715aa10 (queue)
0:00:00.013507029  2749 0x55b10ffbf360 LOG   GST_PLUGIN_LOADING gstpluginloader.c:644:put_chunk: Expanding tx buf from 10158 to 13209 for chunk of size 209
0:00:00.017696088  2748 0x556d67130360 DEBUG   GST_REFCOUNTING gstobject.c:708:gst_object_set_parent: set parent (ref and sink)
0:00:00.017703545  2748 0x556d67130360 TRACE   GST_REFCOUNTING gstobject.c:292:gst_object_ref_sink: 0x556d6715aa10 ref_sink 1->2
0:00:00.017709951  2748 0x556d67130360 LOG   GST_REGISTRY gstregistry.c:607:gst_registry_add_feature: emitting feature-added for queue
0:00:00.013526369  2749 0x55b10ffbf360 DEBUG   GST_POLL gstpoll.c:979:gst_poll_fd_ctl_write: 0x55b10ffe3d30: fd (fd:0, idx:1), active : 1
0:00:00.017716575  2748 0x556d67130360 DEBUG   GST_REGISTRY gstregistrychunks.c:741:gst_registry_chunks_load_feature: Added feature queue, plugin 0x556d67155cc0 coreelements
0:00:00.013533505  2749 0x55b10ffbf360 LOG   GST_POLL gstpoll.c:994:gst_poll_fd_ctl_write: 0x55b10ffe3d30: pfd->events now 60 (POLLOUT:4)
0:00:00.017723495  2748 0x556d67130360 DEBUG   GST_REGISTRY gstregistrychunks.c:583:gst_registry_chunks_load_feature: Plugin 'coreelements' feature 'output-selector' typename : 'GstElementFactory'
0:00:00.013545617  2749 0x55b10ffbf360 DEBUG   GST_POLL gstpoll.c:979:gst_poll_fd_ctl_write: 0x55b10ffe3d30: fd (fd:0, idx:1), active : 1
0:00:00.017733153  2748 0x556d67130360 TRACE   GST_REFCOUNTING gstobject.c:208:gst_object_init: 0x556d6715b340 new
0:00:00.013551924  2749 0x55b10ffbf360 LOG   GST_POLL gstpoll.c:994:gst_poll_fd_ctl_write: 0x55b10ffe3d30: pfd->events now 60 (POLLOUT:4)
0:00:00.017740587  2748 0x556d67130360 LOG   GST_REGISTRY gstregistrychunks.c:610:gst_registry_chunks_load_feature: Reading/casting for GstRegistryChunkElementFactory at address 0x556d67157598
0:00:00.013558403  2749 0x55b10ffbf360 DEBUG   GST_POLL gstpoll.c:979:gst_poll_fd_ctl_write: 0x55b10ffe3d30: fd (fd:0, idx:1), active : 1
0:00:00.017747094  2748 0x556d67130360 TRACE   structure gststructure.c:292:gst_structure_new_id_empty_with_size: created structure 0x556d6715b4c0
0:00:00.013564458  2749 0x55b10ffbf360 LOG   GST_POLL gstpoll.c:994:gst_poll_fd_ctl_write: 0x55b10ffe3d30: pfd->events now 60 (POLLOUT:4)
0:00:00.017753455  2748 0x556d67130360 DEBUG   structure gststructure.c:2258:gst_structure_parse_field: trying field name 'long-name'
0:00:00.013571386  2749 0x55b10ffbf360 DEBUG   GST_POLL gstpoll.c:979:gst_poll_fd_ctl_write: 0x55b10ffe3d30: fd (fd:0, idx:1), active : 1
0:00:00.017759574  2748 0x556d67130360 DEBUG   default gstvalue.c:2776:_priv_gst_value_parse_value: trying type name 'string'
0:00:00.013577423  2749 0x55b10ffbf360 LOG   GST_POLL gstpoll.c:994:gst_poll_fd_ctl_write: 0x55b10ffe3d30: pfd->events now 60 (POLLOUT:4)
0:00:00.017766411  2748 0x556d67130360 DEBUG   structure gststructure.c:2258:gst_structure_parse_field: trying field name 'klass'
0:00:00.013583886  2749 0x55b10ffbf360 DEBUG   GST_POLL gstpoll.c:979:gst_poll_fd_ctl_write: 0x55b10ffe3d30: fd (fd:0, idx:1), active : 1
0:00:00.017772649  2748 0x556d67130360 DEBUG   default gstvalue.c:2776:_priv_gst_value_parse_value: trying type name 'string'
0:00:00.013589895  2749 0x55b10ffbf360 LOG   GST_POLL gstpoll.c:994:gst_poll_fd_ctl_write: 0x55b10ffe3d30: pfd->events now 60 (POLLOUT:4)
0:00:00.017779495  2748 0x556d67130360 DEBUG   structure gststructure.c:2258:gst_structure_parse_field: trying field name 'description'
0:00:00.013596975  2749 0x55b10ffbf360 DEBUG   GST_POLL gstpoll.c:979:gst_poll_fd_ctl_write: 0x55b10ffe3d30: fd (fd:0, idx:1), active : 1
0:00:00.017785635  2748 0x556d67130360 DEBUG   default gstvalue.c:2776:_priv_gst_value_parse_value: trying type name 'string'
0:00:00.013603166  2749 0x55b10ffbf360 LOG   GST_POLL gstpoll.c:994:gst_poll_fd_ctl_write: 0x55b10ffe3d30: pfd->events now 60 (POLLOUT:4)
0:00:00.017792275  2748 0x556d67130360 DEBUG   structure gststructure.c:2258:gst_structure_parse_field: trying field name 'author'
0:00:00.013609632  2749 0x55b10ffbf360 DEBUG   GST_POLL gstpoll.c:979:gst_poll_fd_ctl_write: 0x55b10ffe3d30: fd (fd:0, idx:1), active : 1
0:00:00.017798504  2748 0x556d67130360 DEBUG   default gstvalue.c:2776:_priv_gst_value_parse_value: trying type name 'string'
0:00:00.013619436  2749 0x55b10ffbf360 LOG   GST_POLL gstpoll.c:994:gst_poll_fd_ctl_write: 0x55b10ffe3d30: pfd->events now 60 (POLLOUT:4)
0:00:00.017807130  2748 0x556d67130360 DEBUG   GST_REGISTRY gstregistrychunks.c:627:gst_registry_chunks_load_feature: Element factory : npadtemplates=2
0:00:00.013625995  2749 0x55b10ffbf360 DEBUG   GST_POLL gstpoll.c:979:gst_poll_fd_ctl_write: 0x55b10ffe3d30: fd (fd:0, idx:1), active : 1
0:00:00.017813149  2748 0x556d67130360 DEBUG   GST_REGISTRY gstregistrychunks.c:526:gst_registry_chunks_load_pad_template: Reading/casting for GstRegistryChunkPadTemplate at address 0x556d67157670
0:00:00.013631976  2749 0x55b10ffbf360 LOG   GST_POLL gstpoll.c:994:gst_poll_fd_ctl_write: 0x55b10ffe3d30: pfd->events now 60 (POLLOUT:4)
0:00:00.017819354  2748 0x556d67130360 DEBUG   GST_REGISTRY gstregistrychunks.c:540:gst_registry_chunks_load_pad_template: Added pad_template src_%u
0:00:00.013638308  2749 0x55b10ffbf360 DEBUG   GST_POLL gstpoll.c:979:gst_poll_fd_ctl_write: 0x55b10ffe3d30: fd (fd:0, idx:1), active : 1
0:00:00.017825221  2748 0x556d67130360 DEBUG   GST_REGISTRY gstregistrychunks.c:526:gst_registry_chunks_load_pad_template: Reading/casting for GstRegistryChunkPadTemplate at address 0x556d67157688
0:00:00.013644292  2749 0x55b10ffbf360 LOG   GST_POLL gstpoll.c:994:gst_poll_fd_ctl_write: 0x55b10ffe3d30: pfd->events now 60 (POLLOUT:4)
0:00:00.017831275  2748 0x556d67130360 DEBUG   GST_REGISTRY gstregistrychunks.c:540:gst_registry_chunks_load_pad_template: Added pad_template sink
0:00:00.013650719  2749 0x55b10ffbf360 DEBUG   GST_POLL gstpoll.c:979:gst_poll_fd_ctl_write: 0x55b10ffe3d30: fd (fd:0, idx:1), active : 1
0:00:00.017838438  2748 0x556d67130360 DEBUG   GST_REGISTRY gstregistry.c:589:gst_registry_add_feature: adding feature 0x556d6715b340 (output-selector)
0:00:00.013656678  2749 0x55b10ffbf360 LOG   GST_POLL gstpoll.c:994:gst_poll_fd_ctl_write: 0x55b10ffe3d30: pfd->events now 60 (POLLOUT:4)
0:00:00.017844740  2748 0x556d67130360 DEBUG   GST_REFCOUNTING gstobject.c:708:gst_object_set_parent: set parent (ref and sink)
0:00:00.013663091  2749 0x55b10ffbf360 DEBUG   GST_POLL gstpoll.c:979:gst_poll_fd_ctl_write: 0x55b10ffe3d30: fd (fd:0, idx:1), active : 1
0:00:00.017852078  2748 0x556d67130360 TRACE   GST_REFCOUNTING gstobject.c:292:gst_object_ref_sink: 0x556d6715b340 ref_sink 1->2
0:00:00.013669078  2749 0x55b10ffbf360 LOG   GST_POLL gstpoll.c:994:gst_poll_fd_ctl_write: 0x55b10ffe3d30: pfd->events now 60 (POLLOUT:4)
0:00:00.017859028  2748 0x556d67130360 LOG   GST_REGISTRY gstregistry.c:607:gst_registry_add_feature: emitting feature-added for output-selector
0:00:00.013676714  2749 0x55b10ffbf360 DEBUG   GST_POLL gstpoll.c:979:gst_poll_fd_ctl_write: 0x55b10ffe3d30: fd (fd:0, idx:1), active : 1
0:00:00.017866027  2748 0x556d67130360 DEBUG   GST_REGISTRY gstregistrychunks.c:741:gst_registry_chunks_load_feature: Added feature output-selector, plugin 0x556d67155cc0 coreelements
0:00:00.013682753  2749 0x55b10ffbf360 LOG   GST_POLL gstpoll.c:994:gst_poll_fd_ctl_write: 0x55b10ffe3d30: pfd->events now 60 (POLLOUT:4)
0:00:00.017879850  2748 0x556d67130360 DEBUG   GST_REGISTRY gstregistrychunks.c:583:gst_registry_chunks_load_feature: Plugin 'coreelements' feature 'input-selector' typename : 'GstElementFactory'
0:00:00.013697250  2749 0x55b10ffbf360 DEBUG   GST_POLL gstpoll.c:979:gst_poll_fd_ctl_write: 0x55b10ffe3d30: fd (fd:0, idx:1), active : 1
0:00:00.017887175  2748 0x556d67130360 TRACE   GST_REFCOUNTING gstobject.c:208:gst_object_init: 0x556d6715b900 new
0:00:00.013703423  2749 0x55b10ffbf360 LOG   GST_POLL gstpoll.c:994:gst_poll_fd_ctl_write: 0x55b10ffe3d30: pfd->events now 60 (POLLOUT:4)
0:00:00.017894859  2748 0x556d67130360 LOG   GST_REGISTRY gstregistrychunks.c:610:gst_registry_chunks_load_feature: Reading/casting for GstRegistryChunkElementFactory at address 0x556d671576c0
0:00:00.013711918  2749 0x55b10ffbf360 DEBUG   GST_POLL gstpoll.c:979:gst_poll_fd_ctl_write: 0x55b10ffe3d30: fd (fd:0, idx:1), active : 1
0:00:00.013718609  2749 0x55b10ffbf360 LOG   GST_POLL gstpoll.c:994:gst_poll_fd_ctl_write: 0x55b10ffe3d30: pfd->events now 60 (POLLOUT:4)
0:00:00.017903516  2748 0x556d67130360 TRACE   structure gststructure.c:292:gst_structure_new_id_empty_with_size: created structure 0x556d6715bc10
0:00:00.013724636  2749 0x55b10ffbf360 DEBUG   GST_POLL gstpoll.c:979:gst_poll_fd_ctl_write: 0x55b10ffe3d30: fd (fd:0, idx:1), active : 1
0:00:00.017911324  2748 0x556d67130360 DEBUG   structure gststructure.c:2258:gst_structure_parse_field: trying field name 'long-name'
0:00:00.013730685  2749 0x55b10ffbf360 LOG   GST_POLL gstpoll.c:994:gst_poll_fd_ctl_write: 0x55b10ffe3d30: pfd->events now 60 (POLLOUT:4)
0:00:00.017917449  2748 0x556d67130360 DEBUG   default gstvalue.c:2776:_priv_gst_value_parse_value: trying type name 'string'
0:00:00.013737062  2749 0x55b10ffbf360 DEBUG   GST_POLL gstpoll.c:979:gst_poll_fd_ctl_write: 0x55b10ffe3d30: fd (fd:0, idx:1), active : 1
0:00:00.017923985  2748 0x556d67130360 DEBUG   structure gststructure.c:2258:gst_structure_parse_field: trying field name 'klass'
0:00:00.013743082  2749 0x55b10ffbf360 LOG   GST_POLL gstpoll.c:994:gst_poll_fd_ctl_write: 0x55b10ffe3d30: pfd->events now 60 (POLLOUT:4)
0:00:00.017930105  2748 0x556d67130360 DEBUG   default gstvalue.c:2776:_priv_gst_value_parse_value: trying type name 'string'
0:00:00.013749386  2749 0x55b10ffbf360 DEBUG   GST_POLL gstpoll.c:979:gst_poll_fd_ctl_write: 0x55b10ffe3d30: fd (fd:0, idx:1), active : 1
0:00:00.017936531  2748 0x556d67130360 DEBUG   structure gststructure.c:2258:gst_structure_parse_field: trying field name 'description'
0:00:00.013755423  2749 0x55b10ffbf360 LOG   GST_POLL gstpoll.c:994:gst_poll_fd_ctl_write: 0x55b10ffe3d30: pfd->events now 60 (POLLOUT:4)
0:00:00.017942501  2748 0x556d67130360 DEBUG   default gstvalue.c:2776:_priv_gst_value_parse_value: trying type name 'string'
0:00:00.013761798  2749 0x55b10ffbf360 DEBUG   GST_POLL gstpoll.c:979:gst_poll_fd_ctl_write: 0x55b10ffe3d30: fd (fd:0, idx:1), active : 1
0:00:00.017948950  2748 0x556d67130360 DEBUG   structure gststructure.c:2258:gst_structure_parse_field: trying field name 'author'
0:00:00.013767835  2749 0x55b10ffbf360 LOG   GST_POLL gstpoll.c:994:gst_poll_fd_ctl_write: 0x55b10ffe3d30: pfd->events now 60 (POLLOUT:4)
0:00:00.017959049  2748 0x556d67130360 DEBUG   default gstvalue.c:2776:_priv_gst_value_parse_value: trying type name 'string'
0:00:00.013776841  2749 0x55b10ffbf360 DEBUG   GST_POLL gstpoll.c:979:gst_poll_fd_ctl_write: 0x55b10ffe3d30: fd (fd:0, idx:1), active : 1
0:00:00.017966633  2748 0x556d67130360 DEBUG   GST_REGISTRY gstregistrychunks.c:627:gst_registry_chunks_load_feature: Element factory : npadtemplates=2
0:00:00.013782874  2749 0x55b10ffbf360 LOG   GST_POLL gstpoll.c:994:gst_poll_fd_ctl_write: 0x55b10ffe3d30: pfd->events now 60 (POLLOUT:4)
0:00:00.017972592  2748 0x556d67130360 DEBUG   GST_REGISTRY gstregistrychunks.c:526:gst_registry_chunks_load_pad_template: Reading/casting for GstRegistryChunkPadTemplate at address 0x556d671577f0
0:00:00.013790541  2749 0x55b10ffbf360 DEBUG   GST_POLL gstpoll.c:979:gst_poll_fd_ctl_write: 0x55b10ffe3d30: fd (fd:0, idx:1), active : 1
0:00:00.017978613  2748 0x556d67130360 DEBUG   GST_REGISTRY gstregistrychunks.c:540:gst_registry_chunks_load_pad_template: Added pad_template src
0:00:00.013796531  2749 0x55b10ffbf360 LOG   GST_POLL gstpoll.c:994:gst_poll_fd_ctl_write: 0x55b10ffe3d30: pfd->events now 60 (POLLOUT:4)
0:00:00.017987465  2748 0x556d67130360 DEBUG   GST_REGISTRY gstregistrychunks.c:526:gst_registry_chunks_load_pad_template: Reading/casting for GstRegistryChunkPadTemplate at address 0x556d67157800
0:00:00.013802903  2749 0x55b10ffbf360 DEBUG   GST_POLL gstpoll.c:979:gst_poll_fd_ctl_write: 0x55b10ffe3d30: fd (fd:0, idx:1), active : 1
0:00:00.017993810  2748 0x556d67130360 DEBUG   GST_REGISTRY gstregistrychunks.c:540:gst_registry_chunks_load_pad_template: Added pad_template sink_%u
0:00:00.013811257  2749 0x55b10ffbf360 LOG   GST_POLL gstpoll.c:994:gst_poll_fd_ctl_write: 0x55b10ffe3d30: pfd->events now 60 (POLLOUT:4)
0:00:00.018001010  2748 0x556d67130360 DEBUG   GST_REGISTRY gstregistry.c:589:gst_registry_add_feature: adding feature 0x556d6715b900 (input-selector)
0:00:00.013817575  2749 0x55b10ffbf360 DEBUG   GST_POLL gstpoll.c:979:gst_poll_fd_ctl_write: 0x55b10ffe3d30: fd (fd:0, idx:1), active : 1
0:00:00.018007157  2748 0x556d67130360 DEBUG   GST_REFCOUNTING gstobject.c:708:gst_object_set_parent: set parent (ref and sink)
0:00:00.013824753  2749 0x55b10ffbf360 LOG   GST_POLL gstpoll.c:994:gst_poll_fd_ctl_write: 0x55b10ffe3d30: pfd->events now 60 (POLLOUT:4)
0:00:00.018014711  2748 0x556d67130360 TRACE   GST_REFCOUNTING gstobject.c:292:gst_object_ref_sink: 0x556d6715b900 ref_sink 1->2
0:00:00.013831625  2749 0x55b10ffbf360 DEBUG   GST_POLL gstpoll.c:979:gst_poll_fd_ctl_write: 0x55b10ffe3d30: fd (fd:0, idx:1), active : 1
0:00:00.018021573  2748 0x556d67130360 LOG   GST_REGISTRY gstregistry.c:607:gst_registry_add_feature: emitting feature-added for input-selector
0:00:00.013838731  2749 0x55b10ffbf360 LOG   GST_POLL gstpoll.c:994:gst_poll_fd_ctl_write: 0x55b10ffe3d30: pfd->events now 60 (POLLOUT:4)
0:00:00.018040898  2748 0x556d67130360 DEBUG   GST_REGISTRY gstregistrychunks.c:741:gst_registry_chunks_load_feature: Added feature input-selector, plugin 0x556d67155cc0 coreelements
0:00:00.013871243  2749 0x55b10ffbf360 DEBUG   GST_POLL gstpoll.c:979:gst_poll_fd_ctl_write: 0x55b10ffe3d30: fd (fd:0, idx:1), active : 1
0:00:00.018060687  2748 0x556d67130360 DEBUG   GST_REGISTRY gstregistrychunks.c:583:gst_registry_chunks_load_feature: Plugin 'coreelements' feature 'identity' typename : 'GstElementFactory'
0:00:00.013880990  2749 0x55b10ffbf360 LOG   GST_POLL gstpoll.c:994:gst_poll_fd_ctl_write: 0x55b10ffe3d30: pfd->events now 60 (POLLOUT:4)
0:00:00.018071473  2748 0x556d67130360 TRACE   GST_REFCOUNTING gstobject.c:208:gst_object_init: 0x556d6715c0c0 new
0:00:00.013887784  2749 0x55b10ffbf360 DEBUG   GST_POLL gstpoll.c:979:gst_poll_fd_ctl_write: 0x55b10ffe3d30: fd (fd:0, idx:1), active : 1
0:00:00.018079721  2748 0x556d67130360 LOG   GST_REGISTRY gstregistrychunks.c:610:gst_registry_chunks_load_feature: Reading/casting for GstRegistryChunkElementFactory at address 0x556d67157830
0:00:00.013896101  2749 0x55b10ffbf360 LOG   GST_POLL gstpoll.c:994:gst_poll_fd_ctl_write: 0x55b10ffe3d30: pfd->events now 60 (POLLOUT:4)
0:00:00.018086408  2748 0x556d67130360 TRACE   structure gststructure.c:292:gst_structure_new_id_empty_with_size: created structure 0x556d6715c2f0
0:00:00.013903989  2749 0x55b10ffbf360 DEBUG   GST_POLL gstpoll.c:979:gst_poll_fd_ctl_write: 0x55b10ffe3d30: fd (fd:0, idx:1), active : 1
0:00:00.018092506  2748 0x556d67130360 DEBUG   structure gststructure.c:2258:gst_structure_parse_field: trying field name 'long-name'
0:00:00.013910378  2749 0x55b10ffbf360 LOG   GST_POLL gstpoll.c:994:gst_poll_fd_ctl_write: 0x55b10ffe3d30: pfd->events now 60 (POLLOUT:4)
0:00:00.018098732  2748 0x556d67130360 DEBUG   default gstvalue.c:2776:_priv_gst_value_parse_value: trying type name 'string'
0:00:00.013917009  2749 0x55b10ffbf360 DEBUG   GST_POLL gstpoll.c:979:gst_poll_fd_ctl_write: 0x55b10ffe3d30: fd (fd:0, idx:1), active : 1
0:00:00.018105361  2748 0x556d67130360 DEBUG   structure gststructure.c:2258:gst_structure_parse_field: trying field name 'klass'
0:00:00.013923223  2749 0x55b10ffbf360 LOG   GST_POLL gstpoll.c:994:gst_poll_fd_ctl_write: 0x55b10ffe3d30: pfd->events now 60 (POLLOUT:4)
0:00:00.018111399  2748 0x556d67130360 DEBUG   default gstvalue.c:2776:_priv_gst_value_parse_value: trying type name 'string'
0:00:00.013929771  2749 0x55b10ffbf360 DEBUG   GST_POLL gstpoll.c:979:gst_poll_fd_ctl_write: 0x55b10ffe3d30: fd (fd:0, idx:1), active : 1
0:00:00.018117943  2748 0x556d67130360 DEBUG   structure gststructure.c:2258:gst_structure_parse_field: trying field name 'description'
0:00:00.013935996  2749 0x55b10ffbf360 LOG   GST_POLL gstpoll.c:994:gst_poll_fd_ctl_write: 0x55b10ffe3d30: pfd->events now 60 (POLLOUT:4)
0:00:00.018123953  2748 0x556d67130360 DEBUG   default gstvalue.c:2776:_priv_gst_value_parse_value: trying type name 'string'
0:00:00.013942628  2749 0x55b10ffbf360 DEBUG   GST_POLL gstpoll.c:979:gst_poll_fd_ctl_write: 0x55b10ffe3d30: fd (fd:0, idx:1), active : 1
0:00:00.018130490  2748 0x556d67130360 DEBUG   structure gststructure.c:2258:gst_structure_parse_field: trying field name 'author'
0:00:00.013953321  2749 0x55b10ffbf360 LOG   GST_POLL gstpoll.c:994:gst_poll_fd_ctl_write: 0x55b10ffe3d30: pfd->events now 60 (POLLOUT:4)
0:00:00.018140541  2748 0x556d67130360 DEBUG   default gstvalue.c:2776:_priv_gst_value_parse_value: trying type name 'string'
0:00:00.013960091  2749 0x55b10ffbf360 DEBUG   GST_POLL gstpoll.c:979:gst_poll_fd_ctl_write: 0x55b10ffe3d30: fd (fd:0, idx:1), active : 1
0:00:00.018147184  2748 0x556d67130360 DEBUG   GST_REGISTRY gstregistrychunks.c:627:gst_registry_chunks_load_feature: Element factory : npadtemplates=2
0:00:00.013966401  2749 0x55b10ffbf360 LOG   GST_POLL gstpoll.c:994:gst_poll_fd_ctl_write: 0x55b10ffe3d30: pfd->events now 60 (POLLOUT:4)
0:00:00.018153281  2748 0x556d67130360 DEBUG   GST_REGISTRY gstregistrychunks.c:526:gst_registry_chunks_load_pad_template: Reading/casting for GstRegistryChunkPadTemplate at address 0x556d67157900
0:00:00.013973019  2749 0x55b10ffbf360 DEBUG   GST_POLL gstpoll.c:979:gst_poll_fd_ctl_write: 0x55b10ffe3d30: fd (fd:0, idx:1), active : 1
0:00:00.018159443  2748 0x556d67130360 DEBUG   GST_REGISTRY gstregistrychunks.c:540:gst_registry_chunks_load_pad_template: Added pad_template sink
0:00:00.013979274  2749 0x55b10ffbf360 LOG   GST_POLL gstpoll.c:994:gst_poll_fd_ctl_write: 0x55b10ffe3d30: pfd->events now 60 (POLLOUT:4)
0:00:00.018165941  2748 0x556d67130360 DEBUG   GST_REGISTRY gstregistrychunks.c:526:gst_registry_chunks_load_pad_template: Reading/casting for GstRegistryChunkPadTemplate at address 0x556d67157918
0:00:00.013985961  2749 0x55b10ffbf360 DEBUG   GST_POLL gstpoll.c:979:gst_poll_fd_ctl_write: 0x55b10ffe3d30: fd (fd:0, idx:1), active : 1
0:00:00.018172317  2748 0x556d67130360 DEBUG   GST_REGISTRY gstregistrychunks.c:540:gst_registry_chunks_load_pad_template: Added pad_template src
0:00:00.013992264  2749 0x55b10ffbf360 LOG   GST_POLL gstpoll.c:994:gst_poll_fd_ctl_write: 0x55b10ffe3d30: pfd->events now 60 (POLLOUT:4)
0:00:00.018180213  2748 0x556d67130360 DEBUG   GST_REGISTRY gstregistry.c:589:gst_registry_add_feature: adding feature 0x556d6715c0c0 (identity)
0:00:00.013998898  2749 0x55b10ffbf360 DEBUG   GST_POLL gstpoll.c:979:gst_poll_fd_ctl_write: 0x55b10ffe3d30: fd (fd:0, idx:1), active : 1
0:00:00.018186309  2748 0x556d67130360 DEBUG   GST_REFCOUNTING gstobject.c:708:gst_object_set_parent: set parent (ref and sink)
0:00:00.014005289  2749 0x55b10ffbf360 LOG   GST_POLL gstpoll.c:994:gst_poll_fd_ctl_write: 0x55b10ffe3d30: pfd->events now 60 (POLLOUT:4)
0:00:00.018193692  2748 0x556d67130360 TRACE   GST_REFCOUNTING gstobject.c:292:gst_object_ref_sink: 0x556d6715c0c0 ref_sink 1->2
0:00:00.014011806  2749 0x55b10ffbf360 DEBUG   GST_POLL gstpoll.c:979:gst_poll_fd_ctl_write: 0x55b10ffe3d30: fd (fd:0, idx:1), active : 1
0:00:00.018200522  2748 0x556d67130360 LOG   GST_REGISTRY gstregistry.c:607:gst_registry_add_feature: emitting feature-added for identity
0:00:00.014018069  2749 0x55b10ffbf360 LOG   GST_POLL gstpoll.c:994:gst_poll_fd_ctl_write: 0x55b10ffe3d30: pfd->events now 60 (POLLOUT:4)
0:00:00.018207283  2748 0x556d67130360 DEBUG   GST_REGISTRY gstregistrychunks.c:741:gst_registry_chunks_load_feature: Added feature identity, plugin 0x556d67155cc0 coreelements
0:00:00.014028422  2749 0x55b10ffbf360 DEBUG   GST_POLL gstpoll.c:979:gst_poll_fd_ctl_write: 0x55b10ffe3d30: fd (fd:0, idx:1), active : 1
0:00:00.018215787  2748 0x556d67130360 DEBUG   GST_REGISTRY gstregistrychunks.c:583:gst_registry_chunks_load_feature: Plugin 'coreelements' feature 'funnel' typename : 'GstElementFactory'
0:00:00.014034677  2749 0x55b10ffbf360 LOG   GST_POLL gstpoll.c:994:gst_poll_fd_ctl_write: 0x55b10ffe3d30: pfd->events now 60 (POLLOUT:4)
0:00:00.018222767  2748 0x556d67130360 TRACE   GST_REFCOUNTING gstobject.c:208:gst_object_init: 0x556d6715c730 new
0:00:00.014041154  2749 0x55b10ffbf360 DEBUG   GST_POLL gstpoll.c:979:gst_poll_fd_ctl_write: 0x55b10ffe3d30: fd (fd:0, idx:1), active : 1
0:00:00.018230149  2748 0x556d67130360 LOG   GST_REGISTRY gstregistrychunks.c:610:gst_registry_chunks_load_feature: Reading/casting for GstRegistryChunkElementFactory at address 0x556d67157948
0:00:00.014047331  2749 0x55b10ffbf360 LOG   GST_POLL gstpoll.c:994:gst_poll_fd_ctl_write: 0x55b10ffe3d30: pfd->events now 60 (POLLOUT:4)
0:00:00.018236592  2748 0x556d67130360 TRACE   structure gststructure.c:292:gst_structure_new_id_empty_with_size: created structure 0x556d6715ca30
0:00:00.014054202  2749 0x55b10ffbf360 DEBUG   GST_POLL gstpoll.c:979:gst_poll_fd_ctl_write: 0x55b10ffe3d30: fd (fd:0, idx:1), active : 1
0:00:00.018242741  2748 0x556d67130360 DEBUG   structure gststructure.c:2258:gst_structure_parse_field: trying field name 'long-name'
0:00:00.014060386  2749 0x55b10ffbf360 LOG   GST_POLL gstpoll.c:994:gst_poll_fd_ctl_write: 0x55b10ffe3d30: pfd->events now 60 (POLLOUT:4)
0:00:00.018248648  2748 0x556d67130360 DEBUG   default gstvalue.c:2776:_priv_gst_value_parse_value: trying type name 'string'
0:00:00.014066898  2749 0x55b10ffbf360 DEBUG   GST_POLL gstpoll.c:979:gst_poll_fd_ctl_write: 0x55b10ffe3d30: fd (fd:0, idx:1), active : 1
0:00:00.018255132  2748 0x556d67130360 DEBUG   structure gststructure.c:2258:gst_structure_parse_field: trying field name 'klass'
0:00:00.014073243  2749 0x55b10ffbf360 LOG   GST_POLL gstpoll.c:994:gst_poll_fd_ctl_write: 0x55b10ffe3d30: pfd->events now 60 (POLLOUT:4)
0:00:00.018261271  2748 0x556d67130360 DEBUG   default gstvalue.c:2776:_priv_gst_value_parse_value: trying type name 'string'
0:00:00.014079937  2749 0x55b10ffbf360 DEBUG   GST_POLL gstpoll.c:979:gst_poll_fd_ctl_write: 0x55b10ffe3d30: fd (fd:0, idx:1), active : 1
0:00:00.014086105  2749 0x55b10ffbf360 LOG   GST_POLL gstpoll.c:994:gst_poll_fd_ctl_write: 0x55b10ffe3d30: pfd->events now 60 (POLLOUT:4)
0:00:00.018272787  2748 0x556d67130360 DEBUG   structure gststructure.c:2258:gst_structure_parse_field: trying field name 'description'
0:00:00.014092143  2749 0x55b10ffbf360 DEBUG   GST_POLL gstpoll.c:979:gst_poll_fd_ctl_write: 0x55b10ffe3d30: fd (fd:0, idx:1), active : 1
0:00:00.018279313  2748 0x556d67130360 DEBUG   default gstvalue.c:2776:_priv_gst_value_parse_value: trying type name 'string'
0:00:00.014098381  2749 0x55b10ffbf360 LOG   GST_POLL gstpoll.c:994:gst_poll_fd_ctl_write: 0x55b10ffe3d30: pfd->events now 60 (POLLOUT:4)
0:00:00.018290910  2748 0x556d67130360 DEBUG   structure gststructure.c:2258:gst_structure_parse_field: trying field name 'author'
0:00:00.014108180  2749 0x55b10ffbf360 DEBUG   GST_POLL gstpoll.c:979:gst_poll_fd_ctl_write: 0x55b10ffe3d30: fd (fd:0, idx:1), active : 1
0:00:00.018297126  2748 0x556d67130360 DEBUG   default gstvalue.c:2776:_priv_gst_value_parse_value: trying type name 'string'
0:00:00.014114739  2749 0x55b10ffbf360 LOG   GST_POLL gstpoll.c:994:gst_poll_fd_ctl_write: 0x55b10ffe3d30: pfd->events now 60 (POLLOUT:4)
0:00:00.018304013  2748 0x556d67130360 DEBUG   GST_REGISTRY gstregistrychunks.c:627:gst_registry_chunks_load_feature: Element factory : npadtemplates=2
0:00:00.014121323  2749 0x55b10ffbf360 DEBUG   GST_POLL gstpoll.c:979:gst_poll_fd_ctl_write: 0x55b10ffe3d30: fd (fd:0, idx:1), active : 1
0:00:00.018310081  2748 0x556d67130360 DEBUG   GST_REGISTRY gstregistrychunks.c:526:gst_registry_chunks_load_pad_template: Reading/casting for GstRegistryChunkPadTemplate at address 0x556d67157a20
0:00:00.014127723  2749 0x55b10ffbf360 LOG   GST_POLL gstpoll.c:994:gst_poll_fd_ctl_write: 0x55b10ffe3d30: pfd->events now 60 (POLLOUT:4)
0:00:00.018316467  2748 0x556d67130360 DEBUG   GST_REGISTRY gstregistrychunks.c:540:gst_registry_chunks_load_pad_template: Added pad_template src
0:00:00.014134348  2749 0x55b10ffbf360 DEBUG   GST_POLL gstpoll.c:979:gst_poll_fd_ctl_write: 0x55b10ffe3d30: fd (fd:0, idx:1), active : 1
0:00:00.018322576  2748 0x556d67130360 DEBUG   GST_REGISTRY gstregistrychunks.c:526:gst_registry_chunks_load_pad_template: Reading/casting for GstRegistryChunkPadTemplate at address 0x556d67157a30
0:00:00.014140592  2749 0x55b10ffbf360 LOG   GST_POLL gstpoll.c:994:gst_poll_fd_ctl_write: 0x55b10ffe3d30: pfd->events now 60 (POLLOUT:4)
0:00:00.018328632  2748 0x556d67130360 DEBUG   GST_REGISTRY gstregistrychunks.c:540:gst_registry_chunks_load_pad_template: Added pad_template sink_%u
0:00:00.014147209  2749 0x55b10ffbf360 DEBUG   GST_POLL gstpoll.c:979:gst_poll_fd_ctl_write: 0x55b10ffe3d30: fd (fd:0, idx:1), active : 1
0:00:00.018335904  2748 0x556d67130360 DEBUG   GST_REGISTRY gstregistry.c:589:gst_registry_add_feature: adding feature 0x556d6715c730 (funnel)
0:00:00.014153494  2749 0x55b10ffbf360 LOG   GST_POLL gstpoll.c:994:gst_poll_fd_ctl_write: 0x55b10ffe3d30: pfd->events now 60 (POLLOUT:4)
0:00:00.018342100  2748 0x556d67130360 DEBUG   GST_REFCOUNTING gstobject.c:708:gst_object_set_parent: set parent (ref and sink)
0:00:00.014160106  2749 0x55b10ffbf360 DEBUG   GST_POLL gstpoll.c:979:gst_poll_fd_ctl_write: 0x55b10ffe3d30: fd (fd:0, idx:1), active : 1
0:00:00.018349615  2748 0x556d67130360 TRACE   GST_REFCOUNTING gstobject.c:292:gst_object_ref_sink: 0x556d6715c730 ref_sink 1->2
0:00:00.014166176  2749 0x55b10ffbf360 LOG   GST_POLL gstpoll.c:994:gst_poll_fd_ctl_write: 0x55b10ffe3d30: pfd->events now 60 (POLLOUT:4)
0:00:00.018356498  2748 0x556d67130360 LOG   GST_REGISTRY gstregistry.c:607:gst_registry_add_feature: emitting feature-added for funnel
0:00:00.014174261  2749 0x55b10ffbf360 DEBUG   GST_POLL gstpoll.c:979:gst_poll_fd_ctl_write: 0x55b10ffe3d30: fd (fd:0, idx:1), active : 1
0:00:00.018370691  2748 0x556d67130360 DEBUG   GST_REGISTRY gstregistrychunks.c:741:gst_registry_chunks_load_feature: Added feature funnel, plugin 0x556d67155cc0 coreelements
0:00:00.014187449  2749 0x55b10ffbf360 LOG   GST_POLL gstpoll.c:994:gst_poll_fd_ctl_write: 0x55b10ffe3d30: pfd->events now 60 (POLLOUT:4)
0:00:00.018377601  2748 0x556d67130360 DEBUG   GST_REGISTRY gstregistrychunks.c:583:gst_registry_chunks_load_feature: Plugin 'coreelements' feature 'filesrc' typename : 'GstElementFactory'
0:00:00.014194747  2749 0x55b10ffbf360 DEBUG   GST_POLL gstpoll.c:979:gst_poll_fd_ctl_write: 0x55b10ffe3d30: fd (fd:0, idx:1), active : 1
0:00:00.018385104  2748 0x556d67130360 TRACE   GST_REFCOUNTING gstobject.c:208:gst_object_init: 0x556d6715ce50 new
0:00:00.014201438  2749 0x55b10ffbf360 LOG   GST_POLL gstpoll.c:994:gst_poll_fd_ctl_write: 0x55b10ffe3d30: pfd->events now 60 (POLLOUT:4)
0:00:00.018392639  2748 0x556d67130360 LOG   GST_REGISTRY gstregistrychunks.c:610:gst_registry_chunks_load_feature: Reading/casting for GstRegistryChunkElementFactory at address 0x556d67157a60
0:00:00.014209643  2749 0x55b10ffbf360 DEBUG   GST_POLL gstpoll.c:979:gst_poll_fd_ctl_write: 0x55b10ffe3d30: fd (fd:0, idx:1), active : 1
0:00:00.018399391  2748 0x556d67130360 TRACE   structure gststructure.c:292:gst_structure_new_id_empty_with_size: created structure 0x556d6715d150
0:00:00.014216369  2749 0x55b10ffbf360 LOG   GST_POLL gstpoll.c:994:gst_poll_fd_ctl_write: 0x55b10ffe3d30: pfd->events now 60 (POLLOUT:4)
0:00:00.018405765  2748 0x556d67130360 DEBUG   structure gststructure.c:2258:gst_structure_parse_field: trying field name 'long-name'
0:00:00.014223613  2749 0x55b10ffbf360 DEBUG   GST_POLL gstpoll.c:979:gst_poll_fd_ctl_write: 0x55b10ffe3d30: fd (fd:0, idx:1), active : 1
0:00:00.018411938  2748 0x556d67130360 DEBUG   default gstvalue.c:2776:_priv_gst_value_parse_value: trying type name 'string'
0:00:00.014229786  2749 0x55b10ffbf360 LOG   GST_POLL gstpoll.c:994:gst_poll_fd_ctl_write: 0x55b10ffe3d30: pfd->events now 60 (POLLOUT:4)
0:00:00.018418461  2748 0x556d67130360 DEBUG   structure gststructure.c:2258:gst_structure_parse_field: trying field name 'klass'
0:00:00.014236286  2749 0x55b10ffbf360 DEBUG   GST_POLL gstpoll.c:979:gst_poll_fd_ctl_write: 0x55b10ffe3d30: fd (fd:0, idx:1), active : 1
0:00:00.018424624  2748 0x556d67130360 DEBUG   default gstvalue.c:2776:_priv_gst_value_parse_value: trying type name 'string'
0:00:00.014242438  2749 0x55b10ffbf360 LOG   GST_POLL gstpoll.c:994:gst_poll_fd_ctl_write: 0x55b10ffe3d30: pfd->events now 60 (POLLOUT:4)
0:00:00.018431158  2748 0x556d67130360 DEBUG   structure gststructure.c:2258:gst_structure_parse_field: trying field name 'description'
0:00:00.014248945  2749 0x55b10ffbf360 DEBUG   GST_POLL gstpoll.c:979:gst_poll_fd_ctl_write: 0x55b10ffe3d30: fd (fd:0, idx:1), active : 1
0:00:00.018437354  2748 0x556d67130360 DEBUG   default gstvalue.c:2776:_priv_gst_value_parse_value: trying type name 'string'
0:00:00.014255223  2749 0x55b10ffbf360 LOG   GST_POLL gstpoll.c:994:gst_poll_fd_ctl_write: 0x55b10ffe3d30: pfd->events now 60 (POLLOUT:4)
0:00:00.018460199  2748 0x556d67130360 DEBUG   structure gststructure.c:2258:gst_structure_parse_field: trying field name 'author'
0:00:00.014277438  2749 0x55b10ffbf360 DEBUG   GST_POLL gstpoll.c:979:gst_poll_fd_ctl_write: 0x55b10ffe3d30: fd (fd:0, idx:1), active : 1
0:00:00.018466378  2748 0x556d67130360 DEBUG   default gstvalue.c:2776:_priv_gst_value_parse_value: trying type name 'string'
0:00:00.014283903  2749 0x55b10ffbf360 LOG   GST_POLL gstpoll.c:994:gst_poll_fd_ctl_write: 0x55b10ffe3d30: pfd->events now 60 (POLLOUT:4)
0:00:00.018472830  2748 0x556d67130360 DEBUG   GST_REGISTRY gstregistrychunks.c:627:gst_registry_chunks_load_feature: Element factory : npadtemplates=1
0:00:00.014290160  2749 0x55b10ffbf360 DEBUG   GST_POLL gstpoll.c:979:gst_poll_fd_ctl_write: 0x55b10ffe3d30: fd (fd:0, idx:1), active : 1
0:00:00.018478852  2748 0x556d67130360 DEBUG   GST_REGISTRY gstregistrychunks.c:526:gst_registry_chunks_load_pad_template: Reading/casting for GstRegistryChunkPadTemplate at address 0x556d67157b40
0:00:00.014296318  2749 0x55b10ffbf360 LOG   GST_POLL gstpoll.c:994:gst_poll_fd_ctl_write: 0x55b10ffe3d30: pfd->events now 60 (POLLOUT:4)
0:00:00.018484676  2748 0x556d67130360 DEBUG   GST_REGISTRY gstregistrychunks.c:540:gst_registry_chunks_load_pad_template: Added pad_template src
0:00:00.014302433  2749 0x55b10ffbf360 DEBUG   GST_POLL gstpoll.c:979:gst_poll_fd_ctl_write: 0x55b10ffe3d30: fd (fd:0, idx:1), active : 1
0:00:00.018491099  2748 0x556d67130360 DEBUG   GST_REGISTRY gstregistrychunks.c:640:gst_registry_chunks_load_feature: Reading 1 UriTypes at address 0x556d67157b50
0:00:00.014308494  2749 0x55b10ffbf360 LOG   GST_POLL gstpoll.c:994:gst_poll_fd_ctl_write: 0x55b10ffe3d30: pfd->events now 60 (POLLOUT:4)
0:00:00.018497824  2748 0x556d67130360 DEBUG   GST_REGISTRY gstregistrychunks.c:655:gst_registry_chunks_load_feature: Reading 1 Interfaces at address 0x556d67157b59
0:00:00.014314674  2749 0x55b10ffbf360 DEBUG   GST_POLL gstpoll.c:979:gst_poll_fd_ctl_write: 0x55b10ffe3d30: fd (fd:0, idx:1), active : 1
0:00:00.018505651  2748 0x556d67130360 DEBUG   GST_REGISTRY gstregistry.c:589:gst_registry_add_feature: adding feature 0x556d6715ce50 (filesrc)
0:00:00.014321570  2749 0x55b10ffbf360 LOG   GST_POLL gstpoll.c:994:gst_poll_fd_ctl_write: 0x55b10ffe3d30: pfd->events now 60 (POLLOUT:4)
0:00:00.018511896  2748 0x556d67130360 DEBUG   GST_REFCOUNTING gstobject.c:708:gst_object_set_parent: set parent (ref and sink)
0:00:00.014329551  2749 0x55b10ffbf360 DEBUG   GST_POLL gstpoll.c:979:gst_poll_fd_ctl_write: 0x55b10ffe3d30: fd (fd:0, idx:1), active : 1
0:00:00.018519000  2748 0x556d67130360 TRACE   GST_REFCOUNTING gstobject.c:292:gst_object_ref_sink: 0x556d6715ce50 ref_sink 1->2
0:00:00.014335652  2749 0x55b10ffbf360 LOG   GST_POLL gstpoll.c:994:gst_poll_fd_ctl_write: 0x55b10ffe3d30: pfd->events now 60 (POLLOUT:4)
0:00:00.018525542  2748 0x556d67130360 LOG   GST_REGISTRY gstregistry.c:607:gst_registry_add_feature: emitting feature-added for filesrc
0:00:00.014342980  2749 0x55b10ffbf360 DEBUG   GST_POLL gstpoll.c:979:gst_poll_fd_ctl_write: 0x55b10ffe3d30: fd (fd:0, idx:1), active : 1
0:00:00.018536237  2748 0x556d67130360 DEBUG   GST_REGISTRY gstregistrychunks.c:741:gst_registry_chunks_load_feature: Added feature filesrc, plugin 0x556d67155cc0 coreelements
0:00:00.014353098  2749 0x55b10ffbf360 LOG   GST_POLL gstpoll.c:994:gst_poll_fd_ctl_write: 0x55b10ffe3d30: pfd->events now 60 (POLLOUT:4)
0:00:00.018542959  2748 0x556d67130360 DEBUG   GST_REGISTRY gstregistrychunks.c:583:gst_registry_chunks_load_feature: Plugin 'coreelements' feature 'fdsink' typename : 'GstElementFactory'
0:00:00.014360044  2749 0x55b10ffbf360 DEBUG   GST_POLL gstpoll.c:979:gst_poll_fd_ctl_write: 0x55b10ffe3d30: fd (fd:0, idx:1), active : 1
0:00:00.018550169  2748 0x556d67130360 TRACE   GST_REFCOUNTING gstobject.c:208:gst_object_init: 0x556d6715d600 new
0:00:00.014366783  2749 0x55b10ffbf360 LOG   GST_POLL gstpoll.c:994:gst_poll_fd_ctl_write: 0x55b10ffe3d30: pfd->events now 60 (POLLOUT:4)
0:00:00.018557553  2748 0x556d67130360 LOG   GST_REGISTRY gstregistrychunks.c:610:gst_registry_chunks_load_feature: Reading/casting for GstRegistryChunkElementFactory at address 0x556d67157b80
0:00:00.014374475  2749 0x55b10ffbf360 DEBUG   GST_POLL gstpoll.c:979:gst_poll_fd_ctl_write: 0x55b10ffe3d30: fd (fd:0, idx:1), active : 1
0:00:00.018564075  2748 0x556d67130360 TRACE   structure gststructure.c:292:gst_structure_new_id_empty_with_size: created structure 0x556d6715d980
0:00:00.014381199  2749 0x55b10ffbf360 LOG   GST_POLL gstpoll.c:994:gst_poll_fd_ctl_write: 0x55b10ffe3d30: pfd->events now 60 (POLLOUT:4)
0:00:00.018570150  2748 0x556d67130360 DEBUG   structure gststructure.c:2258:gst_structure_parse_field: trying field name 'long-name'
0:00:00.014387973  2749 0x55b10ffbf360 DEBUG   GST_POLL gstpoll.c:979:gst_poll_fd_ctl_write: 0x55b10ffe3d30: fd (fd:0, idx:1), active : 1
0:00:00.018575961  2748 0x556d67130360 DEBUG   default gstvalue.c:2776:_priv_gst_value_parse_value: trying type name 'string'
0:00:00.014393908  2749 0x55b10ffbf360 LOG   GST_POLL gstpoll.c:994:gst_poll_fd_ctl_write: 0x55b10ffe3d30: pfd->events now 60 (POLLOUT:4)
0:00:00.018582265  2748 0x556d67130360 DEBUG   structure gststructure.c:2258:gst_structure_parse_field: trying field name 'klass'
0:00:00.014400251  2749 0x55b10ffbf360 DEBUG   GST_POLL gstpoll.c:979:gst_poll_fd_ctl_write: 0x55b10ffe3d30: fd (fd:0, idx:1), active : 1
0:00:00.018588102  2748 0x556d67130360 DEBUG   default gstvalue.c:2776:_priv_gst_value_parse_value: trying type name 'string'
0:00:00.014406171  2749 0x55b10ffbf360 LOG   GST_POLL gstpoll.c:994:gst_poll_fd_ctl_write: 0x55b10ffe3d30: pfd->events now 60 (POLLOUT:4)
0:00:00.018594358  2748 0x556d67130360 DEBUG   structure gststructure.c:2258:gst_structure_parse_field: trying field name 'description'
0:00:00.014412457  2749 0x55b10ffbf360 DEBUG   GST_POLL gstpoll.c:979:gst_poll_fd_ctl_write: 0x55b10ffe3d30: fd (fd:0, idx:1), active : 1
0:00:00.018600279  2748 0x556d67130360 DEBUG   default gstvalue.c:2776:_priv_gst_value_parse_value: trying type name 'string'
0:00:00.014418417  2749 0x55b10ffbf360 LOG   GST_POLL gstpoll.c:994:gst_poll_fd_ctl_write: 0x55b10ffe3d30: pfd->events now 60 (POLLOUT:4)
0:00:00.018610739  2748 0x556d67130360 DEBUG   structure gststructure.c:2258:gst_structure_parse_field: trying field name 'author'
0:00:00.014427656  2749 0x55b10ffbf360 DEBUG   GST_POLL gstpoll.c:979:gst_poll_fd_ctl_write: 0x55b10ffe3d30: fd (fd:0, idx:1), active : 1
0:00:00.018616747  2748 0x556d67130360 DEBUG   default gstvalue.c:2776:_priv_gst_value_parse_value: trying type name 'string'
0:00:00.014434161  2749 0x55b10ffbf360 LOG   GST_POLL gstpoll.c:994:gst_poll_fd_ctl_write: 0x55b10ffe3d30: pfd->events now 60 (POLLOUT:4)
0:00:00.018623084  2748 0x556d67130360 DEBUG   GST_REGISTRY gstregistrychunks.c:627:gst_registry_chunks_load_feature: Element factory : npadtemplates=1
0:00:00.014440447  2749 0x55b10ffbf360 DEBUG   GST_POLL gstpoll.c:979:gst_poll_fd_ctl_write: 0x55b10ffe3d30: fd (fd:0, idx:1), active : 1
0:00:00.018628923  2748 0x556d67130360 DEBUG   GST_REGISTRY gstregistrychunks.c:526:gst_registry_chunks_load_pad_template: Reading/casting for GstRegistryChunkPadTemplate at address 0x556d67157c60
0:00:00.014446413  2749 0x55b10ffbf360 LOG   GST_POLL gstpoll.c:994:gst_poll_fd_ctl_write: 0x55b10ffe3d30: pfd->events now 60 (POLLOUT:4)
0:00:00.018634770  2748 0x556d67130360 DEBUG   GST_REGISTRY gstregistrychunks.c:540:gst_registry_chunks_load_pad_template: Added pad_template sink
0:00:00.014452705  2749 0x55b10ffbf360 DEBUG   GST_POLL gstpoll.c:979:gst_poll_fd_ctl_write: 0x55b10ffe3d30: fd (fd:0, idx:1), active : 1
0:00:00.018640943  2748 0x556d67130360 DEBUG   GST_REGISTRY gstregistrychunks.c:640:gst_registry_chunks_load_feature: Reading 1 UriTypes at address 0x556d67157c71
0:00:00.014458698  2749 0x55b10ffbf360 LOG   GST_POLL gstpoll.c:994:gst_poll_fd_ctl_write: 0x55b10ffe3d30: pfd->events now 60 (POLLOUT:4)
0:00:00.018647435  2748 0x556d67130360 DEBUG   GST_REGISTRY gstregistrychunks.c:655:gst_registry_chunks_load_feature: Reading 1 Interfaces at address 0x556d67157c7f
0:00:00.014464948  2749 0x55b10ffbf360 DEBUG   GST_POLL gstpoll.c:979:gst_poll_fd_ctl_write: 0x55b10ffe3d30: fd (fd:0, idx:1), active : 1
0:00:00.018654545  2748 0x556d67130360 DEBUG   GST_REGISTRY gstregistry.c:589:gst_registry_add_feature: adding feature 0x556d6715d600 (fdsink)
0:00:00.014470959  2749 0x55b10ffbf360 LOG   GST_POLL gstpoll.c:994:gst_poll_fd_ctl_write: 0x55b10ffe3d30: pfd->events now 60 (POLLOUT:4)
0:00:00.018660805  2748 0x556d67130360 DEBUG   GST_REFCOUNTING gstobject.c:708:gst_object_set_parent: set parent (ref and sink)
0:00:00.014478540  2749 0x55b10ffbf360 DEBUG   GST_POLL gstpoll.c:979:gst_poll_fd_ctl_write: 0x55b10ffe3d30: fd (fd:0, idx:1), active : 1
0:00:00.018667999  2748 0x556d67130360 TRACE   GST_REFCOUNTING gstobject.c:292:gst_object_ref_sink: 0x556d6715d600 ref_sink 1->2
0:00:00.014489391  2749 0x55b10ffbf360 LOG   GST_POLL gstpoll.c:994:gst_poll_fd_ctl_write: 0x55b10ffe3d30: pfd->events now 60 (POLLOUT:4)
0:00:00.018674550  2748 0x556d67130360 LOG   GST_REGISTRY gstregistry.c:607:gst_registry_add_feature: emitting feature-added for fdsink
0:00:00.014495866  2749 0x55b10ffbf360 DEBUG   GST_POLL gstpoll.c:979:gst_poll_fd_ctl_write: 0x55b10ffe3d30: fd (fd:0, idx:1), active : 1
0:00:00.018687030  2748 0x556d67130360 DEBUG   GST_REGISTRY gstregistrychunks.c:741:gst_registry_chunks_load_feature: Added feature fdsink, plugin 0x556d67155cc0 coreelements
0:00:00.014503797  2749 0x55b10ffbf360 LOG   GST_POLL gstpoll.c:994:gst_poll_fd_ctl_write: 0x55b10ffe3d30: pfd->events now 60 (POLLOUT:4)
0:00:00.018693815  2748 0x556d67130360 DEBUG   GST_REGISTRY gstregistrychunks.c:583:gst_registry_chunks_load_feature: Plugin 'coreelements' feature 'fdsrc' typename : 'GstElementFactory'
0:00:00.014511048  2749 0x55b10ffbf360 DEBUG   GST_POLL gstpoll.c:979:gst_poll_fd_ctl_write: 0x55b10ffe3d30: fd (fd:0, idx:1), active : 1
0:00:00.018700776  2748 0x556d67130360 TRACE   GST_REFCOUNTING gstobject.c:208:gst_object_init: 0x556d671618f0 new
0:00:00.014517035  2749 0x55b10ffbf360 LOG   GST_POLL gstpoll.c:994:gst_poll_fd_ctl_write: 0x55b10ffe3d30: pfd->events now 60 (POLLOUT:4)
0:00:00.018708057  2748 0x556d67130360 LOG   GST_REGISTRY gstregistrychunks.c:610:gst_registry_chunks_load_feature: Reading/casting for GstRegistryChunkElementFactory at address 0x556d67157ca8
0:00:00.014525085  2749 0x55b10ffbf360 DEBUG   GST_POLL gstpoll.c:979:gst_poll_fd_ctl_write: 0x55b10ffe3d30: fd (fd:0, idx:1), active : 1
0:00:00.018714294  2748 0x556d67130360 TRACE   structure gststructure.c:292:gst_structure_new_id_empty_with_size: created structure 0x556d67161b20
0:00:00.014531450  2749 0x55b10ffbf360 LOG   GST_POLL gstpoll.c:994:gst_poll_fd_ctl_write: 0x55b10ffe3d30: pfd->events now 60 (POLLOUT:4)
0:00:00.018720236  2748 0x556d67130360 DEBUG   structure gststructure.c:2258:gst_structure_parse_field: trying field name 'long-name'
0:00:00.014538139  2749 0x55b10ffbf360 DEBUG   GST_POLL gstpoll.c:979:gst_poll_fd_ctl_write: 0x55b10ffe3d30: fd (fd:0, idx:1), active : 1
0:00:00.018726002  2748 0x556d67130360 DEBUG   default gstvalue.c:2776:_priv_gst_value_parse_value: trying type name 'string'
0:00:00.014544091  2749 0x55b10ffbf360 LOG   GST_POLL gstpoll.c:994:gst_poll_fd_ctl_write: 0x55b10ffe3d30: pfd->events now 60 (POLLOUT:4)
0:00:00.018732400  2748 0x556d67130360 DEBUG   structure gststructure.c:2258:gst_structure_parse_field: trying field name 'klass'
0:00:00.014550543  2749 0x55b10ffbf360 DEBUG   GST_POLL gstpoll.c:979:gst_poll_fd_ctl_write: 0x55b10ffe3d30: fd (fd:0, idx:1), active : 1
0:00:00.018738196  2748 0x556d67130360 DEBUG   default gstvalue.c:2776:_priv_gst_value_parse_value: trying type name 'string'
0:00:00.014556616  2749 0x55b10ffbf360 LOG   GST_POLL gstpoll.c:994:gst_poll_fd_ctl_write: 0x55b10ffe3d30: pfd->events now 60 (POLLOUT:4)
0:00:00.018744401  2748 0x556d67130360 DEBUG   structure gststructure.c:2258:gst_structure_parse_field: trying field name 'description'
0:00:00.014562794  2749 0x55b10ffbf360 DEBUG   GST_POLL gstpoll.c:979:gst_poll_fd_ctl_write: 0x55b10ffe3d30: fd (fd:0, idx:1), active : 1
0:00:00.018750262  2748 0x556d67130360 DEBUG   default gstvalue.c:2776:_priv_gst_value_parse_value: trying type name 'string'
0:00:00.014568810  2749 0x55b10ffbf360 LOG   GST_POLL gstpoll.c:994:gst_poll_fd_ctl_write: 0x55b10ffe3d30: pfd->events now 60 (POLLOUT:4)
0:00:00.018760383  2748 0x556d67130360 DEBUG   structure gststructure.c:2258:gst_structure_parse_field: trying field name 'author'
0:00:00.014577631  2749 0x55b10ffbf360 DEBUG   GST_POLL gstpoll.c:979:gst_poll_fd_ctl_write: 0x55b10ffe3d30: fd (fd:0, idx:1), active : 1
0:00:00.018766238  2748 0x556d67130360 DEBUG   default gstvalue.c:2776:_priv_gst_value_parse_value: trying type name 'string'
0:00:00.014583715  2749 0x55b10ffbf360 LOG   GST_POLL gstpoll.c:994:gst_poll_fd_ctl_write: 0x55b10ffe3d30: pfd->events now 60 (POLLOUT:4)
0:00:00.018772509  2748 0x556d67130360 DEBUG   GST_REGISTRY gstregistrychunks.c:627:gst_registry_chunks_load_feature: Element factory : npadtemplates=1
0:00:00.014589918  2749 0x55b10ffbf360 DEBUG   GST_POLL gstpoll.c:979:gst_poll_fd_ctl_write: 0x55b10ffe3d30: fd (fd:0, idx:1), active : 1
0:00:00.018778278  2748 0x556d67130360 DEBUG   GST_REGISTRY gstregistrychunks.c:526:gst_registry_chunks_load_pad_template: Reading/casting for GstRegistryChunkPadTemplate at address 0x556d67157d88
0:00:00.014595909  2749 0x55b10ffbf360 LOG   GST_POLL gstpoll.c:994:gst_poll_fd_ctl_write: 0x55b10ffe3d30: pfd->events now 60 (POLLOUT:4)
0:00:00.018784318  2748 0x556d67130360 DEBUG   GST_REGISTRY gstregistrychunks.c:540:gst_registry_chunks_load_pad_template: Added pad_template src
0:00:00.014602164  2749 0x55b10ffbf360 DEBUG   GST_POLL gstpoll.c:979:gst_poll_fd_ctl_write: 0x55b10ffe3d30: fd (fd:0, idx:1), active : 1
