0:00:00.018790374  2748 0x556d67130360 DEBUG   GST_REGISTRY gstregistrychunks.c:640:gst_registry_chunks_load_feature: Reading 1 UriTypes at address 0x556d67157d98
0:00:00.014608141  2749 0x55b10ffbf360 LOG   GST_POLL gstpoll.c:994:gst_poll_fd_ctl_write: 0x55b10ffe3d30: pfd->events now 60 (POLLOUT:4)
0:00:00.018796698  2748 0x556d67130360 DEBUG   GST_REGISTRY gstregistrychunks.c:655:gst_registry_chunks_load_feature: Reading 1 Interfaces at address 0x556d67157d9f
0:00:00.014614396  2749 0x55b10ffbf360 DEBUG   GST_POLL gstpoll.c:979:gst_poll_fd_ctl_write: 0x55b10ffe3d30: fd (fd:0, idx:1), active : 1
0:00:00.018803605  2748 0x556d67130360 DEBUG   GST_REGISTRY gstregistry.c:589:gst_registry_add_feature: adding feature 0x556d671618f0 (fdsrc)
0:00:00.014620348  2749 0x55b10ffbf360 LOG   GST_POLL gstpoll.c:994:gst_poll_fd_ctl_write: 0x55b10ffe3d30: pfd->events now 60 (POLLOUT:4)
0:00:00.018809800  2748 0x556d67130360 DEBUG   GST_REFCOUNTING gstobject.c:708:gst_object_set_parent: set parent (ref and sink)
0:00:00.014627699  2749 0x55b10ffbf360 DEBUG   GST_POLL gstpoll.c:979:gst_poll_fd_ctl_write: 0x55b10ffe3d30: fd (fd:0, idx:1), active : 1
0:00:00.014633729  2749 0x55b10ffbf360 LOG   GST_POLL gstpoll.c:994:gst_poll_fd_ctl_write: 0x55b10ffe3d30: pfd->events now 60 (POLLOUT:4)
0:00:00.018819999  2748 0x556d67130360 TRACE   GST_REFCOUNTING gstobject.c:292:gst_object_ref_sink: 0x556d671618f0 ref_sink 1->2
0:00:00.014639486  2749 0x55b10ffbf360 DEBUG   GST_POLL gstpoll.c:979:gst_poll_fd_ctl_write: 0x55b10ffe3d30: fd (fd:0, idx:1), active : 1
0:00:00.018826665  2748 0x556d67130360 LOG   GST_REGISTRY gstregistry.c:607:gst_registry_add_feature: emitting feature-added for fdsrc
0:00:00.014649471  2749 0x55b10ffbf360 LOG   GST_POLL gstpoll.c:994:gst_poll_fd_ctl_write: 0x55b10ffe3d30: pfd->events now 60 (POLLOUT:4)
0:00:00.018837052  2748 0x556d67130360 DEBUG   GST_REGISTRY gstregistrychunks.c:741:gst_registry_chunks_load_feature: Added feature fdsrc, plugin 0x556d67155cc0 coreelements
0:00:00.014655894  2749 0x55b10ffbf360 DEBUG   GST_POLL gstpoll.c:979:gst_poll_fd_ctl_write: 0x55b10ffe3d30: fd (fd:0, idx:1), active : 1
0:00:00.018843524  2748 0x556d67130360 DEBUG   GST_REGISTRY gstregistrychunks.c:583:gst_registry_chunks_load_feature: Plugin 'coreelements' feature 'fakesink' typename : 'GstElementFactory'
0:00:00.014662003  2749 0x55b10ffbf360 LOG   GST_POLL gstpoll.c:994:gst_poll_fd_ctl_write: 0x55b10ffe3d30: pfd->events now 60 (POLLOUT:4)
0:00:00.018850373  2748 0x556d67130360 TRACE   GST_REFCOUNTING gstobject.c:208:gst_object_init: 0x556d67161fa0 new
0:00:00.014668193  2749 0x55b10ffbf360 DEBUG   GST_POLL gstpoll.c:979:gst_poll_fd_ctl_write: 0x55b10ffe3d30: fd (fd:0, idx:1), active : 1
0:00:00.018857473  2748 0x556d67130360 LOG   GST_REGISTRY gstregistrychunks.c:610:gst_registry_chunks_load_feature: Reading/casting for GstRegistryChunkElementFactory at address 0x556d67157dc8
0:00:00.014674350  2749 0x55b10ffbf360 LOG   GST_POLL gstpoll.c:994:gst_poll_fd_ctl_write: 0x55b10ffe3d30: pfd->events now 60 (POLLOUT:4)
0:00:00.018863850  2748 0x556d67130360 TRACE   structure gststructure.c:292:gst_structure_new_id_empty_with_size: created structure 0x556d671621d0
0:00:00.014681537  2749 0x55b10ffbf360 DEBUG   GST_POLL gstpoll.c:979:gst_poll_fd_ctl_write: 0x55b10ffe3d30: fd (fd:0, idx:1), active : 1
0:00:00.018869832  2748 0x556d67130360 DEBUG   structure gststructure.c:2258:gst_structure_parse_field: trying field name 'long-name'
0:00:00.014687588  2749 0x55b10ffbf360 LOG   GST_POLL gstpoll.c:994:gst_poll_fd_ctl_write: 0x55b10ffe3d30: pfd->events now 60 (POLLOUT:4)
0:00:00.018875515  2748 0x556d67130360 DEBUG   default gstvalue.c:2776:_priv_gst_value_parse_value: trying type name 'string'
0:00:00.014693916  2749 0x55b10ffbf360 DEBUG   GST_POLL gstpoll.c:979:gst_poll_fd_ctl_write: 0x55b10ffe3d30: fd (fd:0, idx:1), active : 1
0:00:00.018881535  2748 0x556d67130360 DEBUG   structure gststructure.c:2258:gst_structure_parse_field: trying field name 'klass'
0:00:00.014700007  2749 0x55b10ffbf360 LOG   GST_POLL gstpoll.c:994:gst_poll_fd_ctl_write: 0x55b10ffe3d30: pfd->events now 60 (POLLOUT:4)
0:00:00.018887193  2748 0x556d67130360 DEBUG   default gstvalue.c:2776:_priv_gst_value_parse_value: trying type name 'string'
0:00:00.014706325  2749 0x55b10ffbf360 DEBUG   GST_POLL gstpoll.c:979:gst_poll_fd_ctl_write: 0x55b10ffe3d30: fd (fd:0, idx:1), active : 1
0:00:00.018893491  2748 0x556d67130360 DEBUG   structure gststructure.c:2258:gst_structure_parse_field: trying field name 'description'
0:00:00.014712288  2749 0x55b10ffbf360 LOG   GST_POLL gstpoll.c:994:gst_poll_fd_ctl_write: 0x55b10ffe3d30: pfd->events now 60 (POLLOUT:4)
0:00:00.018899430  2748 0x556d67130360 DEBUG   default gstvalue.c:2776:_priv_gst_value_parse_value: trying type name 'string'
0:00:00.014722449  2749 0x55b10ffbf360 DEBUG   GST_POLL gstpoll.c:979:gst_poll_fd_ctl_write: 0x55b10ffe3d30: fd (fd:0, idx:1), active : 1
0:00:00.018909420  2748 0x556d67130360 DEBUG   structure gststructure.c:2258:gst_structure_parse_field: trying field name 'author'
0:00:00.014728508  2749 0x55b10ffbf360 LOG   GST_POLL gstpoll.c:994:gst_poll_fd_ctl_write: 0x55b10ffe3d30: pfd->events now 60 (POLLOUT:4)
0:00:00.018915196  2748 0x556d67130360 DEBUG   default gstvalue.c:2776:_priv_gst_value_parse_value: trying type name 'string'
0:00:00.014734917  2749 0x55b10ffbf360 DEBUG   GST_POLL gstpoll.c:979:gst_poll_fd_ctl_write: 0x55b10ffe3d30: fd (fd:0, idx:1), active : 1
0:00:00.018923060  2748 0x556d67130360 DEBUG   GST_REGISTRY gstregistrychunks.c:627:gst_registry_chunks_load_feature: Element factory : npadtemplates=1
0:00:00.014740875  2749 0x55b10ffbf360 LOG   GST_POLL gstpoll.c:994:gst_poll_fd_ctl_write: 0x55b10ffe3d30: pfd->events now 60 (POLLOUT:4)
0:00:00.018928857  2748 0x556d67130360 DEBUG   GST_REGISTRY gstregistrychunks.c:526:gst_registry_chunks_load_pad_template: Reading/casting for GstRegistryChunkPadTemplate at address 0x556d67157ef0
0:00:00.014747148  2749 0x55b10ffbf360 DEBUG   GST_POLL gstpoll.c:979:gst_poll_fd_ctl_write: 0x55b10ffe3d30: fd (fd:0, idx:1), active : 1
0:00:00.018934821  2748 0x556d67130360 DEBUG   GST_REGISTRY gstregistrychunks.c:540:gst_registry_chunks_load_pad_template: Added pad_template sink
0:00:00.014753205  2749 0x55b10ffbf360 LOG   GST_POLL gstpoll.c:994:gst_poll_fd_ctl_write: 0x55b10ffe3d30: pfd->events now 60 (POLLOUT:4)
0:00:00.018941963  2748 0x556d67130360 DEBUG   GST_REGISTRY gstregistry.c:589:gst_registry_add_feature: adding feature 0x556d67161fa0 (fakesink)
0:00:00.014759588  2749 0x55b10ffbf360 DEBUG   GST_POLL gstpoll.c:979:gst_poll_fd_ctl_write: 0x55b10ffe3d30: fd (fd:0, idx:1), active : 1
0:00:00.018947803  2748 0x556d67130360 DEBUG   GST_REFCOUNTING gstobject.c:708:gst_object_set_parent: set parent (ref and sink)
0:00:00.014765570  2749 0x55b10ffbf360 LOG   GST_POLL gstpoll.c:994:gst_poll_fd_ctl_write: 0x55b10ffe3d30: pfd->events now 60 (POLLOUT:4)
0:00:00.018955059  2748 0x556d67130360 TRACE   GST_REFCOUNTING gstobject.c:292:gst_object_ref_sink: 0x556d67161fa0 ref_sink 1->2
0:00:00.014772190  2749 0x55b10ffbf360 DEBUG   GST_POLL gstpoll.c:979:gst_poll_fd_ctl_write: 0x55b10ffe3d30: fd (fd:0, idx:1), active : 1
0:00:00.018961585  2748 0x556d67130360 LOG   GST_REGISTRY gstregistry.c:607:gst_registry_add_feature: emitting feature-added for fakesink
0:00:00.014778834  2749 0x55b10ffbf360 LOG   GST_POLL gstpoll.c:994:gst_poll_fd_ctl_write: 0x55b10ffe3d30: pfd->events now 60 (POLLOUT:4)
0:00:00.018968578  2748 0x556d67130360 DEBUG   GST_REGISTRY gstregistrychunks.c:741:gst_registry_chunks_load_feature: Added feature fakesink, plugin 0x556d67155cc0 coreelements
0:00:00.014785821  2749 0x55b10ffbf360 DEBUG   GST_POLL gstpoll.c:979:gst_poll_fd_ctl_write: 0x55b10ffe3d30: fd (fd:0, idx:1), active : 1
0:00:00.018974918  2748 0x556d67130360 DEBUG   GST_REGISTRY gstregistrychunks.c:583:gst_registry_chunks_load_feature: Plugin 'coreelements' feature 'fakesrc' typename : 'GstElementFactory'
0:00:00.014794589  2749 0x55b10ffbf360 LOG   GST_POLL gstpoll.c:994:gst_poll_fd_ctl_write: 0x55b10ffe3d30: pfd->events now 60 (POLLOUT:4)
0:00:00.018982411  2748 0x556d67130360 TRACE   GST_REFCOUNTING gstobject.c:208:gst_object_init: 0x556d67162530 new
0:00:00.014801188  2749 0x55b10ffbf360 DEBUG   GST_POLL gstpoll.c:979:gst_poll_fd_ctl_write: 0x55b10ffe3d30: fd (fd:0, idx:1), active : 1
0:00:00.018989463  2748 0x556d67130360 LOG   GST_REGISTRY gstregistrychunks.c:610:gst_registry_chunks_load_feature: Reading/casting for GstRegistryChunkElementFactory at address 0x556d67157f20
0:00:00.014807216  2749 0x55b10ffbf360 LOG   GST_POLL gstpoll.c:994:gst_poll_fd_ctl_write: 0x55b10ffe3d30: pfd->events now 60 (POLLOUT:4)
0:00:00.018995639  2748 0x556d67130360 TRACE   structure gststructure.c:292:gst_structure_new_id_empty_with_size: created structure 0x556d67162620
0:00:00.014813585  2749 0x55b10ffbf360 DEBUG   GST_POLL gstpoll.c:979:gst_poll_fd_ctl_write: 0x55b10ffe3d30: fd (fd:0, idx:1), active : 1
0:00:00.019001635  2748 0x556d67130360 DEBUG   structure gststructure.c:2258:gst_structure_parse_field: trying field name 'long-name'
0:00:00.014819753  2749 0x55b10ffbf360 LOG   GST_POLL gstpoll.c:994:gst_poll_fd_ctl_write: 0x55b10ffe3d30: pfd->events now 60 (POLLOUT:4)
0:00:00.019007448  2748 0x556d67130360 DEBUG   default gstvalue.c:2776:_priv_gst_value_parse_value: trying type name 'string'
0:00:00.014826065  2749 0x55b10ffbf360 DEBUG   GST_POLL gstpoll.c:979:gst_poll_fd_ctl_write: 0x55b10ffe3d30: fd (fd:0, idx:1), active : 1
0:00:00.019013590  2748 0x556d67130360 DEBUG   structure gststructure.c:2258:gst_structure_parse_field: trying field name 'klass'
0:00:00.014831995  2749 0x55b10ffbf360 LOG   GST_POLL gstpoll.c:994:gst_poll_fd_ctl_write: 0x55b10ffe3d30: pfd->events now 60 (POLLOUT:4)
0:00:00.019019247  2748 0x556d67130360 DEBUG   default gstvalue.c:2776:_priv_gst_value_parse_value: trying type name 'string'
0:00:00.019025470  2748 0x556d67130360 DEBUG   structure gststructure.c:2258:gst_structure_parse_field: trying field name 'description'
0:00:00.019030686  2748 0x556d67130360 DEBUG   default gstvalue.c:2776:_priv_gst_value_parse_value: trying type name 'string'
0:00:00.014838244  2749 0x55b10ffbf360 DEBUG   GST_POLL gstpoll.c:979:gst_poll_fd_ctl_write: 0x55b10ffe3d30: fd (fd:0, idx:1), active : 1
0:00:00.014860347  2749 0x55b10ffbf360 LOG   GST_POLL gstpoll.c:994:gst_poll_fd_ctl_write: 0x55b10ffe3d30: pfd->events now 60 (POLLOUT:4)
0:00:00.019052220  2748 0x556d67130360 DEBUG   structure gststructure.c:2258:gst_structure_parse_field: trying field name 'author'
0:00:00.014872089  2749 0x55b10ffbf360 DEBUG   GST_POLL gstpoll.c:979:gst_poll_fd_ctl_write: 0x55b10ffe3d30: fd (fd:0, idx:1), active : 1
0:00:00.019062853  2748 0x556d67130360 DEBUG   default gstvalue.c:2776:_priv_gst_value_parse_value: trying type name 'string'
0:00:00.014879765  2749 0x55b10ffbf360 LOG   GST_POLL gstpoll.c:994:gst_poll_fd_ctl_write: 0x55b10ffe3d30: pfd->events now 60 (POLLOUT:4)
0:00:00.019076305  2748 0x556d67130360 DEBUG   GST_REGISTRY gstregistrychunks.c:627:gst_registry_chunks_load_feature: Element factory : npadtemplates=1
0:00:00.014893148  2749 0x55b10ffbf360 DEBUG   GST_POLL gstpoll.c:979:gst_poll_fd_ctl_write: 0x55b10ffe3d30: fd (fd:0, idx:1), active : 1
0:00:00.019082376  2748 0x556d67130360 DEBUG   GST_REGISTRY gstregistrychunks.c:526:gst_registry_chunks_load_pad_template: Reading/casting for GstRegistryChunkPadTemplate at address 0x556d67158020
0:00:00.014899966  2749 0x55b10ffbf360 LOG   GST_POLL gstpoll.c:994:gst_poll_fd_ctl_write: 0x55b10ffe3d30: pfd->events now 60 (POLLOUT:4)
0:00:00.019088371  2748 0x556d67130360 DEBUG   GST_REGISTRY gstregistrychunks.c:540:gst_registry_chunks_load_pad_template: Added pad_template src
0:00:00.014906232  2749 0x55b10ffbf360 DEBUG   GST_POLL gstpoll.c:979:gst_poll_fd_ctl_write: 0x55b10ffe3d30: fd (fd:0, idx:1), active : 1
0:00:00.019107878  2748 0x556d67130360 DEBUG   GST_REGISTRY gstregistry.c:589:gst_registry_add_feature: adding feature 0x556d67162530 (fakesrc)
0:00:00.014923930  2749 0x55b10ffbf360 LOG   GST_POLL gstpoll.c:994:gst_poll_fd_ctl_write: 0x55b10ffe3d30: pfd->events now 60 (POLLOUT:4)
0:00:00.019113705  2748 0x556d67130360 DEBUG   GST_REFCOUNTING gstobject.c:708:gst_object_set_parent: set parent (ref and sink)
0:00:00.014931465  2749 0x55b10ffbf360 LOG   GST_PLUGIN_LOADING gstpluginloader.c:644:put_chunk: Expanding tx buf from 13209 to 17023 for chunk of size 229
0:00:00.019120279  2748 0x556d67130360 TRACE   GST_REFCOUNTING gstobject.c:292:gst_object_ref_sink: 0x556d67162530 ref_sink 1->2
0:00:00.014941168  2749 0x55b10ffbf360 DEBUG   GST_POLL gstpoll.c:979:gst_poll_fd_ctl_write: 0x55b10ffe3d30: fd (fd:0, idx:1), active : 1
0:00:00.019126468  2748 0x556d67130360 LOG   GST_REGISTRY gstregistry.c:607:gst_registry_add_feature: emitting feature-added for fakesrc
0:00:00.014947088  2749 0x55b10ffbf360 LOG   GST_POLL gstpoll.c:994:gst_poll_fd_ctl_write: 0x55b10ffe3d30: pfd->events now 60 (POLLOUT:4)
0:00:00.019134439  2748 0x556d67130360 DEBUG   GST_REGISTRY gstregistrychunks.c:741:gst_registry_chunks_load_feature: Added feature fakesrc, plugin 0x556d67155cc0 coreelements
0:00:00.014952959  2749 0x55b10ffbf360 DEBUG   GST_POLL gstpoll.c:979:gst_poll_fd_ctl_write: 0x55b10ffe3d30: fd (fd:0, idx:1), active : 1
0:00:00.019140579  2748 0x556d67130360 DEBUG   GST_REGISTRY gstregistrychunks.c:583:gst_registry_chunks_load_feature: Plugin 'coreelements' feature 'downloadbuffer' typename : 'GstElementFactory'
0:00:00.014958563  2749 0x55b10ffbf360 LOG   GST_POLL gstpoll.c:994:gst_poll_fd_ctl_write: 0x55b10ffe3d30: pfd->events now 60 (POLLOUT:4)
0:00:00.019147441  2748 0x556d67130360 TRACE   GST_REFCOUNTING gstobject.c:208:gst_object_init: 0x556d67162a70 new
0:00:00.014964348  2749 0x55b10ffbf360 DEBUG   GST_POLL gstpoll.c:979:gst_poll_fd_ctl_write: 0x55b10ffe3d30: fd (fd:0, idx:1), active : 1
0:00:00.019154565  2748 0x556d67130360 LOG   GST_REGISTRY gstregistrychunks.c:610:gst_registry_chunks_load_feature: Reading/casting for GstRegistryChunkElementFactory at address 0x556d67158058
0:00:00.014975176  2749 0x55b10ffbf360 LOG   GST_POLL gstpoll.c:994:gst_poll_fd_ctl_write: 0x55b10ffe3d30: pfd->events now 60 (POLLOUT:4)
0:00:00.019162397  2748 0x556d67130360 TRACE   structure gststructure.c:292:gst_structure_new_id_empty_with_size: created structure 0x556d67162d70
0:00:00.014981129  2749 0x55b10ffbf360 DEBUG   GST_POLL gstpoll.c:979:gst_poll_fd_ctl_write: 0x55b10ffe3d30: fd (fd:0, idx:1), active : 1
0:00:00.019168049  2748 0x556d67130360 DEBUG   structure gststructure.c:2258:gst_structure_parse_field: trying field name 'long-name'
0:00:00.014986650  2749 0x55b10ffbf360 LOG   GST_POLL gstpoll.c:994:gst_poll_fd_ctl_write: 0x55b10ffe3d30: pfd->events now 60 (POLLOUT:4)
0:00:00.019173535  2748 0x556d67130360 DEBUG   default gstvalue.c:2776:_priv_gst_value_parse_value: trying type name 'string'
0:00:00.014992543  2749 0x55b10ffbf360 DEBUG   GST_POLL gstpoll.c:979:gst_poll_fd_ctl_write: 0x55b10ffe3d30: fd (fd:0, idx:1), active : 1
0:00:00.019179609  2748 0x556d67130360 DEBUG   structure gststructure.c:2258:gst_structure_parse_field: trying field name 'klass'
0:00:00.014998104  2749 0x55b10ffbf360 LOG   GST_POLL gstpoll.c:994:gst_poll_fd_ctl_write: 0x55b10ffe3d30: pfd->events now 60 (POLLOUT:4)
0:00:00.019185034  2748 0x556d67130360 DEBUG   default gstvalue.c:2776:_priv_gst_value_parse_value: trying type name 'string'
0:00:00.015004005  2749 0x55b10ffbf360 DEBUG   GST_POLL gstpoll.c:979:gst_poll_fd_ctl_write: 0x55b10ffe3d30: fd (fd:0, idx:1), active : 1
0:00:00.019191085  2748 0x556d67130360 DEBUG   structure gststructure.c:2258:gst_structure_parse_field: trying field name 'description'
0:00:00.015009727  2749 0x55b10ffbf360 LOG   GST_POLL gstpoll.c:994:gst_poll_fd_ctl_write: 0x55b10ffe3d30: pfd->events now 60 (POLLOUT:4)
0:00:00.019196994  2748 0x556d67130360 DEBUG   default gstvalue.c:2776:_priv_gst_value_parse_value: trying type name 'string'
0:00:00.015015995  2749 0x55b10ffbf360 DEBUG   GST_POLL gstpoll.c:979:gst_poll_fd_ctl_write: 0x55b10ffe3d30: fd (fd:0, idx:1), active : 1
0:00:00.019203000  2748 0x556d67130360 DEBUG   structure gststructure.c:2258:gst_structure_parse_field: trying field name 'author'
0:00:00.015021497  2749 0x55b10ffbf360 LOG   GST_POLL gstpoll.c:994:gst_poll_fd_ctl_write: 0x55b10ffe3d30: pfd->events now 60 (POLLOUT:4)
0:00:00.019211425  2748 0x556d67130360 DEBUG   default gstvalue.c:2776:_priv_gst_value_parse_value: trying type name 'string'
0:00:00.015027417  2749 0x55b10ffbf360 DEBUG   GST_POLL gstpoll.c:979:gst_poll_fd_ctl_write: 0x55b10ffe3d30: fd (fd:0, idx:1), active : 1
0:00:00.019217492  2748 0x556d67130360 DEBUG   GST_REGISTRY gstregistrychunks.c:627:gst_registry_chunks_load_feature: Element factory : npadtemplates=2
0:00:00.015034394  2749 0x55b10ffbf360 LOG   GST_POLL gstpoll.c:994:gst_poll_fd_ctl_write: 0x55b10ffe3d30: pfd->events now 60 (POLLOUT:4)
0:00:00.019223175  2748 0x556d67130360 DEBUG   GST_REGISTRY gstregistrychunks.c:526:gst_registry_chunks_load_pad_template: Reading/casting for GstRegistryChunkPadTemplate at address 0x556d67158120
0:00:00.015040927  2749 0x55b10ffbf360 DEBUG   GST_POLL gstpoll.c:979:gst_poll_fd_ctl_write: 0x55b10ffe3d30: fd (fd:0, idx:1), active : 1
0:00:00.015050466  2749 0x55b10ffbf360 LOG   GST_POLL gstpoll.c:994:gst_poll_fd_ctl_write: 0x55b10ffe3d30: pfd->events now 60 (POLLOUT:4)
0:00:00.019239372  2748 0x556d67130360 DEBUG   GST_REGISTRY gstregistrychunks.c:540:gst_registry_chunks_load_pad_template: Added pad_template sink
0:00:00.015055941  2749 0x55b10ffbf360 DEBUG   GST_POLL gstpoll.c:979:gst_poll_fd_ctl_write: 0x55b10ffe3d30: fd (fd:0, idx:1), active : 1
0:00:00.019245251  2748 0x556d67130360 DEBUG   GST_REGISTRY gstregistrychunks.c:526:gst_registry_chunks_load_pad_template: Reading/casting for GstRegistryChunkPadTemplate at address 0x556d67158138
0:00:00.015062720  2749 0x55b10ffbf360 LOG   GST_POLL gstpoll.c:994:gst_poll_fd_ctl_write: 0x55b10ffe3d30: pfd->events now 60 (POLLOUT:4)
0:00:00.019250800  2748 0x556d67130360 DEBUG   GST_REGISTRY gstregistrychunks.c:540:gst_registry_chunks_load_pad_template: Added pad_template src
0:00:00.015068529  2749 0x55b10ffbf360 DEBUG   GST_POLL gstpoll.c:979:gst_poll_fd_ctl_write: 0x55b10ffe3d30: fd (fd:0, idx:1), active : 1
0:00:00.019260259  2748 0x556d67130360 DEBUG   GST_REGISTRY gstregistry.c:589:gst_registry_add_feature: adding feature 0x556d67162a70 (downloadbuffer)
0:00:00.015076473  2749 0x55b10ffbf360 LOG   GST_POLL gstpoll.c:994:gst_poll_fd_ctl_write: 0x55b10ffe3d30: pfd->events now 60 (POLLOUT:4)
0:00:00.015083549  2749 0x55b10ffbf360 DEBUG   GST_POLL gstpoll.c:979:gst_poll_fd_ctl_write: 0x55b10ffe3d30: fd (fd:0, idx:1), active : 1
0:00:00.019266249  2748 0x556d67130360 DEBUG   GST_REFCOUNTING gstobject.c:708:gst_object_set_parent: set parent (ref and sink)
0:00:00.015088751  2749 0x55b10ffbf360 LOG   GST_POLL gstpoll.c:994:gst_poll_fd_ctl_write: 0x55b10ffe3d30: pfd->events now 60 (POLLOUT:4)
0:00:00.019277482  2748 0x556d67130360 TRACE   GST_REFCOUNTING gstobject.c:292:gst_object_ref_sink: 0x556d67162a70 ref_sink 1->2
0:00:00.015094669  2749 0x55b10ffbf360 DEBUG   GST_POLL gstpoll.c:979:gst_poll_fd_ctl_write: 0x55b10ffe3d30: fd (fd:0, idx:1), active : 1
0:00:00.019283782  2748 0x556d67130360 LOG   GST_REGISTRY gstregistry.c:607:gst_registry_add_feature: emitting feature-added for downloadbuffer
0:00:00.015100865  2749 0x55b10ffbf360 LOG   GST_POLL gstpoll.c:994:gst_poll_fd_ctl_write: 0x55b10ffe3d30: pfd->events now 60 (POLLOUT:4)
0:00:00.019290151  2748 0x556d67130360 DEBUG   GST_REGISTRY gstregistrychunks.c:741:gst_registry_chunks_load_feature: Added feature downloadbuffer, plugin 0x556d67155cc0 coreelements
0:00:00.015107138  2749 0x55b10ffbf360 DEBUG   GST_POLL gstpoll.c:979:gst_poll_fd_ctl_write: 0x55b10ffe3d30: fd (fd:0, idx:1), active : 1
0:00:00.019296193  2748 0x556d67130360 DEBUG   GST_REGISTRY gstregistrychunks.c:583:gst_registry_chunks_load_feature: Plugin 'coreelements' feature 'dataurisrc' typename : 'GstElementFactory'
0:00:00.015113103  2749 0x55b10ffbf360 LOG   GST_POLL gstpoll.c:994:gst_poll_fd_ctl_write: 0x55b10ffe3d30: pfd->events now 60 (POLLOUT:4)
0:00:00.019302745  2748 0x556d67130360 TRACE   GST_REFCOUNTING gstobject.c:208:gst_object_init: 0x556d67163250 new
0:00:00.015126263  2749 0x55b10ffbf360 DEBUG   GST_POLL gstpoll.c:979:gst_poll_fd_ctl_write: 0x55b10ffe3d30: fd (fd:0, idx:1), active : 1
0:00:00.019313652  2748 0x556d67130360 LOG   GST_REGISTRY gstregistrychunks.c:610:gst_registry_chunks_load_feature: Reading/casting for GstRegistryChunkElementFactory at address 0x556d67158168
0:00:00.015132207  2749 0x55b10ffbf360 LOG   GST_POLL gstpoll.c:994:gst_poll_fd_ctl_write: 0x55b10ffe3d30: pfd->events now 60 (POLLOUT:4)
0:00:00.019319684  2748 0x556d67130360 TRACE   structure gststructure.c:292:gst_structure_new_id_empty_with_size: created structure 0x556d67163560
0:00:00.015138097  2749 0x55b10ffbf360 DEBUG   GST_POLL gstpoll.c:979:gst_poll_fd_ctl_write: 0x55b10ffe3d30: fd (fd:0, idx:1), active : 1
0:00:00.019325469  2748 0x556d67130360 DEBUG   structure gststructure.c:2258:gst_structure_parse_field: trying field name 'long-name'
0:00:00.015143843  2749 0x55b10ffbf360 LOG   GST_POLL gstpoll.c:994:gst_poll_fd_ctl_write: 0x55b10ffe3d30: pfd->events now 60 (POLLOUT:4)
0:00:00.019331089  2748 0x556d67130360 DEBUG   default gstvalue.c:2776:_priv_gst_value_parse_value: trying type name 'string'
0:00:00.015149689  2749 0x55b10ffbf360 DEBUG   GST_POLL gstpoll.c:979:gst_poll_fd_ctl_write: 0x55b10ffe3d30: fd (fd:0, idx:1), active : 1
0:00:00.019337207  2748 0x556d67130360 DEBUG   structure gststructure.c:2258:gst_structure_parse_field: trying field name 'klass'
0:00:00.015155347  2749 0x55b10ffbf360 LOG   GST_POLL gstpoll.c:994:gst_poll_fd_ctl_write: 0x55b10ffe3d30: pfd->events now 60 (POLLOUT:4)
0:00:00.019342677  2748 0x556d67130360 DEBUG   default gstvalue.c:2776:_priv_gst_value_parse_value: trying type name 'string'
0:00:00.015161199  2749 0x55b10ffbf360 DEBUG   GST_POLL gstpoll.c:979:gst_poll_fd_ctl_write: 0x55b10ffe3d30: fd (fd:0, idx:1), active : 1
0:00:00.019348663  2748 0x556d67130360 DEBUG   structure gststructure.c:2258:gst_structure_parse_field: trying field name 'description'
0:00:00.015166813  2749 0x55b10ffbf360 LOG   GST_POLL gstpoll.c:994:gst_poll_fd_ctl_write: 0x55b10ffe3d30: pfd->events now 60 (POLLOUT:4)
0:00:00.019354097  2748 0x556d67130360 DEBUG   default gstvalue.c:2776:_priv_gst_value_parse_value: trying type name 'string'
0:00:00.015172725  2749 0x55b10ffbf360 DEBUG   GST_POLL gstpoll.c:979:gst_poll_fd_ctl_write: 0x55b10ffe3d30: fd (fd:0, idx:1), active : 1
0:00:00.019360047  2748 0x556d67130360 DEBUG   structure gststructure.c:2258:gst_structure_parse_field: trying field name 'author'
0:00:00.015178345  2749 0x55b10ffbf360 LOG   GST_POLL gstpoll.c:994:gst_poll_fd_ctl_write: 0x55b10ffe3d30: pfd->events now 60 (POLLOUT:4)
0:00:00.019365499  2748 0x556d67130360 DEBUG   default gstvalue.c:2776:_priv_gst_value_parse_value: trying type name 'string'
0:00:00.015184175  2749 0x55b10ffbf360 DEBUG   GST_POLL gstpoll.c:979:gst_poll_fd_ctl_write: 0x55b10ffe3d30: fd (fd:0, idx:1), active : 1
0:00:00.019372152  2748 0x556d67130360 DEBUG   GST_REGISTRY gstregistrychunks.c:627:gst_registry_chunks_load_feature: Element factory : npadtemplates=1
0:00:00.015193188  2749 0x55b10ffbf360 LOG   GST_POLL gstpoll.c:994:gst_poll_fd_ctl_write: 0x55b10ffe3d30: pfd->events now 60 (POLLOUT:4)
0:00:00.019379992  2748 0x556d67130360 DEBUG   GST_REGISTRY gstregistrychunks.c:526:gst_registry_chunks_load_pad_template: Reading/casting for GstRegistryChunkPadTemplate at address 0x556d67158280
0:00:00.015199052  2749 0x55b10ffbf360 DEBUG   GST_POLL gstpoll.c:979:gst_poll_fd_ctl_write: 0x55b10ffe3d30: fd (fd:0, idx:1), active : 1
0:00:00.019385666  2748 0x556d67130360 DEBUG   GST_REGISTRY gstregistrychunks.c:540:gst_registry_chunks_load_pad_template: Added pad_template src
0:00:00.015204815  2749 0x55b10ffbf360 LOG   GST_POLL gstpoll.c:994:gst_poll_fd_ctl_write: 0x55b10ffe3d30: pfd->events now 60 (POLLOUT:4)
0:00:00.019391762  2748 0x556d67130360 DEBUG   GST_REGISTRY gstregistrychunks.c:640:gst_registry_chunks_load_feature: Reading 1 UriTypes at address 0x556d67158290
0:00:00.015210599  2749 0x55b10ffbf360 DEBUG   GST_POLL gstpoll.c:979:gst_poll_fd_ctl_write: 0x55b10ffe3d30: fd (fd:0, idx:1), active : 1
0:00:00.019397688  2748 0x556d67130360 DEBUG   GST_REGISTRY gstregistrychunks.c:655:gst_registry_chunks_load_feature: Reading 1 Interfaces at address 0x556d67158299
0:00:00.015216265  2749 0x55b10ffbf360 LOG   GST_POLL gstpoll.c:994:gst_poll_fd_ctl_write: 0x55b10ffe3d30: pfd->events now 60 (POLLOUT:4)
0:00:00.019404707  2748 0x556d67130360 DEBUG   GST_REGISTRY gstregistry.c:589:gst_registry_add_feature: adding feature 0x556d67163250 (dataurisrc)
0:00:00.015222015  2749 0x55b10ffbf360 DEBUG   GST_POLL gstpoll.c:979:gst_poll_fd_ctl_write: 0x55b10ffe3d30: fd (fd:0, idx:1), active : 1
0:00:00.019410277  2748 0x556d67130360 DEBUG   GST_REFCOUNTING gstobject.c:708:gst_object_set_parent: set parent (ref and sink)
0:00:00.015227662  2749 0x55b10ffbf360 LOG   GST_POLL gstpoll.c:994:gst_poll_fd_ctl_write: 0x55b10ffe3d30: pfd->events now 60 (POLLOUT:4)
0:00:00.019416995  2748 0x556d67130360 TRACE   GST_REFCOUNTING gstobject.c:292:gst_object_ref_sink: 0x556d67163250 ref_sink 1->2
0:00:00.015233881  2749 0x55b10ffbf360 DEBUG   GST_POLL gstpoll.c:979:gst_poll_fd_ctl_write: 0x55b10ffe3d30: fd (fd:0, idx:1), active : 1
0:00:00.019423042  2748 0x556d67130360 LOG   GST_REGISTRY gstregistry.c:607:gst_registry_add_feature: emitting feature-added for dataurisrc
0:00:00.015240205  2749 0x55b10ffbf360 LOG   GST_POLL gstpoll.c:994:gst_poll_fd_ctl_write: 0x55b10ffe3d30: pfd->events now 60 (POLLOUT:4)
0:00:00.019429377  2748 0x556d67130360 DEBUG   GST_REGISTRY gstregistrychunks.c:741:gst_registry_chunks_load_feature: Added feature dataurisrc, plugin 0x556d67155cc0 coreelements
0:00:00.015246440  2749 0x55b10ffbf360 DEBUG   GST_POLL gstpoll.c:979:gst_poll_fd_ctl_write: 0x55b10ffe3d30: fd (fd:0, idx:1), active : 1
0:00:00.019435470  2748 0x556d67130360 DEBUG   GST_REGISTRY gstregistrychunks.c:583:gst_registry_chunks_load_feature: Plugin 'coreelements' feature 'concat' typename : 'GstElementFactory'
0:00:00.015252180  2749 0x55b10ffbf360 LOG   GST_POLL gstpoll.c:994:gst_poll_fd_ctl_write: 0x55b10ffe3d30: pfd->events now 60 (POLLOUT:4)
0:00:00.019441779  2748 0x556d67130360 TRACE   GST_REFCOUNTING gstobject.c:208:gst_object_init: 0x556d67163ca0 new
0:00:00.015262687  2749 0x55b10ffbf360 DEBUG   GST_POLL gstpoll.c:979:gst_poll_fd_ctl_write: 0x55b10ffe3d30: fd (fd:0, idx:1), active : 1
0:00:00.019449826  2748 0x556d67130360 LOG   GST_REGISTRY gstregistrychunks.c:610:gst_registry_chunks_load_feature: Reading/casting for GstRegistryChunkElementFactory at address 0x556d671582c0
0:00:00.015268566  2749 0x55b10ffbf360 LOG   GST_POLL gstpoll.c:994:gst_poll_fd_ctl_write: 0x55b10ffe3d30: pfd->events now 60 (POLLOUT:4)
0:00:00.019455598  2748 0x556d67130360 TRACE   structure gststructure.c:292:gst_structure_new_id_empty_with_size: created structure 0x556d67163ed0
0:00:00.015274409  2749 0x55b10ffbf360 DEBUG   GST_POLL gstpoll.c:979:gst_poll_fd_ctl_write: 0x55b10ffe3d30: fd (fd:0, idx:1), active : 1
0:00:00.019461250  2748 0x556d67130360 DEBUG   structure gststructure.c:2258:gst_structure_parse_field: trying field name 'long-name'
0:00:00.015279993  2749 0x55b10ffbf360 LOG   GST_POLL gstpoll.c:994:gst_poll_fd_ctl_write: 0x55b10ffe3d30: pfd->events now 60 (POLLOUT:4)
0:00:00.019466815  2748 0x556d67130360 DEBUG   default gstvalue.c:2776:_priv_gst_value_parse_value: trying type name 'string'
0:00:00.015285952  2749 0x55b10ffbf360 DEBUG   GST_POLL gstpoll.c:979:gst_poll_fd_ctl_write: 0x55b10ffe3d30: fd (fd:0, idx:1), active : 1
0:00:00.019472639  2748 0x556d67130360 DEBUG   structure gststructure.c:2258:gst_structure_parse_field: trying field name 'klass'
0:00:00.015291469  2749 0x55b10ffbf360 LOG   GST_POLL gstpoll.c:994:gst_poll_fd_ctl_write: 0x55b10ffe3d30: pfd->events now 60 (POLLOUT:4)
0:00:00.019478067  2748 0x556d67130360 DEBUG   default gstvalue.c:2776:_priv_gst_value_parse_value: trying type name 'string'
0:00:00.015297396  2749 0x55b10ffbf360 DEBUG   GST_POLL gstpoll.c:979:gst_poll_fd_ctl_write: 0x55b10ffe3d30: fd (fd:0, idx:1), active : 1
0:00:00.019484128  2748 0x556d67130360 DEBUG   structure gststructure.c:2258:gst_structure_parse_field: trying field name 'description'
0:00:00.015302931  2749 0x55b10ffbf360 LOG   GST_POLL gstpoll.c:994:gst_poll_fd_ctl_write: 0x55b10ffe3d30: pfd->events now 60 (POLLOUT:4)
0:00:00.019492515  2748 0x556d67130360 DEBUG   default gstvalue.c:2776:_priv_gst_value_parse_value: trying type name 'string'
0:00:00.015308809  2749 0x55b10ffbf360 DEBUG   GST_POLL gstpoll.c:979:gst_poll_fd_ctl_write: 0x55b10ffe3d30: fd (fd:0, idx:1), active : 1
0:00:00.019498552  2748 0x556d67130360 DEBUG   structure gststructure.c:2258:gst_structure_parse_field: trying field name 'author'
0:00:00.015315391  2749 0x55b10ffbf360 LOG   GST_POLL gstpoll.c:994:gst_poll_fd_ctl_write: 0x55b10ffe3d30: pfd->events now 60 (POLLOUT:4)
0:00:00.019504159  2748 0x556d67130360 DEBUG   default gstvalue.c:2776:_priv_gst_value_parse_value: trying type name 'string'
0:00:00.015321872  2749 0x55b10ffbf360 DEBUG   GST_POLL gstpoll.c:979:gst_poll_fd_ctl_write: 0x55b10ffe3d30: fd (fd:0, idx:1), active : 1
0:00:00.019510352  2748 0x556d67130360 DEBUG   GST_REGISTRY gstregistrychunks.c:627:gst_registry_chunks_load_feature: Element factory : npadtemplates=2
0:00:00.015331002  2749 0x55b10ffbf360 LOG   GST_POLL gstpoll.c:994:gst_poll_fd_ctl_write: 0x55b10ffe3d30: pfd->events now 60 (POLLOUT:4)
0:00:00.019517795  2748 0x556d67130360 DEBUG   GST_REGISTRY gstregistrychunks.c:526:gst_registry_chunks_load_pad_template: Reading/casting for GstRegistryChunkPadTemplate at address 0x556d67158398
0:00:00.015336859  2749 0x55b10ffbf360 DEBUG   GST_POLL gstpoll.c:979:gst_poll_fd_ctl_write: 0x55b10ffe3d30: fd (fd:0, idx:1), active : 1
0:00:00.019523261  2748 0x556d67130360 DEBUG   GST_REGISTRY gstregistrychunks.c:540:gst_registry_chunks_load_pad_template: Added pad_template src
0:00:00.015342752  2749 0x55b10ffbf360 LOG   GST_POLL gstpoll.c:994:gst_poll_fd_ctl_write: 0x55b10ffe3d30: pfd->events now 60 (POLLOUT:4)
0:00:00.019529351  2748 0x556d67130360 DEBUG   GST_REGISTRY gstregistrychunks.c:526:gst_registry_chunks_load_pad_template: Reading/casting for GstRegistryChunkPadTemplate at address 0x556d671583a8
0:00:00.015348506  2749 0x55b10ffbf360 DEBUG   GST_POLL gstpoll.c:979:gst_poll_fd_ctl_write: 0x55b10ffe3d30: fd (fd:0, idx:1), active : 1
0:00:00.019535086  2748 0x556d67130360 DEBUG   GST_REGISTRY gstregistrychunks.c:540:gst_registry_chunks_load_pad_template: Added pad_template sink_%u
0:00:00.015354323  2749 0x55b10ffbf360 LOG   GST_POLL gstpoll.c:994:gst_poll_fd_ctl_write: 0x55b10ffe3d30: pfd->events now 60 (POLLOUT:4)
0:00:00.019541981  2748 0x556d67130360 DEBUG   GST_REGISTRY gstregistry.c:589:gst_registry_add_feature: adding feature 0x556d67163ca0 (concat)
0:00:00.015360164  2749 0x55b10ffbf360 DEBUG   GST_POLL gstpoll.c:979:gst_poll_fd_ctl_write: 0x55b10ffe3d30: fd (fd:0, idx:1), active : 1
0:00:00.019547509  2748 0x556d67130360 DEBUG   GST_REFCOUNTING gstobject.c:708:gst_object_set_parent: set parent (ref and sink)
0:00:00.015365741  2749 0x55b10ffbf360 LOG   GST_POLL gstpoll.c:994:gst_poll_fd_ctl_write: 0x55b10ffe3d30: pfd->events now 60 (POLLOUT:4)
0:00:00.019554184  2748 0x556d67130360 TRACE   GST_REFCOUNTING gstobject.c:292:gst_object_ref_sink: 0x556d67163ca0 ref_sink 1->2
0:00:00.015371647  2749 0x55b10ffbf360 DEBUG   GST_POLL gstpoll.c:979:gst_poll_fd_ctl_write: 0x55b10ffe3d30: fd (fd:0, idx:1), active : 1
0:00:00.019560161  2748 0x556d67130360 LOG   GST_REGISTRY gstregistry.c:607:gst_registry_add_feature: emitting feature-added for concat
0:00:00.015377277  2749 0x55b10ffbf360 LOG   GST_POLL gstpoll.c:994:gst_poll_fd_ctl_write: 0x55b10ffe3d30: pfd->events now 60 (POLLOUT:4)
0:00:00.019566493  2748 0x556d67130360 DEBUG   GST_REGISTRY gstregistrychunks.c:741:gst_registry_chunks_load_feature: Added feature concat, plugin 0x556d67155cc0 coreelements
0:00:00.015383495  2749 0x55b10ffbf360 DEBUG   GST_POLL gstpoll.c:979:gst_poll_fd_ctl_write: 0x55b10ffe3d30: fd (fd:0, idx:1), active : 1
0:00:00.019572663  2748 0x556d67130360 DEBUG   GST_REGISTRY gstregistrychunks.c:583:gst_registry_chunks_load_feature: Plugin 'coreelements' feature 'clocksync' typename : 'GstElementFactory'
0:00:00.015389566  2749 0x55b10ffbf360 LOG   GST_POLL gstpoll.c:994:gst_poll_fd_ctl_write: 0x55b10ffe3d30: pfd->events now 60 (POLLOUT:4)
0:00:00.019579097  2748 0x556d67130360 TRACE   GST_REFCOUNTING gstobject.c:208:gst_object_init: 0x556d67163b50 new
0:00:00.015399195  2749 0x55b10ffbf360 DEBUG   GST_POLL gstpoll.c:979:gst_poll_fd_ctl_write: 0x55b10ffe3d30: fd (fd:0, idx:1), active : 1
0:00:00.019586440  2748 0x556d67130360 LOG   GST_REGISTRY gstregistrychunks.c:610:gst_registry_chunks_load_feature: Reading/casting for GstRegistryChunkElementFactory at address 0x556d671583d8
0:00:00.015405003  2749 0x55b10ffbf360 LOG   GST_POLL gstpoll.c:994:gst_poll_fd_ctl_write: 0x55b10ffe3d30: pfd->events now 60 (POLLOUT:4)
0:00:00.019592191  2748 0x556d67130360 TRACE   structure gststructure.c:292:gst_structure_new_id_empty_with_size: created structure 0x556d671644a0
0:00:00.015411026  2749 0x55b10ffbf360 DEBUG   GST_POLL gstpoll.c:979:gst_poll_fd_ctl_write: 0x55b10ffe3d30: fd (fd:0, idx:1), active : 1
0:00:00.019597748  2748 0x556d67130360 DEBUG   structure gststructure.c:2258:gst_structure_parse_field: trying field name 'long-name'
0:00:00.015416939  2749 0x55b10ffbf360 LOG   GST_POLL gstpoll.c:994:gst_poll_fd_ctl_write: 0x55b10ffe3d30: pfd->events now 60 (POLLOUT:4)
0:00:00.019603636  2748 0x556d67130360 DEBUG   default gstvalue.c:2776:_priv_gst_value_parse_value: trying type name 'string'
0:00:00.015422941  2749 0x55b10ffbf360 DEBUG   GST_POLL gstpoll.c:979:gst_poll_fd_ctl_write: 0x55b10ffe3d30: fd (fd:0, idx:1), active : 1
0:00:00.019609667  2748 0x556d67130360 DEBUG   structure gststructure.c:2258:gst_structure_parse_field: trying field name 'klass'
0:00:00.015428691  2749 0x55b10ffbf360 LOG   GST_POLL gstpoll.c:994:gst_poll_fd_ctl_write: 0x55b10ffe3d30: pfd->events now 60 (POLLOUT:4)
0:00:00.019615288  2748 0x556d67130360 DEBUG   default gstvalue.c:2776:_priv_gst_value_parse_value: trying type name 'string'
0:00:00.015434697  2749 0x55b10ffbf360 DEBUG   GST_POLL gstpoll.c:979:gst_poll_fd_ctl_write: 0x55b10ffe3d30: fd (fd:0, idx:1), active : 1
0:00:00.019621434  2748 0x556d67130360 DEBUG   structure gststructure.c:2258:gst_structure_parse_field: trying field name 'description'
0:00:00.015440436  2749 0x55b10ffbf360 LOG   GST_POLL gstpoll.c:994:gst_poll_fd_ctl_write: 0x55b10ffe3d30: pfd->events now 60 (POLLOUT:4)
0:00:00.019627103  2748 0x556d67130360 DEBUG   default gstvalue.c:2776:_priv_gst_value_parse_value: trying type name 'string'
0:00:00.015446350  2749 0x55b10ffbf360 DEBUG   GST_POLL gstpoll.c:979:gst_poll_fd_ctl_write: 0x55b10ffe3d30: fd (fd:0, idx:1), active : 1
0:00:00.019633193  2748 0x556d67130360 DEBUG   structure gststructure.c:2258:gst_structure_parse_field: trying field name 'author'
0:00:00.015452070  2749 0x55b10ffbf360 LOG   GST_POLL gstpoll.c:994:gst_poll_fd_ctl_write: 0x55b10ffe3d30: pfd->events now 60 (POLLOUT:4)
0:00:00.019638695  2748 0x556d67130360 DEBUG   default gstvalue.c:2776:_priv_gst_value_parse_value: trying type name 'string'
0:00:00.015458090  2749 0x55b10ffbf360 DEBUG   GST_POLL gstpoll.c:979:gst_poll_fd_ctl_write: 0x55b10ffe3d30: fd (fd:0, idx:1), active : 1
0:00:00.019644999  2748 0x556d67130360 DEBUG   GST_REGISTRY gstregistrychunks.c:627:gst_registry_chunks_load_feature: Element factory : npadtemplates=2
0:00:00.015467254  2749 0x55b10ffbf360 LOG   GST_POLL gstpoll.c:994:gst_poll_fd_ctl_write: 0x55b10ffe3d30: pfd->events now 60 (POLLOUT:4)
0:00:00.019654087  2748 0x556d67130360 DEBUG   GST_REGISTRY gstregistrychunks.c:526:gst_registry_chunks_load_pad_template: Reading/casting for GstRegistryChunkPadTemplate at address 0x556d671584a8
0:00:00.015473304  2749 0x55b10ffbf360 DEBUG   GST_POLL gstpoll.c:979:gst_poll_fd_ctl_write: 0x55b10ffe3d30: fd (fd:0, idx:1), active : 1
0:00:00.019659601  2748 0x556d67130360 DEBUG   GST_REGISTRY gstregistrychunks.c:540:gst_registry_chunks_load_pad_template: Added pad_template sink
0:00:00.015479148  2749 0x55b10ffbf360 LOG   GST_POLL gstpoll.c:994:gst_poll_fd_ctl_write: 0x55b10ffe3d30: pfd->events now 60 (POLLOUT:4)
0:00:00.019665799  2748 0x556d67130360 DEBUG   GST_REGISTRY gstregistrychunks.c:526:gst_registry_chunks_load_pad_template: Reading/casting for GstRegistryChunkPadTemplate at address 0x556d671584c0
0:00:00.019671384  2748 0x556d67130360 DEBUG   GST_REGISTRY gstregistrychunks.c:540:gst_registry_chunks_load_pad_template: Added pad_template src
0:00:00.015489703  2749 0x55b10ffbf360 DEBUG   GST_POLL gstpoll.c:979:gst_poll_fd_ctl_write: 0x55b10ffe3d30: fd (fd:0, idx:1), active : 1
0:00:00.019677362  2748 0x556d67130360 DEBUG   GST_REGISTRY gstregistry.c:589:gst_registry_add_feature: adding feature 0x556d67163b50 (clocksync)
0:00:00.015495555  2749 0x55b10ffbf360 LOG   GST_POLL gstpoll.c:994:gst_poll_fd_ctl_write: 0x55b10ffe3d30: pfd->events now 60 (POLLOUT:4)
0:00:00.019682845  2748 0x556d67130360 DEBUG   GST_REFCOUNTING gstobject.c:708:gst_object_set_parent: set parent (ref and sink)
0:00:00.015501339  2749 0x55b10ffbf360 DEBUG   GST_POLL gstpoll.c:979:gst_poll_fd_ctl_write: 0x55b10ffe3d30: fd (fd:0, idx:1), active : 1
0:00:00.019689403  2748 0x556d67130360 TRACE   GST_REFCOUNTING gstobject.c:292:gst_object_ref_sink: 0x556d67163b50 ref_sink 1->2
0:00:00.015507133  2749 0x55b10ffbf360 LOG   GST_POLL gstpoll.c:994:gst_poll_fd_ctl_write: 0x55b10ffe3d30: pfd->events now 60 (POLLOUT:4)
0:00:00.019695479  2748 0x556d67130360 LOG   GST_REGISTRY gstregistry.c:607:gst_registry_add_feature: emitting feature-added for clocksync
0:00:00.015512855  2749 0x55b10ffbf360 DEBUG   GST_POLL gstpoll.c:979:gst_poll_fd_ctl_write: 0x55b10ffe3d30: fd (fd:0, idx:1), active : 1
0:00:00.019701675  2748 0x556d67130360 DEBUG   GST_REGISTRY gstregistrychunks.c:741:gst_registry_chunks_load_feature: Added feature clocksync, plugin 0x556d67155cc0 coreelements
0:00:00.015518420  2749 0x55b10ffbf360 LOG   GST_POLL gstpoll.c:994:gst_poll_fd_ctl_write: 0x55b10ffe3d30: pfd->events now 60 (POLLOUT:4)
0:00:00.019707681  2748 0x556d67130360 DEBUG   GST_REGISTRY gstregistrychunks.c:583:gst_registry_chunks_load_feature: Plugin 'coreelements' feature 'capsfilter' typename : 'GstElementFactory'
0:00:00.015524857  2749 0x55b10ffbf360 DEBUG   GST_POLL gstpoll.c:979:gst_poll_fd_ctl_write: 0x55b10ffe3d30: fd (fd:0, idx:1), active : 1
0:00:00.019714246  2748 0x556d67130360 TRACE   GST_REFCOUNTING gstobject.c:208:gst_object_init: 0x556d67164a00 new
0:00:00.015534140  2749 0x55b10ffbf360 LOG   GST_POLL gstpoll.c:994:gst_poll_fd_ctl_write: 0x55b10ffe3d30: pfd->events now 60 (POLLOUT:4)
0:00:00.019721447  2748 0x556d67130360 LOG   GST_REGISTRY gstregistrychunks.c:610:gst_registry_chunks_load_feature: Reading/casting for GstRegistryChunkElementFactory at address 0x556d671584f0
0:00:00.015540169  2749 0x55b10ffbf360 DEBUG   GST_POLL gstpoll.c:979:gst_poll_fd_ctl_write: 0x55b10ffe3d30: fd (fd:0, idx:1), active : 1
0:00:00.019727245  2748 0x556d67130360 TRACE   structure gststructure.c:292:gst_structure_new_id_empty_with_size: created structure 0x556d67164d10
0:00:00.015545725  2749 0x55b10ffbf360 LOG   GST_POLL gstpoll.c:994:gst_poll_fd_ctl_write: 0x55b10ffe3d30: pfd->events now 60 (POLLOUT:4)
0:00:00.019732808  2748 0x556d67130360 DEBUG   structure gststructure.c:2258:gst_structure_parse_field: trying field name 'long-name'
0:00:00.015551670  2749 0x55b10ffbf360 DEBUG   GST_POLL gstpoll.c:979:gst_poll_fd_ctl_write: 0x55b10ffe3d30: fd (fd:0, idx:1), active : 1
0:00:00.019738191  2748 0x556d67130360 DEBUG   default gstvalue.c:2776:_priv_gst_value_parse_value: trying type name 'string'
0:00:00.015557125  2749 0x55b10ffbf360 LOG   GST_POLL gstpoll.c:994:gst_poll_fd_ctl_write: 0x55b10ffe3d30: pfd->events now 60 (POLLOUT:4)
0:00:00.019744074  2748 0x556d67130360 DEBUG   structure gststructure.c:2258:gst_structure_parse_field: trying field name 'klass'
0:00:00.015562963  2749 0x55b10ffbf360 DEBUG   GST_POLL gstpoll.c:979:gst_poll_fd_ctl_write: 0x55b10ffe3d30: fd (fd:0, idx:1), active : 1
0:00:00.019749532  2748 0x556d67130360 DEBUG   default gstvalue.c:2776:_priv_gst_value_parse_value: trying type name 'string'
0:00:00.015568659  2749 0x55b10ffbf360 LOG   GST_POLL gstpoll.c:994:gst_poll_fd_ctl_write: 0x55b10ffe3d30: pfd->events now 60 (POLLOUT:4)
0:00:00.019755740  2748 0x556d67130360 DEBUG   structure gststructure.c:2258:gst_structure_parse_field: trying field name 'description'
0:00:00.015574367  2749 0x55b10ffbf360 DEBUG   GST_POLL gstpoll.c:979:gst_poll_fd_ctl_write: 0x55b10ffe3d30: fd (fd:0, idx:1), active : 1
0:00:00.019761417  2748 0x556d67130360 DEBUG   default gstvalue.c:2776:_priv_gst_value_parse_value: trying type name 'string'
0:00:00.015579949  2749 0x55b10ffbf360 LOG   GST_POLL gstpoll.c:994:gst_poll_fd_ctl_write: 0x55b10ffe3d30: pfd->events now 60 (POLLOUT:4)
0:00:00.019767547  2748 0x556d67130360 DEBUG   structure gststructure.c:2258:gst_structure_parse_field: trying field name 'author'
0:00:00.015585724  2749 0x55b10ffbf360 DEBUG   GST_POLL gstpoll.c:979:gst_poll_fd_ctl_write: 0x55b10ffe3d30: fd (fd:0, idx:1), active : 1
0:00:00.019772969  2748 0x556d67130360 DEBUG   default gstvalue.c:2776:_priv_gst_value_parse_value: trying type name 'string'
0:00:00.015591254  2749 0x55b10ffbf360 LOG   GST_POLL gstpoll.c:994:gst_poll_fd_ctl_write: 0x55b10ffe3d30: pfd->events now 60 (POLLOUT:4)
0:00:00.019779013  2748 0x556d67130360 DEBUG   GST_REGISTRY gstregistrychunks.c:627:gst_registry_chunks_load_feature: Element factory : npadtemplates=2
0:00:00.015596971  2749 0x55b10ffbf360 DEBUG   GST_POLL gstpoll.c:979:gst_poll_fd_ctl_write: 0x55b10ffe3d30: fd (fd:0, idx:1), active : 1
0:00:00.019791516  2748 0x556d67130360 DEBUG   GST_REGISTRY gstregistrychunks.c:526:gst_registry_chunks_load_pad_template: Reading/casting for GstRegistryChunkPadTemplate at address 0x556d671585d0
0:00:00.015608975  2749 0x55b10ffbf360 LOG   GST_POLL gstpoll.c:994:gst_poll_fd_ctl_write: 0x55b10ffe3d30: pfd->events now 60 (POLLOUT:4)
0:00:00.019797199  2748 0x556d67130360 DEBUG   GST_REGISTRY gstregistrychunks.c:540:gst_registry_chunks_load_pad_template: Added pad_template sink
0:00:00.015614942  2749 0x55b10ffbf360 DEBUG   GST_POLL gstpoll.c:979:gst_poll_fd_ctl_write: 0x55b10ffe3d30: fd (fd:0, idx:1), active : 1
0:00:00.015620403  2749 0x55b10ffbf360 LOG   GST_POLL gstpoll.c:994:gst_poll_fd_ctl_write: 0x55b10ffe3d30: pfd->events now 60 (POLLOUT:4)
0:00:00.019805240  2748 0x556d67130360 DEBUG   GST_REGISTRY gstregistrychunks.c:526:gst_registry_chunks_load_pad_template: Reading/casting for GstRegistryChunkPadTemplate at address 0x556d671585e8
0:00:00.019812480  2748 0x556d67130360 DEBUG   GST_REGISTRY gstregistrychunks.c:540:gst_registry_chunks_load_pad_template: Added pad_template src
0:00:00.015629086  2749 0x55b10ffbf360 TRACE   GST_REFCOUNTING gstobject.c:264:gst_object_unref: 0x55b10ffe9350 unref 2->1
0:00:00.019818326  2748 0x556d67130360 DEBUG   GST_REGISTRY gstregistry.c:589:gst_registry_add_feature: adding feature 0x556d67164a00 (capsfilter)
0:00:00.015636199  2749 0x55b10ffbf360 DEBUG   GST_POLL gstpoll.c:1241:gst_poll_fd_has_error: 0x55b10ffe3d30: fd (fd:0, idx:1) 0
0:00:00.019823844  2748 0x556d67130360 DEBUG   GST_REFCOUNTING gstobject.c:708:gst_object_set_parent: set parent (ref and sink)
0:00:00.015642020  2749 0x55b10ffbf360 DEBUG   GST_POLL gstpoll.c:1335:gst_poll_fd_can_write: 0x55b10ffe3d30: fd (fd:0, idx:1) 1
0:00:00.019830385  2748 0x556d67130360 TRACE   GST_REFCOUNTING gstobject.c:292:gst_object_ref_sink: 0x556d67164a00 ref_sink 1->2
0:00:00.015647767  2749 0x55b10ffbf360 LOG   GST_PLUGIN_LOADING gstpluginloader.c:689:write_one: Writing packet of size 528 bytes to fd 0
0:00:00.019836307  2748 0x556d67130360 LOG   GST_REGISTRY gstregistry.c:607:gst_registry_add_feature: emitting feature-added for capsfilter
0:00:00.015656950  2749 0x55b10ffbf360 DEBUG   GST_POLL gstpoll.c:1414:gst_poll_wait: 0x55b10ffe3d30: timeout :0:00:01.000000000
0:00:00.019842485  2748 0x556d67130360 DEBUG   GST_REGISTRY gstregistrychunks.c:741:gst_registry_chunks_load_feature: Added feature capsfilter, plugin 0x556d67155cc0 coreelements
0:00:00.019850557  2748 0x556d67130360 LOG   GST_PLUGIN_LOADING gstpluginloader.c:886:handle_rx_packet: marking plugin 0x556d67155cc0 as registered as /home/conan/w/prod/BuildSingleReference/.conan/data/gstreamer/1.19.2/_/_/package/62e0ab6106dfea3ec3ecb5db13d8d55a63451b50/lib/gstreamer-1.0/libgstcoreelements.so
0:00:00.015665950  2749 0x55b10ffbf360 LOG   GST_PLUGIN_LOADING gstpluginloader.c:1026:exchange_packets: Poll res = 2. 6872 bytes pending for write
0:00:00.019858293  2748 0x556d67130360 DEBUG   GST_POLL gstpoll.c:1414:gst_poll_wait: 0x556d67155920: timeout :0:00:01.000000000
0:00:00.015677573  2749 0x55b10ffbf360 DEBUG   GST_POLL gstpoll.c:1241:gst_poll_fd_has_error: 0x55b10ffe3d30: fd (fd:5, idx:2) 0
0:00:00.019867848  2748 0x556d67130360 LOG   GST_PLUGIN_LOADING gstpluginloader.c:1026:exchange_packets: Poll res = 1. 0 bytes pending for write
0:00:00.015683536  2749 0x55b10ffbf360 DEBUG   GST_POLL gstpoll.c:1266:gst_poll_fd_can_read_unlocked: 0x55b10ffe3d30: fd (fd:5, idx:2) 1
0:00:00.019874724  2748 0x556d67130360 DEBUG   GST_POLL gstpoll.c:1241:gst_poll_fd_has_error: 0x556d67155920: fd (fd:8, idx:2) 0
0:00:00.015693154  2749 0x55b10ffbf360 LOG   GST_PLUGIN_LOADING gstpluginloader.c:1004:read_one: No payload to read for 0 length packet type 1 tag 0
0:00:00.019880858  2748 0x556d67130360 DEBUG   GST_POLL gstpoll.c:1266:gst_poll_fd_can_read_unlocked: 0x556d67155920: fd (fd:8, idx:2) 1
0:00:00.015699822  2749 0x55b10ffbf360 DEBUG   GST_POLL gstpoll.c:1014:gst_poll_fd_ctl_read_unlocked: 0x55b10ffe3d30: fd (fd:5, idx:2), active : 0
0:00:00.019890059  2748 0x556d67130360 DEBUG   GST_PLUGIN_LOADING gstpluginloader.c:847:handle_rx_packet: Received plugin details from child w/ tag 2. 516 bytes info
0:00:00.015705922  2749 0x55b10ffbf360 DEBUG   GST_POLL gstpoll.c:979:gst_poll_fd_ctl_write: 0x55b10ffe3d30: fd (fd:0, idx:1), active : 1
0:00:00.019895961  2748 0x556d67130360 LOG   GST_REGISTRY gstregistrychunks.c:837:_priv_gst_registry_chunks_load_plugin: Reading/casting for GstRegistryChunkPluginElement at address 0x556d67156b30
0:00:00.015713240  2749 0x55b10ffbf360 LOG   GST_POLL gstpoll.c:994:gst_poll_fd_ctl_write: 0x55b10ffe3d30: pfd->events now 60 (POLLOUT:4)
0:00:00.019902679  2748 0x556d67130360 TRACE   GST_REFCOUNTING gstobject.c:208:gst_object_init: 0x556d671651b0 new
0:00:00.015719351  2749 0x55b10ffbf360 DEBUG   GST_POLL gstpoll.c:1241:gst_poll_fd_has_error: 0x55b10ffe3d30: fd (fd:0, idx:1) 0
0:00:00.015726311  2749 0x55b10ffbf360 DEBUG   GST_POLL gstpoll.c:1335:gst_poll_fd_can_write: 0x55b10ffe3d30: fd (fd:0, idx:1) 1
0:00:00.019911198  2748 0x556d67130360 LOG   GST_REGISTRY gstregistrychunks.c:859:_priv_gst_registry_chunks_load_plugin: read strings for name='coretracers'
0:00:00.015731581  2749 0x55b10ffbf360 LOG   GST_PLUGIN_LOADING gstpluginloader.c:689:write_one: Writing packet of size 6872 bytes to fd 0
0:00:00.019918632  2748 0x556d67130360 LOG   GST_REGISTRY gstregistrychunks.c:860:_priv_gst_registry_chunks_load_plugin: desc.description='GStreamer core tracers'
0:00:00.019924531  2748 0x556d67130360 LOG   GST_REGISTRY gstregistrychunks.c:861:_priv_gst_registry_chunks_load_plugin: filename='/home/conan/w/prod/BuildSingleReference/.conan/data/gstreamer/1.19.2/_/_/package/62e0ab6106dfea3ec3ecb5db13d8d55a63451b50/lib/gstreamer-1.0/libgstcoretracers.so'
0:00:00.015741275  2749 0x55b10ffbf360 DEBUG   GST_POLL gstpoll.c:1414:gst_poll_wait: 0x55b10ffe3d30: timeout :0:00:01.000000000
0:00:00.019929581  2748 0x556d67130360 LOG   GST_REGISTRY gstregistrychunks.c:862:_priv_gst_registry_chunks_load_plugin: desc.version='1.19.2'
0:00:00.015749014  2749 0x55b10ffbf360 LOG   GST_PLUGIN_LOADING gstpluginloader.c:1026:exchange_packets: Poll res = 1. 12 bytes pending for write
0:00:00.019935093  2748 0x556d67130360 LOG   GST_REGISTRY gstregistrychunks.c:863:_priv_gst_registry_chunks_load_plugin: desc.license='LGPL'
0:00:00.015758820  2749 0x55b10ffbf360 DEBUG   GST_POLL gstpoll.c:1241:gst_poll_fd_has_error: 0x55b10ffe3d30: fd (fd:0, idx:1) 0
0:00:00.019945166  2748 0x556d67130360 LOG   GST_REGISTRY gstregistrychunks.c:864:_priv_gst_registry_chunks_load_plugin: desc.source='gstreamer'
0:00:00.015764781  2749 0x55b10ffbf360 DEBUG   GST_POLL gstpoll.c:1335:gst_poll_fd_can_write: 0x55b10ffe3d30: fd (fd:0, idx:1) 1
0:00:00.019951283  2748 0x556d67130360 LOG   GST_REGISTRY gstregistrychunks.c:865:_priv_gst_registry_chunks_load_plugin: desc.package='GStreamer source release'
0:00:00.015770294  2749 0x55b10ffbf360 LOG   GST_PLUGIN_LOADING gstpluginloader.c:689:write_one: Writing packet of size 12 bytes to fd 0
0:00:00.019957047  2748 0x556d67130360 LOG   GST_REGISTRY gstregistrychunks.c:866:_priv_gst_registry_chunks_load_plugin: desc.origin='Unknown package origin'
0:00:00.015777822  2749 0x55b10ffbf360 DEBUG   GST_POLL gstpoll.c:979:gst_poll_fd_ctl_write: 0x55b10ffe3d30: fd (fd:0, idx:1), active : 0
0:00:00.019962927  2748 0x556d67130360 LOG   GST_REGISTRY gstregistrychunks.c:867:_priv_gst_registry_chunks_load_plugin: desc.datetime=2021-09-23
0:00:00.015783713  2749 0x55b10ffbf360 LOG   GST_POLL gstpoll.c:994:gst_poll_fd_ctl_write: 0x55b10ffe3d30: pfd->events now 56 (POLLOUT:4)
