0:00:00.007897459  2725 0x556530a3b320 LOG   GST_PLUGIN_LOADING gstpluginloader.c:689:write_one: Writing packet of size 174 bytes to fd 7
0:00:00.007907529  2725 0x556530a3b320 DEBUG   GST_POLL gstpoll.c:980:gst_poll_fd_ctl_write: 0x556530a60920: fd (fd:7, idx:1), active : 0
0:00:00.007913900  2725 0x556530a3b320 LOG   GST_POLL gstpoll.c:994:gst_poll_fd_ctl_write: 0x556530a60920: pfd->events now 56 (POLLOUT:4)
0:00:00.007937759  2725 0x556530a3b320 DEBUG   GST_REGISTRY gstregistry.c:1384:gst_registry_scan_path_internal: registry changed in path /home/conan/w/prod/BuildSingleReference/.conan/data/gstreamer/1.19.2/_/_/package/7087a3df2991f0089c7fdba3f9b2a18fafecf068/lib/gstreamer-1.0: 0
0:00:00.007949714  2725 0x556530a3b320 DEBUG   GST_REGISTRY gstregistry.c:1659:scan_and_update_registry: GST_PLUGIN_SYSTEM_PATH not set
0:00:00.007963095  2725 0x556530a3b320 DEBUG   GST_REGISTRY gstregistry.c:1666:scan_and_update_registry: scanning home plugins /home/conan/.local/share/gstreamer-1.0/plugins
0:00:00.007972742  2725 0x556530a3b320 DEBUG   GST_REGISTRY gstregistry.c:1380:gst_registry_scan_path_internal: scanning path /home/conan/.local/share/gstreamer-1.0/plugins
0:00:00.007999755  2725 0x556530a3b320 DEBUG   GST_REGISTRY gstregistry.c:1384:gst_registry_scan_path_internal: registry changed in path /home/conan/.local/share/gstreamer-1.0/plugins: 0
0:00:00.008006779  2725 0x556530a3b320 DEBUG   GST_REGISTRY gstregistry.c:1691:scan_and_update_registry: scanning main plugins /home/conan/w/prod/BuildSingleReference/.conan/data/gstreamer/1.19.2/_/_/package/7087a3df2991f0089c7fdba3f9b2a18fafecf068/lib/gstreamer-1.0
0:00:00.008013138  2725 0x556530a3b320 DEBUG   GST_REGISTRY gstregistry.c:1380:gst_registry_scan_path_internal: scanning path /home/conan/w/prod/BuildSingleReference/.conan/data/gstreamer/1.19.2/_/_/package/7087a3df2991f0089c7fdba3f9b2a18fafecf068/lib/gstreamer-1.0
0:00:00.003069340  2726 0x5646199ea320 TRACE   GST_REFCOUNTING gstobject.c:208:gst_object_init: 0x564619a10390 new
0:00:00.008057009  2725 0x556530a3b320 LOG   GST_REGISTRY gstregistry.c:1300:gst_registry_scan_path_level: file /home/conan/w/prod/BuildSingleReference/.conan/data/gstreamer/1.19.2/_/_/package/7087a3df2991f0089c7fdba3f9b2a18fafecf068/lib/gstreamer-1.0/libgstcoretracers.so looks like a possible module
0:00:00.008068120  2725 0x556530a3b320 DEBUG   GST_REGISTRY gstregistry.c:1361:gst_registry_scan_path_level: file /home/conan/w/prod/BuildSingleReference/.conan/data/gstreamer/1.19.2/_/_/package/7087a3df2991f0089c7fdba3f9b2a18fafecf068/lib/gstreamer-1.0/libgstcoretracers.so not yet in registry
0:00:00.003105566  2726 0x5646199ea320 LOG   GST_PLUGIN_LOADING gstplugin.c:887:_priv_gst_plugin_load_file_for_registry: Plugin 0x564619a10390 for file "/home/conan/w/prod/BuildSingleReference/.conan/data/gstreamer/1.19.2/_/_/package/7087a3df2991f0089c7fdba3f9b2a18fafecf068/lib/gstreamer-1.0/libgstcoretracers.so" prepared, calling entry function...
0:00:00.008075603  2725 0x556530a3b320 DEBUG   GST_REGISTRY gstregistry.c:1172:gst_registry_scan_plugin_file: Using scan-helper to load plugin /home/conan/w/prod/BuildSingleReference/.conan/data/gstreamer/1.19.2/_/_/package/7087a3df2991f0089c7fdba3f9b2a18fafecf068/lib/gstreamer-1.0/libgstcoretracers.so
0:00:00.008090192  2725 0x556530a3b320 LOG   GST_PLUGIN_LOADING gstpluginloader.c:236:plugin_loader_load: Sending file /home/conan/w/prod/BuildSingleReference/.conan/data/gstreamer/1.19.2/_/_/package/7087a3df2991f0089c7fdba3f9b2a18fafecf068/lib/gstreamer-1.0/libgstcoretracers.so to child. tag 2
0:00:00.003123646  2726 0x5646199ea320 LOG   GST_PLUGIN_LOADING gstplugin.c:894:_priv_gst_plugin_load_file_for_registry: Plugin 0x564619a10390 for file "/home/conan/w/prod/BuildSingleReference/.conan/data/gstreamer/1.19.2/_/_/package/7087a3df2991f0089c7fdba3f9b2a18fafecf068/lib/gstreamer-1.0/libgstcoretracers.so" prepared, registering...
0:00:00.008098407  2725 0x556530a3b320 DEBUG   GST_POLL gstpoll.c:980:gst_poll_fd_ctl_write: 0x556530a60920: fd (fd:7, idx:1), active : 1
0:00:00.003134575  2726 0x5646199ea320 LOG   GST_PLUGIN_LOADING gstplugin.c:511:gst_plugin_register_func: plugin "/home/conan/w/prod/BuildSingleReference/.conan/data/gstreamer/1.19.2/_/_/package/7087a3df2991f0089c7fdba3f9b2a18fafecf068/lib/gstreamer-1.0/libgstcoretracers.so" looks good
0:00:00.008108501  2725 0x556530a3b320 LOG   GST_POLL gstpoll.c:994:gst_poll_fd_ctl_write: 0x556530a60920: pfd->events now 60 (POLLOUT:4)
0:00:00.008117842  2725 0x556530a3b320 DEBUG   GST_POLL gstpoll.c:1414:gst_poll_wait: 0x556530a60920: timeout :0:00:01.000000000
0:00:00.008126603  2725 0x556530a3b320 LOG   GST_PLUGIN_LOADING gstpluginloader.c:1027:exchange_packets: Poll res = 1. 173 bytes pending for write
0:00:00.003166062  2726 0x5646199ea320 TRACE   GST_REFCOUNTING gstobject.c:208:gst_object_init: 0x564619a113d0 new
0:00:00.008133397  2725 0x556530a3b320 DEBUG   GST_POLL gstpoll.c:1241:gst_poll_fd_has_error: 0x556530a60920: fd (fd:8, idx:2) 0
0:00:00.008145897  2725 0x556530a3b320 DEBUG   GST_POLL gstpoll.c:1266:gst_poll_fd_can_read_unlocked: 0x556530a60920: fd (fd:8, idx:2) 0
0:00:00.003180187  2726 0x5646199ea320 DEBUG   GST_TRACER gsttracer.c:169:gst_tracer_register: new tracer factory for latency
0:00:00.008152690  2725 0x556530a3b320 DEBUG   GST_POLL gstpoll.c:1195:gst_poll_fd_has_closed: 0x556530a60920: fd (fd:8, idx:2) 0
0:00:00.003191873  2726 0x5646199ea320 DEBUG   GST_TRACER gsttracer.c:177:gst_tracer_register: tracer factory for 429967712:GstLatencyTracer
0:00:00.008159338  2725 0x556530a3b320 DEBUG   GST_POLL gstpoll.c:1241:gst_poll_fd_has_error: 0x556530a60920: fd (fd:7, idx:1) 0
0:00:00.003201691  2726 0x5646199ea320 DEBUG   GST_REGISTRY gstregistry.c:590:gst_registry_add_feature: adding feature 0x564619a113d0 (latency)
0:00:00.008168261  2725 0x556530a3b320 DEBUG   GST_POLL gstpoll.c:1335:gst_poll_fd_can_write: 0x556530a60920: fd (fd:7, idx:1) 1
0:00:00.003209429  2726 0x5646199ea320 DEBUG   GST_REFCOUNTING gstobject.c:709:gst_object_set_parent: set parent (ref and sink)
0:00:00.008179337  2725 0x556530a3b320 LOG   GST_PLUGIN_LOADING gstpluginloader.c:689:write_one: Writing packet of size 173 bytes to fd 7
0:00:00.003226514  2726 0x5646199ea320 TRACE   GST_REFCOUNTING gstobject.c:294:gst_object_ref_sink: 0x564619a113d0 ref_sink 1->2
0:00:00.008194265  2725 0x556530a3b320 DEBUG   GST_POLL gstpoll.c:980:gst_poll_fd_ctl_write: 0x556530a60920: fd (fd:7, idx:1), active : 0
0:00:00.003235524  2726 0x5646199ea320 LOG   GST_REGISTRY gstregistry.c:608:gst_registry_add_feature: emitting feature-added for latency
0:00:00.008203759  2725 0x556530a3b320 LOG   GST_POLL gstpoll.c:994:gst_poll_fd_ctl_write: 0x556530a60920: pfd->events now 56 (POLLOUT:4)
0:00:00.003253774  2726 0x5646199ea320 TRACE   GST_REFCOUNTING gstobject.c:208:gst_object_init: 0x564619a118e0 new
0:00:00.008222271  2725 0x556530a3b320 LOG   GST_REGISTRY gstregistry.c:1300:gst_registry_scan_path_level: file /home/conan/w/prod/BuildSingleReference/.conan/data/gstreamer/1.19.2/_/_/package/7087a3df2991f0089c7fdba3f9b2a18fafecf068/lib/gstreamer-1.0/libgstcoreelements.so looks like a possible module
0:00:00.003264550  2726 0x5646199ea320 DEBUG   GST_TRACER gsttracer.c:169:gst_tracer_register: new tracer factory for log
0:00:00.003277311  2726 0x5646199ea320 DEBUG   GST_TRACER gsttracer.c:177:gst_tracer_register: tracer factory for 429987696:GstLogTracer
0:00:00.003286335  2726 0x5646199ea320 DEBUG   GST_REGISTRY gstregistry.c:590:gst_registry_add_feature: adding feature 0x564619a118e0 (log)
0:00:00.003292594  2726 0x5646199ea320 DEBUG   GST_REFCOUNTING gstobject.c:709:gst_object_set_parent: set parent (ref and sink)
0:00:00.008237994  2725 0x556530a3b320 DEBUG   GST_REGISTRY gstregistry.c:1361:gst_registry_scan_path_level: file /home/conan/w/prod/BuildSingleReference/.conan/data/gstreamer/1.19.2/_/_/package/7087a3df2991f0089c7fdba3f9b2a18fafecf068/lib/gstreamer-1.0/libgstcoreelements.so not yet in registry
0:00:00.003299903  2726 0x5646199ea320 TRACE   GST_REFCOUNTING gstobject.c:294:gst_object_ref_sink: 0x564619a118e0 ref_sink 1->2
0:00:00.008276348  2725 0x556530a3b320 DEBUG   GST_REGISTRY gstregistry.c:1172:gst_registry_scan_plugin_file: Using scan-helper to load plugin /home/conan/w/prod/BuildSingleReference/.conan/data/gstreamer/1.19.2/_/_/package/7087a3df2991f0089c7fdba3f9b2a18fafecf068/lib/gstreamer-1.0/libgstcoreelements.so
0:00:00.003312822  2726 0x5646199ea320 LOG   GST_REGISTRY gstregistry.c:608:gst_registry_add_feature: emitting feature-added for log
0:00:00.008285387  2725 0x556530a3b320 LOG   GST_PLUGIN_LOADING gstpluginloader.c:236:plugin_loader_load: Sending file /home/conan/w/prod/BuildSingleReference/.conan/data/gstreamer/1.19.2/_/_/package/7087a3df2991f0089c7fdba3f9b2a18fafecf068/lib/gstreamer-1.0/libgstcoreelements.so to child. tag 3
0:00:00.008293859  2725 0x556530a3b320 DEBUG   GST_POLL gstpoll.c:980:gst_poll_fd_ctl_write: 0x556530a60920: fd (fd:7, idx:1), active : 1
0:00:00.003328336  2726 0x5646199ea320 TRACE   GST_REFCOUNTING gstobject.c:208:gst_object_init: 0x564619a11bb0 new
0:00:00.008300333  2725 0x556530a3b320 LOG   GST_POLL gstpoll.c:994:gst_poll_fd_ctl_write: 0x556530a60920: pfd->events now 60 (POLLOUT:4)
0:00:00.003344249  2726 0x5646199ea320 DEBUG   GST_TRACER gsttracer.c:169:gst_tracer_register: new tracer factory for rusage
0:00:00.008313613  2725 0x556530a3b320 DEBUG   GST_POLL gstpoll.c:1414:gst_poll_wait: 0x556530a60920: timeout :0:00:01.000000000
0:00:00.003356058  2726 0x5646199ea320 DEBUG   GST_TRACER gsttracer.c:177:gst_tracer_register: tracer factory for 429988256:GstRUsageTracer
0:00:00.008323983  2725 0x556530a3b320 LOG   GST_PLUGIN_LOADING gstpluginloader.c:1027:exchange_packets: Poll res = 1. 174 bytes pending for write
0:00:00.003365544  2726 0x5646199ea320 DEBUG   GST_REGISTRY gstregistry.c:590:gst_registry_add_feature: adding feature 0x564619a11bb0 (rusage)
0:00:00.008333166  2725 0x556530a3b320 DEBUG   GST_POLL gstpoll.c:1241:gst_poll_fd_has_error: 0x556530a60920: fd (fd:8, idx:2) 0
0:00:00.003372395  2726 0x5646199ea320 DEBUG   GST_REFCOUNTING gstobject.c:709:gst_object_set_parent: set parent (ref and sink)
0:00:00.008343748  2725 0x556530a3b320 DEBUG   GST_POLL gstpoll.c:1266:gst_poll_fd_can_read_unlocked: 0x556530a60920: fd (fd:8, idx:2) 0
0:00:00.003380187  2726 0x5646199ea320 TRACE   GST_REFCOUNTING gstobject.c:294:gst_object_ref_sink: 0x564619a11bb0 ref_sink 1->2
0:00:00.008351952  2725 0x556530a3b320 DEBUG   GST_POLL gstpoll.c:1195:gst_poll_fd_has_closed: 0x556530a60920: fd (fd:8, idx:2) 0
0:00:00.003389614  2726 0x5646199ea320 LOG   GST_REGISTRY gstregistry.c:608:gst_registry_add_feature: emitting feature-added for rusage
0:00:00.008359184  2725 0x556530a3b320 DEBUG   GST_POLL gstpoll.c:1241:gst_poll_fd_has_error: 0x556530a60920: fd (fd:7, idx:1) 0
0:00:00.008366832  2725 0x556530a3b320 DEBUG   GST_POLL gstpoll.c:1335:gst_poll_fd_can_write: 0x556530a60920: fd (fd:7, idx:1) 1
0:00:00.008375695  2725 0x556530a3b320 LOG   GST_PLUGIN_LOADING gstpluginloader.c:689:write_one: Writing packet of size 174 bytes to fd 7
0:00:00.003410316  2726 0x5646199ea320 TRACE   GST_REFCOUNTING gstobject.c:208:gst_object_init: 0x564619a11ed0 new
0:00:00.008385002  2725 0x556530a3b320 DEBUG   GST_POLL gstpoll.c:980:gst_poll_fd_ctl_write: 0x556530a60920: fd (fd:7, idx:1), active : 0
0:00:00.003421714  2726 0x5646199ea320 DEBUG   GST_TRACER gsttracer.c:169:gst_tracer_register: new tracer factory for stats
0:00:00.008392137  2725 0x556530a3b320 LOG   GST_POLL gstpoll.c:994:gst_poll_fd_ctl_write: 0x556530a60920: pfd->events now 56 (POLLOUT:4)
0:00:00.008406926  2725 0x556530a3b320 DEBUG   GST_REGISTRY gstregistry.c:1384:gst_registry_scan_path_internal: registry changed in path /home/conan/w/prod/BuildSingleReference/.conan/data/gstreamer/1.19.2/_/_/package/7087a3df2991f0089c7fdba3f9b2a18fafecf068/lib/gstreamer-1.0: 0
0:00:00.003450675  2726 0x5646199ea320 DEBUG   GST_TRACER gsttracer.c:177:gst_tracer_register: tracer factory for 429989056:GstStatsTracer
0:00:00.008420566  2725 0x556530a3b320 DEBUG   GST_POLL gstpoll.c:980:gst_poll_fd_ctl_write: 0x556530a60920: fd (fd:7, idx:1), active : 1
0:00:00.003460616  2726 0x5646199ea320 DEBUG   GST_REGISTRY gstregistry.c:590:gst_registry_add_feature: adding feature 0x564619a11ed0 (stats)
0:00:00.008435018  2725 0x556530a3b320 LOG   GST_POLL gstpoll.c:994:gst_poll_fd_ctl_write: 0x556530a60920: pfd->events now 60 (POLLOUT:4)
0:00:00.003470024  2726 0x5646199ea320 DEBUG   GST_REFCOUNTING gstobject.c:709:gst_object_set_parent: set parent (ref and sink)
0:00:00.008445809  2725 0x556530a3b320 DEBUG   GST_POLL gstpoll.c:1414:gst_poll_wait: 0x556530a60920: timeout :0:00:01.000000000
0:00:00.003479284  2726 0x5646199ea320 TRACE   GST_REFCOUNTING gstobject.c:294:gst_object_ref_sink: 0x564619a11ed0 ref_sink 1->2
0:00:00.008455437  2725 0x556530a3b320 LOG   GST_PLUGIN_LOADING gstpluginloader.c:1027:exchange_packets: Poll res = 1. 12 bytes pending for write
0:00:00.003490645  2726 0x5646199ea320 LOG   GST_REGISTRY gstregistry.c:608:gst_registry_add_feature: emitting feature-added for stats
0:00:00.008463402  2725 0x556530a3b320 DEBUG   GST_POLL gstpoll.c:1241:gst_poll_fd_has_error: 0x556530a60920: fd (fd:8, idx:2) 0
0:00:00.008470969  2725 0x556530a3b320 DEBUG   GST_POLL gstpoll.c:1266:gst_poll_fd_can_read_unlocked: 0x556530a60920: fd (fd:8, idx:2) 0
0:00:00.003507078  2726 0x5646199ea320 TRACE   GST_REFCOUNTING gstobject.c:208:gst_object_init: 0x564619a12150 new
0:00:00.008494361  2725 0x556530a3b320 DEBUG   GST_POLL gstpoll.c:1195:gst_poll_fd_has_closed: 0x556530a60920: fd (fd:8, idx:2) 0
0:00:00.008504658  2725 0x556530a3b320 DEBUG   GST_POLL gstpoll.c:1241:gst_poll_fd_has_error: 0x556530a60920: fd (fd:7, idx:1) 0
0:00:00.003538138  2726 0x5646199ea320 DEBUG   GST_TRACER gsttracer.c:169:gst_tracer_register: new tracer factory for leaks
0:00:00.008511022  2725 0x556530a3b320 DEBUG   GST_POLL gstpoll.c:1335:gst_poll_fd_can_write: 0x556530a60920: fd (fd:7, idx:1) 1
0:00:00.003550445  2726 0x5646199ea320 DEBUG   GST_TRACER gsttracer.c:177:gst_tracer_register: tracer factory for 429989776:GstLeaksTracer
0:00:00.008519766  2725 0x556530a3b320 LOG   GST_PLUGIN_LOADING gstpluginloader.c:689:write_one: Writing packet of size 12 bytes to fd 7
0:00:00.003559097  2726 0x5646199ea320 DEBUG   GST_REGISTRY gstregistry.c:590:gst_registry_add_feature: adding feature 0x564619a12150 (leaks)
0:00:00.008529732  2725 0x556530a3b320 DEBUG   GST_POLL gstpoll.c:980:gst_poll_fd_ctl_write: 0x556530a60920: fd (fd:7, idx:1), active : 0
0:00:00.003566059  2726 0x5646199ea320 DEBUG   GST_REFCOUNTING gstobject.c:709:gst_object_set_parent: set parent (ref and sink)
0:00:00.008537047  2725 0x556530a3b320 LOG   GST_POLL gstpoll.c:994:gst_poll_fd_ctl_write: 0x556530a60920: pfd->events now 56 (POLLOUT:4)
0:00:00.003573821  2726 0x5646199ea320 TRACE   GST_REFCOUNTING gstobject.c:294:gst_object_ref_sink: 0x564619a12150 ref_sink 1->2
0:00:00.003584058  2726 0x5646199ea320 LOG   GST_REGISTRY gstregistry.c:608:gst_registry_add_feature: emitting feature-added for leaks
0:00:00.008550739  2725 0x556530a3b320 DEBUG   GST_POLL gstpoll.c:1414:gst_poll_wait: 0x556530a60920: timeout :0:00:01.000000000
0:00:00.003597359  2726 0x5646199ea320 TRACE   GST_REFCOUNTING gstobject.c:208:gst_object_init: 0x564619a123b0 new
0:00:00.003608005  2726 0x5646199ea320 DEBUG   GST_TRACER gsttracer.c:169:gst_tracer_register: new tracer factory for factories
0:00:00.003619497  2726 0x5646199ea320 DEBUG   GST_TRACER gsttracer.c:177:gst_tracer_register: tracer factory for 429990416:GstFactoriesTracer
0:00:00.003628412  2726 0x5646199ea320 DEBUG   GST_REGISTRY gstregistry.c:590:gst_registry_add_feature: adding feature 0x564619a123b0 (factories)
0:00:00.003636976  2726 0x5646199ea320 DEBUG   GST_REFCOUNTING gstobject.c:709:gst_object_set_parent: set parent (ref and sink)
0:00:00.003644110  2726 0x5646199ea320 TRACE   GST_REFCOUNTING gstobject.c:294:gst_object_ref_sink: 0x564619a123b0 ref_sink 1->2
0:00:00.003653626  2726 0x5646199ea320 LOG   GST_REGISTRY gstregistry.c:608:gst_registry_add_feature: emitting feature-added for factories
0:00:00.003661731  2726 0x5646199ea320 LOG   GST_PLUGIN_LOADING gstplugin.c:538:gst_plugin_register_func: plugin "/home/conan/w/prod/BuildSingleReference/.conan/data/gstreamer/1.19.2/_/_/package/7087a3df2991f0089c7fdba3f9b2a18fafecf068/lib/gstreamer-1.0/libgstcoretracers.so" initialised
0:00:00.003669715  2726 0x5646199ea320 INFO   GST_PLUGIN_LOADING gstplugin.c:912:_priv_gst_plugin_load_file_for_registry: plugin "/home/conan/w/prod/BuildSingleReference/.conan/data/gstreamer/1.19.2/_/_/package/7087a3df2991f0089c7fdba3f9b2a18fafecf068/lib/gstreamer-1.0/libgstcoretracers.so" loaded
0:00:00.003677414  2726 0x5646199ea320 TRACE   GST_REFCOUNTING gstobject.c:238:gst_object_ref: 0x564619a10390 ref 1->2
0:00:00.003693331  2726 0x5646199ea320 DEBUG   GST_REGISTRY gstregistry.c:474:gst_registry_add_plugin: adding plugin 0x564619a10390 for filename "/home/conan/w/prod/BuildSingleReference/.conan/data/gstreamer/1.19.2/_/_/package/7087a3df2991f0089c7fdba3f9b2a18fafecf068/lib/gstreamer-1.0/libgstcoretracers.so"
0:00:00.003701766  2726 0x5646199ea320 TRACE   GST_REFCOUNTING gstobject.c:294:gst_object_ref_sink: 0x564619a10390 ref_sink 2->3
0:00:00.003709420  2726 0x5646199ea320 LOG   GST_REGISTRY gstregistry.c:487:gst_registry_add_plugin: emitting plugin-added for filename "/home/conan/w/prod/BuildSingleReference/.conan/data/gstreamer/1.19.2/_/_/package/7087a3df2991f0089c7fdba3f9b2a18fafecf068/lib/gstreamer-1.0/libgstcoretracers.so"
0:00:00.003721638  2726 0x5646199ea320 TRACE   GST_REFCOUNTING gstobject.c:238:gst_object_ref: 0x564619a123b0 ref 1->2
0:00:00.003730216  2726 0x5646199ea320 TRACE   GST_REFCOUNTING gstobject.c:238:gst_object_ref: 0x564619a12150 ref 1->2
0:00:00.003737652  2726 0x5646199ea320 TRACE   GST_REFCOUNTING gstobject.c:238:gst_object_ref: 0x564619a11ed0 ref 1->2
0:00:00.003744627  2726 0x5646199ea320 TRACE   GST_REFCOUNTING gstobject.c:238:gst_object_ref: 0x564619a11bb0 ref 1->2
0:00:00.003754298  2726 0x5646199ea320 TRACE   GST_REFCOUNTING gstobject.c:238:gst_object_ref: 0x564619a118e0 ref 1->2
0:00:00.003761994  2726 0x5646199ea320 TRACE   GST_REFCOUNTING gstobject.c:238:gst_object_ref: 0x564619a113d0 ref 1->2
0:00:00.003785823  2726 0x5646199ea320 TRACE   GST_REFCOUNTING gstobject.c:265:gst_object_unref: 0x564619a113d0 unref 2->1
0:00:00.003795262  2726 0x5646199ea320 TRACE   GST_REFCOUNTING gstobject.c:265:gst_object_unref: 0x564619a118e0 unref 2->1
0:00:00.003805650  2726 0x5646199ea320 TRACE   GST_REFCOUNTING gstobject.c:265:gst_object_unref: 0x564619a11bb0 unref 2->1
0:00:00.003813114  2726 0x5646199ea320 TRACE   GST_REFCOUNTING gstobject.c:265:gst_object_unref: 0x564619a11ed0 unref 2->1
0:00:00.003819740  2726 0x5646199ea320 TRACE   GST_REFCOUNTING gstobject.c:265:gst_object_unref: 0x564619a12150 unref 2->1
0:00:00.003826291  2726 0x5646199ea320 TRACE   GST_REFCOUNTING gstobject.c:265:gst_object_unref: 0x564619a123b0 unref 2->1
0:00:00.003844203  2726 0x5646199ea320 DEBUG   GST_REGISTRY gstregistrychunks.c:499:_priv_gst_registry_chunks_save_plugin: Found 6 features in plugin 0x564619a10390 (coretracers)
0:00:00.003853487  2726 0x5646199ea320 DEBUG   GST_POLL gstpoll.c:980:gst_poll_fd_ctl_write: 0x564619a0ecf0: fd (fd:0, idx:1), active : 1
0:00:00.003860729  2726 0x5646199ea320 LOG   GST_POLL gstpoll.c:994:gst_poll_fd_ctl_write: 0x564619a0ecf0: pfd->events now 60 (POLLOUT:4)
0:00:00.003870237  2726 0x5646199ea320 DEBUG   GST_POLL gstpoll.c:980:gst_poll_fd_ctl_write: 0x564619a0ecf0: fd (fd:0, idx:1), active : 1
0:00:00.003877340  2726 0x5646199ea320 LOG   GST_POLL gstpoll.c:994:gst_poll_fd_ctl_write: 0x564619a0ecf0: pfd->events now 60 (POLLOUT:4)
0:00:00.003884951  2726 0x5646199ea320 DEBUG   GST_POLL gstpoll.c:980:gst_poll_fd_ctl_write: 0x564619a0ecf0: fd (fd:0, idx:1), active : 1
0:00:00.003890850  2726 0x5646199ea320 LOG   GST_POLL gstpoll.c:994:gst_poll_fd_ctl_write: 0x564619a0ecf0: pfd->events now 60 (POLLOUT:4)
0:00:00.003900119  2726 0x5646199ea320 DEBUG   GST_POLL gstpoll.c:980:gst_poll_fd_ctl_write: 0x564619a0ecf0: fd (fd:0, idx:1), active : 1
0:00:00.003907151  2726 0x5646199ea320 LOG   GST_POLL gstpoll.c:994:gst_poll_fd_ctl_write: 0x564619a0ecf0: pfd->events now 60 (POLLOUT:4)
0:00:00.003913759  2726 0x5646199ea320 DEBUG   GST_POLL gstpoll.c:980:gst_poll_fd_ctl_write: 0x564619a0ecf0: fd (fd:0, idx:1), active : 1
0:00:00.003919703  2726 0x5646199ea320 LOG   GST_POLL gstpoll.c:994:gst_poll_fd_ctl_write: 0x564619a0ecf0: pfd->events now 60 (POLLOUT:4)
0:00:00.003928635  2726 0x5646199ea320 DEBUG   GST_POLL gstpoll.c:980:gst_poll_fd_ctl_write: 0x564619a0ecf0: fd (fd:0, idx:1), active : 1
0:00:00.003935876  2726 0x5646199ea320 LOG   GST_POLL gstpoll.c:994:gst_poll_fd_ctl_write: 0x564619a0ecf0: pfd->events now 60 (POLLOUT:4)
0:00:00.003942324  2726 0x5646199ea320 DEBUG   GST_POLL gstpoll.c:980:gst_poll_fd_ctl_write: 0x564619a0ecf0: fd (fd:0, idx:1), active : 1
0:00:00.003948143  2726 0x5646199ea320 LOG   GST_POLL gstpoll.c:994:gst_poll_fd_ctl_write: 0x564619a0ecf0: pfd->events now 60 (POLLOUT:4)
0:00:00.003957293  2726 0x5646199ea320 DEBUG   GST_POLL gstpoll.c:980:gst_poll_fd_ctl_write: 0x564619a0ecf0: fd (fd:0, idx:1), active : 1
0:00:00.003969172  2726 0x5646199ea320 LOG   GST_POLL gstpoll.c:994:gst_poll_fd_ctl_write: 0x564619a0ecf0: pfd->events now 60 (POLLOUT:4)
0:00:00.003975877  2726 0x5646199ea320 DEBUG   GST_POLL gstpoll.c:980:gst_poll_fd_ctl_write: 0x564619a0ecf0: fd (fd:0, idx:1), active : 1
0:00:00.003981865  2726 0x5646199ea320 LOG   GST_POLL gstpoll.c:994:gst_poll_fd_ctl_write: 0x564619a0ecf0: pfd->events now 60 (POLLOUT:4)
0:00:00.003990687  2726 0x5646199ea320 DEBUG   GST_POLL gstpoll.c:980:gst_poll_fd_ctl_write: 0x564619a0ecf0: fd (fd:0, idx:1), active : 1
0:00:00.003997458  2726 0x5646199ea320 LOG   GST_POLL gstpoll.c:994:gst_poll_fd_ctl_write: 0x564619a0ecf0: pfd->events now 60 (POLLOUT:4)
0:00:00.004003776  2726 0x5646199ea320 DEBUG   GST_POLL gstpoll.c:980:gst_poll_fd_ctl_write: 0x564619a0ecf0: fd (fd:0, idx:1), active : 1
0:00:00.004009604  2726 0x5646199ea320 LOG   GST_POLL gstpoll.c:994:gst_poll_fd_ctl_write: 0x564619a0ecf0: pfd->events now 60 (POLLOUT:4)
0:00:00.004018397  2726 0x5646199ea320 DEBUG   GST_POLL gstpoll.c:980:gst_poll_fd_ctl_write: 0x564619a0ecf0: fd (fd:0, idx:1), active : 1
0:00:00.004025214  2726 0x5646199ea320 LOG   GST_POLL gstpoll.c:994:gst_poll_fd_ctl_write: 0x564619a0ecf0: pfd->events now 60 (POLLOUT:4)
0:00:00.004031595  2726 0x5646199ea320 DEBUG   GST_POLL gstpoll.c:980:gst_poll_fd_ctl_write: 0x564619a0ecf0: fd (fd:0, idx:1), active : 1
0:00:00.004037224  2726 0x5646199ea320 LOG   GST_POLL gstpoll.c:994:gst_poll_fd_ctl_write: 0x564619a0ecf0: pfd->events now 60 (POLLOUT:4)
0:00:00.004046442  2726 0x5646199ea320 DEBUG   GST_POLL gstpoll.c:980:gst_poll_fd_ctl_write: 0x564619a0ecf0: fd (fd:0, idx:1), active : 1
0:00:00.004053536  2726 0x5646199ea320 LOG   GST_POLL gstpoll.c:994:gst_poll_fd_ctl_write: 0x564619a0ecf0: pfd->events now 60 (POLLOUT:4)
0:00:00.004060042  2726 0x5646199ea320 DEBUG   GST_POLL gstpoll.c:980:gst_poll_fd_ctl_write: 0x564619a0ecf0: fd (fd:0, idx:1), active : 1
0:00:00.004065743  2726 0x5646199ea320 LOG   GST_POLL gstpoll.c:994:gst_poll_fd_ctl_write: 0x564619a0ecf0: pfd->events now 60 (POLLOUT:4)
0:00:00.004075017  2726 0x5646199ea320 DEBUG   GST_POLL gstpoll.c:980:gst_poll_fd_ctl_write: 0x564619a0ecf0: fd (fd:0, idx:1), active : 1
0:00:00.004081826  2726 0x5646199ea320 LOG   GST_POLL gstpoll.c:994:gst_poll_fd_ctl_write: 0x564619a0ecf0: pfd->events now 60 (POLLOUT:4)
0:00:00.004088523  2726 0x5646199ea320 DEBUG   GST_POLL gstpoll.c:980:gst_poll_fd_ctl_write: 0x564619a0ecf0: fd (fd:0, idx:1), active : 1
0:00:00.004094624  2726 0x5646199ea320 LOG   GST_POLL gstpoll.c:994:gst_poll_fd_ctl_write: 0x564619a0ecf0: pfd->events now 60 (POLLOUT:4)
0:00:00.004103647  2726 0x5646199ea320 DEBUG   GST_POLL gstpoll.c:980:gst_poll_fd_ctl_write: 0x564619a0ecf0: fd (fd:0, idx:1), active : 1
0:00:00.004110682  2726 0x5646199ea320 LOG   GST_POLL gstpoll.c:994:gst_poll_fd_ctl_write: 0x564619a0ecf0: pfd->events now 60 (POLLOUT:4)
0:00:00.004117095  2726 0x5646199ea320 DEBUG   GST_POLL gstpoll.c:980:gst_poll_fd_ctl_write: 0x564619a0ecf0: fd (fd:0, idx:1), active : 1
0:00:00.004122748  2726 0x5646199ea320 LOG   GST_POLL gstpoll.c:994:gst_poll_fd_ctl_write: 0x564619a0ecf0: pfd->events now 60 (POLLOUT:4)
0:00:00.004137131  2726 0x5646199ea320 DEBUG   GST_POLL gstpoll.c:980:gst_poll_fd_ctl_write: 0x564619a0ecf0: fd (fd:0, idx:1), active : 1
0:00:00.004144363  2726 0x5646199ea320 LOG   GST_POLL gstpoll.c:994:gst_poll_fd_ctl_write: 0x564619a0ecf0: pfd->events now 60 (POLLOUT:4)
0:00:00.004150924  2726 0x5646199ea320 DEBUG   GST_POLL gstpoll.c:980:gst_poll_fd_ctl_write: 0x564619a0ecf0: fd (fd:0, idx:1), active : 1
0:00:00.004156494  2726 0x5646199ea320 LOG   GST_POLL gstpoll.c:994:gst_poll_fd_ctl_write: 0x564619a0ecf0: pfd->events now 60 (POLLOUT:4)
0:00:00.004165492  2726 0x5646199ea320 DEBUG   GST_POLL gstpoll.c:980:gst_poll_fd_ctl_write: 0x564619a0ecf0: fd (fd:0, idx:1), active : 1
0:00:00.004172625  2726 0x5646199ea320 LOG   GST_POLL gstpoll.c:994:gst_poll_fd_ctl_write: 0x564619a0ecf0: pfd->events now 60 (POLLOUT:4)
0:00:00.004179115  2726 0x5646199ea320 DEBUG   GST_POLL gstpoll.c:980:gst_poll_fd_ctl_write: 0x564619a0ecf0: fd (fd:0, idx:1), active : 1
0:00:00.004184847  2726 0x5646199ea320 LOG   GST_POLL gstpoll.c:994:gst_poll_fd_ctl_write: 0x564619a0ecf0: pfd->events now 60 (POLLOUT:4)
0:00:00.004193791  2726 0x5646199ea320 DEBUG   GST_POLL gstpoll.c:980:gst_poll_fd_ctl_write: 0x564619a0ecf0: fd (fd:0, idx:1), active : 1
0:00:00.004200611  2726 0x5646199ea320 LOG   GST_POLL gstpoll.c:994:gst_poll_fd_ctl_write: 0x564619a0ecf0: pfd->events now 60 (POLLOUT:4)
0:00:00.004207060  2726 0x5646199ea320 DEBUG   GST_POLL gstpoll.c:980:gst_poll_fd_ctl_write: 0x564619a0ecf0: fd (fd:0, idx:1), active : 1
0:00:00.004212963  2726 0x5646199ea320 LOG   GST_POLL gstpoll.c:994:gst_poll_fd_ctl_write: 0x564619a0ecf0: pfd->events now 60 (POLLOUT:4)
0:00:00.004221968  2726 0x5646199ea320 DEBUG   GST_POLL gstpoll.c:980:gst_poll_fd_ctl_write: 0x564619a0ecf0: fd (fd:0, idx:1), active : 1
0:00:00.004228547  2726 0x5646199ea320 LOG   GST_POLL gstpoll.c:994:gst_poll_fd_ctl_write: 0x564619a0ecf0: pfd->events now 60 (POLLOUT:4)
0:00:00.004235255  2726 0x5646199ea320 DEBUG   GST_POLL gstpoll.c:980:gst_poll_fd_ctl_write: 0x564619a0ecf0: fd (fd:0, idx:1), active : 1
0:00:00.004241197  2726 0x5646199ea320 LOG   GST_POLL gstpoll.c:994:gst_poll_fd_ctl_write: 0x564619a0ecf0: pfd->events now 60 (POLLOUT:4)
0:00:00.004250281  2726 0x5646199ea320 DEBUG   GST_POLL gstpoll.c:980:gst_poll_fd_ctl_write: 0x564619a0ecf0: fd (fd:0, idx:1), active : 1
0:00:00.004257329  2726 0x5646199ea320 LOG   GST_POLL gstpoll.c:994:gst_poll_fd_ctl_write: 0x564619a0ecf0: pfd->events now 60 (POLLOUT:4)
0:00:00.004264336  2726 0x5646199ea320 LOG   GST_PLUGIN_LOADING gstpluginloader.c:645:put_chunk: Expanding tx buf from 512 to 1152 for chunk of size 8
0:00:00.004272720  2726 0x5646199ea320 DEBUG   GST_POLL gstpoll.c:980:gst_poll_fd_ctl_write: 0x564619a0ecf0: fd (fd:0, idx:1), active : 1
0:00:00.004281271  2726 0x5646199ea320 LOG   GST_POLL gstpoll.c:994:gst_poll_fd_ctl_write: 0x564619a0ecf0: pfd->events now 60 (POLLOUT:4)
0:00:00.004288726  2726 0x5646199ea320 DEBUG   GST_POLL gstpoll.c:980:gst_poll_fd_ctl_write: 0x564619a0ecf0: fd (fd:0, idx:1), active : 1
0:00:00.004299763  2726 0x5646199ea320 LOG   GST_POLL gstpoll.c:994:gst_poll_fd_ctl_write: 0x564619a0ecf0: pfd->events now 60 (POLLOUT:4)
0:00:00.004307576  2726 0x5646199ea320 TRACE   GST_REFCOUNTING gstobject.c:265:gst_object_unref: 0x564619a10390 unref 2->1
0:00:00.004318672  2726 0x5646199ea320 DEBUG   GST_POLL gstpoll.c:1241:gst_poll_fd_has_error: 0x564619a0ecf0: fd (fd:0, idx:1) 0
0:00:00.004327221  2726 0x5646199ea320 DEBUG   GST_POLL gstpoll.c:1335:gst_poll_fd_can_write: 0x564619a0ecf0: fd (fd:0, idx:1) 0
0:00:00.004334435  2726 0x5646199ea320 DEBUG   GST_POLL gstpoll.c:1195:gst_poll_fd_has_closed: 0x564619a0ecf0: fd (fd:0, idx:1) 0
0:00:00.004342525  2726 0x5646199ea320 DEBUG   GST_POLL gstpoll.c:1414:gst_poll_wait: 0x564619a0ecf0: timeout :0:00:01.000000000
0:00:00.004355554  2726 0x5646199ea320 LOG   GST_PLUGIN_LOADING gstpluginloader.c:1027:exchange_packets: Poll res = 2. 528 bytes pending for write
0:00:00.004363688  2726 0x5646199ea320 DEBUG   GST_POLL gstpoll.c:1241:gst_poll_fd_has_error: 0x564619a0ecf0: fd (fd:5, idx:2) 0
0:00:00.004369882  2726 0x5646199ea320 DEBUG   GST_POLL gstpoll.c:1266:gst_poll_fd_can_read_unlocked: 0x564619a0ecf0: fd (fd:5, idx:2) 1
0:00:00.004382351  2726 0x5646199ea320 DEBUG   GST_PLUGIN_LOADING gstpluginloader.c:721:do_plugin_load: Plugin scanner loading file /home/conan/w/prod/BuildSingleReference/.conan/data/gstreamer/1.19.2/_/_/package/7087a3df2991f0089c7fdba3f9b2a18fafecf068/lib/gstreamer-1.0/libgstcoreelements.so. tag 1
0:00:00.004391987  2726 0x5646199ea320 DEBUG   GST_PLUGIN_LOADING gstplugin.c:765:_priv_gst_plugin_load_file_for_registry: attempt to load plugin "/home/conan/w/prod/BuildSingleReference/.conan/data/gstreamer/1.19.2/_/_/package/7087a3df2991f0089c7fdba3f9b2a18fafecf068/lib/gstreamer-1.0/libgstcoreelements.so"
0:00:00.004903834  2726 0x5646199ea320 TRACE   GST_REFCOUNTING gstobject.c:208:gst_object_init: 0x564619a14280 new
0:00:00.004930267  2726 0x5646199ea320 LOG   GST_PLUGIN_LOADING gstplugin.c:887:_priv_gst_plugin_load_file_for_registry: Plugin 0x564619a14280 for file "/home/conan/w/prod/BuildSingleReference/.conan/data/gstreamer/1.19.2/_/_/package/7087a3df2991f0089c7fdba3f9b2a18fafecf068/lib/gstreamer-1.0/libgstcoreelements.so" prepared, calling entry function...
0:00:00.004942423  2726 0x5646199ea320 LOG   GST_PLUGIN_LOADING gstplugin.c:894:_priv_gst_plugin_load_file_for_registry: Plugin 0x564619a14280 for file "/home/conan/w/prod/BuildSingleReference/.conan/data/gstreamer/1.19.2/_/_/package/7087a3df2991f0089c7fdba3f9b2a18fafecf068/lib/gstreamer-1.0/libgstcoreelements.so" prepared, registering...
0:00:00.004950278  2726 0x5646199ea320 LOG   GST_PLUGIN_LOADING gstplugin.c:511:gst_plugin_register_func: plugin "/home/conan/w/prod/BuildSingleReference/.conan/data/gstreamer/1.19.2/_/_/package/7087a3df2991f0089c7fdba3f9b2a18fafecf068/lib/gstreamer-1.0/libgstcoreelements.so" looks good
0:00:00.004985434  2726 0x5646199ea320 TRACE   GST_REFCOUNTING gstobject.c:208:gst_object_init: 0x564619a148e0 new
0:00:00.004999275  2726 0x5646199ea320 LOG   GST_ELEMENT_FACTORY gstelementfactory.c:240:gst_element_register: Created new elementfactory for type GstCapsFilter
0:00:00.005014958  2726 0x5646199ea320 TRACE   structure gststructure.c:292:gst_structure_new_id_empty_with_size: created structure 0x564619a14e70
0:00:00.005031459  2726 0x5646199ea320 TRACE   GST_PERFORMANCE gststructure.c:512:gst_structure_copy: doing copy 0x5646199f9270 -> 0x564619a14e70
0:00:00.005040591  2726 0x5646199ea320 DEBUG   GST_ELEMENT_PADS gstelement.c:312:gst_element_base_class_init: type GstBaseTransform : factory (nil)
0:00:00.005048610  2726 0x5646199ea320 DEBUG   basetransform gstbasetransform.c:333:gst_base_transform_class_init: gst_base_transform_class_init
0:00:00.005064245  2726 0x5646199ea320 TRACE   structure gststructure.c:292:gst_structure_new_id_empty_with_size: created structure 0x564619a15470
0:00:00.005073511  2726 0x5646199ea320 TRACE   GST_PERFORMANCE gststructure.c:512:gst_structure_copy: doing copy 0x564619a14e70 -> 0x564619a15470
0:00:00.005081307  2726 0x5646199ea320 DEBUG   GST_ELEMENT_PADS gstelement.c:312:gst_element_base_class_init: type GstCapsFilter : factory 0x564619a148e0
0:00:00.005107755  2726 0x5646199ea320 TRACE   GST_CAPS gstcaps.c:263:gst_caps_new_empty: created caps 0x564619a133a0
0:00:00.005115883  2726 0x5646199ea320 TRACE   GST_CAPS gstcaps.c:440:gst_static_caps_get: created 0x7f1d94bbcf70 from string ANY
0:00:00.005126381  2726 0x5646199ea320 TRACE   GST_REFCOUNTING gstminiobject.c:479:gst_mini_object_ref: 0x564619a133a0 ref 1->2
0:00:00.005162109  2726 0x5646199ea320 TRACE   GST_REFCOUNTING gstobject.c:208:gst_object_init: 0x564619a15e10 new
0:00:00.005185882  2726 0x5646199ea320 TRACE   GST_REFCOUNTING gstminiobject.c:479:gst_mini_object_ref: 0x564619a133a0 ref 2->3
0:00:00.005203421  2726 0x5646199ea320 TRACE   GST_REFCOUNTING gstminiobject.c:661:gst_mini_object_unref: 0x564619a133a0 unref 3->2
0:00:00.005213264  2726 0x5646199ea320 TRACE   GST_REFCOUNTING gstobject.c:294:gst_object_ref_sink: 0x564619a15e10 ref_sink 1->2
0:00:00.005221121  2726 0x5646199ea320 TRACE   GST_CAPS gstcaps.c:263:gst_caps_new_empty: created caps 0x564619a130c0
0:00:00.005227708  2726 0x5646199ea320 TRACE   GST_CAPS gstcaps.c:440:gst_static_caps_get: created 0x7f1d94bbcf30 from string ANY
0:00:00.005237247  2726 0x5646199ea320 TRACE   GST_REFCOUNTING gstminiobject.c:479:gst_mini_object_ref: 0x564619a130c0 ref 1->2
0:00:00.005248527  2726 0x5646199ea320 TRACE   GST_REFCOUNTING gstobject.c:208:gst_object_init: 0x564619a16080 new
0:00:00.005258300  2726 0x5646199ea320 TRACE   GST_REFCOUNTING gstminiobject.c:479:gst_mini_object_ref: 0x564619a130c0 ref 2->3
0:00:00.005267674  2726 0x5646199ea320 TRACE   GST_REFCOUNTING gstminiobject.c:661:gst_mini_object_unref: 0x564619a130c0 unref 3->2
0:00:00.005278571  2726 0x5646199ea320 TRACE   GST_REFCOUNTING gstobject.c:294:gst_object_ref_sink: 0x564619a16080 ref_sink 1->2
0:00:00.005290159  2726 0x5646199ea320 TRACE   structure gststructure.c:292:gst_structure_new_id_empty_with_size: created structure 0x564619a16210
0:00:00.005297683  2726 0x5646199ea320 TRACE   GST_PERFORMANCE gststructure.c:512:gst_structure_copy: doing copy 0x564619a15470 -> 0x564619a16210
0:00:00.005309598  2726 0x5646199ea320 DEBUG   GST_REGISTRY gstregistry.c:590:gst_registry_add_feature: adding feature 0x564619a148e0 (capsfilter)
0:00:00.005326479  2726 0x5646199ea320 DEBUG   GST_REFCOUNTING gstobject.c:709:gst_object_set_parent: set parent (ref and sink)
0:00:00.005335507  2726 0x5646199ea320 TRACE   GST_REFCOUNTING gstobject.c:294:gst_object_ref_sink: 0x564619a148e0 ref_sink 1->2
0:00:00.005342664  2726 0x5646199ea320 LOG   GST_REGISTRY gstregistry.c:608:gst_registry_add_feature: emitting feature-added for capsfilter
0:00:00.005358444  2726 0x5646199ea320 TRACE   GST_REFCOUNTING gstobject.c:208:gst_object_init: 0x564619a16680 new
0:00:00.005371930  2726 0x5646199ea320 LOG   GST_ELEMENT_FACTORY gstelementfactory.c:240:gst_element_register: Created new elementfactory for type GstClockSync
0:00:00.005380691  2726 0x5646199ea320 TRACE   structure gststructure.c:292:gst_structure_new_id_empty_with_size: created structure 0x564619a16a60
0:00:00.005386739  2726 0x5646199ea320 TRACE   GST_PERFORMANCE gststructure.c:512:gst_structure_copy: doing copy 0x5646199f9270 -> 0x564619a16a60
0:00:00.005395869  2726 0x5646199ea320 DEBUG   GST_ELEMENT_PADS gstelement.c:312:gst_element_base_class_init: type GstClockSync : factory 0x564619a16680
0:00:00.005416225  2726 0x5646199ea320 TRACE   GST_CAPS gstcaps.c:263:gst_caps_new_empty: created caps 0x564619a167b0
0:00:00.005423780  2726 0x5646199ea320 TRACE   GST_CAPS gstcaps.c:440:gst_static_caps_get: created 0x7f1d94bbcff0 from string ANY
0:00:00.005429853  2726 0x5646199ea320 TRACE   GST_REFCOUNTING gstminiobject.c:479:gst_mini_object_ref: 0x564619a167b0 ref 1->2
0:00:00.005450876  2726 0x5646199ea320 TRACE   GST_REFCOUNTING gstobject.c:208:gst_object_init: 0x564619a16d80 new
0:00:00.005465456  2726 0x5646199ea320 TRACE   GST_REFCOUNTING gstminiobject.c:479:gst_mini_object_ref: 0x564619a167b0 ref 2->3
0:00:00.005475119  2726 0x5646199ea320 TRACE   GST_REFCOUNTING gstminiobject.c:661:gst_mini_object_unref: 0x564619a167b0 unref 3->2
0:00:00.005482529  2726 0x5646199ea320 TRACE   GST_REFCOUNTING gstobject.c:294:gst_object_ref_sink: 0x564619a16d80 ref_sink 1->2
0:00:00.005492478  2726 0x5646199ea320 TRACE   GST_CAPS gstcaps.c:263:gst_caps_new_empty: created caps 0x564619a164d0
0:00:00.005499677  2726 0x5646199ea320 TRACE   GST_CAPS gstcaps.c:440:gst_static_caps_get: created 0x7f1d94bbcfb0 from string ANY
0:00:00.005505958  2726 0x5646199ea320 TRACE   GST_REFCOUNTING gstminiobject.c:479:gst_mini_object_ref: 0x564619a164d0 ref 1->2
0:00:00.005537922  2726 0x5646199ea320 TRACE   GST_REFCOUNTING gstobject.c:208:gst_object_init: 0x564619a16f40 new
0:00:00.005554043  2726 0x5646199ea320 TRACE   GST_REFCOUNTING gstminiobject.c:479:gst_mini_object_ref: 0x564619a164d0 ref 2->3
0:00:00.005567286  2726 0x5646199ea320 TRACE   GST_REFCOUNTING gstminiobject.c:661:gst_mini_object_unref: 0x564619a164d0 unref 3->2
0:00:00.005578651  2726 0x5646199ea320 TRACE   GST_REFCOUNTING gstobject.c:294:gst_object_ref_sink: 0x564619a16f40 ref_sink 1->2
0:00:00.005598490  2726 0x5646199ea320 TRACE   structure gststructure.c:292:gst_structure_new_id_empty_with_size: created structure 0x564619a17220
0:00:00.005606657  2726 0x5646199ea320 TRACE   GST_PERFORMANCE gststructure.c:512:gst_structure_copy: doing copy 0x564619a16a60 -> 0x564619a17220
0:00:00.005617540  2726 0x5646199ea320 DEBUG   GST_REGISTRY gstregistry.c:590:gst_registry_add_feature: adding feature 0x564619a16680 (clocksync)
0:00:00.005624427  2726 0x5646199ea320 DEBUG   GST_REFCOUNTING gstobject.c:709:gst_object_set_parent: set parent (ref and sink)
0:00:00.005635053  2726 0x5646199ea320 TRACE   GST_REFCOUNTING gstobject.c:294:gst_object_ref_sink: 0x564619a16680 ref_sink 1->2
0:00:00.005642382  2726 0x5646199ea320 LOG   GST_REGISTRY gstregistry.c:608:gst_registry_add_feature: emitting feature-added for clocksync
0:00:00.005662190  2726 0x5646199ea320 TRACE   GST_REFCOUNTING gstobject.c:208:gst_object_init: 0x564619a17410 new
0:00:00.005676518  2726 0x5646199ea320 LOG   GST_ELEMENT_FACTORY gstelementfactory.c:240:gst_element_register: Created new elementfactory for type GstConcat
0:00:00.005685548  2726 0x5646199ea320 TRACE   structure gststructure.c:292:gst_structure_new_id_empty_with_size: created structure 0x564619a177f0
0:00:00.005691631  2726 0x5646199ea320 TRACE   GST_PERFORMANCE gststructure.c:512:gst_structure_copy: doing copy 0x5646199f9270 -> 0x564619a177f0
0:00:00.005698625  2726 0x5646199ea320 DEBUG   GST_ELEMENT_PADS gstelement.c:312:gst_element_base_class_init: type GstConcat : factory 0x564619a17410
0:00:00.005717998  2726 0x5646199ea320 TRACE   GST_CAPS gstcaps.c:263:gst_caps_new_empty: created caps 0x564619a17540
0:00:00.005725497  2726 0x5646199ea320 TRACE   GST_CAPS gstcaps.c:440:gst_static_caps_get: created 0x7f1d94bbd030 from string ANY
0:00:00.005731924  2726 0x5646199ea320 TRACE   GST_REFCOUNTING gstminiobject.c:479:gst_mini_object_ref: 0x564619a17540 ref 1->2
0:00:00.005741401  2726 0x5646199ea320 TRACE   GST_REFCOUNTING gstobject.c:208:gst_object_init: 0x564619a17ab0 new
0:00:00.005753830  2726 0x5646199ea320 TRACE   GST_REFCOUNTING gstminiobject.c:479:gst_mini_object_ref: 0x564619a17540 ref 2->3
0:00:00.005763312  2726 0x5646199ea320 TRACE   GST_REFCOUNTING gstminiobject.c:661:gst_mini_object_unref: 0x564619a17540 unref 3->2
0:00:00.005770704  2726 0x5646199ea320 TRACE   GST_REFCOUNTING gstobject.c:294:gst_object_ref_sink: 0x564619a17ab0 ref_sink 1->2
0:00:00.005777507  2726 0x5646199ea320 TRACE   GST_CAPS gstcaps.c:263:gst_caps_new_empty: created caps 0x564619a170e0
0:00:00.005786787  2726 0x5646199ea320 TRACE   GST_CAPS gstcaps.c:440:gst_static_caps_get: created 0x7f1d94bbd070 from string ANY
0:00:00.005793773  2726 0x5646199ea320 TRACE   GST_REFCOUNTING gstminiobject.c:479:gst_mini_object_ref: 0x564619a170e0 ref 1->2
0:00:00.005803474  2726 0x5646199ea320 TRACE   GST_REFCOUNTING gstobject.c:208:gst_object_init: 0x564619a17c30 new
0:00:00.005817405  2726 0x5646199ea320 TRACE   GST_REFCOUNTING gstminiobject.c:479:gst_mini_object_ref: 0x564619a170e0 ref 2->3
0:00:00.005833507  2726 0x5646199ea320 TRACE   GST_REFCOUNTING gstminiobject.c:661:gst_mini_object_unref: 0x564619a170e0 unref 3->2
0:00:00.005841837  2726 0x5646199ea320 TRACE   GST_REFCOUNTING gstobject.c:294:gst_object_ref_sink: 0x564619a17c30 ref_sink 1->2
0:00:00.005850988  2726 0x5646199ea320 TRACE   structure gststructure.c:292:gst_structure_new_id_empty_with_size: created structure 0x564619a17f10
0:00:00.005860818  2726 0x5646199ea320 TRACE   GST_PERFORMANCE gststructure.c:512:gst_structure_copy: doing copy 0x564619a177f0 -> 0x564619a17f10
0:00:00.005872363  2726 0x5646199ea320 DEBUG   GST_REGISTRY gstregistry.c:590:gst_registry_add_feature: adding feature 0x564619a17410 (concat)
0:00:00.005878969  2726 0x5646199ea320 DEBUG   GST_REFCOUNTING gstobject.c:709:gst_object_set_parent: set parent (ref and sink)
0:00:00.005885937  2726 0x5646199ea320 TRACE   GST_REFCOUNTING gstobject.c:294:gst_object_ref_sink: 0x564619a17410 ref_sink 1->2
0:00:00.005895055  2726 0x5646199ea320 LOG   GST_REGISTRY gstregistry.c:608:gst_registry_add_feature: emitting feature-added for concat
0:00:00.005919853  2726 0x5646199ea320 TRACE   GST_REFCOUNTING gstobject.c:208:gst_object_init: 0x564619a18250 new
0:00:00.005931436  2726 0x5646199ea320 LOG   GST_ELEMENT_FACTORY gstelementfactory.c:240:gst_element_register: Created new elementfactory for type GstDataURISrc
0:00:00.005942390  2726 0x5646199ea320 TRACE   structure gststructure.c:292:gst_structure_new_id_empty_with_size: created structure 0x564619a18770
0:00:00.005949090  2726 0x5646199ea320 TRACE   GST_PERFORMANCE gststructure.c:512:gst_structure_copy: doing copy 0x5646199f9270 -> 0x564619a18770
0:00:00.005956143  2726 0x5646199ea320 DEBUG   GST_ELEMENT_PADS gstelement.c:312:gst_element_base_class_init: type GstBaseSrc : factory (nil)
0:00:00.005991616  2726 0x5646199ea320 TRACE   structure gststructure.c:292:gst_structure_new_id_empty_with_size: created structure 0x564619a0e4f0
0:00:00.006000476  2726 0x5646199ea320 TRACE   GST_PERFORMANCE gststructure.c:512:gst_structure_copy: doing copy 0x564619a18770 -> 0x564619a0e4f0
0:00:00.006007810  2726 0x5646199ea320 DEBUG   GST_ELEMENT_PADS gstelement.c:312:gst_element_base_class_init: type GstDataURISrc : factory 0x564619a18250
0:00:00.006018762  2726 0x5646199ea320 TRACE   GST_CAPS gstcaps.c:263:gst_caps_new_empty: created caps 0x564619a18380
0:00:00.006027818  2726 0x5646199ea320 TRACE   GST_CAPS gstcaps.c:440:gst_static_caps_get: created 0x7f1d94bbd0b0 from string ANY
0:00:00.006035087  2726 0x5646199ea320 TRACE   GST_REFCOUNTING gstminiobject.c:479:gst_mini_object_ref: 0x564619a18380 ref 1->2
0:00:00.006045178  2726 0x5646199ea320 TRACE   GST_REFCOUNTING gstobject.c:208:gst_object_init: 0x564619a19a00 new
0:00:00.006054558  2726 0x5646199ea320 TRACE   GST_REFCOUNTING gstminiobject.c:479:gst_mini_object_ref: 0x564619a18380 ref 2->3
0:00:00.006066278  2726 0x5646199ea320 TRACE   GST_REFCOUNTING gstminiobject.c:661:gst_mini_object_unref: 0x564619a18380 unref 3->2
0:00:00.006079563  2726 0x5646199ea320 TRACE   GST_REFCOUNTING gstobject.c:294:gst_object_ref_sink: 0x564619a19a00 ref_sink 1->2
0:00:00.006097074  2726 0x5646199ea320 TRACE   structure gststructure.c:292:gst_structure_new_id_empty_with_size: created structure 0x564619a19d40
0:00:00.006104523  2726 0x5646199ea320 TRACE   GST_PERFORMANCE gststructure.c:512:gst_structure_copy: doing copy 0x564619a0e4f0 -> 0x564619a19d40
0:00:00.006127421  2726 0x5646199ea320 DEBUG   GST_REGISTRY gstregistry.c:590:gst_registry_add_feature: adding feature 0x564619a18250 (dataurisrc)
0:00:00.006134914  2726 0x5646199ea320 DEBUG   GST_REFCOUNTING gstobject.c:709:gst_object_set_parent: set parent (ref and sink)
0:00:00.006142210  2726 0x5646199ea320 TRACE   GST_REFCOUNTING gstobject.c:294:gst_object_ref_sink: 0x564619a18250 ref_sink 1->2
0:00:00.006148678  2726 0x5646199ea320 LOG   GST_REGISTRY gstregistry.c:608:gst_registry_add_feature: emitting feature-added for dataurisrc
0:00:00.006165842  2726 0x5646199ea320 TRACE   GST_REFCOUNTING gstobject.c:208:gst_object_init: 0x564619a1a150 new
0:00:00.006177309  2726 0x5646199ea320 LOG   GST_ELEMENT_FACTORY gstelementfactory.c:240:gst_element_register: Created new elementfactory for type GstDownloadBuffer
0:00:00.006185140  2726 0x5646199ea320 TRACE   structure gststructure.c:292:gst_structure_new_id_empty_with_size: created structure 0x564619a1a530
0:00:00.006193310  2726 0x5646199ea320 TRACE   GST_PERFORMANCE gststructure.c:512:gst_structure_copy: doing copy 0x5646199f9270 -> 0x564619a1a530
0:00:00.006201249  2726 0x5646199ea320 DEBUG   GST_ELEMENT_PADS gstelement.c:312:gst_element_base_class_init: type GstDownloadBuffer : factory 0x564619a1a150
0:00:00.006225443  2726 0x5646199ea320 TRACE   GST_CAPS gstcaps.c:263:gst_caps_new_empty: created caps 0x564619a1a280
0:00:00.006231762  2726 0x5646199ea320 TRACE   GST_CAPS gstcaps.c:440:gst_static_caps_get: created 0x7f1d94bbd150 from string ANY
0:00:00.006240262  2726 0x5646199ea320 TRACE   GST_REFCOUNTING gstminiobject.c:479:gst_mini_object_ref: 0x564619a1a280 ref 1->2
0:00:00.006251062  2726 0x5646199ea320 TRACE   GST_REFCOUNTING gstobject.c:208:gst_object_init: 0x564619a1aa10 new
0:00:00.006260685  2726 0x5646199ea320 TRACE   GST_REFCOUNTING gstminiobject.c:479:gst_mini_object_ref: 0x564619a1a280 ref 2->3
0:00:00.006269757  2726 0x5646199ea320 TRACE   GST_REFCOUNTING gstminiobject.c:661:gst_mini_object_unref: 0x564619a1a280 unref 3->2
0:00:00.006279675  2726 0x5646199ea320 TRACE   GST_REFCOUNTING gstobject.c:294:gst_object_ref_sink: 0x564619a1aa10 ref_sink 1->2
0:00:00.006287293  2726 0x5646199ea320 TRACE   GST_CAPS gstcaps.c:263:gst_caps_new_empty: created caps 0x564619a1ab80
0:00:00.006293723  2726 0x5646199ea320 TRACE   GST_CAPS gstcaps.c:440:gst_static_caps_get: created 0x7f1d94bbd110 from string ANY
0:00:00.006299688  2726 0x5646199ea320 TRACE   GST_REFCOUNTING gstminiobject.c:479:gst_mini_object_ref: 0x564619a1ab80 ref 1->2
0:00:00.006316709  2726 0x5646199ea320 TRACE   GST_REFCOUNTING gstobject.c:208:gst_object_init: 0x564619a1ac10 new
0:00:00.006326566  2726 0x5646199ea320 TRACE   GST_REFCOUNTING gstminiobject.c:479:gst_mini_object_ref: 0x564619a1ab80 ref 2->3
0:00:00.006338683  2726 0x5646199ea320 TRACE   GST_REFCOUNTING gstminiobject.c:661:gst_mini_object_unref: 0x564619a1ab80 unref 3->2
0:00:00.006346105  2726 0x5646199ea320 TRACE   GST_REFCOUNTING gstobject.c:294:gst_object_ref_sink: 0x564619a1ac10 ref_sink 1->2
0:00:00.006359700  2726 0x5646199ea320 TRACE   structure gststructure.c:292:gst_structure_new_id_empty_with_size: created structure 0x564619a1aed0
0:00:00.006367307  2726 0x5646199ea320 TRACE   GST_PERFORMANCE gststructure.c:512:gst_structure_copy: doing copy 0x564619a1a530 -> 0x564619a1aed0
0:00:00.006376933  2726 0x5646199ea320 DEBUG   GST_REGISTRY gstregistry.c:590:gst_registry_add_feature: adding feature 0x564619a1a150 (downloadbuffer)
0:00:00.006383190  2726 0x5646199ea320 DEBUG   GST_REFCOUNTING gstobject.c:709:gst_object_set_parent: set parent (ref and sink)
0:00:00.006393272  2726 0x5646199ea320 TRACE   GST_REFCOUNTING gstobject.c:294:gst_object_ref_sink: 0x564619a1a150 ref_sink 1->2
0:00:00.006400560  2726 0x5646199ea320 LOG   GST_REGISTRY gstregistry.c:608:gst_registry_add_feature: emitting feature-added for downloadbuffer
0:00:00.006414333  2726 0x5646199ea320 TRACE   GST_REFCOUNTING gstobject.c:208:gst_object_init: 0x564619a1b220 new
0:00:00.006427970  2726 0x5646199ea320 LOG   GST_ELEMENT_FACTORY gstelementfactory.c:240:gst_element_register: Created new elementfactory for type GstFakeSrc
0:00:00.006443758  2726 0x5646199ea320 TRACE   structure gststructure.c:292:gst_structure_new_id_empty_with_size: created structure 0x564619a1b740
0:00:00.006449904  2726 0x5646199ea320 TRACE   GST_PERFORMANCE gststructure.c:512:gst_structure_copy: doing copy 0x564619a18770 -> 0x564619a1b740
0:00:00.006456498  2726 0x5646199ea320 DEBUG   GST_ELEMENT_PADS gstelement.c:312:gst_element_base_class_init: type GstFakeSrc : factory 0x564619a1b220
0:00:00.006585226  2726 0x5646199ea320 TRACE   GST_CAPS gstcaps.c:263:gst_caps_new_empty: created caps 0x564619a1b350
0:00:00.006596902  2726 0x5646199ea320 TRACE   GST_CAPS gstcaps.c:440:gst_static_caps_get: created 0x7f1d94bbd1d0 from string ANY
0:00:00.006603647  2726 0x5646199ea320 TRACE   GST_REFCOUNTING gstminiobject.c:479:gst_mini_object_ref: 0x564619a1b350 ref 1->2
0:00:00.006617890  2726 0x5646199ea320 TRACE   GST_REFCOUNTING gstobject.c:208:gst_object_init: 0x564619a1c6d0 new
0:00:00.006628295  2726 0x5646199ea320 TRACE   GST_REFCOUNTING gstminiobject.c:479:gst_mini_object_ref: 0x564619a1b350 ref 2->3
0:00:00.006637983  2726 0x5646199ea320 TRACE   GST_REFCOUNTING gstminiobject.c:661:gst_mini_object_unref: 0x564619a1b350 unref 3->2
0:00:00.006645452  2726 0x5646199ea320 TRACE   GST_REFCOUNTING gstobject.c:294:gst_object_ref_sink: 0x564619a1c6d0 ref_sink 1->2
0:00:00.006665891  2726 0x5646199ea320 TRACE   structure gststructure.c:292:gst_structure_new_id_empty_with_size: created structure 0x564619a1c930
0:00:00.006674258  2726 0x5646199ea320 TRACE   GST_PERFORMANCE gststructure.c:512:gst_structure_copy: doing copy 0x564619a1b740 -> 0x564619a1c930
0:00:00.006683845  2726 0x5646199ea320 DEBUG   GST_REGISTRY gstregistry.c:590:gst_registry_add_feature: adding feature 0x564619a1b220 (fakesrc)
0:00:00.006690460  2726 0x5646199ea320 DEBUG   GST_REFCOUNTING gstobject.c:709:gst_object_set_parent: set parent (ref and sink)
0:00:00.006700918  2726 0x5646199ea320 TRACE   GST_REFCOUNTING gstobject.c:294:gst_object_ref_sink: 0x564619a1b220 ref_sink 1->2
0:00:00.006708354  2726 0x5646199ea320 LOG   GST_REGISTRY gstregistry.c:608:gst_registry_add_feature: emitting feature-added for fakesrc
0:00:00.006737337  2726 0x5646199ea320 TRACE   GST_REFCOUNTING gstobject.c:208:gst_object_init: 0x564619a1cec0 new
0:00:00.006750948  2726 0x5646199ea320 LOG   GST_ELEMENT_FACTORY gstelementfactory.c:240:gst_element_register: Created new elementfactory for type GstFakeSink
0:00:00.006759677  2726 0x5646199ea320 TRACE   structure gststructure.c:292:gst_structure_new_id_empty_with_size: created structure 0x564619a1d3d0
