0:00:00.013880324  2726 0x5646199ea320 LOG   GST_POLL gstpoll.c:994:gst_poll_fd_ctl_write: 0x564619a0ecf0: pfd->events now 60 (POLLOUT:4)
0:00:00.013886495  2726 0x5646199ea320 DEBUG   GST_POLL gstpoll.c:980:gst_poll_fd_ctl_write: 0x564619a0ecf0: fd (fd:0, idx:1), active : 1
0:00:00.013894812  2726 0x5646199ea320 LOG   GST_POLL gstpoll.c:994:gst_poll_fd_ctl_write: 0x564619a0ecf0: pfd->events now 60 (POLLOUT:4)
0:00:00.013902044  2726 0x5646199ea320 DEBUG   GST_POLL gstpoll.c:980:gst_poll_fd_ctl_write: 0x564619a0ecf0: fd (fd:0, idx:1), active : 1
0:00:00.013907777  2726 0x5646199ea320 LOG   GST_POLL gstpoll.c:994:gst_poll_fd_ctl_write: 0x564619a0ecf0: pfd->events now 60 (POLLOUT:4)
0:00:00.013913783  2726 0x5646199ea320 DEBUG   GST_POLL gstpoll.c:980:gst_poll_fd_ctl_write: 0x564619a0ecf0: fd (fd:0, idx:1), active : 1
0:00:00.013922129  2726 0x5646199ea320 LOG   GST_POLL gstpoll.c:994:gst_poll_fd_ctl_write: 0x564619a0ecf0: pfd->events now 60 (POLLOUT:4)
0:00:00.013929420  2726 0x5646199ea320 DEBUG   GST_POLL gstpoll.c:980:gst_poll_fd_ctl_write: 0x564619a0ecf0: fd (fd:0, idx:1), active : 1
0:00:00.013935355  2726 0x5646199ea320 LOG   GST_POLL gstpoll.c:994:gst_poll_fd_ctl_write: 0x564619a0ecf0: pfd->events now 60 (POLLOUT:4)
0:00:00.013941572  2726 0x5646199ea320 DEBUG   GST_POLL gstpoll.c:980:gst_poll_fd_ctl_write: 0x564619a0ecf0: fd (fd:0, idx:1), active : 1
0:00:00.013949871  2726 0x5646199ea320 LOG   GST_POLL gstpoll.c:994:gst_poll_fd_ctl_write: 0x564619a0ecf0: pfd->events now 60 (POLLOUT:4)
0:00:00.013957113  2726 0x5646199ea320 DEBUG   GST_POLL gstpoll.c:980:gst_poll_fd_ctl_write: 0x564619a0ecf0: fd (fd:0, idx:1), active : 1
0:00:00.013962852  2726 0x5646199ea320 LOG   GST_POLL gstpoll.c:994:gst_poll_fd_ctl_write: 0x564619a0ecf0: pfd->events now 60 (POLLOUT:4)
0:00:00.013969012  2726 0x5646199ea320 DEBUG   GST_POLL gstpoll.c:980:gst_poll_fd_ctl_write: 0x564619a0ecf0: fd (fd:0, idx:1), active : 1
0:00:00.013977304  2726 0x5646199ea320 LOG   GST_POLL gstpoll.c:994:gst_poll_fd_ctl_write: 0x564619a0ecf0: pfd->events now 60 (POLLOUT:4)
0:00:00.013989265  2726 0x5646199ea320 DEBUG   GST_POLL gstpoll.c:980:gst_poll_fd_ctl_write: 0x564619a0ecf0: fd (fd:0, idx:1), active : 1
0:00:00.013995272  2726 0x5646199ea320 LOG   GST_POLL gstpoll.c:994:gst_poll_fd_ctl_write: 0x564619a0ecf0: pfd->events now 60 (POLLOUT:4)
0:00:00.014001449  2726 0x5646199ea320 DEBUG   GST_POLL gstpoll.c:980:gst_poll_fd_ctl_write: 0x564619a0ecf0: fd (fd:0, idx:1), active : 1
0:00:00.014009839  2726 0x5646199ea320 LOG   GST_POLL gstpoll.c:994:gst_poll_fd_ctl_write: 0x564619a0ecf0: pfd->events now 60 (POLLOUT:4)
0:00:00.014017052  2726 0x5646199ea320 DEBUG   GST_POLL gstpoll.c:980:gst_poll_fd_ctl_write: 0x564619a0ecf0: fd (fd:0, idx:1), active : 1
0:00:00.014022912  2726 0x5646199ea320 LOG   GST_POLL gstpoll.c:994:gst_poll_fd_ctl_write: 0x564619a0ecf0: pfd->events now 60 (POLLOUT:4)
0:00:00.014029034  2726 0x5646199ea320 DEBUG   GST_POLL gstpoll.c:980:gst_poll_fd_ctl_write: 0x564619a0ecf0: fd (fd:0, idx:1), active : 1
0:00:00.014037446  2726 0x5646199ea320 LOG   GST_POLL gstpoll.c:994:gst_poll_fd_ctl_write: 0x564619a0ecf0: pfd->events now 60 (POLLOUT:4)
0:00:00.014044710  2726 0x5646199ea320 DEBUG   GST_POLL gstpoll.c:980:gst_poll_fd_ctl_write: 0x564619a0ecf0: fd (fd:0, idx:1), active : 1
0:00:00.014050503  2726 0x5646199ea320 LOG   GST_POLL gstpoll.c:994:gst_poll_fd_ctl_write: 0x564619a0ecf0: pfd->events now 60 (POLLOUT:4)
0:00:00.014056732  2726 0x5646199ea320 DEBUG   GST_POLL gstpoll.c:980:gst_poll_fd_ctl_write: 0x564619a0ecf0: fd (fd:0, idx:1), active : 1
0:00:00.014065010  2726 0x5646199ea320 LOG   GST_POLL gstpoll.c:994:gst_poll_fd_ctl_write: 0x564619a0ecf0: pfd->events now 60 (POLLOUT:4)
0:00:00.014072310  2726 0x5646199ea320 DEBUG   GST_POLL gstpoll.c:980:gst_poll_fd_ctl_write: 0x564619a0ecf0: fd (fd:0, idx:1), active : 1
0:00:00.014078178  2726 0x5646199ea320 LOG   GST_POLL gstpoll.c:994:gst_poll_fd_ctl_write: 0x564619a0ecf0: pfd->events now 60 (POLLOUT:4)
0:00:00.014084346  2726 0x5646199ea320 DEBUG   GST_POLL gstpoll.c:980:gst_poll_fd_ctl_write: 0x564619a0ecf0: fd (fd:0, idx:1), active : 1
0:00:00.014092622  2726 0x5646199ea320 LOG   GST_POLL gstpoll.c:994:gst_poll_fd_ctl_write: 0x564619a0ecf0: pfd->events now 60 (POLLOUT:4)
0:00:00.014099838  2726 0x5646199ea320 DEBUG   GST_POLL gstpoll.c:980:gst_poll_fd_ctl_write: 0x564619a0ecf0: fd (fd:0, idx:1), active : 1
0:00:00.014105561  2726 0x5646199ea320 LOG   GST_POLL gstpoll.c:994:gst_poll_fd_ctl_write: 0x564619a0ecf0: pfd->events now 60 (POLLOUT:4)
0:00:00.014111606  2726 0x5646199ea320 DEBUG   GST_POLL gstpoll.c:980:gst_poll_fd_ctl_write: 0x564619a0ecf0: fd (fd:0, idx:1), active : 1
0:00:00.014119894  2726 0x5646199ea320 LOG   GST_POLL gstpoll.c:994:gst_poll_fd_ctl_write: 0x564619a0ecf0: pfd->events now 60 (POLLOUT:4)
0:00:00.014127181  2726 0x5646199ea320 DEBUG   GST_POLL gstpoll.c:980:gst_poll_fd_ctl_write: 0x564619a0ecf0: fd (fd:0, idx:1), active : 1
0:00:00.014132995  2726 0x5646199ea320 LOG   GST_POLL gstpoll.c:994:gst_poll_fd_ctl_write: 0x564619a0ecf0: pfd->events now 60 (POLLOUT:4)
0:00:00.014139150  2726 0x5646199ea320 DEBUG   GST_POLL gstpoll.c:980:gst_poll_fd_ctl_write: 0x564619a0ecf0: fd (fd:0, idx:1), active : 1
0:00:00.014152544  2726 0x5646199ea320 LOG   GST_POLL gstpoll.c:994:gst_poll_fd_ctl_write: 0x564619a0ecf0: pfd->events now 60 (POLLOUT:4)
0:00:00.014159653  2726 0x5646199ea320 DEBUG   GST_POLL gstpoll.c:980:gst_poll_fd_ctl_write: 0x564619a0ecf0: fd (fd:0, idx:1), active : 1
0:00:00.014165381  2726 0x5646199ea320 LOG   GST_POLL gstpoll.c:994:gst_poll_fd_ctl_write: 0x564619a0ecf0: pfd->events now 60 (POLLOUT:4)
0:00:00.014171333  2726 0x5646199ea320 DEBUG   GST_POLL gstpoll.c:980:gst_poll_fd_ctl_write: 0x564619a0ecf0: fd (fd:0, idx:1), active : 1
0:00:00.014179687  2726 0x5646199ea320 LOG   GST_POLL gstpoll.c:994:gst_poll_fd_ctl_write: 0x564619a0ecf0: pfd->events now 60 (POLLOUT:4)
0:00:00.014186935  2726 0x5646199ea320 DEBUG   GST_POLL gstpoll.c:980:gst_poll_fd_ctl_write: 0x564619a0ecf0: fd (fd:0, idx:1), active : 1
0:00:00.014192848  2726 0x5646199ea320 LOG   GST_POLL gstpoll.c:994:gst_poll_fd_ctl_write: 0x564619a0ecf0: pfd->events now 60 (POLLOUT:4)
0:00:00.014199015  2726 0x5646199ea320 DEBUG   GST_POLL gstpoll.c:980:gst_poll_fd_ctl_write: 0x564619a0ecf0: fd (fd:0, idx:1), active : 1
0:00:00.014207372  2726 0x5646199ea320 LOG   GST_POLL gstpoll.c:994:gst_poll_fd_ctl_write: 0x564619a0ecf0: pfd->events now 60 (POLLOUT:4)
0:00:00.014214660  2726 0x5646199ea320 DEBUG   GST_POLL gstpoll.c:980:gst_poll_fd_ctl_write: 0x564619a0ecf0: fd (fd:0, idx:1), active : 1
0:00:00.014220374  2726 0x5646199ea320 LOG   GST_POLL gstpoll.c:994:gst_poll_fd_ctl_write: 0x564619a0ecf0: pfd->events now 60 (POLLOUT:4)
0:00:00.014226565  2726 0x5646199ea320 DEBUG   GST_POLL gstpoll.c:980:gst_poll_fd_ctl_write: 0x564619a0ecf0: fd (fd:0, idx:1), active : 1
0:00:00.014234817  2726 0x5646199ea320 LOG   GST_POLL gstpoll.c:994:gst_poll_fd_ctl_write: 0x564619a0ecf0: pfd->events now 60 (POLLOUT:4)
0:00:00.014242208  2726 0x5646199ea320 DEBUG   GST_POLL gstpoll.c:980:gst_poll_fd_ctl_write: 0x564619a0ecf0: fd (fd:0, idx:1), active : 1
0:00:00.014248079  2726 0x5646199ea320 LOG   GST_POLL gstpoll.c:994:gst_poll_fd_ctl_write: 0x564619a0ecf0: pfd->events now 60 (POLLOUT:4)
0:00:00.014254153  2726 0x5646199ea320 DEBUG   GST_POLL gstpoll.c:980:gst_poll_fd_ctl_write: 0x564619a0ecf0: fd (fd:0, idx:1), active : 1
0:00:00.014262437  2726 0x5646199ea320 LOG   GST_POLL gstpoll.c:994:gst_poll_fd_ctl_write: 0x564619a0ecf0: pfd->events now 60 (POLLOUT:4)
0:00:00.014269553  2726 0x5646199ea320 DEBUG   GST_POLL gstpoll.c:980:gst_poll_fd_ctl_write: 0x564619a0ecf0: fd (fd:0, idx:1), active : 1
0:00:00.014275207  2726 0x5646199ea320 LOG   GST_POLL gstpoll.c:994:gst_poll_fd_ctl_write: 0x564619a0ecf0: pfd->events now 60 (POLLOUT:4)
0:00:00.014281284  2726 0x5646199ea320 DEBUG   GST_POLL gstpoll.c:980:gst_poll_fd_ctl_write: 0x564619a0ecf0: fd (fd:0, idx:1), active : 1
0:00:00.014289575  2726 0x5646199ea320 LOG   GST_POLL gstpoll.c:994:gst_poll_fd_ctl_write: 0x564619a0ecf0: pfd->events now 60 (POLLOUT:4)
0:00:00.014296881  2726 0x5646199ea320 DEBUG   GST_POLL gstpoll.c:980:gst_poll_fd_ctl_write: 0x564619a0ecf0: fd (fd:0, idx:1), active : 1
0:00:00.014307524  2726 0x5646199ea320 LOG   GST_POLL gstpoll.c:994:gst_poll_fd_ctl_write: 0x564619a0ecf0: pfd->events now 60 (POLLOUT:4)
0:00:00.014313882  2726 0x5646199ea320 LOG   GST_PLUGIN_LOADING gstpluginloader.c:645:put_chunk: Expanding tx buf from 5764 to 7717 for chunk of size 229
0:00:00.014327552  2726 0x5646199ea320 DEBUG   GST_POLL gstpoll.c:980:gst_poll_fd_ctl_write: 0x564619a0ecf0: fd (fd:0, idx:1), active : 1
0:00:00.014334369  2726 0x5646199ea320 LOG   GST_POLL gstpoll.c:994:gst_poll_fd_ctl_write: 0x564619a0ecf0: pfd->events now 60 (POLLOUT:4)
0:00:00.014340699  2726 0x5646199ea320 DEBUG   GST_POLL gstpoll.c:980:gst_poll_fd_ctl_write: 0x564619a0ecf0: fd (fd:0, idx:1), active : 1
0:00:00.014346255  2726 0x5646199ea320 LOG   GST_POLL gstpoll.c:994:gst_poll_fd_ctl_write: 0x564619a0ecf0: pfd->events now 60 (POLLOUT:4)
0:00:00.014355472  2726 0x5646199ea320 DEBUG   GST_POLL gstpoll.c:980:gst_poll_fd_ctl_write: 0x564619a0ecf0: fd (fd:0, idx:1), active : 1
0:00:00.014361849  2726 0x5646199ea320 LOG   GST_POLL gstpoll.c:994:gst_poll_fd_ctl_write: 0x564619a0ecf0: pfd->events now 60 (POLLOUT:4)
0:00:00.014368100  2726 0x5646199ea320 DEBUG   GST_POLL gstpoll.c:980:gst_poll_fd_ctl_write: 0x564619a0ecf0: fd (fd:0, idx:1), active : 1
0:00:00.014373832  2726 0x5646199ea320 LOG   GST_POLL gstpoll.c:994:gst_poll_fd_ctl_write: 0x564619a0ecf0: pfd->events now 60 (POLLOUT:4)
0:00:00.014382955  2726 0x5646199ea320 DEBUG   GST_POLL gstpoll.c:980:gst_poll_fd_ctl_write: 0x564619a0ecf0: fd (fd:0, idx:1), active : 1
0:00:00.014389242  2726 0x5646199ea320 LOG   GST_POLL gstpoll.c:994:gst_poll_fd_ctl_write: 0x564619a0ecf0: pfd->events now 60 (POLLOUT:4)
0:00:00.014395293  2726 0x5646199ea320 DEBUG   GST_POLL gstpoll.c:980:gst_poll_fd_ctl_write: 0x564619a0ecf0: fd (fd:0, idx:1), active : 1
0:00:00.014400938  2726 0x5646199ea320 LOG   GST_POLL gstpoll.c:994:gst_poll_fd_ctl_write: 0x564619a0ecf0: pfd->events now 60 (POLLOUT:4)
0:00:00.014410092  2726 0x5646199ea320 DEBUG   GST_POLL gstpoll.c:980:gst_poll_fd_ctl_write: 0x564619a0ecf0: fd (fd:0, idx:1), active : 1
0:00:00.014416400  2726 0x5646199ea320 LOG   GST_POLL gstpoll.c:994:gst_poll_fd_ctl_write: 0x564619a0ecf0: pfd->events now 60 (POLLOUT:4)
0:00:00.014422795  2726 0x5646199ea320 DEBUG   GST_POLL gstpoll.c:980:gst_poll_fd_ctl_write: 0x564619a0ecf0: fd (fd:0, idx:1), active : 1
0:00:00.014428595  2726 0x5646199ea320 LOG   GST_POLL gstpoll.c:994:gst_poll_fd_ctl_write: 0x564619a0ecf0: pfd->events now 60 (POLLOUT:4)
0:00:00.014443368  2726 0x5646199ea320 DEBUG   GST_POLL gstpoll.c:980:gst_poll_fd_ctl_write: 0x564619a0ecf0: fd (fd:0, idx:1), active : 1
0:00:00.014449796  2726 0x5646199ea320 LOG   GST_POLL gstpoll.c:994:gst_poll_fd_ctl_write: 0x564619a0ecf0: pfd->events now 60 (POLLOUT:4)
0:00:00.014456057  2726 0x5646199ea320 DEBUG   GST_POLL gstpoll.c:980:gst_poll_fd_ctl_write: 0x564619a0ecf0: fd (fd:0, idx:1), active : 1
0:00:00.014461743  2726 0x5646199ea320 LOG   GST_POLL gstpoll.c:994:gst_poll_fd_ctl_write: 0x564619a0ecf0: pfd->events now 60 (POLLOUT:4)
0:00:00.014470832  2726 0x5646199ea320 DEBUG   GST_POLL gstpoll.c:980:gst_poll_fd_ctl_write: 0x564619a0ecf0: fd (fd:0, idx:1), active : 1
0:00:00.014484323  2726 0x5646199ea320 LOG   GST_POLL gstpoll.c:994:gst_poll_fd_ctl_write: 0x564619a0ecf0: pfd->events now 60 (POLLOUT:4)
0:00:00.014490771  2726 0x5646199ea320 DEBUG   GST_POLL gstpoll.c:980:gst_poll_fd_ctl_write: 0x564619a0ecf0: fd (fd:0, idx:1), active : 1
0:00:00.014496498  2726 0x5646199ea320 LOG   GST_POLL gstpoll.c:994:gst_poll_fd_ctl_write: 0x564619a0ecf0: pfd->events now 60 (POLLOUT:4)
0:00:00.014505664  2726 0x5646199ea320 DEBUG   GST_POLL gstpoll.c:980:gst_poll_fd_ctl_write: 0x564619a0ecf0: fd (fd:0, idx:1), active : 1
0:00:00.014521953  2726 0x5646199ea320 LOG   GST_POLL gstpoll.c:994:gst_poll_fd_ctl_write: 0x564619a0ecf0: pfd->events now 60 (POLLOUT:4)
0:00:00.014529802  2726 0x5646199ea320 DEBUG   GST_POLL gstpoll.c:980:gst_poll_fd_ctl_write: 0x564619a0ecf0: fd (fd:0, idx:1), active : 1
0:00:00.014538595  2726 0x5646199ea320 LOG   GST_POLL gstpoll.c:994:gst_poll_fd_ctl_write: 0x564619a0ecf0: pfd->events now 60 (POLLOUT:4)
0:00:00.014545435  2726 0x5646199ea320 DEBUG   GST_POLL gstpoll.c:980:gst_poll_fd_ctl_write: 0x564619a0ecf0: fd (fd:0, idx:1), active : 1
0:00:00.014551164  2726 0x5646199ea320 LOG   GST_POLL gstpoll.c:994:gst_poll_fd_ctl_write: 0x564619a0ecf0: pfd->events now 60 (POLLOUT:4)
0:00:00.014557284  2726 0x5646199ea320 DEBUG   GST_POLL gstpoll.c:980:gst_poll_fd_ctl_write: 0x564619a0ecf0: fd (fd:0, idx:1), active : 1
0:00:00.014565996  2726 0x5646199ea320 LOG   GST_POLL gstpoll.c:994:gst_poll_fd_ctl_write: 0x564619a0ecf0: pfd->events now 60 (POLLOUT:4)
0:00:00.014572912  2726 0x5646199ea320 DEBUG   GST_POLL gstpoll.c:980:gst_poll_fd_ctl_write: 0x564619a0ecf0: fd (fd:0, idx:1), active : 1
0:00:00.014578828  2726 0x5646199ea320 LOG   GST_POLL gstpoll.c:994:gst_poll_fd_ctl_write: 0x564619a0ecf0: pfd->events now 60 (POLLOUT:4)
0:00:00.014584890  2726 0x5646199ea320 DEBUG   GST_POLL gstpoll.c:980:gst_poll_fd_ctl_write: 0x564619a0ecf0: fd (fd:0, idx:1), active : 1
0:00:00.014593554  2726 0x5646199ea320 LOG   GST_POLL gstpoll.c:994:gst_poll_fd_ctl_write: 0x564619a0ecf0: pfd->events now 60 (POLLOUT:4)
0:00:00.014600472  2726 0x5646199ea320 DEBUG   GST_POLL gstpoll.c:980:gst_poll_fd_ctl_write: 0x564619a0ecf0: fd (fd:0, idx:1), active : 1
0:00:00.014606208  2726 0x5646199ea320 LOG   GST_POLL gstpoll.c:994:gst_poll_fd_ctl_write: 0x564619a0ecf0: pfd->events now 60 (POLLOUT:4)
0:00:00.014612175  2726 0x5646199ea320 DEBUG   GST_POLL gstpoll.c:980:gst_poll_fd_ctl_write: 0x564619a0ecf0: fd (fd:0, idx:1), active : 1
0:00:00.014620852  2726 0x5646199ea320 LOG   GST_POLL gstpoll.c:994:gst_poll_fd_ctl_write: 0x564619a0ecf0: pfd->events now 60 (POLLOUT:4)
0:00:00.014627663  2726 0x5646199ea320 DEBUG   GST_POLL gstpoll.c:980:gst_poll_fd_ctl_write: 0x564619a0ecf0: fd (fd:0, idx:1), active : 1
0:00:00.014633680  2726 0x5646199ea320 LOG   GST_POLL gstpoll.c:994:gst_poll_fd_ctl_write: 0x564619a0ecf0: pfd->events now 60 (POLLOUT:4)
0:00:00.014639845  2726 0x5646199ea320 DEBUG   GST_POLL gstpoll.c:980:gst_poll_fd_ctl_write: 0x564619a0ecf0: fd (fd:0, idx:1), active : 1
0:00:00.014653710  2726 0x5646199ea320 LOG   GST_POLL gstpoll.c:994:gst_poll_fd_ctl_write: 0x564619a0ecf0: pfd->events now 60 (POLLOUT:4)
0:00:00.014660267  2726 0x5646199ea320 DEBUG   GST_POLL gstpoll.c:980:gst_poll_fd_ctl_write: 0x564619a0ecf0: fd (fd:0, idx:1), active : 1
0:00:00.014666044  2726 0x5646199ea320 LOG   GST_POLL gstpoll.c:994:gst_poll_fd_ctl_write: 0x564619a0ecf0: pfd->events now 60 (POLLOUT:4)
0:00:00.014672015  2726 0x5646199ea320 DEBUG   GST_POLL gstpoll.c:980:gst_poll_fd_ctl_write: 0x564619a0ecf0: fd (fd:0, idx:1), active : 1
0:00:00.014680720  2726 0x5646199ea320 LOG   GST_POLL gstpoll.c:994:gst_poll_fd_ctl_write: 0x564619a0ecf0: pfd->events now 60 (POLLOUT:4)
0:00:00.014687504  2726 0x5646199ea320 DEBUG   GST_POLL gstpoll.c:980:gst_poll_fd_ctl_write: 0x564619a0ecf0: fd (fd:0, idx:1), active : 1
0:00:00.014693470  2726 0x5646199ea320 LOG   GST_POLL gstpoll.c:994:gst_poll_fd_ctl_write: 0x564619a0ecf0: pfd->events now 60 (POLLOUT:4)
0:00:00.014699800  2726 0x5646199ea320 DEBUG   GST_POLL gstpoll.c:980:gst_poll_fd_ctl_write: 0x564619a0ecf0: fd (fd:0, idx:1), active : 1
0:00:00.014708545  2726 0x5646199ea320 LOG   GST_POLL gstpoll.c:994:gst_poll_fd_ctl_write: 0x564619a0ecf0: pfd->events now 60 (POLLOUT:4)
0:00:00.014715241  2726 0x5646199ea320 DEBUG   GST_POLL gstpoll.c:980:gst_poll_fd_ctl_write: 0x564619a0ecf0: fd (fd:0, idx:1), active : 1
0:00:00.014720886  2726 0x5646199ea320 LOG   GST_POLL gstpoll.c:994:gst_poll_fd_ctl_write: 0x564619a0ecf0: pfd->events now 60 (POLLOUT:4)
0:00:00.014726955  2726 0x5646199ea320 DEBUG   GST_POLL gstpoll.c:980:gst_poll_fd_ctl_write: 0x564619a0ecf0: fd (fd:0, idx:1), active : 1
0:00:00.014735664  2726 0x5646199ea320 LOG   GST_POLL gstpoll.c:994:gst_poll_fd_ctl_write: 0x564619a0ecf0: pfd->events now 60 (POLLOUT:4)
0:00:00.014742542  2726 0x5646199ea320 DEBUG   GST_POLL gstpoll.c:980:gst_poll_fd_ctl_write: 0x564619a0ecf0: fd (fd:0, idx:1), active : 1
0:00:00.014748495  2726 0x5646199ea320 LOG   GST_POLL gstpoll.c:994:gst_poll_fd_ctl_write: 0x564619a0ecf0: pfd->events now 60 (POLLOUT:4)
0:00:00.014754804  2726 0x5646199ea320 DEBUG   GST_POLL gstpoll.c:980:gst_poll_fd_ctl_write: 0x564619a0ecf0: fd (fd:0, idx:1), active : 1
0:00:00.014763575  2726 0x5646199ea320 LOG   GST_POLL gstpoll.c:994:gst_poll_fd_ctl_write: 0x564619a0ecf0: pfd->events now 60 (POLLOUT:4)
0:00:00.014770147  2726 0x5646199ea320 DEBUG   GST_POLL gstpoll.c:980:gst_poll_fd_ctl_write: 0x564619a0ecf0: fd (fd:0, idx:1), active : 1
0:00:00.014775779  2726 0x5646199ea320 LOG   GST_POLL gstpoll.c:994:gst_poll_fd_ctl_write: 0x564619a0ecf0: pfd->events now 60 (POLLOUT:4)
0:00:00.014781862  2726 0x5646199ea320 DEBUG   GST_POLL gstpoll.c:980:gst_poll_fd_ctl_write: 0x564619a0ecf0: fd (fd:0, idx:1), active : 1
0:00:00.014790685  2726 0x5646199ea320 LOG   GST_POLL gstpoll.c:994:gst_poll_fd_ctl_write: 0x564619a0ecf0: pfd->events now 60 (POLLOUT:4)
0:00:00.014797479  2726 0x5646199ea320 DEBUG   GST_POLL gstpoll.c:980:gst_poll_fd_ctl_write: 0x564619a0ecf0: fd (fd:0, idx:1), active : 1
0:00:00.014803291  2726 0x5646199ea320 LOG   GST_POLL gstpoll.c:994:gst_poll_fd_ctl_write: 0x564619a0ecf0: pfd->events now 60 (POLLOUT:4)
0:00:00.014814353  2726 0x5646199ea320 DEBUG   GST_POLL gstpoll.c:980:gst_poll_fd_ctl_write: 0x564619a0ecf0: fd (fd:0, idx:1), active : 1
0:00:00.014823126  2726 0x5646199ea320 LOG   GST_POLL gstpoll.c:994:gst_poll_fd_ctl_write: 0x564619a0ecf0: pfd->events now 60 (POLLOUT:4)
0:00:00.014829752  2726 0x5646199ea320 DEBUG   GST_POLL gstpoll.c:980:gst_poll_fd_ctl_write: 0x564619a0ecf0: fd (fd:0, idx:1), active : 1
0:00:00.014835387  2726 0x5646199ea320 LOG   GST_POLL gstpoll.c:994:gst_poll_fd_ctl_write: 0x564619a0ecf0: pfd->events now 60 (POLLOUT:4)
0:00:00.014841568  2726 0x5646199ea320 DEBUG   GST_POLL gstpoll.c:980:gst_poll_fd_ctl_write: 0x564619a0ecf0: fd (fd:0, idx:1), active : 1
0:00:00.014850313  2726 0x5646199ea320 LOG   GST_POLL gstpoll.c:994:gst_poll_fd_ctl_write: 0x564619a0ecf0: pfd->events now 60 (POLLOUT:4)
0:00:00.014857126  2726 0x5646199ea320 DEBUG   GST_POLL gstpoll.c:980:gst_poll_fd_ctl_write: 0x564619a0ecf0: fd (fd:0, idx:1), active : 1
0:00:00.014862948  2726 0x5646199ea320 LOG   GST_POLL gstpoll.c:994:gst_poll_fd_ctl_write: 0x564619a0ecf0: pfd->events now 60 (POLLOUT:4)
0:00:00.014869291  2726 0x5646199ea320 DEBUG   GST_POLL gstpoll.c:980:gst_poll_fd_ctl_write: 0x564619a0ecf0: fd (fd:0, idx:1), active : 1
0:00:00.014877984  2726 0x5646199ea320 LOG   GST_POLL gstpoll.c:994:gst_poll_fd_ctl_write: 0x564619a0ecf0: pfd->events now 60 (POLLOUT:4)
0:00:00.014884751  2726 0x5646199ea320 DEBUG   GST_POLL gstpoll.c:980:gst_poll_fd_ctl_write: 0x564619a0ecf0: fd (fd:0, idx:1), active : 1
0:00:00.014890483  2726 0x5646199ea320 LOG   GST_POLL gstpoll.c:994:gst_poll_fd_ctl_write: 0x564619a0ecf0: pfd->events now 60 (POLLOUT:4)
0:00:00.014896522  2726 0x5646199ea320 DEBUG   GST_POLL gstpoll.c:980:gst_poll_fd_ctl_write: 0x564619a0ecf0: fd (fd:0, idx:1), active : 1
0:00:00.014905198  2726 0x5646199ea320 LOG   GST_POLL gstpoll.c:994:gst_poll_fd_ctl_write: 0x564619a0ecf0: pfd->events now 60 (POLLOUT:4)
0:00:00.014911955  2726 0x5646199ea320 DEBUG   GST_POLL gstpoll.c:980:gst_poll_fd_ctl_write: 0x564619a0ecf0: fd (fd:0, idx:1), active : 1
0:00:00.014917835  2726 0x5646199ea320 LOG   GST_POLL gstpoll.c:994:gst_poll_fd_ctl_write: 0x564619a0ecf0: pfd->events now 60 (POLLOUT:4)
0:00:00.014923910  2726 0x5646199ea320 DEBUG   GST_POLL gstpoll.c:980:gst_poll_fd_ctl_write: 0x564619a0ecf0: fd (fd:0, idx:1), active : 1
0:00:00.014932760  2726 0x5646199ea320 LOG   GST_POLL gstpoll.c:994:gst_poll_fd_ctl_write: 0x564619a0ecf0: pfd->events now 60 (POLLOUT:4)
0:00:00.014939572  2726 0x5646199ea320 DEBUG   GST_POLL gstpoll.c:980:gst_poll_fd_ctl_write: 0x564619a0ecf0: fd (fd:0, idx:1), active : 1
0:00:00.014945456  2726 0x5646199ea320 LOG   GST_POLL gstpoll.c:994:gst_poll_fd_ctl_write: 0x564619a0ecf0: pfd->events now 60 (POLLOUT:4)
0:00:00.014951530  2726 0x5646199ea320 DEBUG   GST_POLL gstpoll.c:980:gst_poll_fd_ctl_write: 0x564619a0ecf0: fd (fd:0, idx:1), active : 1
0:00:00.014960375  2726 0x5646199ea320 LOG   GST_POLL gstpoll.c:994:gst_poll_fd_ctl_write: 0x564619a0ecf0: pfd->events now 60 (POLLOUT:4)
0:00:00.014971482  2726 0x5646199ea320 DEBUG   GST_POLL gstpoll.c:980:gst_poll_fd_ctl_write: 0x564619a0ecf0: fd (fd:0, idx:1), active : 1
0:00:00.014977312  2726 0x5646199ea320 LOG   GST_POLL gstpoll.c:994:gst_poll_fd_ctl_write: 0x564619a0ecf0: pfd->events now 60 (POLLOUT:4)
0:00:00.014983276  2726 0x5646199ea320 DEBUG   GST_POLL gstpoll.c:980:gst_poll_fd_ctl_write: 0x564619a0ecf0: fd (fd:0, idx:1), active : 1
0:00:00.014991988  2726 0x5646199ea320 LOG   GST_POLL gstpoll.c:994:gst_poll_fd_ctl_write: 0x564619a0ecf0: pfd->events now 60 (POLLOUT:4)
0:00:00.014998868  2726 0x5646199ea320 DEBUG   GST_POLL gstpoll.c:980:gst_poll_fd_ctl_write: 0x564619a0ecf0: fd (fd:0, idx:1), active : 1
0:00:00.015004653  2726 0x5646199ea320 LOG   GST_POLL gstpoll.c:994:gst_poll_fd_ctl_write: 0x564619a0ecf0: pfd->events now 60 (POLLOUT:4)
0:00:00.015010765  2726 0x5646199ea320 DEBUG   GST_POLL gstpoll.c:980:gst_poll_fd_ctl_write: 0x564619a0ecf0: fd (fd:0, idx:1), active : 1
0:00:00.015019486  2726 0x5646199ea320 LOG   GST_POLL gstpoll.c:994:gst_poll_fd_ctl_write: 0x564619a0ecf0: pfd->events now 60 (POLLOUT:4)
0:00:00.015026371  2726 0x5646199ea320 DEBUG   GST_POLL gstpoll.c:980:gst_poll_fd_ctl_write: 0x564619a0ecf0: fd (fd:0, idx:1), active : 1
0:00:00.015032037  2726 0x5646199ea320 LOG   GST_POLL gstpoll.c:994:gst_poll_fd_ctl_write: 0x564619a0ecf0: pfd->events now 60 (POLLOUT:4)
0:00:00.015038101  2726 0x5646199ea320 DEBUG   GST_POLL gstpoll.c:980:gst_poll_fd_ctl_write: 0x564619a0ecf0: fd (fd:0, idx:1), active : 1
0:00:00.015046803  2726 0x5646199ea320 LOG   GST_POLL gstpoll.c:994:gst_poll_fd_ctl_write: 0x564619a0ecf0: pfd->events now 60 (POLLOUT:4)
0:00:00.015053591  2726 0x5646199ea320 DEBUG   GST_POLL gstpoll.c:980:gst_poll_fd_ctl_write: 0x564619a0ecf0: fd (fd:0, idx:1), active : 1
0:00:00.015059410  2726 0x5646199ea320 LOG   GST_POLL gstpoll.c:994:gst_poll_fd_ctl_write: 0x564619a0ecf0: pfd->events now 60 (POLLOUT:4)
0:00:00.015065556  2726 0x5646199ea320 DEBUG   GST_POLL gstpoll.c:980:gst_poll_fd_ctl_write: 0x564619a0ecf0: fd (fd:0, idx:1), active : 1
0:00:00.015074254  2726 0x5646199ea320 LOG   GST_POLL gstpoll.c:994:gst_poll_fd_ctl_write: 0x564619a0ecf0: pfd->events now 60 (POLLOUT:4)
0:00:00.015081033  2726 0x5646199ea320 DEBUG   GST_POLL gstpoll.c:980:gst_poll_fd_ctl_write: 0x564619a0ecf0: fd (fd:0, idx:1), active : 1
0:00:00.015086718  2726 0x5646199ea320 LOG   GST_POLL gstpoll.c:994:gst_poll_fd_ctl_write: 0x564619a0ecf0: pfd->events now 60 (POLLOUT:4)
0:00:00.015092898  2726 0x5646199ea320 DEBUG   GST_POLL gstpoll.c:980:gst_poll_fd_ctl_write: 0x564619a0ecf0: fd (fd:0, idx:1), active : 1
0:00:00.015101637  2726 0x5646199ea320 LOG   GST_POLL gstpoll.c:994:gst_poll_fd_ctl_write: 0x564619a0ecf0: pfd->events now 60 (POLLOUT:4)
0:00:00.015114767  2726 0x5646199ea320 TRACE   GST_REFCOUNTING gstobject.c:265:gst_object_unref: 0x564619a14280 unref 2->1
0:00:00.015123722  2726 0x5646199ea320 DEBUG   GST_POLL gstpoll.c:1241:gst_poll_fd_has_error: 0x564619a0ecf0: fd (fd:0, idx:1) 0
0:00:00.015136643  2726 0x5646199ea320 DEBUG   GST_POLL gstpoll.c:1335:gst_poll_fd_can_write: 0x564619a0ecf0: fd (fd:0, idx:1) 1
0:00:00.015146052  2726 0x5646199ea320 LOG   GST_PLUGIN_LOADING gstpluginloader.c:689:write_one: Writing packet of size 528 bytes to fd 0
0:00:00.015169436  2726 0x5646199ea320 DEBUG   GST_POLL gstpoll.c:1414:gst_poll_wait: 0x564619a0ecf0: timeout :0:00:01.000000000
0:00:00.015182136  2726 0x5646199ea320 LOG   GST_PLUGIN_LOADING gstpluginloader.c:1027:exchange_packets: Poll res = 2. 6872 bytes pending for write
0:00:00.015191936  2726 0x5646199ea320 DEBUG   GST_POLL gstpoll.c:1241:gst_poll_fd_has_error: 0x564619a0ecf0: fd (fd:5, idx:2) 0
0:00:00.015198708  2726 0x5646199ea320 DEBUG   GST_POLL gstpoll.c:1266:gst_poll_fd_can_read_unlocked: 0x564619a0ecf0: fd (fd:5, idx:2) 1
0:00:00.015209747  2726 0x5646199ea320 DEBUG   GST_PLUGIN_LOADING gstpluginloader.c:721:do_plugin_load: Plugin scanner loading file /home/conan/w/prod/BuildSingleReference/.conan/data/gstreamer/1.19.2/_/_/package/7087a3df2991f0089c7fdba3f9b2a18fafecf068/lib/gstreamer-1.0/libgstcoretracers.so. tag 2
0:00:00.015223971  2726 0x5646199ea320 TRACE   GST_REFCOUNTING gstobject.c:238:gst_object_ref: 0x564619a10390 ref 1->2
0:00:00.015234028  2726 0x5646199ea320 TRACE   GST_REFCOUNTING gstobject.c:238:gst_object_ref: 0x564619a123b0 ref 1->2
0:00:00.020187707  2725 0x556530a3b320 LOG   GST_PLUGIN_LOADING gstpluginloader.c:1027:exchange_packets: Poll res = 1. 0 bytes pending for write
0:00:00.015241252  2726 0x5646199ea320 TRACE   GST_REFCOUNTING gstobject.c:238:gst_object_ref: 0x564619a12150 ref 1->2
0:00:00.015262608  2726 0x5646199ea320 TRACE   GST_REFCOUNTING gstobject.c:238:gst_object_ref: 0x564619a11ed0 ref 1->2
0:00:00.020229763  2725 0x556530a3b320 DEBUG   GST_POLL gstpoll.c:1241:gst_poll_fd_has_error: 0x556530a60920: fd (fd:8, idx:2) 0
0:00:00.015272626  2726 0x5646199ea320 TRACE   GST_REFCOUNTING gstobject.c:238:gst_object_ref: 0x564619a11bb0 ref 1->2
0:00:00.020241979  2725 0x556530a3b320 DEBUG   GST_POLL gstpoll.c:1266:gst_poll_fd_can_read_unlocked: 0x556530a60920: fd (fd:8, idx:2) 1
0:00:00.015281146  2726 0x5646199ea320 TRACE   GST_REFCOUNTING gstobject.c:238:gst_object_ref: 0x564619a118e0 ref 1->2
0:00:00.015288698  2726 0x5646199ea320 TRACE   GST_REFCOUNTING gstobject.c:238:gst_object_ref: 0x564619a113d0 ref 1->2
0:00:00.020255160  2725 0x556530a3b320 LOG   GST_PLUGIN_LOADING gstpluginloader.c:985:read_one: Expanding rx buf from 512 to 1040
0:00:00.015300445  2726 0x5646199ea320 TRACE   GST_REFCOUNTING gstobject.c:265:gst_object_unref: 0x564619a113d0 unref 2->1
0:00:00.015311203  2726 0x5646199ea320 TRACE   GST_REFCOUNTING gstobject.c:265:gst_object_unref: 0x564619a118e0 unref 2->1
0:00:00.020281294  2725 0x556530a3b320 DEBUG   GST_PLUGIN_LOADING gstpluginloader.c:849:handle_rx_packet: Received plugin details from child w/ tag 0. 516 bytes info
0:00:00.015318453  2726 0x5646199ea320 TRACE   GST_REFCOUNTING gstobject.c:265:gst_object_unref: 0x564619a11bb0 unref 2->1
0:00:00.020290323  2725 0x556530a3b320 LOG   GST_REGISTRY gstregistrychunks.c:838:_priv_gst_registry_chunks_load_plugin: Reading/casting for GstRegistryChunkPluginElement at address 0x556530a60cc0
0:00:00.015325778  2726 0x5646199ea320 TRACE   GST_REFCOUNTING gstobject.c:265:gst_object_unref: 0x564619a11ed0 unref 2->1
0:00:00.015348799  2726 0x5646199ea320 TRACE   GST_REFCOUNTING gstobject.c:265:gst_object_unref: 0x564619a12150 unref 2->1
0:00:00.015359104  2726 0x5646199ea320 TRACE   GST_REFCOUNTING gstobject.c:265:gst_object_unref: 0x564619a123b0 unref 2->1
0:00:00.015369068  2726 0x5646199ea320 DEBUG   GST_REGISTRY gstregistrychunks.c:499:_priv_gst_registry_chunks_save_plugin: Found 6 features in plugin 0x564619a10390 (coretracers)
0:00:00.015376910  2726 0x5646199ea320 DEBUG   GST_POLL gstpoll.c:980:gst_poll_fd_ctl_write: 0x564619a0ecf0: fd (fd:0, idx:1), active : 1
0:00:00.020341872  2725 0x556530a3b320 TRACE   GST_REFCOUNTING gstobject.c:208:gst_object_init: 0x556530a6c1e0 new
0:00:00.015383213  2726 0x5646199ea320 LOG   GST_POLL gstpoll.c:994:gst_poll_fd_ctl_write: 0x564619a0ecf0: pfd->events now 60 (POLLOUT:4)
0:00:00.015392780  2726 0x5646199ea320 DEBUG   GST_POLL gstpoll.c:980:gst_poll_fd_ctl_write: 0x564619a0ecf0: fd (fd:0, idx:1), active : 1
0:00:00.015399372  2726 0x5646199ea320 LOG   GST_POLL gstpoll.c:994:gst_poll_fd_ctl_write: 0x564619a0ecf0: pfd->events now 60 (POLLOUT:4)
0:00:00.015405831  2726 0x5646199ea320 DEBUG   GST_POLL gstpoll.c:980:gst_poll_fd_ctl_write: 0x564619a0ecf0: fd (fd:0, idx:1), active : 1
0:00:00.015411546  2726 0x5646199ea320 LOG   GST_POLL gstpoll.c:994:gst_poll_fd_ctl_write: 0x564619a0ecf0: pfd->events now 60 (POLLOUT:4)
0:00:00.015420599  2726 0x5646199ea320 DEBUG   GST_POLL gstpoll.c:980:gst_poll_fd_ctl_write: 0x564619a0ecf0: fd (fd:0, idx:1), active : 1
0:00:00.020390707  2725 0x556530a3b320 LOG   GST_REGISTRY gstregistrychunks.c:859:_priv_gst_registry_chunks_load_plugin: read strings for name='coretracers'
0:00:00.015426964  2726 0x5646199ea320 LOG   GST_POLL gstpoll.c:994:gst_poll_fd_ctl_write: 0x564619a0ecf0: pfd->events now 60 (POLLOUT:4)
0:00:00.020399929  2725 0x556530a3b320 LOG   GST_REGISTRY gstregistrychunks.c:860:_priv_gst_registry_chunks_load_plugin: desc.description='GStreamer core tracers'
0:00:00.015441415  2726 0x5646199ea320 DEBUG   GST_POLL gstpoll.c:980:gst_poll_fd_ctl_write: 0x564619a0ecf0: fd (fd:0, idx:1), active : 1
0:00:00.020411178  2725 0x556530a3b320 LOG   GST_REGISTRY gstregistrychunks.c:861:_priv_gst_registry_chunks_load_plugin: filename='/home/conan/w/prod/BuildSingleReference/.conan/data/gstreamer/1.19.2/_/_/package/7087a3df2991f0089c7fdba3f9b2a18fafecf068/lib/gstreamer-1.0/libgstcoretracers.so'
0:00:00.015448284  2726 0x5646199ea320 LOG   GST_POLL gstpoll.c:994:gst_poll_fd_ctl_write: 0x564619a0ecf0: pfd->events now 60 (POLLOUT:4)
0:00:00.020418768  2725 0x556530a3b320 LOG   GST_REGISTRY gstregistrychunks.c:862:_priv_gst_registry_chunks_load_plugin: desc.version='1.19.2'
0:00:00.015457887  2726 0x5646199ea320 DEBUG   GST_POLL gstpoll.c:980:gst_poll_fd_ctl_write: 0x564619a0ecf0: fd (fd:0, idx:1), active : 1
0:00:00.020425023  2725 0x556530a3b320 LOG   GST_REGISTRY gstregistrychunks.c:863:_priv_gst_registry_chunks_load_plugin: desc.license='LGPL'
0:00:00.015464683  2726 0x5646199ea320 LOG   GST_POLL gstpoll.c:994:gst_poll_fd_ctl_write: 0x564619a0ecf0: pfd->events now 60 (POLLOUT:4)
0:00:00.020444198  2725 0x556530a3b320 LOG   GST_REGISTRY gstregistrychunks.c:864:_priv_gst_registry_chunks_load_plugin: desc.source='gstreamer'
0:00:00.015479712  2726 0x5646199ea320 DEBUG   GST_POLL gstpoll.c:980:gst_poll_fd_ctl_write: 0x564619a0ecf0: fd (fd:0, idx:1), active : 1
0:00:00.020454587  2725 0x556530a3b320 LOG   GST_REGISTRY gstregistrychunks.c:865:_priv_gst_registry_chunks_load_plugin: desc.package='GStreamer source release'
0:00:00.015488887  2726 0x5646199ea320 LOG   GST_POLL gstpoll.c:994:gst_poll_fd_ctl_write: 0x564619a0ecf0: pfd->events now 60 (POLLOUT:4)
0:00:00.020462373  2725 0x556530a3b320 LOG   GST_REGISTRY gstregistrychunks.c:866:_priv_gst_registry_chunks_load_plugin: desc.origin='Unknown package origin'
0:00:00.015499913  2726 0x5646199ea320 DEBUG   GST_POLL gstpoll.c:980:gst_poll_fd_ctl_write: 0x564619a0ecf0: fd (fd:0, idx:1), active : 1
0:00:00.020470401  2725 0x556530a3b320 LOG   GST_REGISTRY gstregistrychunks.c:867:_priv_gst_registry_chunks_load_plugin: desc.datetime=2021-09-23
0:00:00.015506986  2726 0x5646199ea320 LOG   GST_POLL gstpoll.c:994:gst_poll_fd_ctl_write: 0x564619a0ecf0: pfd->events now 60 (POLLOUT:4)
0:00:00.015524784  2726 0x5646199ea320 DEBUG   GST_POLL gstpoll.c:980:gst_poll_fd_ctl_write: 0x564619a0ecf0: fd (fd:0, idx:1), active : 1
0:00:00.015538456  2726 0x5646199ea320 LOG   GST_POLL gstpoll.c:994:gst_poll_fd_ctl_write: 0x564619a0ecf0: pfd->events now 60 (POLLOUT:4)
0:00:00.020509605  2725 0x556530a3b320 DEBUG   GST_REGISTRY gstregistry.c:474:gst_registry_add_plugin: adding plugin 0x556530a6c1e0 for filename "/home/conan/w/prod/BuildSingleReference/.conan/data/gstreamer/1.19.2/_/_/package/7087a3df2991f0089c7fdba3f9b2a18fafecf068/lib/gstreamer-1.0/libgstcoretracers.so"
0:00:00.015549417  2726 0x5646199ea320 DEBUG   GST_POLL gstpoll.c:980:gst_poll_fd_ctl_write: 0x564619a0ecf0: fd (fd:0, idx:1), active : 1
0:00:00.020524398  2725 0x556530a3b320 TRACE   GST_REFCOUNTING gstobject.c:294:gst_object_ref_sink: 0x556530a6c1e0 ref_sink 1->2
0:00:00.015559638  2726 0x5646199ea320 LOG   GST_POLL gstpoll.c:994:gst_poll_fd_ctl_write: 0x564619a0ecf0: pfd->events now 60 (POLLOUT:4)
0:00:00.020534419  2725 0x556530a3b320 LOG   GST_REGISTRY gstregistry.c:487:gst_registry_add_plugin: emitting plugin-added for filename "/home/conan/w/prod/BuildSingleReference/.conan/data/gstreamer/1.19.2/_/_/package/7087a3df2991f0089c7fdba3f9b2a18fafecf068/lib/gstreamer-1.0/libgstcoretracers.so"
0:00:00.015569668  2726 0x5646199ea320 LOG   GST_PLUGIN_LOADING gstpluginloader.c:645:put_chunk: Expanding tx buf from 7717 to 10158 for chunk of size 11
0:00:00.020543251  2725 0x556530a3b320 DEBUG   GST_REGISTRY gstregistrychunks.c:888:_priv_gst_registry_chunks_load_plugin: Added plugin 'coretracers' plugin with 6 features from binary registry
0:00:00.015579673  2726 0x5646199ea320 DEBUG   GST_POLL gstpoll.c:980:gst_poll_fd_ctl_write: 0x564619a0ecf0: fd (fd:0, idx:1), active : 1
0:00:00.015588216  2726 0x5646199ea320 LOG   GST_POLL gstpoll.c:994:gst_poll_fd_ctl_write: 0x564619a0ecf0: pfd->events now 60 (POLLOUT:4)
0:00:00.020554999  2725 0x556530a3b320 DEBUG   GST_REGISTRY gstregistrychunks.c:584:gst_registry_chunks_load_feature: Plugin 'coretracers' feature 'factories' typename : 'GstTracerFactory'
0:00:00.015601659  2726 0x5646199ea320 DEBUG   GST_POLL gstpoll.c:980:gst_poll_fd_ctl_write: 0x564619a0ecf0: fd (fd:0, idx:1), active : 1
0:00:00.015608668  2726 0x5646199ea320 LOG   GST_POLL gstpoll.c:994:gst_poll_fd_ctl_write: 0x564619a0ecf0: pfd->events now 60 (POLLOUT:4)
0:00:00.020583031  2725 0x556530a3b320 TRACE   GST_REFCOUNTING gstobject.c:208:gst_object_init: 0x556530a6b930 new
0:00:00.015617712  2726 0x5646199ea320 DEBUG   GST_POLL gstpoll.c:980:gst_poll_fd_ctl_write: 0x564619a0ecf0: fd (fd:0, idx:1), active : 1
0:00:00.015626861  2726 0x5646199ea320 LOG   GST_POLL gstpoll.c:994:gst_poll_fd_ctl_write: 0x564619a0ecf0: pfd->events now 60 (POLLOUT:4)
0:00:00.020597298  2725 0x556530a3b320 DEBUG   GST_REGISTRY gstregistrychunks.c:719:gst_registry_chunks_load_feature: Reading/casting for GstRegistryChunkPluginFeature at address 0x556530a60e10
0:00:00.015633018  2726 0x5646199ea320 DEBUG   GST_POLL gstpoll.c:980:gst_poll_fd_ctl_write: 0x564619a0ecf0: fd (fd:0, idx:1), active : 1
0:00:00.015641664  2726 0x5646199ea320 LOG   GST_POLL gstpoll.c:994:gst_poll_fd_ctl_write: 0x564619a0ecf0: pfd->events now 60 (POLLOUT:4)
0:00:00.020610406  2725 0x556530a3b320 DEBUG   GST_REGISTRY gstregistry.c:590:gst_registry_add_feature: adding feature 0x556530a6b930 (factories)
0:00:00.015650615  2726 0x5646199ea320 DEBUG   GST_POLL gstpoll.c:980:gst_poll_fd_ctl_write: 0x564619a0ecf0: fd (fd:0, idx:1), active : 1
0:00:00.020620141  2725 0x556530a3b320 DEBUG   GST_REFCOUNTING gstobject.c:709:gst_object_set_parent: set parent (ref and sink)
0:00:00.015658119  2726 0x5646199ea320 LOG   GST_POLL gstpoll.c:994:gst_poll_fd_ctl_write: 0x564619a0ecf0: pfd->events now 60 (POLLOUT:4)
0:00:00.020629246  2725 0x556530a3b320 TRACE   GST_REFCOUNTING gstobject.c:294:gst_object_ref_sink: 0x556530a6b930 ref_sink 1->2
0:00:00.015665409  2726 0x5646199ea320 DEBUG   GST_POLL gstpoll.c:980:gst_poll_fd_ctl_write: 0x564619a0ecf0: fd (fd:0, idx:1), active : 1
0:00:00.015673175  2726 0x5646199ea320 LOG   GST_POLL gstpoll.c:994:gst_poll_fd_ctl_write: 0x564619a0ecf0: pfd->events now 60 (POLLOUT:4)
0:00:00.020639587  2725 0x556530a3b320 LOG   GST_REGISTRY gstregistry.c:608:gst_registry_add_feature: emitting feature-added for factories
0:00:00.015681932  2726 0x5646199ea320 DEBUG   GST_POLL gstpoll.c:980:gst_poll_fd_ctl_write: 0x564619a0ecf0: fd (fd:0, idx:1), active : 1
0:00:00.020651417  2725 0x556530a3b320 DEBUG   GST_REGISTRY gstregistrychunks.c:742:gst_registry_chunks_load_feature: Added feature factories, plugin 0x556530a6c1e0 coretracers
0:00:00.015689376  2726 0x5646199ea320 LOG   GST_POLL gstpoll.c:994:gst_poll_fd_ctl_write: 0x564619a0ecf0: pfd->events now 60 (POLLOUT:4)
0:00:00.020659430  2725 0x556530a3b320 DEBUG   GST_REGISTRY gstregistrychunks.c:584:gst_registry_chunks_load_feature: Plugin 'coretracers' feature 'leaks' typename : 'GstTracerFactory'
0:00:00.015696579  2726 0x5646199ea320 DEBUG   GST_POLL gstpoll.c:980:gst_poll_fd_ctl_write: 0x564619a0ecf0: fd (fd:0, idx:1), active : 1
0:00:00.015708261  2726 0x5646199ea320 LOG   GST_POLL gstpoll.c:994:gst_poll_fd_ctl_write: 0x564619a0ecf0: pfd->events now 60 (POLLOUT:4)
0:00:00.020675675  2725 0x556530a3b320 TRACE   GST_REFCOUNTING gstobject.c:208:gst_object_init: 0x556530a610d0 new
0:00:00.015717283  2726 0x5646199ea320 DEBUG   GST_POLL gstpoll.c:980:gst_poll_fd_ctl_write: 0x564619a0ecf0: fd (fd:0, idx:1), active : 1
0:00:00.020689334  2725 0x556530a3b320 DEBUG   GST_REGISTRY gstregistrychunks.c:719:gst_registry_chunks_load_feature: Reading/casting for GstRegistryChunkPluginFeature at address 0x556530a60e30
0:00:00.015724707  2726 0x5646199ea320 LOG   GST_POLL gstpoll.c:994:gst_poll_fd_ctl_write: 0x564619a0ecf0: pfd->events now 60 (POLLOUT:4)
0:00:00.020699294  2725 0x556530a3b320 DEBUG   GST_REGISTRY gstregistry.c:590:gst_registry_add_feature: adding feature 0x556530a610d0 (leaks)
0:00:00.015733002  2726 0x5646199ea320 DEBUG   GST_POLL gstpoll.c:980:gst_poll_fd_ctl_write: 0x564619a0ecf0: fd (fd:0, idx:1), active : 1
0:00:00.020706347  2725 0x556530a3b320 DEBUG   GST_REFCOUNTING gstobject.c:709:gst_object_set_parent: set parent (ref and sink)
0:00:00.015741608  2726 0x5646199ea320 LOG   GST_POLL gstpoll.c:994:gst_poll_fd_ctl_write: 0x564619a0ecf0: pfd->events now 60 (POLLOUT:4)
0:00:00.020714475  2725 0x556530a3b320 TRACE   GST_REFCOUNTING gstobject.c:294:gst_object_ref_sink: 0x556530a610d0 ref_sink 1->2
0:00:00.015751259  2726 0x5646199ea320 DEBUG   GST_POLL gstpoll.c:980:gst_poll_fd_ctl_write: 0x564619a0ecf0: fd (fd:0, idx:1), active : 1
0:00:00.020724630  2725 0x556530a3b320 LOG   GST_REGISTRY gstregistry.c:608:gst_registry_add_feature: emitting feature-added for leaks
0:00:00.015758875  2726 0x5646199ea320 LOG   GST_POLL gstpoll.c:994:gst_poll_fd_ctl_write: 0x564619a0ecf0: pfd->events now 60 (POLLOUT:4)
0:00:00.020733443  2725 0x556530a3b320 DEBUG   GST_REGISTRY gstregistrychunks.c:742:gst_registry_chunks_load_feature: Added feature leaks, plugin 0x556530a6c1e0 coretracers
0:00:00.015768081  2726 0x5646199ea320 DEBUG   GST_POLL gstpoll.c:980:gst_poll_fd_ctl_write: 0x564619a0ecf0: fd (fd:0, idx:1), active : 1
0:00:00.020741163  2725 0x556530a3b320 DEBUG   GST_REGISTRY gstregistrychunks.c:584:gst_registry_chunks_load_feature: Plugin 'coretracers' feature 'stats' typename : 'GstTracerFactory'
0:00:00.015775568  2726 0x5646199ea320 LOG   GST_POLL gstpoll.c:994:gst_poll_fd_ctl_write: 0x564619a0ecf0: pfd->events now 60 (POLLOUT:4)
0:00:00.020750326  2725 0x556530a3b320 TRACE   GST_REFCOUNTING gstobject.c:208:gst_object_init: 0x556530a61290 new
0:00:00.015785684  2726 0x5646199ea320 DEBUG   GST_POLL gstpoll.c:980:gst_poll_fd_ctl_write: 0x564619a0ecf0: fd (fd:0, idx:1), active : 1
0:00:00.015795468  2726 0x5646199ea320 LOG   GST_POLL gstpoll.c:994:gst_poll_fd_ctl_write: 0x564619a0ecf0: pfd->events now 60 (POLLOUT:4)
0:00:00.020762875  2725 0x556530a3b320 DEBUG   GST_REGISTRY gstregistrychunks.c:719:gst_registry_chunks_load_feature: Reading/casting for GstRegistryChunkPluginFeature at address 0x556530a60e50
0:00:00.015802641  2726 0x5646199ea320 DEBUG   GST_POLL gstpoll.c:980:gst_poll_fd_ctl_write: 0x564619a0ecf0: fd (fd:0, idx:1), active : 1
0:00:00.015812719  2726 0x5646199ea320 LOG   GST_POLL gstpoll.c:994:gst_poll_fd_ctl_write: 0x564619a0ecf0: pfd->events now 60 (POLLOUT:4)
0:00:00.020779397  2725 0x556530a3b320 DEBUG   GST_REGISTRY gstregistry.c:590:gst_registry_add_feature: adding feature 0x556530a61290 (stats)
0:00:00.015821884  2726 0x5646199ea320 DEBUG   GST_POLL gstpoll.c:980:gst_poll_fd_ctl_write: 0x564619a0ecf0: fd (fd:0, idx:1), active : 1
0:00:00.020789374  2725 0x556530a3b320 DEBUG   GST_REFCOUNTING gstobject.c:709:gst_object_set_parent: set parent (ref and sink)
0:00:00.015829671  2726 0x5646199ea320 LOG   GST_POLL gstpoll.c:994:gst_poll_fd_ctl_write: 0x564619a0ecf0: pfd->events now 60 (POLLOUT:4)
0:00:00.020798939  2725 0x556530a3b320 TRACE   GST_REFCOUNTING gstobject.c:294:gst_object_ref_sink: 0x556530a61290 ref_sink 1->2
0:00:00.015836972  2726 0x5646199ea320 DEBUG   GST_POLL gstpoll.c:980:gst_poll_fd_ctl_write: 0x564619a0ecf0: fd (fd:0, idx:1), active : 1
0:00:00.020809167  2725 0x556530a3b320 LOG   GST_REGISTRY gstregistry.c:608:gst_registry_add_feature: emitting feature-added for stats
0:00:00.015843625  2726 0x5646199ea320 LOG   GST_POLL gstpoll.c:994:gst_poll_fd_ctl_write: 0x564619a0ecf0: pfd->events now 60 (POLLOUT:4)
0:00:00.020818225  2725 0x556530a3b320 DEBUG   GST_REGISTRY gstregistrychunks.c:742:gst_registry_chunks_load_feature: Added feature stats, plugin 0x556530a6c1e0 coretracers
0:00:00.015855155  2726 0x5646199ea320 DEBUG   GST_POLL gstpoll.c:980:gst_poll_fd_ctl_write: 0x564619a0ecf0: fd (fd:0, idx:1), active : 1
0:00:00.020825515  2725 0x556530a3b320 DEBUG   GST_REGISTRY gstregistrychunks.c:584:gst_registry_chunks_load_feature: Plugin 'coretracers' feature 'rusage' typename : 'GstTracerFactory'
0:00:00.015862764  2726 0x5646199ea320 LOG   GST_POLL gstpoll.c:994:gst_poll_fd_ctl_write: 0x564619a0ecf0: pfd->events now 60 (POLLOUT:4)
0:00:00.020834775  2725 0x556530a3b320 TRACE   GST_REFCOUNTING gstobject.c:208:gst_object_init: 0x556530a61450 new
0:00:00.015870278  2726 0x5646199ea320 DEBUG   GST_POLL gstpoll.c:980:gst_poll_fd_ctl_write: 0x564619a0ecf0: fd (fd:0, idx:1), active : 1
0:00:00.015878775  2726 0x5646199ea320 LOG   GST_POLL gstpoll.c:994:gst_poll_fd_ctl_write: 0x564619a0ecf0: pfd->events now 60 (POLLOUT:4)
0:00:00.020846611  2725 0x556530a3b320 DEBUG   GST_REGISTRY gstregistrychunks.c:719:gst_registry_chunks_load_feature: Reading/casting for GstRegistryChunkPluginFeature at address 0x556530a60e70
0:00:00.015888083  2726 0x5646199ea320 DEBUG   GST_POLL gstpoll.c:980:gst_poll_fd_ctl_write: 0x564619a0ecf0: fd (fd:0, idx:1), active : 1
0:00:00.020857178  2725 0x556530a3b320 DEBUG   GST_REGISTRY gstregistry.c:590:gst_registry_add_feature: adding feature 0x556530a61450 (rusage)
0:00:00.015895885  2726 0x5646199ea320 LOG   GST_POLL gstpoll.c:994:gst_poll_fd_ctl_write: 0x564619a0ecf0: pfd->events now 60 (POLLOUT:4)
0:00:00.020864669  2725 0x556530a3b320 DEBUG   GST_REFCOUNTING gstobject.c:709:gst_object_set_parent: set parent (ref and sink)
0:00:00.015909812  2726 0x5646199ea320 DEBUG   GST_POLL gstpoll.c:980:gst_poll_fd_ctl_write: 0x564619a0ecf0: fd (fd:0, idx:1), active : 1
0:00:00.020878473  2725 0x556530a3b320 TRACE   GST_REFCOUNTING gstobject.c:294:gst_object_ref_sink: 0x556530a61450 ref_sink 1->2
0:00:00.015917238  2726 0x5646199ea320 LOG   GST_POLL gstpoll.c:994:gst_poll_fd_ctl_write: 0x564619a0ecf0: pfd->events now 60 (POLLOUT:4)
0:00:00.020889031  2725 0x556530a3b320 LOG   GST_REGISTRY gstregistry.c:608:gst_registry_add_feature: emitting feature-added for rusage
0:00:00.015928873  2726 0x5646199ea320 TRACE   GST_REFCOUNTING gstobject.c:265:gst_object_unref: 0x564619a10390 unref 2->1
0:00:00.020897519  2725 0x556530a3b320 DEBUG   GST_REGISTRY gstregistrychunks.c:742:gst_registry_chunks_load_feature: Added feature rusage, plugin 0x556530a6c1e0 coretracers
0:00:00.015938601  2726 0x5646199ea320 DEBUG   GST_POLL gstpoll.c:1241:gst_poll_fd_has_error: 0x564619a0ecf0: fd (fd:0, idx:1) 0
0:00:00.020906687  2725 0x556530a3b320 DEBUG   GST_REGISTRY gstregistrychunks.c:584:gst_registry_chunks_load_feature: Plugin 'coretracers' feature 'log' typename : 'GstTracerFactory'
0:00:00.015946648  2726 0x5646199ea320 DEBUG   GST_POLL gstpoll.c:1335:gst_poll_fd_can_write: 0x564619a0ecf0: fd (fd:0, idx:1) 1
0:00:00.020917516  2725 0x556530a3b320 TRACE   GST_REFCOUNTING gstobject.c:208:gst_object_init: 0x556530a61610 new
0:00:00.015953994  2726 0x5646199ea320 LOG   GST_PLUGIN_LOADING gstpluginloader.c:689:write_one: Writing packet of size 6872 bytes to fd 0
0:00:00.020930437  2725 0x556530a3b320 DEBUG   GST_REGISTRY gstregistrychunks.c:719:gst_registry_chunks_load_feature: Reading/casting for GstRegistryChunkPluginFeature at address 0x556530a60e90
0:00:00.015971800  2726 0x5646199ea320 DEBUG   GST_POLL gstpoll.c:1414:gst_poll_wait: 0x564619a0ecf0: timeout :0:00:01.000000000
0:00:00.020940322  2725 0x556530a3b320 DEBUG   GST_REGISTRY gstregistry.c:590:gst_registry_add_feature: adding feature 0x556530a61610 (log)
0:00:00.020948567  2725 0x556530a3b320 DEBUG   GST_REFCOUNTING gstobject.c:709:gst_object_set_parent: set parent (ref and sink)
0:00:00.015983819  2726 0x5646199ea320 LOG   GST_PLUGIN_LOADING gstpluginloader.c:1027:exchange_packets: Poll res = 2. 528 bytes pending for write
0:00:00.020956127  2725 0x556530a3b320 TRACE   GST_REFCOUNTING gstobject.c:294:gst_object_ref_sink: 0x556530a61610 ref_sink 1->2
0:00:00.015992070  2726 0x5646199ea320 DEBUG   GST_POLL gstpoll.c:1241:gst_poll_fd_has_error: 0x564619a0ecf0: fd (fd:5, idx:2) 0
0:00:00.020966518  2725 0x556530a3b320 LOG   GST_REGISTRY gstregistry.c:608:gst_registry_add_feature: emitting feature-added for log
0:00:00.016003242  2726 0x5646199ea320 DEBUG   GST_POLL gstpoll.c:1266:gst_poll_fd_can_read_unlocked: 0x564619a0ecf0: fd (fd:5, idx:2) 1
0:00:00.020975165  2725 0x556530a3b320 DEBUG   GST_REGISTRY gstregistrychunks.c:742:gst_registry_chunks_load_feature: Added feature log, plugin 0x556530a6c1e0 coretracers
0:00:00.016014883  2726 0x5646199ea320 DEBUG   GST_PLUGIN_LOADING gstpluginloader.c:721:do_plugin_load: Plugin scanner loading file /home/conan/w/prod/BuildSingleReference/.conan/data/gstreamer/1.19.2/_/_/package/7087a3df2991f0089c7fdba3f9b2a18fafecf068/lib/gstreamer-1.0/libgstcoreelements.so. tag 3
0:00:00.020990033  2725 0x556530a3b320 DEBUG   GST_REGISTRY gstregistrychunks.c:584:gst_registry_chunks_load_feature: Plugin 'coretracers' feature 'latency' typename : 'GstTracerFactory'
0:00:00.016027939  2726 0x5646199ea320 TRACE   GST_REFCOUNTING gstobject.c:238:gst_object_ref: 0x564619a14280 ref 1->2
0:00:00.016039192  2726 0x5646199ea320 TRACE   GST_REFCOUNTING gstobject.c:238:gst_object_ref: 0x564619a31ab0 ref 1->2
0:00:00.021000075  2725 0x556530a3b320 TRACE   GST_REFCOUNTING gstobject.c:208:gst_object_init: 0x556530a617d0 new
0:00:00.016048024  2726 0x5646199ea320 TRACE   GST_REFCOUNTING gstobject.c:238:gst_object_ref: 0x564619a308f0 ref 1->2
0:00:00.016056123  2726 0x5646199ea320 TRACE   GST_REFCOUNTING gstobject.c:238:gst_object_ref: 0x564619a2ef40 ref 1->2
0:00:00.021028095  2725 0x556530a3b320 DEBUG   GST_REGISTRY gstregistrychunks.c:719:gst_registry_chunks_load_feature: Reading/casting for GstRegistryChunkPluginFeature at address 0x556530a60eb8
0:00:00.016063008  2726 0x5646199ea320 TRACE   GST_REFCOUNTING gstobject.c:238:gst_object_ref: 0x564619a2df40 ref 1->2
0:00:00.021037847  2725 0x556530a3b320 DEBUG   GST_REGISTRY gstregistry.c:590:gst_registry_add_feature: adding feature 0x556530a617d0 (latency)
0:00:00.016074596  2726 0x5646199ea320 TRACE   GST_REFCOUNTING gstobject.c:238:gst_object_ref: 0x564619a2cb60 ref 1->2
0:00:00.021050846  2725 0x556530a3b320 DEBUG   GST_REFCOUNTING gstobject.c:709:gst_object_set_parent: set parent (ref and sink)
0:00:00.016085135  2726 0x5646199ea320 TRACE   GST_REFCOUNTING gstobject.c:238:gst_object_ref: 0x564619a2b6e0 ref 1->2
0:00:00.021059310  2725 0x556530a3b320 TRACE   GST_REFCOUNTING gstobject.c:294:gst_object_ref_sink: 0x556530a617d0 ref_sink 1->2
0:00:00.016094591  2726 0x5646199ea320 TRACE   GST_REFCOUNTING gstobject.c:238:gst_object_ref: 0x564619a29e40 ref 1->2
0:00:00.021067255  2725 0x556530a3b320 LOG   GST_REGISTRY gstregistry.c:608:gst_registry_add_feature: emitting feature-added for latency
0:00:00.016103221  2726 0x5646199ea320 TRACE   GST_REFCOUNTING gstobject.c:238:gst_object_ref: 0x564619a27bc0 ref 1->2
0:00:00.021075543  2725 0x556530a3b320 DEBUG   GST_REGISTRY gstregistrychunks.c:742:gst_registry_chunks_load_feature: Added feature latency, plugin 0x556530a6c1e0 coretracers
0:00:00.016114047  2726 0x5646199ea320 TRACE   GST_REFCOUNTING gstobject.c:238:gst_object_ref: 0x564619a26a80 ref 1->2
0:00:00.021087416  2725 0x556530a3b320 LOG   GST_PLUGIN_LOADING gstpluginloader.c:888:handle_rx_packet: marking plugin 0x556530a6c1e0 as registered as /home/conan/w/prod/BuildSingleReference/.conan/data/gstreamer/1.19.2/_/_/package/7087a3df2991f0089c7fdba3f9b2a18fafecf068/lib/gstreamer-1.0/libgstcoretracers.so
0:00:00.016123037  2726 0x5646199ea320 TRACE   GST_REFCOUNTING gstobject.c:238:gst_object_ref: 0x564619a25840 ref 1->2
0:00:00.016139637  2726 0x5646199ea320 TRACE   GST_REFCOUNTING gstobject.c:238:gst_object_ref: 0x564619a24300 ref 1->2
0:00:00.021111809  2725 0x556530a3b320 DEBUG   GST_POLL gstpoll.c:1414:gst_poll_wait: 0x556530a60920: timeout :0:00:01.000000000
0:00:00.016146947  2726 0x5646199ea320 TRACE   GST_REFCOUNTING gstobject.c:238:gst_object_ref: 0x564619a23620 ref 1->2
0:00:00.016158107  2726 0x5646199ea320 TRACE   GST_REFCOUNTING gstobject.c:238:gst_object_ref: 0x564619a22950 ref 1->2
0:00:00.021125039  2725 0x556530a3b320 LOG   GST_PLUGIN_LOADING gstpluginloader.c:1027:exchange_packets: Poll res = 1. 0 bytes pending for write
0:00:00.016167516  2726 0x5646199ea320 TRACE   GST_REFCOUNTING gstobject.c:238:gst_object_ref: 0x564619a21b90 ref 1->2
0:00:00.021138512  2725 0x556530a3b320 DEBUG   GST_POLL gstpoll.c:1241:gst_poll_fd_has_error: 0x556530a60920: fd (fd:8, idx:2) 0
0:00:00.016175639  2726 0x5646199ea320 TRACE   GST_REFCOUNTING gstobject.c:238:gst_object_ref: 0x564619a1f4e0 ref 1->2
0:00:00.021147283  2725 0x556530a3b320 DEBUG   GST_POLL gstpoll.c:1266:gst_poll_fd_can_read_unlocked: 0x556530a60920: fd (fd:8, idx:2) 1
0:00:00.016183565  2726 0x5646199ea320 TRACE   GST_REFCOUNTING gstobject.c:238:gst_object_ref: 0x564619a1cec0 ref 1->2
