0:00:00.022949622  2725 0x556530a3b320 DEBUG   GST_REGISTRY gstregistrychunks.c:742:gst_registry_chunks_load_feature: Added feature queue2, plugin 0x556530a60cc0 coreelements
0:00:00.017986947  2726 0x5646199ea320 LOG   GST_POLL gstpoll.c:994:gst_poll_fd_ctl_write: 0x564619a0ecf0: pfd->events now 60 (POLLOUT:4)
0:00:00.022959519  2725 0x556530a3b320 DEBUG   GST_REGISTRY gstregistrychunks.c:584:gst_registry_chunks_load_feature: Plugin 'coreelements' feature 'queue' typename : 'GstElementFactory'
0:00:00.017995378  2726 0x5646199ea320 DEBUG   GST_POLL gstpoll.c:980:gst_poll_fd_ctl_write: 0x564619a0ecf0: fd (fd:0, idx:1), active : 1
0:00:00.018003362  2726 0x5646199ea320 LOG   GST_POLL gstpoll.c:994:gst_poll_fd_ctl_write: 0x564619a0ecf0: pfd->events now 60 (POLLOUT:4)
0:00:00.022970783  2725 0x556530a3b320 TRACE   GST_REFCOUNTING gstobject.c:208:gst_object_init: 0x556530a65a10 new
0:00:00.018010479  2726 0x5646199ea320 DEBUG   GST_POLL gstpoll.c:980:gst_poll_fd_ctl_write: 0x564619a0ecf0: fd (fd:0, idx:1), active : 1
0:00:00.022980884  2725 0x556530a3b320 LOG   GST_REGISTRY gstregistrychunks.c:611:gst_registry_chunks_load_feature: Reading/casting for GstRegistryChunkElementFactory at address 0x556530a62490
0:00:00.018019862  2726 0x5646199ea320 LOG   GST_POLL gstpoll.c:994:gst_poll_fd_ctl_write: 0x564619a0ecf0: pfd->events now 60 (POLLOUT:4)
0:00:00.022988439  2725 0x556530a3b320 TRACE   structure gststructure.c:292:gst_structure_new_id_empty_with_size: created structure 0x556530a65c40
0:00:00.018028311  2726 0x5646199ea320 DEBUG   GST_POLL gstpoll.c:980:gst_poll_fd_ctl_write: 0x564619a0ecf0: fd (fd:0, idx:1), active : 1
0:00:00.023005204  2725 0x556530a3b320 DEBUG   structure gststructure.c:2258:gst_structure_parse_field: trying field name 'long-name'
0:00:00.018039954  2726 0x5646199ea320 LOG   GST_POLL gstpoll.c:994:gst_poll_fd_ctl_write: 0x564619a0ecf0: pfd->events now 60 (POLLOUT:4)
0:00:00.023013275  2725 0x556530a3b320 DEBUG   default gstvalue.c:2776:_priv_gst_value_parse_value: trying type name 'string'
0:00:00.018048394  2726 0x5646199ea320 DEBUG   GST_POLL gstpoll.c:980:gst_poll_fd_ctl_write: 0x564619a0ecf0: fd (fd:0, idx:1), active : 1
0:00:00.023021499  2725 0x556530a3b320 DEBUG   structure gststructure.c:2258:gst_structure_parse_field: trying field name 'klass'
0:00:00.018057816  2726 0x5646199ea320 LOG   GST_POLL gstpoll.c:994:gst_poll_fd_ctl_write: 0x564619a0ecf0: pfd->events now 60 (POLLOUT:4)
0:00:00.023027690  2725 0x556530a3b320 DEBUG   default gstvalue.c:2776:_priv_gst_value_parse_value: trying type name 'string'
0:00:00.018066202  2726 0x5646199ea320 DEBUG   GST_POLL gstpoll.c:980:gst_poll_fd_ctl_write: 0x564619a0ecf0: fd (fd:0, idx:1), active : 1
0:00:00.023037724  2725 0x556530a3b320 DEBUG   structure gststructure.c:2258:gst_structure_parse_field: trying field name 'description'
0:00:00.018073166  2726 0x5646199ea320 LOG   GST_POLL gstpoll.c:994:gst_poll_fd_ctl_write: 0x564619a0ecf0: pfd->events now 60 (POLLOUT:4)
0:00:00.023045733  2725 0x556530a3b320 DEBUG   default gstvalue.c:2776:_priv_gst_value_parse_value: trying type name 'string'
0:00:00.018081313  2726 0x5646199ea320 DEBUG   GST_POLL gstpoll.c:980:gst_poll_fd_ctl_write: 0x564619a0ecf0: fd (fd:0, idx:1), active : 1
0:00:00.023053933  2725 0x556530a3b320 DEBUG   structure gststructure.c:2258:gst_structure_parse_field: trying field name 'author'
0:00:00.018090481  2726 0x5646199ea320 LOG   GST_POLL gstpoll.c:994:gst_poll_fd_ctl_write: 0x564619a0ecf0: pfd->events now 60 (POLLOUT:4)
0:00:00.023060358  2725 0x556530a3b320 DEBUG   default gstvalue.c:2776:_priv_gst_value_parse_value: trying type name 'string'
0:00:00.018098678  2726 0x5646199ea320 DEBUG   GST_POLL gstpoll.c:980:gst_poll_fd_ctl_write: 0x564619a0ecf0: fd (fd:0, idx:1), active : 1
0:00:00.023071068  2725 0x556530a3b320 DEBUG   GST_REGISTRY gstregistrychunks.c:627:gst_registry_chunks_load_feature: Element factory : npadtemplates=2
0:00:00.018105694  2726 0x5646199ea320 LOG   GST_POLL gstpoll.c:994:gst_poll_fd_ctl_write: 0x564619a0ecf0: pfd->events now 60 (POLLOUT:4)
0:00:00.023079148  2725 0x556530a3b320 DEBUG   GST_REGISTRY gstregistrychunks.c:527:gst_registry_chunks_load_pad_template: Reading/casting for GstRegistryChunkPadTemplate at address 0x556530a62548
0:00:00.018114894  2726 0x5646199ea320 DEBUG   GST_POLL gstpoll.c:980:gst_poll_fd_ctl_write: 0x564619a0ecf0: fd (fd:0, idx:1), active : 1
0:00:00.023086121  2725 0x556530a3b320 DEBUG   GST_REGISTRY gstregistrychunks.c:540:gst_registry_chunks_load_pad_template: Added pad_template sink
0:00:00.018124179  2726 0x5646199ea320 LOG   GST_POLL gstpoll.c:994:gst_poll_fd_ctl_write: 0x564619a0ecf0: pfd->events now 60 (POLLOUT:4)
0:00:00.023097628  2725 0x556530a3b320 DEBUG   GST_REGISTRY gstregistrychunks.c:527:gst_registry_chunks_load_pad_template: Reading/casting for GstRegistryChunkPadTemplate at address 0x556530a62560
0:00:00.018140547  2726 0x5646199ea320 DEBUG   GST_POLL gstpoll.c:980:gst_poll_fd_ctl_write: 0x564619a0ecf0: fd (fd:0, idx:1), active : 1
0:00:00.023110445  2725 0x556530a3b320 DEBUG   GST_REGISTRY gstregistrychunks.c:540:gst_registry_chunks_load_pad_template: Added pad_template src
0:00:00.018147526  2726 0x5646199ea320 LOG   GST_POLL gstpoll.c:994:gst_poll_fd_ctl_write: 0x564619a0ecf0: pfd->events now 60 (POLLOUT:4)
0:00:00.023120473  2725 0x556530a3b320 DEBUG   GST_REGISTRY gstregistry.c:590:gst_registry_add_feature: adding feature 0x556530a65a10 (queue)
0:00:00.018154450  2726 0x5646199ea320 DEBUG   GST_POLL gstpoll.c:980:gst_poll_fd_ctl_write: 0x564619a0ecf0: fd (fd:0, idx:1), active : 1
0:00:00.023130103  2725 0x556530a3b320 DEBUG   GST_REFCOUNTING gstobject.c:709:gst_object_set_parent: set parent (ref and sink)
0:00:00.018164658  2726 0x5646199ea320 LOG   GST_POLL gstpoll.c:994:gst_poll_fd_ctl_write: 0x564619a0ecf0: pfd->events now 60 (POLLOUT:4)
0:00:00.023138455  2725 0x556530a3b320 TRACE   GST_REFCOUNTING gstobject.c:294:gst_object_ref_sink: 0x556530a65a10 ref_sink 1->2
0:00:00.018174287  2726 0x5646199ea320 DEBUG   GST_POLL gstpoll.c:980:gst_poll_fd_ctl_write: 0x564619a0ecf0: fd (fd:0, idx:1), active : 1
0:00:00.023149051  2725 0x556530a3b320 LOG   GST_REGISTRY gstregistry.c:608:gst_registry_add_feature: emitting feature-added for queue
0:00:00.018182874  2726 0x5646199ea320 LOG   GST_POLL gstpoll.c:994:gst_poll_fd_ctl_write: 0x564619a0ecf0: pfd->events now 60 (POLLOUT:4)
0:00:00.023157398  2725 0x556530a3b320 DEBUG   GST_REGISTRY gstregistrychunks.c:742:gst_registry_chunks_load_feature: Added feature queue, plugin 0x556530a60cc0 coreelements
0:00:00.018192130  2726 0x5646199ea320 DEBUG   GST_POLL gstpoll.c:980:gst_poll_fd_ctl_write: 0x564619a0ecf0: fd (fd:0, idx:1), active : 1
0:00:00.023165210  2725 0x556530a3b320 DEBUG   GST_REGISTRY gstregistrychunks.c:584:gst_registry_chunks_load_feature: Plugin 'coreelements' feature 'output-selector' typename : 'GstElementFactory'
0:00:00.018201769  2726 0x5646199ea320 LOG   GST_POLL gstpoll.c:994:gst_poll_fd_ctl_write: 0x564619a0ecf0: pfd->events now 60 (POLLOUT:4)
0:00:00.023174106  2725 0x556530a3b320 TRACE   GST_REFCOUNTING gstobject.c:208:gst_object_init: 0x556530a66340 new
0:00:00.018209656  2726 0x5646199ea320 DEBUG   GST_POLL gstpoll.c:980:gst_poll_fd_ctl_write: 0x564619a0ecf0: fd (fd:0, idx:1), active : 1
0:00:00.018218726  2726 0x5646199ea320 LOG   GST_POLL gstpoll.c:994:gst_poll_fd_ctl_write: 0x564619a0ecf0: pfd->events now 60 (POLLOUT:4)
0:00:00.023186047  2725 0x556530a3b320 LOG   GST_REGISTRY gstregistrychunks.c:611:gst_registry_chunks_load_feature: Reading/casting for GstRegistryChunkElementFactory at address 0x556530a62598
0:00:00.018225319  2726 0x5646199ea320 DEBUG   GST_POLL gstpoll.c:980:gst_poll_fd_ctl_write: 0x564619a0ecf0: fd (fd:0, idx:1), active : 1
0:00:00.023194592  2725 0x556530a3b320 TRACE   structure gststructure.c:292:gst_structure_new_id_empty_with_size: created structure 0x556530a664c0
0:00:00.023206898  2725 0x556530a3b320 DEBUG   structure gststructure.c:2258:gst_structure_parse_field: trying field name 'long-name'
0:00:00.018239982  2726 0x5646199ea320 LOG   GST_POLL gstpoll.c:994:gst_poll_fd_ctl_write: 0x564619a0ecf0: pfd->events now 60 (POLLOUT:4)
0:00:00.023212838  2725 0x556530a3b320 DEBUG   default gstvalue.c:2776:_priv_gst_value_parse_value: trying type name 'string'
0:00:00.018249865  2726 0x5646199ea320 LOG   GST_PLUGIN_LOADING gstpluginloader.c:645:put_chunk: Expanding tx buf from 10158 to 13209 for chunk of size 209
0:00:00.023223753  2725 0x556530a3b320 DEBUG   structure gststructure.c:2258:gst_structure_parse_field: trying field name 'klass'
0:00:00.023231522  2725 0x556530a3b320 DEBUG   default gstvalue.c:2776:_priv_gst_value_parse_value: trying type name 'string'
0:00:00.023238374  2725 0x556530a3b320 DEBUG   structure gststructure.c:2258:gst_structure_parse_field: trying field name 'description'
0:00:00.018275048  2726 0x5646199ea320 DEBUG   GST_POLL gstpoll.c:980:gst_poll_fd_ctl_write: 0x564619a0ecf0: fd (fd:0, idx:1), active : 1
0:00:00.023244456  2725 0x556530a3b320 DEBUG   default gstvalue.c:2776:_priv_gst_value_parse_value: trying type name 'string'
0:00:00.018286391  2726 0x5646199ea320 LOG   GST_POLL gstpoll.c:994:gst_poll_fd_ctl_write: 0x564619a0ecf0: pfd->events now 60 (POLLOUT:4)
0:00:00.023256895  2725 0x556530a3b320 DEBUG   structure gststructure.c:2258:gst_structure_parse_field: trying field name 'author'
0:00:00.018294564  2726 0x5646199ea320 DEBUG   GST_POLL gstpoll.c:980:gst_poll_fd_ctl_write: 0x564619a0ecf0: fd (fd:0, idx:1), active : 1
0:00:00.023264563  2725 0x556530a3b320 DEBUG   default gstvalue.c:2776:_priv_gst_value_parse_value: trying type name 'string'
0:00:00.018301657  2726 0x5646199ea320 LOG   GST_POLL gstpoll.c:994:gst_poll_fd_ctl_write: 0x564619a0ecf0: pfd->events now 60 (POLLOUT:4)
0:00:00.023272877  2725 0x556530a3b320 DEBUG   GST_REGISTRY gstregistrychunks.c:627:gst_registry_chunks_load_feature: Element factory : npadtemplates=2
0:00:00.018308641  2726 0x5646199ea320 DEBUG   GST_POLL gstpoll.c:980:gst_poll_fd_ctl_write: 0x564619a0ecf0: fd (fd:0, idx:1), active : 1
0:00:00.023279050  2725 0x556530a3b320 DEBUG   GST_REGISTRY gstregistrychunks.c:527:gst_registry_chunks_load_pad_template: Reading/casting for GstRegistryChunkPadTemplate at address 0x556530a62670
0:00:00.018317768  2726 0x5646199ea320 LOG   GST_POLL gstpoll.c:994:gst_poll_fd_ctl_write: 0x564619a0ecf0: pfd->events now 60 (POLLOUT:4)
0:00:00.023289068  2725 0x556530a3b320 DEBUG   GST_REGISTRY gstregistrychunks.c:540:gst_registry_chunks_load_pad_template: Added pad_template src_%u
0:00:00.018325318  2726 0x5646199ea320 DEBUG   GST_POLL gstpoll.c:980:gst_poll_fd_ctl_write: 0x564619a0ecf0: fd (fd:0, idx:1), active : 1
0:00:00.023296054  2725 0x556530a3b320 DEBUG   GST_REGISTRY gstregistrychunks.c:527:gst_registry_chunks_load_pad_template: Reading/casting for GstRegistryChunkPadTemplate at address 0x556530a62688
0:00:00.018332194  2726 0x5646199ea320 LOG   GST_POLL gstpoll.c:994:gst_poll_fd_ctl_write: 0x564619a0ecf0: pfd->events now 60 (POLLOUT:4)
0:00:00.023310292  2725 0x556530a3b320 DEBUG   GST_REGISTRY gstregistrychunks.c:540:gst_registry_chunks_load_pad_template: Added pad_template sink
0:00:00.018345863  2726 0x5646199ea320 DEBUG   GST_POLL gstpoll.c:980:gst_poll_fd_ctl_write: 0x564619a0ecf0: fd (fd:0, idx:1), active : 1
0:00:00.018355106  2726 0x5646199ea320 LOG   GST_POLL gstpoll.c:994:gst_poll_fd_ctl_write: 0x564619a0ecf0: pfd->events now 60 (POLLOUT:4)
0:00:00.023325848  2725 0x556530a3b320 DEBUG   GST_REGISTRY gstregistry.c:590:gst_registry_add_feature: adding feature 0x556530a66340 (output-selector)
0:00:00.018362377  2726 0x5646199ea320 DEBUG   GST_POLL gstpoll.c:980:gst_poll_fd_ctl_write: 0x564619a0ecf0: fd (fd:0, idx:1), active : 1
0:00:00.023335910  2725 0x556530a3b320 DEBUG   GST_REFCOUNTING gstobject.c:709:gst_object_set_parent: set parent (ref and sink)
0:00:00.018370568  2726 0x5646199ea320 LOG   GST_POLL gstpoll.c:994:gst_poll_fd_ctl_write: 0x564619a0ecf0: pfd->events now 60 (POLLOUT:4)
0:00:00.023345970  2725 0x556530a3b320 TRACE   GST_REFCOUNTING gstobject.c:294:gst_object_ref_sink: 0x556530a66340 ref_sink 1->2
0:00:00.018380034  2726 0x5646199ea320 DEBUG   GST_POLL gstpoll.c:980:gst_poll_fd_ctl_write: 0x564619a0ecf0: fd (fd:0, idx:1), active : 1
0:00:00.023353515  2725 0x556530a3b320 LOG   GST_REGISTRY gstregistry.c:608:gst_registry_add_feature: emitting feature-added for output-selector
0:00:00.018390304  2726 0x5646199ea320 LOG   GST_POLL gstpoll.c:994:gst_poll_fd_ctl_write: 0x564619a0ecf0: pfd->events now 60 (POLLOUT:4)
0:00:00.018397966  2726 0x5646199ea320 DEBUG   GST_POLL gstpoll.c:980:gst_poll_fd_ctl_write: 0x564619a0ecf0: fd (fd:0, idx:1), active : 1
0:00:00.023364146  2725 0x556530a3b320 DEBUG   GST_REGISTRY gstregistrychunks.c:742:gst_registry_chunks_load_feature: Added feature output-selector, plugin 0x556530a60cc0 coreelements
0:00:00.018404211  2726 0x5646199ea320 LOG   GST_POLL gstpoll.c:994:gst_poll_fd_ctl_write: 0x564619a0ecf0: pfd->events now 60 (POLLOUT:4)
0:00:00.023373686  2725 0x556530a3b320 DEBUG   GST_REGISTRY gstregistrychunks.c:584:gst_registry_chunks_load_feature: Plugin 'coreelements' feature 'input-selector' typename : 'GstElementFactory'
0:00:00.018411218  2726 0x5646199ea320 DEBUG   GST_POLL gstpoll.c:980:gst_poll_fd_ctl_write: 0x564619a0ecf0: fd (fd:0, idx:1), active : 1
0:00:00.023383497  2725 0x556530a3b320 TRACE   GST_REFCOUNTING gstobject.c:208:gst_object_init: 0x556530a66900 new
0:00:00.018420389  2726 0x5646199ea320 LOG   GST_POLL gstpoll.c:994:gst_poll_fd_ctl_write: 0x564619a0ecf0: pfd->events now 60 (POLLOUT:4)
0:00:00.023392820  2725 0x556530a3b320 LOG   GST_REGISTRY gstregistrychunks.c:611:gst_registry_chunks_load_feature: Reading/casting for GstRegistryChunkElementFactory at address 0x556530a626c0
0:00:00.018427940  2726 0x5646199ea320 DEBUG   GST_POLL gstpoll.c:980:gst_poll_fd_ctl_write: 0x564619a0ecf0: fd (fd:0, idx:1), active : 1
0:00:00.023405436  2725 0x556530a3b320 TRACE   structure gststructure.c:292:gst_structure_new_id_empty_with_size: created structure 0x556530a66c10
0:00:00.018441894  2726 0x5646199ea320 LOG   GST_POLL gstpoll.c:994:gst_poll_fd_ctl_write: 0x564619a0ecf0: pfd->events now 60 (POLLOUT:4)
0:00:00.023419446  2725 0x556530a3b320 DEBUG   structure gststructure.c:2258:gst_structure_parse_field: trying field name 'long-name'
0:00:00.018455201  2726 0x5646199ea320 DEBUG   GST_POLL gstpoll.c:980:gst_poll_fd_ctl_write: 0x564619a0ecf0: fd (fd:0, idx:1), active : 1
0:00:00.023426060  2725 0x556530a3b320 DEBUG   default gstvalue.c:2776:_priv_gst_value_parse_value: trying type name 'string'
0:00:00.018464286  2726 0x5646199ea320 LOG   GST_POLL gstpoll.c:994:gst_poll_fd_ctl_write: 0x564619a0ecf0: pfd->events now 60 (POLLOUT:4)
0:00:00.023433766  2725 0x556530a3b320 DEBUG   structure gststructure.c:2258:gst_structure_parse_field: trying field name 'klass'
0:00:00.018471744  2726 0x5646199ea320 DEBUG   GST_POLL gstpoll.c:980:gst_poll_fd_ctl_write: 0x564619a0ecf0: fd (fd:0, idx:1), active : 1
0:00:00.023443256  2725 0x556530a3b320 DEBUG   default gstvalue.c:2776:_priv_gst_value_parse_value: trying type name 'string'
0:00:00.018478426  2726 0x5646199ea320 LOG   GST_POLL gstpoll.c:994:gst_poll_fd_ctl_write: 0x564619a0ecf0: pfd->events now 60 (POLLOUT:4)
0:00:00.023451439  2725 0x556530a3b320 DEBUG   structure gststructure.c:2258:gst_structure_parse_field: trying field name 'description'
0:00:00.018486060  2726 0x5646199ea320 DEBUG   GST_POLL gstpoll.c:980:gst_poll_fd_ctl_write: 0x564619a0ecf0: fd (fd:0, idx:1), active : 1
0:00:00.023457767  2725 0x556530a3b320 DEBUG   default gstvalue.c:2776:_priv_gst_value_parse_value: trying type name 'string'
0:00:00.018495047  2726 0x5646199ea320 LOG   GST_POLL gstpoll.c:994:gst_poll_fd_ctl_write: 0x564619a0ecf0: pfd->events now 60 (POLLOUT:4)
0:00:00.023465530  2725 0x556530a3b320 DEBUG   structure gststructure.c:2258:gst_structure_parse_field: trying field name 'author'
0:00:00.018502559  2726 0x5646199ea320 DEBUG   GST_POLL gstpoll.c:980:gst_poll_fd_ctl_write: 0x564619a0ecf0: fd (fd:0, idx:1), active : 1
0:00:00.023474986  2725 0x556530a3b320 DEBUG   default gstvalue.c:2776:_priv_gst_value_parse_value: trying type name 'string'
0:00:00.018509621  2726 0x5646199ea320 LOG   GST_POLL gstpoll.c:994:gst_poll_fd_ctl_write: 0x564619a0ecf0: pfd->events now 60 (POLLOUT:4)
0:00:00.023499471  2725 0x556530a3b320 DEBUG   GST_REGISTRY gstregistrychunks.c:627:gst_registry_chunks_load_feature: Element factory : npadtemplates=2
0:00:00.018533500  2726 0x5646199ea320 DEBUG   GST_POLL gstpoll.c:980:gst_poll_fd_ctl_write: 0x564619a0ecf0: fd (fd:0, idx:1), active : 1
0:00:00.023506163  2725 0x556530a3b320 DEBUG   GST_REGISTRY gstregistrychunks.c:527:gst_registry_chunks_load_pad_template: Reading/casting for GstRegistryChunkPadTemplate at address 0x556530a627f0
0:00:00.018542354  2726 0x5646199ea320 LOG   GST_POLL gstpoll.c:994:gst_poll_fd_ctl_write: 0x564619a0ecf0: pfd->events now 60 (POLLOUT:4)
0:00:00.023515548  2725 0x556530a3b320 DEBUG   GST_REGISTRY gstregistrychunks.c:540:gst_registry_chunks_load_pad_template: Added pad_template src
0:00:00.018550684  2726 0x5646199ea320 DEBUG   GST_POLL gstpoll.c:980:gst_poll_fd_ctl_write: 0x564619a0ecf0: fd (fd:0, idx:1), active : 1
0:00:00.018563642  2726 0x5646199ea320 LOG   GST_POLL gstpoll.c:994:gst_poll_fd_ctl_write: 0x564619a0ecf0: pfd->events now 60 (POLLOUT:4)
0:00:00.023531891  2725 0x556530a3b320 DEBUG   GST_REGISTRY gstregistrychunks.c:527:gst_registry_chunks_load_pad_template: Reading/casting for GstRegistryChunkPadTemplate at address 0x556530a62800
0:00:00.018573951  2726 0x5646199ea320 DEBUG   GST_POLL gstpoll.c:980:gst_poll_fd_ctl_write: 0x564619a0ecf0: fd (fd:0, idx:1), active : 1
0:00:00.023541409  2725 0x556530a3b320 DEBUG   GST_REGISTRY gstregistrychunks.c:540:gst_registry_chunks_load_pad_template: Added pad_template sink_%u
0:00:00.018581261  2726 0x5646199ea320 LOG   GST_POLL gstpoll.c:994:gst_poll_fd_ctl_write: 0x564619a0ecf0: pfd->events now 60 (POLLOUT:4)
0:00:00.018588859  2726 0x5646199ea320 DEBUG   GST_POLL gstpoll.c:980:gst_poll_fd_ctl_write: 0x564619a0ecf0: fd (fd:0, idx:1), active : 1
0:00:00.023555295  2725 0x556530a3b320 DEBUG   GST_REGISTRY gstregistry.c:590:gst_registry_add_feature: adding feature 0x556530a66900 (input-selector)
0:00:00.018594951  2726 0x5646199ea320 LOG   GST_POLL gstpoll.c:994:gst_poll_fd_ctl_write: 0x564619a0ecf0: pfd->events now 60 (POLLOUT:4)
0:00:00.023564603  2725 0x556530a3b320 DEBUG   GST_REFCOUNTING gstobject.c:709:gst_object_set_parent: set parent (ref and sink)
0:00:00.018604606  2726 0x5646199ea320 DEBUG   GST_POLL gstpoll.c:980:gst_poll_fd_ctl_write: 0x564619a0ecf0: fd (fd:0, idx:1), active : 1
0:00:00.023573156  2725 0x556530a3b320 TRACE   GST_REFCOUNTING gstobject.c:294:gst_object_ref_sink: 0x556530a66900 ref_sink 1->2
0:00:00.018611611  2726 0x5646199ea320 LOG   GST_POLL gstpoll.c:994:gst_poll_fd_ctl_write: 0x564619a0ecf0: pfd->events now 60 (POLLOUT:4)
0:00:00.023580692  2725 0x556530a3b320 LOG   GST_REGISTRY gstregistry.c:608:gst_registry_add_feature: emitting feature-added for input-selector
0:00:00.018618642  2726 0x5646199ea320 DEBUG   GST_POLL gstpoll.c:980:gst_poll_fd_ctl_write: 0x564619a0ecf0: fd (fd:0, idx:1), active : 1
0:00:00.023590863  2725 0x556530a3b320 DEBUG   GST_REGISTRY gstregistrychunks.c:742:gst_registry_chunks_load_feature: Added feature input-selector, plugin 0x556530a60cc0 coreelements
0:00:00.018625326  2726 0x5646199ea320 LOG   GST_POLL gstpoll.c:994:gst_poll_fd_ctl_write: 0x564619a0ecf0: pfd->events now 60 (POLLOUT:4)
0:00:00.023598964  2725 0x556530a3b320 DEBUG   GST_REGISTRY gstregistrychunks.c:584:gst_registry_chunks_load_feature: Plugin 'coreelements' feature 'identity' typename : 'GstElementFactory'
0:00:00.018636462  2726 0x5646199ea320 DEBUG   GST_POLL gstpoll.c:980:gst_poll_fd_ctl_write: 0x564619a0ecf0: fd (fd:0, idx:1), active : 1
0:00:00.023608566  2725 0x556530a3b320 TRACE   GST_REFCOUNTING gstobject.c:208:gst_object_init: 0x556530a670c0 new
0:00:00.018643482  2726 0x5646199ea320 LOG   GST_POLL gstpoll.c:994:gst_poll_fd_ctl_write: 0x564619a0ecf0: pfd->events now 60 (POLLOUT:4)
0:00:00.023618086  2725 0x556530a3b320 LOG   GST_REGISTRY gstregistrychunks.c:611:gst_registry_chunks_load_feature: Reading/casting for GstRegistryChunkElementFactory at address 0x556530a62830
0:00:00.018652224  2726 0x5646199ea320 DEBUG   GST_POLL gstpoll.c:980:gst_poll_fd_ctl_write: 0x564619a0ecf0: fd (fd:0, idx:1), active : 1
0:00:00.023632981  2725 0x556530a3b320 TRACE   structure gststructure.c:292:gst_structure_new_id_empty_with_size: created structure 0x556530a672f0
0:00:00.018666717  2726 0x5646199ea320 LOG   GST_POLL gstpoll.c:994:gst_poll_fd_ctl_write: 0x564619a0ecf0: pfd->events now 60 (POLLOUT:4)
0:00:00.023640770  2725 0x556530a3b320 DEBUG   structure gststructure.c:2258:gst_structure_parse_field: trying field name 'long-name'
0:00:00.023648010  2725 0x556530a3b320 DEBUG   default gstvalue.c:2776:_priv_gst_value_parse_value: trying type name 'string'
0:00:00.018678504  2726 0x5646199ea320 DEBUG   GST_POLL gstpoll.c:980:gst_poll_fd_ctl_write: 0x564619a0ecf0: fd (fd:0, idx:1), active : 1
0:00:00.023657076  2725 0x556530a3b320 DEBUG   structure gststructure.c:2258:gst_structure_parse_field: trying field name 'klass'
0:00:00.018691955  2726 0x5646199ea320 LOG   GST_POLL gstpoll.c:994:gst_poll_fd_ctl_write: 0x564619a0ecf0: pfd->events now 60 (POLLOUT:4)
0:00:00.023665735  2725 0x556530a3b320 DEBUG   default gstvalue.c:2776:_priv_gst_value_parse_value: trying type name 'string'
0:00:00.018700610  2726 0x5646199ea320 DEBUG   GST_POLL gstpoll.c:980:gst_poll_fd_ctl_write: 0x564619a0ecf0: fd (fd:0, idx:1), active : 1
0:00:00.023674534  2725 0x556530a3b320 DEBUG   structure gststructure.c:2258:gst_structure_parse_field: trying field name 'description'
0:00:00.018708822  2726 0x5646199ea320 LOG   GST_POLL gstpoll.c:994:gst_poll_fd_ctl_write: 0x564619a0ecf0: pfd->events now 60 (POLLOUT:4)
0:00:00.023681217  2725 0x556530a3b320 DEBUG   default gstvalue.c:2776:_priv_gst_value_parse_value: trying type name 'string'
0:00:00.018719498  2726 0x5646199ea320 DEBUG   GST_POLL gstpoll.c:980:gst_poll_fd_ctl_write: 0x564619a0ecf0: fd (fd:0, idx:1), active : 1
0:00:00.023689418  2725 0x556530a3b320 DEBUG   structure gststructure.c:2258:gst_structure_parse_field: trying field name 'author'
0:00:00.018726682  2726 0x5646199ea320 LOG   GST_POLL gstpoll.c:994:gst_poll_fd_ctl_write: 0x564619a0ecf0: pfd->events now 60 (POLLOUT:4)
0:00:00.023698164  2725 0x556530a3b320 DEBUG   default gstvalue.c:2776:_priv_gst_value_parse_value: trying type name 'string'
0:00:00.018733766  2726 0x5646199ea320 DEBUG   GST_POLL gstpoll.c:980:gst_poll_fd_ctl_write: 0x564619a0ecf0: fd (fd:0, idx:1), active : 1
0:00:00.023707894  2725 0x556530a3b320 DEBUG   GST_REGISTRY gstregistrychunks.c:627:gst_registry_chunks_load_feature: Element factory : npadtemplates=2
0:00:00.018741310  2726 0x5646199ea320 LOG   GST_POLL gstpoll.c:994:gst_poll_fd_ctl_write: 0x564619a0ecf0: pfd->events now 60 (POLLOUT:4)
0:00:00.023714632  2725 0x556530a3b320 DEBUG   GST_REGISTRY gstregistrychunks.c:527:gst_registry_chunks_load_pad_template: Reading/casting for GstRegistryChunkPadTemplate at address 0x556530a62900
0:00:00.018753050  2726 0x5646199ea320 DEBUG   GST_POLL gstpoll.c:980:gst_poll_fd_ctl_write: 0x564619a0ecf0: fd (fd:0, idx:1), active : 1
0:00:00.023721662  2725 0x556530a3b320 DEBUG   GST_REGISTRY gstregistrychunks.c:540:gst_registry_chunks_load_pad_template: Added pad_template sink
0:00:00.018768187  2726 0x5646199ea320 LOG   GST_POLL gstpoll.c:994:gst_poll_fd_ctl_write: 0x564619a0ecf0: pfd->events now 60 (POLLOUT:4)
0:00:00.023738814  2725 0x556530a3b320 DEBUG   GST_REGISTRY gstregistrychunks.c:527:gst_registry_chunks_load_pad_template: Reading/casting for GstRegistryChunkPadTemplate at address 0x556530a62918
0:00:00.018776050  2726 0x5646199ea320 DEBUG   GST_POLL gstpoll.c:980:gst_poll_fd_ctl_write: 0x564619a0ecf0: fd (fd:0, idx:1), active : 1
0:00:00.023746885  2725 0x556530a3b320 DEBUG   GST_REGISTRY gstregistrychunks.c:540:gst_registry_chunks_load_pad_template: Added pad_template src
0:00:00.018782875  2726 0x5646199ea320 LOG   GST_POLL gstpoll.c:994:gst_poll_fd_ctl_write: 0x564619a0ecf0: pfd->events now 60 (POLLOUT:4)
0:00:00.023756190  2725 0x556530a3b320 DEBUG   GST_REGISTRY gstregistry.c:590:gst_registry_add_feature: adding feature 0x556530a670c0 (identity)
0:00:00.018792770  2726 0x5646199ea320 DEBUG   GST_POLL gstpoll.c:980:gst_poll_fd_ctl_write: 0x564619a0ecf0: fd (fd:0, idx:1), active : 1
0:00:00.023763276  2725 0x556530a3b320 DEBUG   GST_REFCOUNTING gstobject.c:709:gst_object_set_parent: set parent (ref and sink)
0:00:00.018800282  2726 0x5646199ea320 LOG   GST_POLL gstpoll.c:994:gst_poll_fd_ctl_write: 0x564619a0ecf0: pfd->events now 60 (POLLOUT:4)
0:00:00.018808322  2726 0x5646199ea320 DEBUG   GST_POLL gstpoll.c:980:gst_poll_fd_ctl_write: 0x564619a0ecf0: fd (fd:0, idx:1), active : 1
0:00:00.023774621  2725 0x556530a3b320 TRACE   GST_REFCOUNTING gstobject.c:294:gst_object_ref_sink: 0x556530a670c0 ref_sink 1->2
0:00:00.018814759  2726 0x5646199ea320 LOG   GST_POLL gstpoll.c:994:gst_poll_fd_ctl_write: 0x564619a0ecf0: pfd->events now 60 (POLLOUT:4)
0:00:00.023784152  2725 0x556530a3b320 LOG   GST_REGISTRY gstregistry.c:608:gst_registry_add_feature: emitting feature-added for identity
0:00:00.018825198  2726 0x5646199ea320 DEBUG   GST_POLL gstpoll.c:980:gst_poll_fd_ctl_write: 0x564619a0ecf0: fd (fd:0, idx:1), active : 1
0:00:00.023793204  2725 0x556530a3b320 DEBUG   GST_REGISTRY gstregistrychunks.c:742:gst_registry_chunks_load_feature: Added feature identity, plugin 0x556530a60cc0 coreelements
0:00:00.018832340  2726 0x5646199ea320 LOG   GST_POLL gstpoll.c:994:gst_poll_fd_ctl_write: 0x564619a0ecf0: pfd->events now 60 (POLLOUT:4)
0:00:00.023801857  2725 0x556530a3b320 DEBUG   GST_REGISTRY gstregistrychunks.c:584:gst_registry_chunks_load_feature: Plugin 'coreelements' feature 'funnel' typename : 'GstElementFactory'
0:00:00.018839619  2726 0x5646199ea320 DEBUG   GST_POLL gstpoll.c:980:gst_poll_fd_ctl_write: 0x564619a0ecf0: fd (fd:0, idx:1), active : 1
0:00:00.018846197  2726 0x5646199ea320 LOG   GST_POLL gstpoll.c:994:gst_poll_fd_ctl_write: 0x564619a0ecf0: pfd->events now 60 (POLLOUT:4)
0:00:00.023813562  2725 0x556530a3b320 TRACE   GST_REFCOUNTING gstobject.c:208:gst_object_init: 0x556530a67730 new
0:00:00.018856059  2726 0x5646199ea320 DEBUG   GST_POLL gstpoll.c:980:gst_poll_fd_ctl_write: 0x564619a0ecf0: fd (fd:0, idx:1), active : 1
0:00:00.018866464  2726 0x5646199ea320 LOG   GST_POLL gstpoll.c:994:gst_poll_fd_ctl_write: 0x564619a0ecf0: pfd->events now 60 (POLLOUT:4)
0:00:00.023833031  2725 0x556530a3b320 LOG   GST_REGISTRY gstregistrychunks.c:611:gst_registry_chunks_load_feature: Reading/casting for GstRegistryChunkElementFactory at address 0x556530a62948
0:00:00.018873844  2726 0x5646199ea320 DEBUG   GST_POLL gstpoll.c:980:gst_poll_fd_ctl_write: 0x564619a0ecf0: fd (fd:0, idx:1), active : 1
0:00:00.023842902  2725 0x556530a3b320 TRACE   structure gststructure.c:292:gst_structure_new_id_empty_with_size: created structure 0x556530a67a30
0:00:00.018880810  2726 0x5646199ea320 LOG   GST_POLL gstpoll.c:994:gst_poll_fd_ctl_write: 0x564619a0ecf0: pfd->events now 60 (POLLOUT:4)
0:00:00.023849877  2725 0x556530a3b320 DEBUG   structure gststructure.c:2258:gst_structure_parse_field: trying field name 'long-name'
0:00:00.018890779  2726 0x5646199ea320 DEBUG   GST_POLL gstpoll.c:980:gst_poll_fd_ctl_write: 0x564619a0ecf0: fd (fd:0, idx:1), active : 1
0:00:00.023859657  2725 0x556530a3b320 DEBUG   default gstvalue.c:2776:_priv_gst_value_parse_value: trying type name 'string'
0:00:00.018897756  2726 0x5646199ea320 LOG   GST_POLL gstpoll.c:994:gst_poll_fd_ctl_write: 0x564619a0ecf0: pfd->events now 60 (POLLOUT:4)
0:00:00.023869514  2725 0x556530a3b320 DEBUG   structure gststructure.c:2258:gst_structure_parse_field: trying field name 'klass'
0:00:00.018905154  2726 0x5646199ea320 DEBUG   GST_POLL gstpoll.c:980:gst_poll_fd_ctl_write: 0x564619a0ecf0: fd (fd:0, idx:1), active : 1
0:00:00.023876165  2725 0x556530a3b320 DEBUG   default gstvalue.c:2776:_priv_gst_value_parse_value: trying type name 'string'
0:00:00.018911828  2726 0x5646199ea320 LOG   GST_POLL gstpoll.c:994:gst_poll_fd_ctl_write: 0x564619a0ecf0: pfd->events now 60 (POLLOUT:4)
0:00:00.023883973  2725 0x556530a3b320 DEBUG   structure gststructure.c:2258:gst_structure_parse_field: trying field name 'description'
0:00:00.018921148  2726 0x5646199ea320 DEBUG   GST_POLL gstpoll.c:980:gst_poll_fd_ctl_write: 0x564619a0ecf0: fd (fd:0, idx:1), active : 1
0:00:00.023892963  2725 0x556530a3b320 DEBUG   default gstvalue.c:2776:_priv_gst_value_parse_value: trying type name 'string'
0:00:00.018928217  2726 0x5646199ea320 LOG   GST_POLL gstpoll.c:994:gst_poll_fd_ctl_write: 0x564619a0ecf0: pfd->events now 60 (POLLOUT:4)
0:00:00.023902274  2725 0x556530a3b320 DEBUG   structure gststructure.c:2258:gst_structure_parse_field: trying field name 'author'
0:00:00.018937029  2726 0x5646199ea320 DEBUG   GST_POLL gstpoll.c:980:gst_poll_fd_ctl_write: 0x564619a0ecf0: fd (fd:0, idx:1), active : 1
0:00:00.023909248  2725 0x556530a3b320 DEBUG   default gstvalue.c:2776:_priv_gst_value_parse_value: trying type name 'string'
0:00:00.018944765  2726 0x5646199ea320 LOG   GST_POLL gstpoll.c:994:gst_poll_fd_ctl_write: 0x564619a0ecf0: pfd->events now 60 (POLLOUT:4)
0:00:00.023917298  2725 0x556530a3b320 DEBUG   GST_REGISTRY gstregistrychunks.c:627:gst_registry_chunks_load_feature: Element factory : npadtemplates=2
0:00:00.018954219  2726 0x5646199ea320 DEBUG   GST_POLL gstpoll.c:980:gst_poll_fd_ctl_write: 0x564619a0ecf0: fd (fd:0, idx:1), active : 1
0:00:00.023932526  2725 0x556530a3b320 DEBUG   GST_REGISTRY gstregistrychunks.c:527:gst_registry_chunks_load_pad_template: Reading/casting for GstRegistryChunkPadTemplate at address 0x556530a62a20
0:00:00.018967349  2726 0x5646199ea320 LOG   GST_POLL gstpoll.c:994:gst_poll_fd_ctl_write: 0x564619a0ecf0: pfd->events now 60 (POLLOUT:4)
0:00:00.023940850  2725 0x556530a3b320 DEBUG   GST_REGISTRY gstregistrychunks.c:540:gst_registry_chunks_load_pad_template: Added pad_template src
0:00:00.018976478  2726 0x5646199ea320 DEBUG   GST_POLL gstpoll.c:980:gst_poll_fd_ctl_write: 0x564619a0ecf0: fd (fd:0, idx:1), active : 1
0:00:00.023947579  2725 0x556530a3b320 DEBUG   GST_REGISTRY gstregistrychunks.c:527:gst_registry_chunks_load_pad_template: Reading/casting for GstRegistryChunkPadTemplate at address 0x556530a62a30
0:00:00.018983293  2726 0x5646199ea320 LOG   GST_POLL gstpoll.c:994:gst_poll_fd_ctl_write: 0x564619a0ecf0: pfd->events now 60 (POLLOUT:4)
0:00:00.023954633  2725 0x556530a3b320 DEBUG   GST_REGISTRY gstregistrychunks.c:540:gst_registry_chunks_load_pad_template: Added pad_template sink_%u
0:00:00.018992714  2726 0x5646199ea320 DEBUG   GST_POLL gstpoll.c:980:gst_poll_fd_ctl_write: 0x564619a0ecf0: fd (fd:0, idx:1), active : 1
0:00:00.023965601  2725 0x556530a3b320 DEBUG   GST_REGISTRY gstregistry.c:590:gst_registry_add_feature: adding feature 0x556530a67730 (funnel)
0:00:00.018999748  2726 0x5646199ea320 LOG   GST_POLL gstpoll.c:994:gst_poll_fd_ctl_write: 0x564619a0ecf0: pfd->events now 60 (POLLOUT:4)
0:00:00.023973563  2725 0x556530a3b320 DEBUG   GST_REFCOUNTING gstobject.c:709:gst_object_set_parent: set parent (ref and sink)
0:00:00.019010106  2726 0x5646199ea320 DEBUG   GST_POLL gstpoll.c:980:gst_poll_fd_ctl_write: 0x564619a0ecf0: fd (fd:0, idx:1), active : 1
0:00:00.023983386  2725 0x556530a3b320 TRACE   GST_REFCOUNTING gstobject.c:294:gst_object_ref_sink: 0x556530a67730 ref_sink 1->2
0:00:00.019017557  2726 0x5646199ea320 LOG   GST_POLL gstpoll.c:994:gst_poll_fd_ctl_write: 0x564619a0ecf0: pfd->events now 60 (POLLOUT:4)
0:00:00.023990755  2725 0x556530a3b320 LOG   GST_REGISTRY gstregistry.c:608:gst_registry_add_feature: emitting feature-added for funnel
0:00:00.019027993  2726 0x5646199ea320 DEBUG   GST_POLL gstpoll.c:980:gst_poll_fd_ctl_write: 0x564619a0ecf0: fd (fd:0, idx:1), active : 1
0:00:00.024000650  2725 0x556530a3b320 DEBUG   GST_REGISTRY gstregistrychunks.c:742:gst_registry_chunks_load_feature: Added feature funnel, plugin 0x556530a60cc0 coreelements
0:00:00.019035186  2726 0x5646199ea320 LOG   GST_POLL gstpoll.c:994:gst_poll_fd_ctl_write: 0x564619a0ecf0: pfd->events now 60 (POLLOUT:4)
0:00:00.024009498  2725 0x556530a3b320 DEBUG   GST_REGISTRY gstregistrychunks.c:584:gst_registry_chunks_load_feature: Plugin 'coreelements' feature 'filesrc' typename : 'GstElementFactory'
0:00:00.019044862  2726 0x5646199ea320 DEBUG   GST_POLL gstpoll.c:980:gst_poll_fd_ctl_write: 0x564619a0ecf0: fd (fd:0, idx:1), active : 1
0:00:00.024020178  2725 0x556530a3b320 TRACE   GST_REFCOUNTING gstobject.c:208:gst_object_init: 0x556530a67e50 new
0:00:00.019061209  2726 0x5646199ea320 LOG   GST_POLL gstpoll.c:994:gst_poll_fd_ctl_write: 0x564619a0ecf0: pfd->events now 60 (POLLOUT:4)
0:00:00.024031931  2725 0x556530a3b320 LOG   GST_REGISTRY gstregistrychunks.c:611:gst_registry_chunks_load_feature: Reading/casting for GstRegistryChunkElementFactory at address 0x556530a62a60
0:00:00.019071570  2726 0x5646199ea320 DEBUG   GST_POLL gstpoll.c:980:gst_poll_fd_ctl_write: 0x564619a0ecf0: fd (fd:0, idx:1), active : 1
0:00:00.024041844  2725 0x556530a3b320 TRACE   structure gststructure.c:292:gst_structure_new_id_empty_with_size: created structure 0x556530a68150
0:00:00.019078692  2726 0x5646199ea320 LOG   GST_POLL gstpoll.c:994:gst_poll_fd_ctl_write: 0x564619a0ecf0: pfd->events now 60 (POLLOUT:4)
0:00:00.024049916  2725 0x556530a3b320 DEBUG   structure gststructure.c:2258:gst_structure_parse_field: trying field name 'long-name'
0:00:00.019086485  2726 0x5646199ea320 DEBUG   GST_POLL gstpoll.c:980:gst_poll_fd_ctl_write: 0x564619a0ecf0: fd (fd:0, idx:1), active : 1
0:00:00.024056964  2725 0x556530a3b320 DEBUG   default gstvalue.c:2776:_priv_gst_value_parse_value: trying type name 'string'
0:00:00.019093039  2726 0x5646199ea320 LOG   GST_POLL gstpoll.c:994:gst_poll_fd_ctl_write: 0x564619a0ecf0: pfd->events now 60 (POLLOUT:4)
0:00:00.024064538  2725 0x556530a3b320 DEBUG   structure gststructure.c:2258:gst_structure_parse_field: trying field name 'klass'
0:00:00.019102763  2726 0x5646199ea320 DEBUG   GST_POLL gstpoll.c:980:gst_poll_fd_ctl_write: 0x564619a0ecf0: fd (fd:0, idx:1), active : 1
0:00:00.024073562  2725 0x556530a3b320 DEBUG   default gstvalue.c:2776:_priv_gst_value_parse_value: trying type name 'string'
0:00:00.019110119  2726 0x5646199ea320 LOG   GST_POLL gstpoll.c:994:gst_poll_fd_ctl_write: 0x564619a0ecf0: pfd->events now 60 (POLLOUT:4)
0:00:00.024082444  2725 0x556530a3b320 DEBUG   structure gststructure.c:2258:gst_structure_parse_field: trying field name 'description'
0:00:00.019117279  2726 0x5646199ea320 DEBUG   GST_POLL gstpoll.c:980:gst_poll_fd_ctl_write: 0x564619a0ecf0: fd (fd:0, idx:1), active : 1
0:00:00.024088942  2725 0x556530a3b320 DEBUG   default gstvalue.c:2776:_priv_gst_value_parse_value: trying type name 'string'
0:00:00.019124611  2726 0x5646199ea320 LOG   GST_POLL gstpoll.c:994:gst_poll_fd_ctl_write: 0x564619a0ecf0: pfd->events now 60 (POLLOUT:4)
0:00:00.024097057  2725 0x556530a3b320 DEBUG   structure gststructure.c:2258:gst_structure_parse_field: trying field name 'author'
0:00:00.019134478  2726 0x5646199ea320 DEBUG   GST_POLL gstpoll.c:980:gst_poll_fd_ctl_write: 0x564619a0ecf0: fd (fd:0, idx:1), active : 1
0:00:00.024105714  2725 0x556530a3b320 DEBUG   default gstvalue.c:2776:_priv_gst_value_parse_value: trying type name 'string'
0:00:00.019141894  2726 0x5646199ea320 LOG   GST_POLL gstpoll.c:994:gst_poll_fd_ctl_write: 0x564619a0ecf0: pfd->events now 60 (POLLOUT:4)
0:00:00.024115408  2725 0x556530a3b320 DEBUG   GST_REGISTRY gstregistrychunks.c:627:gst_registry_chunks_load_feature: Element factory : npadtemplates=1
0:00:00.019149442  2726 0x5646199ea320 DEBUG   GST_POLL gstpoll.c:980:gst_poll_fd_ctl_write: 0x564619a0ecf0: fd (fd:0, idx:1), active : 1
0:00:00.024128294  2725 0x556530a3b320 DEBUG   GST_REGISTRY gstregistrychunks.c:527:gst_registry_chunks_load_pad_template: Reading/casting for GstRegistryChunkPadTemplate at address 0x556530a62b40
0:00:00.019164247  2726 0x5646199ea320 LOG   GST_POLL gstpoll.c:994:gst_poll_fd_ctl_write: 0x564619a0ecf0: pfd->events now 60 (POLLOUT:4)
0:00:00.024135055  2725 0x556530a3b320 DEBUG   GST_REGISTRY gstregistrychunks.c:540:gst_registry_chunks_load_pad_template: Added pad_template src
0:00:00.019173667  2726 0x5646199ea320 DEBUG   GST_POLL gstpoll.c:980:gst_poll_fd_ctl_write: 0x564619a0ecf0: fd (fd:0, idx:1), active : 1
0:00:00.024144366  2725 0x556530a3b320 DEBUG   GST_REGISTRY gstregistrychunks.c:640:gst_registry_chunks_load_feature: Reading 1 UriTypes at address 0x556530a62b50
0:00:00.019180914  2726 0x5646199ea320 LOG   GST_POLL gstpoll.c:994:gst_poll_fd_ctl_write: 0x564619a0ecf0: pfd->events now 60 (POLLOUT:4)
0:00:00.024152829  2725 0x556530a3b320 DEBUG   GST_REGISTRY gstregistrychunks.c:655:gst_registry_chunks_load_feature: Reading 1 Interfaces at address 0x556530a62b59
0:00:00.019188143  2726 0x5646199ea320 DEBUG   GST_POLL gstpoll.c:980:gst_poll_fd_ctl_write: 0x564619a0ecf0: fd (fd:0, idx:1), active : 1
0:00:00.019195300  2726 0x5646199ea320 LOG   GST_POLL gstpoll.c:994:gst_poll_fd_ctl_write: 0x564619a0ecf0: pfd->events now 60 (POLLOUT:4)
0:00:00.024163044  2725 0x556530a3b320 DEBUG   GST_REGISTRY gstregistry.c:590:gst_registry_add_feature: adding feature 0x556530a67e50 (filesrc)
0:00:00.019204808  2726 0x5646199ea320 DEBUG   GST_POLL gstpoll.c:980:gst_poll_fd_ctl_write: 0x564619a0ecf0: fd (fd:0, idx:1), active : 1
0:00:00.024172643  2725 0x556530a3b320 DEBUG   GST_REFCOUNTING gstobject.c:709:gst_object_set_parent: set parent (ref and sink)
0:00:00.019211838  2726 0x5646199ea320 LOG   GST_POLL gstpoll.c:994:gst_poll_fd_ctl_write: 0x564619a0ecf0: pfd->events now 60 (POLLOUT:4)
0:00:00.024183497  2725 0x556530a3b320 TRACE   GST_REFCOUNTING gstobject.c:294:gst_object_ref_sink: 0x556530a67e50 ref_sink 1->2
0:00:00.019218667  2726 0x5646199ea320 DEBUG   GST_POLL gstpoll.c:980:gst_poll_fd_ctl_write: 0x564619a0ecf0: fd (fd:0, idx:1), active : 1
0:00:00.024192319  2725 0x556530a3b320 LOG   GST_REGISTRY gstregistry.c:608:gst_registry_add_feature: emitting feature-added for filesrc
0:00:00.019226938  2726 0x5646199ea320 LOG   GST_POLL gstpoll.c:994:gst_poll_fd_ctl_write: 0x564619a0ecf0: pfd->events now 60 (POLLOUT:4)
0:00:00.024200164  2725 0x556530a3b320 DEBUG   GST_REGISTRY gstregistrychunks.c:742:gst_registry_chunks_load_feature: Added feature filesrc, plugin 0x556530a60cc0 coreelements
0:00:00.019237011  2726 0x5646199ea320 DEBUG   GST_POLL gstpoll.c:980:gst_poll_fd_ctl_write: 0x564619a0ecf0: fd (fd:0, idx:1), active : 1
0:00:00.024207339  2725 0x556530a3b320 DEBUG   GST_REGISTRY gstregistrychunks.c:584:gst_registry_chunks_load_feature: Plugin 'coreelements' feature 'fdsink' typename : 'GstElementFactory'
0:00:00.019244407  2726 0x5646199ea320 LOG   GST_POLL gstpoll.c:994:gst_poll_fd_ctl_write: 0x564619a0ecf0: pfd->events now 60 (POLLOUT:4)
0:00:00.019259352  2726 0x5646199ea320 DEBUG   GST_POLL gstpoll.c:980:gst_poll_fd_ctl_write: 0x564619a0ecf0: fd (fd:0, idx:1), active : 1
0:00:00.024227232  2725 0x556530a3b320 TRACE   GST_REFCOUNTING gstobject.c:208:gst_object_init: 0x556530a68600 new
0:00:00.019266045  2726 0x5646199ea320 LOG   GST_POLL gstpoll.c:994:gst_poll_fd_ctl_write: 0x564619a0ecf0: pfd->events now 60 (POLLOUT:4)
0:00:00.024237808  2725 0x556530a3b320 LOG   GST_REGISTRY gstregistrychunks.c:611:gst_registry_chunks_load_feature: Reading/casting for GstRegistryChunkElementFactory at address 0x556530a62b80
0:00:00.019275669  2726 0x5646199ea320 DEBUG   GST_POLL gstpoll.c:980:gst_poll_fd_ctl_write: 0x564619a0ecf0: fd (fd:0, idx:1), active : 1
0:00:00.024246008  2725 0x556530a3b320 TRACE   structure gststructure.c:292:gst_structure_new_id_empty_with_size: created structure 0x556530a68980
0:00:00.019282511  2726 0x5646199ea320 LOG   GST_POLL gstpoll.c:994:gst_poll_fd_ctl_write: 0x564619a0ecf0: pfd->events now 60 (POLLOUT:4)
0:00:00.024252984  2725 0x556530a3b320 DEBUG   structure gststructure.c:2258:gst_structure_parse_field: trying field name 'long-name'
0:00:00.019290121  2726 0x5646199ea320 DEBUG   GST_POLL gstpoll.c:980:gst_poll_fd_ctl_write: 0x564619a0ecf0: fd (fd:0, idx:1), active : 1
0:00:00.024262231  2725 0x556530a3b320 DEBUG   default gstvalue.c:2776:_priv_gst_value_parse_value: trying type name 'string'
0:00:00.019296836  2726 0x5646199ea320 LOG   GST_POLL gstpoll.c:994:gst_poll_fd_ctl_write: 0x564619a0ecf0: pfd->events now 60 (POLLOUT:4)
0:00:00.024271210  2725 0x556530a3b320 DEBUG   structure gststructure.c:2258:gst_structure_parse_field: trying field name 'klass'
0:00:00.019307534  2726 0x5646199ea320 DEBUG   GST_POLL gstpoll.c:980:gst_poll_fd_ctl_write: 0x564619a0ecf0: fd (fd:0, idx:1), active : 1
0:00:00.024277759  2725 0x556530a3b320 DEBUG   default gstvalue.c:2776:_priv_gst_value_parse_value: trying type name 'string'
0:00:00.019314587  2726 0x5646199ea320 LOG   GST_POLL gstpoll.c:994:gst_poll_fd_ctl_write: 0x564619a0ecf0: pfd->events now 60 (POLLOUT:4)
0:00:00.024285510  2725 0x556530a3b320 DEBUG   structure gststructure.c:2258:gst_structure_parse_field: trying field name 'description'
0:00:00.019321839  2726 0x5646199ea320 DEBUG   GST_POLL gstpoll.c:980:gst_poll_fd_ctl_write: 0x564619a0ecf0: fd (fd:0, idx:1), active : 1
0:00:00.024294574  2725 0x556530a3b320 DEBUG   default gstvalue.c:2776:_priv_gst_value_parse_value: trying type name 'string'
0:00:00.019328832  2726 0x5646199ea320 LOG   GST_POLL gstpoll.c:994:gst_poll_fd_ctl_write: 0x564619a0ecf0: pfd->events now 60 (POLLOUT:4)
0:00:00.024304339  2725 0x556530a3b320 DEBUG   structure gststructure.c:2258:gst_structure_parse_field: trying field name 'author'
0:00:00.019339606  2726 0x5646199ea320 DEBUG   GST_POLL gstpoll.c:980:gst_poll_fd_ctl_write: 0x564619a0ecf0: fd (fd:0, idx:1), active : 1
0:00:00.024311050  2725 0x556530a3b320 DEBUG   default gstvalue.c:2776:_priv_gst_value_parse_value: trying type name 'string'
0:00:00.019346962  2726 0x5646199ea320 LOG   GST_POLL gstpoll.c:994:gst_poll_fd_ctl_write: 0x564619a0ecf0: pfd->events now 60 (POLLOUT:4)
0:00:00.024330718  2725 0x556530a3b320 DEBUG   GST_REGISTRY gstregistrychunks.c:627:gst_registry_chunks_load_feature: Element factory : npadtemplates=1
0:00:00.019365423  2726 0x5646199ea320 DEBUG   GST_POLL gstpoll.c:980:gst_poll_fd_ctl_write: 0x564619a0ecf0: fd (fd:0, idx:1), active : 1
0:00:00.024339975  2725 0x556530a3b320 DEBUG   GST_REGISTRY gstregistrychunks.c:527:gst_registry_chunks_load_pad_template: Reading/casting for GstRegistryChunkPadTemplate at address 0x556530a62c60
0:00:00.019374190  2726 0x5646199ea320 LOG   GST_POLL gstpoll.c:994:gst_poll_fd_ctl_write: 0x564619a0ecf0: pfd->events now 60 (POLLOUT:4)
0:00:00.024347801  2725 0x556530a3b320 DEBUG   GST_REGISTRY gstregistrychunks.c:540:gst_registry_chunks_load_pad_template: Added pad_template sink
0:00:00.019385338  2726 0x5646199ea320 DEBUG   GST_POLL gstpoll.c:980:gst_poll_fd_ctl_write: 0x564619a0ecf0: fd (fd:0, idx:1), active : 1
0:00:00.024354994  2725 0x556530a3b320 DEBUG   GST_REGISTRY gstregistrychunks.c:640:gst_registry_chunks_load_feature: Reading 1 UriTypes at address 0x556530a62c71
0:00:00.019392998  2726 0x5646199ea320 LOG   GST_POLL gstpoll.c:994:gst_poll_fd_ctl_write: 0x564619a0ecf0: pfd->events now 60 (POLLOUT:4)
0:00:00.024363078  2725 0x556530a3b320 DEBUG   GST_REGISTRY gstregistrychunks.c:655:gst_registry_chunks_load_feature: Reading 1 Interfaces at address 0x556530a62c7f
0:00:00.019400710  2726 0x5646199ea320 DEBUG   GST_POLL gstpoll.c:980:gst_poll_fd_ctl_write: 0x564619a0ecf0: fd (fd:0, idx:1), active : 1
0:00:00.019407363  2726 0x5646199ea320 LOG   GST_POLL gstpoll.c:994:gst_poll_fd_ctl_write: 0x564619a0ecf0: pfd->events now 60 (POLLOUT:4)
0:00:00.024375313  2725 0x556530a3b320 DEBUG   GST_REGISTRY gstregistry.c:590:gst_registry_add_feature: adding feature 0x556530a68600 (fdsink)
0:00:00.019417034  2726 0x5646199ea320 DEBUG   GST_POLL gstpoll.c:980:gst_poll_fd_ctl_write: 0x564619a0ecf0: fd (fd:0, idx:1), active : 1
0:00:00.024384779  2725 0x556530a3b320 DEBUG   GST_REFCOUNTING gstobject.c:709:gst_object_set_parent: set parent (ref and sink)
0:00:00.019424445  2726 0x5646199ea320 LOG   GST_POLL gstpoll.c:994:gst_poll_fd_ctl_write: 0x564619a0ecf0: pfd->events now 60 (POLLOUT:4)
0:00:00.024394074  2725 0x556530a3b320 TRACE   GST_REFCOUNTING gstobject.c:294:gst_object_ref_sink: 0x556530a68600 ref_sink 1->2
0:00:00.024402706  2725 0x556530a3b320 LOG   GST_REGISTRY gstregistry.c:608:gst_registry_add_feature: emitting feature-added for fdsink
0:00:00.019431590  2726 0x5646199ea320 DEBUG   GST_POLL gstpoll.c:980:gst_poll_fd_ctl_write: 0x564619a0ecf0: fd (fd:0, idx:1), active : 1
0:00:00.024412878  2725 0x556530a3b320 DEBUG   GST_REGISTRY gstregistrychunks.c:742:gst_registry_chunks_load_feature: Added feature fdsink, plugin 0x556530a60cc0 coreelements
0:00:00.019448862  2726 0x5646199ea320 LOG   GST_POLL gstpoll.c:994:gst_poll_fd_ctl_write: 0x564619a0ecf0: pfd->events now 60 (POLLOUT:4)
0:00:00.024421214  2725 0x556530a3b320 DEBUG   GST_REGISTRY gstregistrychunks.c:584:gst_registry_chunks_load_feature: Plugin 'coreelements' feature 'fdsrc' typename : 'GstElementFactory'
0:00:00.019464845  2726 0x5646199ea320 DEBUG   GST_POLL gstpoll.c:980:gst_poll_fd_ctl_write: 0x564619a0ecf0: fd (fd:0, idx:1), active : 1
0:00:00.024436074  2725 0x556530a3b320 TRACE   GST_REFCOUNTING gstobject.c:208:gst_object_init: 0x556530a6c8f0 new
0:00:00.019471886  2726 0x5646199ea320 LOG   GST_POLL gstpoll.c:994:gst_poll_fd_ctl_write: 0x564619a0ecf0: pfd->events now 60 (POLLOUT:4)
0:00:00.024445648  2725 0x556530a3b320 LOG   GST_REGISTRY gstregistrychunks.c:611:gst_registry_chunks_load_feature: Reading/casting for GstRegistryChunkElementFactory at address 0x556530a62ca8
0:00:00.019479502  2726 0x5646199ea320 DEBUG   GST_POLL gstpoll.c:980:gst_poll_fd_ctl_write: 0x564619a0ecf0: fd (fd:0, idx:1), active : 1
0:00:00.024455815  2725 0x556530a3b320 TRACE   structure gststructure.c:292:gst_structure_new_id_empty_with_size: created structure 0x556530a6cb20
0:00:00.019491835  2726 0x5646199ea320 LOG   GST_POLL gstpoll.c:994:gst_poll_fd_ctl_write: 0x564619a0ecf0: pfd->events now 60 (POLLOUT:4)
0:00:00.024463546  2725 0x556530a3b320 DEBUG   structure gststructure.c:2258:gst_structure_parse_field: trying field name 'long-name'
0:00:00.019499796  2726 0x5646199ea320 DEBUG   GST_POLL gstpoll.c:980:gst_poll_fd_ctl_write: 0x564619a0ecf0: fd (fd:0, idx:1), active : 1
0:00:00.024470702  2725 0x556530a3b320 DEBUG   default gstvalue.c:2776:_priv_gst_value_parse_value: trying type name 'string'
0:00:00.019507390  2726 0x5646199ea320 LOG   GST_POLL gstpoll.c:994:gst_poll_fd_ctl_write: 0x564619a0ecf0: pfd->events now 60 (POLLOUT:4)
0:00:00.024494544  2725 0x556530a3b320 DEBUG   structure gststructure.c:2258:gst_structure_parse_field: trying field name 'klass'
0:00:00.019533672  2726 0x5646199ea320 DEBUG   GST_POLL gstpoll.c:980:gst_poll_fd_ctl_write: 0x564619a0ecf0: fd (fd:0, idx:1), active : 1
0:00:00.024505365  2725 0x556530a3b320 DEBUG   default gstvalue.c:2776:_priv_gst_value_parse_value: trying type name 'string'
0:00:00.024515152  2725 0x556530a3b320 DEBUG   structure gststructure.c:2258:gst_structure_parse_field: trying field name 'description'
0:00:00.019548055  2726 0x5646199ea320 LOG   GST_POLL gstpoll.c:994:gst_poll_fd_ctl_write: 0x564619a0ecf0: pfd->events now 60 (POLLOUT:4)
0:00:00.024521238  2725 0x556530a3b320 DEBUG   default gstvalue.c:2776:_priv_gst_value_parse_value: trying type name 'string'
0:00:00.019559630  2726 0x5646199ea320 DEBUG   GST_POLL gstpoll.c:980:gst_poll_fd_ctl_write: 0x564619a0ecf0: fd (fd:0, idx:1), active : 1
0:00:00.024531857  2725 0x556530a3b320 DEBUG   structure gststructure.c:2258:gst_structure_parse_field: trying field name 'author'
0:00:00.019566456  2726 0x5646199ea320 LOG   GST_POLL gstpoll.c:994:gst_poll_fd_ctl_write: 0x564619a0ecf0: pfd->events now 60 (POLLOUT:4)
0:00:00.024539274  2725 0x556530a3b320 DEBUG   default gstvalue.c:2776:_priv_gst_value_parse_value: trying type name 'string'
0:00:00.019576110  2726 0x5646199ea320 DEBUG   GST_POLL gstpoll.c:980:gst_poll_fd_ctl_write: 0x564619a0ecf0: fd (fd:0, idx:1), active : 1
0:00:00.024547313  2725 0x556530a3b320 DEBUG   GST_REGISTRY gstregistrychunks.c:627:gst_registry_chunks_load_feature: Element factory : npadtemplates=1
0:00:00.019596810  2726 0x5646199ea320 LOG   GST_POLL gstpoll.c:994:gst_poll_fd_ctl_write: 0x564619a0ecf0: pfd->events now 60 (POLLOUT:4)
0:00:00.024564242  2725 0x556530a3b320 DEBUG   GST_REGISTRY gstregistrychunks.c:527:gst_registry_chunks_load_pad_template: Reading/casting for GstRegistryChunkPadTemplate at address 0x556530a62d88
0:00:00.019604966  2726 0x5646199ea320 DEBUG   GST_POLL gstpoll.c:980:gst_poll_fd_ctl_write: 0x564619a0ecf0: fd (fd:0, idx:1), active : 1
0:00:00.024575244  2725 0x556530a3b320 DEBUG   GST_REGISTRY gstregistrychunks.c:540:gst_registry_chunks_load_pad_template: Added pad_template src
0:00:00.019612110  2726 0x5646199ea320 LOG   GST_POLL gstpoll.c:994:gst_poll_fd_ctl_write: 0x564619a0ecf0: pfd->events now 60 (POLLOUT:4)
0:00:00.024583818  2725 0x556530a3b320 DEBUG   GST_REGISTRY gstregistrychunks.c:640:gst_registry_chunks_load_feature: Reading 1 UriTypes at address 0x556530a62d98
0:00:00.019619586  2726 0x5646199ea320 DEBUG   GST_POLL gstpoll.c:980:gst_poll_fd_ctl_write: 0x564619a0ecf0: fd (fd:0, idx:1), active : 1
0:00:00.024591481  2725 0x556530a3b320 DEBUG   GST_REGISTRY gstregistrychunks.c:655:gst_registry_chunks_load_feature: Reading 1 Interfaces at address 0x556530a62d9f
0:00:00.019629346  2726 0x5646199ea320 LOG   GST_POLL gstpoll.c:994:gst_poll_fd_ctl_write: 0x564619a0ecf0: pfd->events now 60 (POLLOUT:4)
