0:00:00.024601534  2725 0x556530a3b320 DEBUG   GST_REGISTRY gstregistry.c:590:gst_registry_add_feature: adding feature 0x556530a6c8f0 (fdsrc)
0:00:00.019637165  2726 0x5646199ea320 DEBUG   GST_POLL gstpoll.c:980:gst_poll_fd_ctl_write: 0x564619a0ecf0: fd (fd:0, idx:1), active : 1
0:00:00.019645778  2726 0x5646199ea320 LOG   GST_POLL gstpoll.c:994:gst_poll_fd_ctl_write: 0x564619a0ecf0: pfd->events now 60 (POLLOUT:4)
0:00:00.024611173  2725 0x556530a3b320 DEBUG   GST_REFCOUNTING gstobject.c:709:gst_object_set_parent: set parent (ref and sink)
0:00:00.019652358  2726 0x5646199ea320 DEBUG   GST_POLL gstpoll.c:980:gst_poll_fd_ctl_write: 0x564619a0ecf0: fd (fd:0, idx:1), active : 1
0:00:00.019661690  2726 0x5646199ea320 LOG   GST_POLL gstpoll.c:994:gst_poll_fd_ctl_write: 0x564619a0ecf0: pfd->events now 60 (POLLOUT:4)
0:00:00.024627882  2725 0x556530a3b320 TRACE   GST_REFCOUNTING gstobject.c:294:gst_object_ref_sink: 0x556530a6c8f0 ref_sink 1->2
0:00:00.019669174  2726 0x5646199ea320 DEBUG   GST_POLL gstpoll.c:980:gst_poll_fd_ctl_write: 0x564619a0ecf0: fd (fd:0, idx:1), active : 1
0:00:00.024637773  2725 0x556530a3b320 LOG   GST_REGISTRY gstregistry.c:608:gst_registry_add_feature: emitting feature-added for fdsrc
0:00:00.019676354  2726 0x5646199ea320 LOG   GST_POLL gstpoll.c:994:gst_poll_fd_ctl_write: 0x564619a0ecf0: pfd->events now 60 (POLLOUT:4)
0:00:00.024645747  2725 0x556530a3b320 DEBUG   GST_REGISTRY gstregistrychunks.c:742:gst_registry_chunks_load_feature: Added feature fdsrc, plugin 0x556530a60cc0 coreelements
0:00:00.019683594  2726 0x5646199ea320 DEBUG   GST_POLL gstpoll.c:980:gst_poll_fd_ctl_write: 0x564619a0ecf0: fd (fd:0, idx:1), active : 1
0:00:00.024665183  2725 0x556530a3b320 DEBUG   GST_REGISTRY gstregistrychunks.c:584:gst_registry_chunks_load_feature: Plugin 'coreelements' feature 'fakesink' typename : 'GstElementFactory'
0:00:00.019700504  2726 0x5646199ea320 LOG   GST_POLL gstpoll.c:994:gst_poll_fd_ctl_write: 0x564619a0ecf0: pfd->events now 60 (POLLOUT:4)
0:00:00.019709202  2726 0x5646199ea320 DEBUG   GST_POLL gstpoll.c:980:gst_poll_fd_ctl_write: 0x564619a0ecf0: fd (fd:0, idx:1), active : 1
0:00:00.024675346  2725 0x556530a3b320 TRACE   GST_REFCOUNTING gstobject.c:208:gst_object_init: 0x556530a6cfa0 new
0:00:00.019715394  2726 0x5646199ea320 LOG   GST_POLL gstpoll.c:994:gst_poll_fd_ctl_write: 0x564619a0ecf0: pfd->events now 60 (POLLOUT:4)
0:00:00.024686231  2725 0x556530a3b320 LOG   GST_REGISTRY gstregistrychunks.c:611:gst_registry_chunks_load_feature: Reading/casting for GstRegistryChunkElementFactory at address 0x556530a62dc8
0:00:00.019722503  2726 0x5646199ea320 DEBUG   GST_POLL gstpoll.c:980:gst_poll_fd_ctl_write: 0x564619a0ecf0: fd (fd:0, idx:1), active : 1
0:00:00.024694119  2725 0x556530a3b320 TRACE   structure gststructure.c:292:gst_structure_new_id_empty_with_size: created structure 0x556530a6d1d0
0:00:00.019731747  2726 0x5646199ea320 LOG   GST_POLL gstpoll.c:994:gst_poll_fd_ctl_write: 0x564619a0ecf0: pfd->events now 60 (POLLOUT:4)
0:00:00.024703628  2725 0x556530a3b320 DEBUG   structure gststructure.c:2258:gst_structure_parse_field: trying field name 'long-name'
0:00:00.019739514  2726 0x5646199ea320 DEBUG   GST_POLL gstpoll.c:980:gst_poll_fd_ctl_write: 0x564619a0ecf0: fd (fd:0, idx:1), active : 1
0:00:00.024710490  2725 0x556530a3b320 DEBUG   default gstvalue.c:2776:_priv_gst_value_parse_value: trying type name 'string'
0:00:00.019746345  2726 0x5646199ea320 LOG   GST_POLL gstpoll.c:994:gst_poll_fd_ctl_write: 0x564619a0ecf0: pfd->events now 60 (POLLOUT:4)
0:00:00.024718290  2725 0x556530a3b320 DEBUG   structure gststructure.c:2258:gst_structure_parse_field: trying field name 'klass'
0:00:00.019753362  2726 0x5646199ea320 DEBUG   GST_POLL gstpoll.c:980:gst_poll_fd_ctl_write: 0x564619a0ecf0: fd (fd:0, idx:1), active : 1
0:00:00.024725523  2725 0x556530a3b320 DEBUG   default gstvalue.c:2776:_priv_gst_value_parse_value: trying type name 'string'
0:00:00.019762818  2726 0x5646199ea320 LOG   GST_POLL gstpoll.c:994:gst_poll_fd_ctl_write: 0x564619a0ecf0: pfd->events now 60 (POLLOUT:4)
0:00:00.024736674  2725 0x556530a3b320 DEBUG   structure gststructure.c:2258:gst_structure_parse_field: trying field name 'description'
0:00:00.019771074  2726 0x5646199ea320 DEBUG   GST_POLL gstpoll.c:980:gst_poll_fd_ctl_write: 0x564619a0ecf0: fd (fd:0, idx:1), active : 1
0:00:00.024744306  2725 0x556530a3b320 DEBUG   default gstvalue.c:2776:_priv_gst_value_parse_value: trying type name 'string'
0:00:00.019779743  2726 0x5646199ea320 LOG   GST_POLL gstpoll.c:994:gst_poll_fd_ctl_write: 0x564619a0ecf0: pfd->events now 60 (POLLOUT:4)
0:00:00.024752865  2725 0x556530a3b320 DEBUG   structure gststructure.c:2258:gst_structure_parse_field: trying field name 'author'
0:00:00.019787858  2726 0x5646199ea320 DEBUG   GST_POLL gstpoll.c:980:gst_poll_fd_ctl_write: 0x564619a0ecf0: fd (fd:0, idx:1), active : 1
0:00:00.024767183  2725 0x556530a3b320 DEBUG   default gstvalue.c:2776:_priv_gst_value_parse_value: trying type name 'string'
0:00:00.019804982  2726 0x5646199ea320 LOG   GST_POLL gstpoll.c:994:gst_poll_fd_ctl_write: 0x564619a0ecf0: pfd->events now 60 (POLLOUT:4)
0:00:00.019813961  2726 0x5646199ea320 DEBUG   GST_POLL gstpoll.c:980:gst_poll_fd_ctl_write: 0x564619a0ecf0: fd (fd:0, idx:1), active : 1
0:00:00.024781945  2725 0x556530a3b320 DEBUG   GST_REGISTRY gstregistrychunks.c:627:gst_registry_chunks_load_feature: Element factory : npadtemplates=1
0:00:00.019820413  2726 0x5646199ea320 LOG   GST_POLL gstpoll.c:994:gst_poll_fd_ctl_write: 0x564619a0ecf0: pfd->events now 60 (POLLOUT:4)
0:00:00.024789561  2725 0x556530a3b320 DEBUG   GST_REGISTRY gstregistrychunks.c:527:gst_registry_chunks_load_pad_template: Reading/casting for GstRegistryChunkPadTemplate at address 0x556530a62ef0
0:00:00.019827961  2726 0x5646199ea320 DEBUG   GST_POLL gstpoll.c:980:gst_poll_fd_ctl_write: 0x564619a0ecf0: fd (fd:0, idx:1), active : 1
0:00:00.024796819  2725 0x556530a3b320 DEBUG   GST_REGISTRY gstregistrychunks.c:540:gst_registry_chunks_load_pad_template: Added pad_template sink
0:00:00.019837998  2726 0x5646199ea320 LOG   GST_POLL gstpoll.c:994:gst_poll_fd_ctl_write: 0x564619a0ecf0: pfd->events now 60 (POLLOUT:4)
0:00:00.024808910  2725 0x556530a3b320 DEBUG   GST_REGISTRY gstregistry.c:590:gst_registry_add_feature: adding feature 0x556530a6cfa0 (fakesink)
0:00:00.019845615  2726 0x5646199ea320 DEBUG   GST_POLL gstpoll.c:980:gst_poll_fd_ctl_write: 0x564619a0ecf0: fd (fd:0, idx:1), active : 1
0:00:00.024818589  2725 0x556530a3b320 DEBUG   GST_REFCOUNTING gstobject.c:709:gst_object_set_parent: set parent (ref and sink)
0:00:00.019853242  2726 0x5646199ea320 LOG   GST_POLL gstpoll.c:994:gst_poll_fd_ctl_write: 0x564619a0ecf0: pfd->events now 60 (POLLOUT:4)
0:00:00.024828411  2725 0x556530a3b320 TRACE   GST_REFCOUNTING gstobject.c:294:gst_object_ref_sink: 0x556530a6cfa0 ref_sink 1->2
0:00:00.019863085  2726 0x5646199ea320 DEBUG   GST_POLL gstpoll.c:980:gst_poll_fd_ctl_write: 0x564619a0ecf0: fd (fd:0, idx:1), active : 1
0:00:00.024836724  2725 0x556530a3b320 LOG   GST_REGISTRY gstregistry.c:608:gst_registry_add_feature: emitting feature-added for fakesink
0:00:00.019873347  2726 0x5646199ea320 LOG   GST_POLL gstpoll.c:994:gst_poll_fd_ctl_write: 0x564619a0ecf0: pfd->events now 60 (POLLOUT:4)
0:00:00.024844902  2725 0x556530a3b320 DEBUG   GST_REGISTRY gstregistrychunks.c:742:gst_registry_chunks_load_feature: Added feature fakesink, plugin 0x556530a60cc0 coreelements
0:00:00.019881450  2726 0x5646199ea320 DEBUG   GST_POLL gstpoll.c:980:gst_poll_fd_ctl_write: 0x564619a0ecf0: fd (fd:0, idx:1), active : 1
0:00:00.024855419  2725 0x556530a3b320 DEBUG   GST_REGISTRY gstregistrychunks.c:584:gst_registry_chunks_load_feature: Plugin 'coreelements' feature 'fakesrc' typename : 'GstElementFactory'
0:00:00.019889623  2726 0x5646199ea320 LOG   GST_POLL gstpoll.c:994:gst_poll_fd_ctl_write: 0x564619a0ecf0: pfd->events now 60 (POLLOUT:4)
0:00:00.019906573  2726 0x5646199ea320 DEBUG   GST_POLL gstpoll.c:980:gst_poll_fd_ctl_write: 0x564619a0ecf0: fd (fd:0, idx:1), active : 1
0:00:00.024873696  2725 0x556530a3b320 TRACE   GST_REFCOUNTING gstobject.c:208:gst_object_init: 0x556530a6d530 new
0:00:00.019917123  2726 0x5646199ea320 LOG   GST_POLL gstpoll.c:994:gst_poll_fd_ctl_write: 0x564619a0ecf0: pfd->events now 60 (POLLOUT:4)
0:00:00.024887442  2725 0x556530a3b320 LOG   GST_REGISTRY gstregistrychunks.c:611:gst_registry_chunks_load_feature: Reading/casting for GstRegistryChunkElementFactory at address 0x556530a62f20
0:00:00.019924953  2726 0x5646199ea320 DEBUG   GST_POLL gstpoll.c:980:gst_poll_fd_ctl_write: 0x564619a0ecf0: fd (fd:0, idx:1), active : 1
0:00:00.024895126  2725 0x556530a3b320 TRACE   structure gststructure.c:292:gst_structure_new_id_empty_with_size: created structure 0x556530a6d620
0:00:00.019932758  2726 0x5646199ea320 LOG   GST_POLL gstpoll.c:994:gst_poll_fd_ctl_write: 0x564619a0ecf0: pfd->events now 60 (POLLOUT:4)
0:00:00.024906180  2725 0x556530a3b320 DEBUG   structure gststructure.c:2258:gst_structure_parse_field: trying field name 'long-name'
0:00:00.019941223  2726 0x5646199ea320 DEBUG   GST_POLL gstpoll.c:980:gst_poll_fd_ctl_write: 0x564619a0ecf0: fd (fd:0, idx:1), active : 1
0:00:00.024914031  2725 0x556530a3b320 DEBUG   default gstvalue.c:2776:_priv_gst_value_parse_value: trying type name 'string'
0:00:00.019951226  2726 0x5646199ea320 LOG   GST_POLL gstpoll.c:994:gst_poll_fd_ctl_write: 0x564619a0ecf0: pfd->events now 60 (POLLOUT:4)
0:00:00.024922990  2725 0x556530a3b320 DEBUG   structure gststructure.c:2258:gst_structure_parse_field: trying field name 'klass'
0:00:00.019960461  2726 0x5646199ea320 DEBUG   GST_POLL gstpoll.c:980:gst_poll_fd_ctl_write: 0x564619a0ecf0: fd (fd:0, idx:1), active : 1
0:00:00.024930218  2725 0x556530a3b320 DEBUG   default gstvalue.c:2776:_priv_gst_value_parse_value: trying type name 'string'
0:00:00.019967616  2726 0x5646199ea320 LOG   GST_POLL gstpoll.c:994:gst_poll_fd_ctl_write: 0x564619a0ecf0: pfd->events now 60 (POLLOUT:4)
0:00:00.024941500  2725 0x556530a3b320 DEBUG   structure gststructure.c:2258:gst_structure_parse_field: trying field name 'description'
0:00:00.019975558  2726 0x5646199ea320 DEBUG   GST_POLL gstpoll.c:980:gst_poll_fd_ctl_write: 0x564619a0ecf0: fd (fd:0, idx:1), active : 1
0:00:00.024949071  2725 0x556530a3b320 DEBUG   default gstvalue.c:2776:_priv_gst_value_parse_value: trying type name 'string'
0:00:00.019986229  2726 0x5646199ea320 LOG   GST_POLL gstpoll.c:994:gst_poll_fd_ctl_write: 0x564619a0ecf0: pfd->events now 60 (POLLOUT:4)
0:00:00.024958118  2725 0x556530a3b320 DEBUG   structure gststructure.c:2258:gst_structure_parse_field: trying field name 'author'
0:00:00.019994817  2726 0x5646199ea320 DEBUG   GST_POLL gstpoll.c:980:gst_poll_fd_ctl_write: 0x564619a0ecf0: fd (fd:0, idx:1), active : 1
0:00:00.024964790  2725 0x556530a3b320 DEBUG   default gstvalue.c:2776:_priv_gst_value_parse_value: trying type name 'string'
0:00:00.020001792  2726 0x5646199ea320 LOG   GST_POLL gstpoll.c:994:gst_poll_fd_ctl_write: 0x564619a0ecf0: pfd->events now 60 (POLLOUT:4)
0:00:00.024984581  2725 0x556530a3b320 DEBUG   GST_REGISTRY gstregistrychunks.c:627:gst_registry_chunks_load_feature: Element factory : npadtemplates=1
0:00:00.020017838  2726 0x5646199ea320 DEBUG   GST_POLL gstpoll.c:980:gst_poll_fd_ctl_write: 0x564619a0ecf0: fd (fd:0, idx:1), active : 1
0:00:00.024991870  2725 0x556530a3b320 DEBUG   GST_REGISTRY gstregistrychunks.c:527:gst_registry_chunks_load_pad_template: Reading/casting for GstRegistryChunkPadTemplate at address 0x556530a63020
0:00:00.020029271  2726 0x5646199ea320 LOG   GST_POLL gstpoll.c:994:gst_poll_fd_ctl_write: 0x564619a0ecf0: pfd->events now 60 (POLLOUT:4)
0:00:00.024998822  2725 0x556530a3b320 DEBUG   GST_REGISTRY gstregistrychunks.c:540:gst_registry_chunks_load_pad_template: Added pad_template src
0:00:00.020036996  2726 0x5646199ea320 DEBUG   GST_POLL gstpoll.c:980:gst_poll_fd_ctl_write: 0x564619a0ecf0: fd (fd:0, idx:1), active : 1
0:00:00.025008417  2725 0x556530a3b320 DEBUG   GST_REGISTRY gstregistry.c:590:gst_registry_add_feature: adding feature 0x556530a6d530 (fakesrc)
0:00:00.020043858  2726 0x5646199ea320 LOG   GST_POLL gstpoll.c:994:gst_poll_fd_ctl_write: 0x564619a0ecf0: pfd->events now 60 (POLLOUT:4)
0:00:00.025019170  2725 0x556530a3b320 DEBUG   GST_REFCOUNTING gstobject.c:709:gst_object_set_parent: set parent (ref and sink)
0:00:00.020054657  2726 0x5646199ea320 LOG   GST_PLUGIN_LOADING gstpluginloader.c:645:put_chunk: Expanding tx buf from 13209 to 17023 for chunk of size 229
0:00:00.025029291  2725 0x556530a3b320 TRACE   GST_REFCOUNTING gstobject.c:294:gst_object_ref_sink: 0x556530a6d530 ref_sink 1->2
0:00:00.025037549  2725 0x556530a3b320 LOG   GST_REGISTRY gstregistry.c:608:gst_registry_add_feature: emitting feature-added for fakesrc
0:00:00.020072572  2726 0x5646199ea320 DEBUG   GST_POLL gstpoll.c:980:gst_poll_fd_ctl_write: 0x564619a0ecf0: fd (fd:0, idx:1), active : 1
0:00:00.025045190  2725 0x556530a3b320 DEBUG   GST_REGISTRY gstregistrychunks.c:742:gst_registry_chunks_load_feature: Added feature fakesrc, plugin 0x556530a60cc0 coreelements
0:00:00.020080240  2726 0x5646199ea320 LOG   GST_POLL gstpoll.c:994:gst_poll_fd_ctl_write: 0x564619a0ecf0: pfd->events now 60 (POLLOUT:4)
0:00:00.025056391  2725 0x556530a3b320 DEBUG   GST_REGISTRY gstregistrychunks.c:584:gst_registry_chunks_load_feature: Plugin 'coreelements' feature 'downloadbuffer' typename : 'GstElementFactory'
0:00:00.020091079  2726 0x5646199ea320 DEBUG   GST_POLL gstpoll.c:980:gst_poll_fd_ctl_write: 0x564619a0ecf0: fd (fd:0, idx:1), active : 1
0:00:00.025067146  2725 0x556530a3b320 TRACE   GST_REFCOUNTING gstobject.c:208:gst_object_init: 0x556530a6da70 new
0:00:00.020101103  2726 0x5646199ea320 LOG   GST_POLL gstpoll.c:994:gst_poll_fd_ctl_write: 0x564619a0ecf0: pfd->events now 60 (POLLOUT:4)
0:00:00.025077326  2725 0x556530a3b320 LOG   GST_REGISTRY gstregistrychunks.c:611:gst_registry_chunks_load_feature: Reading/casting for GstRegistryChunkElementFactory at address 0x556530a63058
0:00:00.020111436  2726 0x5646199ea320 DEBUG   GST_POLL gstpoll.c:980:gst_poll_fd_ctl_write: 0x564619a0ecf0: fd (fd:0, idx:1), active : 1
0:00:00.025090287  2725 0x556530a3b320 TRACE   structure gststructure.c:292:gst_structure_new_id_empty_with_size: created structure 0x556530a6dd70
0:00:00.020125242  2726 0x5646199ea320 LOG   GST_POLL gstpoll.c:994:gst_poll_fd_ctl_write: 0x564619a0ecf0: pfd->events now 60 (POLLOUT:4)
0:00:00.025100014  2725 0x556530a3b320 DEBUG   structure gststructure.c:2258:gst_structure_parse_field: trying field name 'long-name'
0:00:00.020134976  2726 0x5646199ea320 DEBUG   GST_POLL gstpoll.c:980:gst_poll_fd_ctl_write: 0x564619a0ecf0: fd (fd:0, idx:1), active : 1
0:00:00.025107614  2725 0x556530a3b320 DEBUG   default gstvalue.c:2776:_priv_gst_value_parse_value: trying type name 'string'
0:00:00.020144648  2726 0x5646199ea320 LOG   GST_POLL gstpoll.c:994:gst_poll_fd_ctl_write: 0x564619a0ecf0: pfd->events now 60 (POLLOUT:4)
0:00:00.025115568  2725 0x556530a3b320 DEBUG   structure gststructure.c:2258:gst_structure_parse_field: trying field name 'klass'
0:00:00.020153136  2726 0x5646199ea320 DEBUG   GST_POLL gstpoll.c:980:gst_poll_fd_ctl_write: 0x564619a0ecf0: fd (fd:0, idx:1), active : 1
0:00:00.025122236  2725 0x556530a3b320 DEBUG   default gstvalue.c:2776:_priv_gst_value_parse_value: trying type name 'string'
0:00:00.020160035  2726 0x5646199ea320 LOG   GST_POLL gstpoll.c:994:gst_poll_fd_ctl_write: 0x564619a0ecf0: pfd->events now 60 (POLLOUT:4)
0:00:00.025132827  2725 0x556530a3b320 DEBUG   structure gststructure.c:2258:gst_structure_parse_field: trying field name 'description'
0:00:00.020167585  2726 0x5646199ea320 DEBUG   GST_POLL gstpoll.c:980:gst_poll_fd_ctl_write: 0x564619a0ecf0: fd (fd:0, idx:1), active : 1
0:00:00.025140709  2725 0x556530a3b320 DEBUG   default gstvalue.c:2776:_priv_gst_value_parse_value: trying type name 'string'
0:00:00.020178206  2726 0x5646199ea320 LOG   GST_POLL gstpoll.c:994:gst_poll_fd_ctl_write: 0x564619a0ecf0: pfd->events now 60 (POLLOUT:4)
0:00:00.025148651  2725 0x556530a3b320 DEBUG   structure gststructure.c:2258:gst_structure_parse_field: trying field name 'author'
0:00:00.020187370  2726 0x5646199ea320 DEBUG   GST_POLL gstpoll.c:980:gst_poll_fd_ctl_write: 0x564619a0ecf0: fd (fd:0, idx:1), active : 1
0:00:00.020194118  2726 0x5646199ea320 LOG   GST_POLL gstpoll.c:994:gst_poll_fd_ctl_write: 0x564619a0ecf0: pfd->events now 60 (POLLOUT:4)
0:00:00.025160544  2725 0x556530a3b320 DEBUG   default gstvalue.c:2776:_priv_gst_value_parse_value: trying type name 'string'
0:00:00.020200609  2726 0x5646199ea320 DEBUG   GST_POLL gstpoll.c:980:gst_poll_fd_ctl_write: 0x564619a0ecf0: fd (fd:0, idx:1), active : 1
0:00:00.025172351  2725 0x556530a3b320 DEBUG   GST_REGISTRY gstregistrychunks.c:627:gst_registry_chunks_load_feature: Element factory : npadtemplates=2
0:00:00.020209449  2726 0x5646199ea320 LOG   GST_POLL gstpoll.c:994:gst_poll_fd_ctl_write: 0x564619a0ecf0: pfd->events now 60 (POLLOUT:4)
0:00:00.025179832  2725 0x556530a3b320 DEBUG   GST_REGISTRY gstregistrychunks.c:527:gst_registry_chunks_load_pad_template: Reading/casting for GstRegistryChunkPadTemplate at address 0x556530a63120
0:00:00.020218296  2726 0x5646199ea320 DEBUG   GST_POLL gstpoll.c:980:gst_poll_fd_ctl_write: 0x564619a0ecf0: fd (fd:0, idx:1), active : 1
0:00:00.025194119  2725 0x556530a3b320 DEBUG   GST_REGISTRY gstregistrychunks.c:540:gst_registry_chunks_load_pad_template: Added pad_template sink
0:00:00.020229366  2726 0x5646199ea320 LOG   GST_POLL gstpoll.c:994:gst_poll_fd_ctl_write: 0x564619a0ecf0: pfd->events now 60 (POLLOUT:4)
0:00:00.025202964  2725 0x556530a3b320 DEBUG   GST_REGISTRY gstregistrychunks.c:527:gst_registry_chunks_load_pad_template: Reading/casting for GstRegistryChunkPadTemplate at address 0x556530a63138
0:00:00.020238123  2726 0x5646199ea320 DEBUG   GST_POLL gstpoll.c:980:gst_poll_fd_ctl_write: 0x564619a0ecf0: fd (fd:0, idx:1), active : 1
0:00:00.025210396  2725 0x556530a3b320 DEBUG   GST_REGISTRY gstregistrychunks.c:540:gst_registry_chunks_load_pad_template: Added pad_template src
0:00:00.020247971  2726 0x5646199ea320 LOG   GST_POLL gstpoll.c:994:gst_poll_fd_ctl_write: 0x564619a0ecf0: pfd->events now 60 (POLLOUT:4)
0:00:00.025219460  2725 0x556530a3b320 DEBUG   GST_REGISTRY gstregistry.c:590:gst_registry_add_feature: adding feature 0x556530a6da70 (downloadbuffer)
0:00:00.020256424  2726 0x5646199ea320 DEBUG   GST_POLL gstpoll.c:980:gst_poll_fd_ctl_write: 0x564619a0ecf0: fd (fd:0, idx:1), active : 1
0:00:00.025226764  2725 0x556530a3b320 DEBUG   GST_REFCOUNTING gstobject.c:709:gst_object_set_parent: set parent (ref and sink)
0:00:00.020263679  2726 0x5646199ea320 LOG   GST_POLL gstpoll.c:994:gst_poll_fd_ctl_write: 0x564619a0ecf0: pfd->events now 60 (POLLOUT:4)
0:00:00.020272209  2726 0x5646199ea320 DEBUG   GST_POLL gstpoll.c:980:gst_poll_fd_ctl_write: 0x564619a0ecf0: fd (fd:0, idx:1), active : 1
0:00:00.025238267  2725 0x556530a3b320 TRACE   GST_REFCOUNTING gstobject.c:294:gst_object_ref_sink: 0x556530a6da70 ref_sink 1->2
0:00:00.020282235  2726 0x5646199ea320 LOG   GST_POLL gstpoll.c:994:gst_poll_fd_ctl_write: 0x564619a0ecf0: pfd->events now 60 (POLLOUT:4)
0:00:00.025250745  2725 0x556530a3b320 LOG   GST_REGISTRY gstregistry.c:608:gst_registry_add_feature: emitting feature-added for downloadbuffer
0:00:00.020290808  2726 0x5646199ea320 DEBUG   GST_POLL gstpoll.c:980:gst_poll_fd_ctl_write: 0x564619a0ecf0: fd (fd:0, idx:1), active : 1
0:00:00.025259331  2725 0x556530a3b320 DEBUG   GST_REGISTRY gstregistrychunks.c:742:gst_registry_chunks_load_feature: Added feature downloadbuffer, plugin 0x556530a60cc0 coreelements
0:00:00.020298263  2726 0x5646199ea320 LOG   GST_POLL gstpoll.c:994:gst_poll_fd_ctl_write: 0x564619a0ecf0: pfd->events now 60 (POLLOUT:4)
0:00:00.025267089  2725 0x556530a3b320 DEBUG   GST_REGISTRY gstregistrychunks.c:584:gst_registry_chunks_load_feature: Plugin 'coreelements' feature 'dataurisrc' typename : 'GstElementFactory'
0:00:00.020305230  2726 0x5646199ea320 DEBUG   GST_POLL gstpoll.c:980:gst_poll_fd_ctl_write: 0x564619a0ecf0: fd (fd:0, idx:1), active : 1
0:00:00.025278823  2725 0x556530a3b320 TRACE   GST_REFCOUNTING gstobject.c:208:gst_object_init: 0x556530a6e250 new
0:00:00.020314587  2726 0x5646199ea320 LOG   GST_POLL gstpoll.c:994:gst_poll_fd_ctl_write: 0x564619a0ecf0: pfd->events now 60 (POLLOUT:4)
0:00:00.025296207  2725 0x556530a3b320 LOG   GST_REGISTRY gstregistrychunks.c:611:gst_registry_chunks_load_feature: Reading/casting for GstRegistryChunkElementFactory at address 0x556530a63168
0:00:00.020330529  2726 0x5646199ea320 DEBUG   GST_POLL gstpoll.c:980:gst_poll_fd_ctl_write: 0x564619a0ecf0: fd (fd:0, idx:1), active : 1
0:00:00.025304229  2725 0x556530a3b320 TRACE   structure gststructure.c:292:gst_structure_new_id_empty_with_size: created structure 0x556530a6e560
0:00:00.020338971  2726 0x5646199ea320 LOG   GST_POLL gstpoll.c:994:gst_poll_fd_ctl_write: 0x564619a0ecf0: pfd->events now 60 (POLLOUT:4)
0:00:00.025311473  2725 0x556530a3b320 DEBUG   structure gststructure.c:2258:gst_structure_parse_field: trying field name 'long-name'
0:00:00.020347747  2726 0x5646199ea320 DEBUG   GST_POLL gstpoll.c:980:gst_poll_fd_ctl_write: 0x564619a0ecf0: fd (fd:0, idx:1), active : 1
0:00:00.020357567  2726 0x5646199ea320 LOG   GST_POLL gstpoll.c:994:gst_poll_fd_ctl_write: 0x564619a0ecf0: pfd->events now 60 (POLLOUT:4)
0:00:00.025327009  2725 0x556530a3b320 DEBUG   default gstvalue.c:2776:_priv_gst_value_parse_value: trying type name 'string'
0:00:00.020365470  2726 0x5646199ea320 DEBUG   GST_POLL gstpoll.c:980:gst_poll_fd_ctl_write: 0x564619a0ecf0: fd (fd:0, idx:1), active : 1
0:00:00.025336987  2725 0x556530a3b320 DEBUG   structure gststructure.c:2258:gst_structure_parse_field: trying field name 'klass'
0:00:00.020372453  2726 0x5646199ea320 LOG   GST_POLL gstpoll.c:994:gst_poll_fd_ctl_write: 0x564619a0ecf0: pfd->events now 60 (POLLOUT:4)
0:00:00.025344169  2725 0x556530a3b320 DEBUG   default gstvalue.c:2776:_priv_gst_value_parse_value: trying type name 'string'
0:00:00.020380964  2726 0x5646199ea320 DEBUG   GST_POLL gstpoll.c:980:gst_poll_fd_ctl_write: 0x564619a0ecf0: fd (fd:0, idx:1), active : 1
0:00:00.025351975  2725 0x556530a3b320 DEBUG   structure gststructure.c:2258:gst_structure_parse_field: trying field name 'description'
0:00:00.020390028  2726 0x5646199ea320 LOG   GST_POLL gstpoll.c:994:gst_poll_fd_ctl_write: 0x564619a0ecf0: pfd->events now 60 (POLLOUT:4)
0:00:00.025362182  2725 0x556530a3b320 DEBUG   default gstvalue.c:2776:_priv_gst_value_parse_value: trying type name 'string'
0:00:00.020400170  2726 0x5646199ea320 DEBUG   GST_POLL gstpoll.c:980:gst_poll_fd_ctl_write: 0x564619a0ecf0: fd (fd:0, idx:1), active : 1
0:00:00.025372166  2725 0x556530a3b320 DEBUG   structure gststructure.c:2258:gst_structure_parse_field: trying field name 'author'
0:00:00.020407283  2726 0x5646199ea320 LOG   GST_POLL gstpoll.c:994:gst_poll_fd_ctl_write: 0x564619a0ecf0: pfd->events now 60 (POLLOUT:4)
0:00:00.025379049  2725 0x556530a3b320 DEBUG   default gstvalue.c:2776:_priv_gst_value_parse_value: trying type name 'string'
0:00:00.020415111  2726 0x5646199ea320 DEBUG   GST_POLL gstpoll.c:980:gst_poll_fd_ctl_write: 0x564619a0ecf0: fd (fd:0, idx:1), active : 1
0:00:00.025388758  2725 0x556530a3b320 DEBUG   GST_REGISTRY gstregistrychunks.c:627:gst_registry_chunks_load_feature: Element factory : npadtemplates=1
0:00:00.025403890  2725 0x556530a3b320 DEBUG   GST_REGISTRY gstregistrychunks.c:527:gst_registry_chunks_load_pad_template: Reading/casting for GstRegistryChunkPadTemplate at address 0x556530a63280
0:00:00.020440117  2726 0x5646199ea320 LOG   GST_POLL gstpoll.c:994:gst_poll_fd_ctl_write: 0x564619a0ecf0: pfd->events now 60 (POLLOUT:4)
0:00:00.025410590  2725 0x556530a3b320 DEBUG   GST_REGISTRY gstregistrychunks.c:540:gst_registry_chunks_load_pad_template: Added pad_template src
0:00:00.020449078  2726 0x5646199ea320 DEBUG   GST_POLL gstpoll.c:980:gst_poll_fd_ctl_write: 0x564619a0ecf0: fd (fd:0, idx:1), active : 1
0:00:00.025418191  2725 0x556530a3b320 DEBUG   GST_REGISTRY gstregistrychunks.c:640:gst_registry_chunks_load_feature: Reading 1 UriTypes at address 0x556530a63290
0:00:00.020456694  2726 0x5646199ea320 LOG   GST_POLL gstpoll.c:994:gst_poll_fd_ctl_write: 0x564619a0ecf0: pfd->events now 60 (POLLOUT:4)
0:00:00.025426231  2725 0x556530a3b320 DEBUG   GST_REGISTRY gstregistrychunks.c:655:gst_registry_chunks_load_feature: Reading 1 Interfaces at address 0x556530a63299
0:00:00.020464458  2726 0x5646199ea320 DEBUG   GST_POLL gstpoll.c:980:gst_poll_fd_ctl_write: 0x564619a0ecf0: fd (fd:0, idx:1), active : 1
0:00:00.025439248  2725 0x556530a3b320 DEBUG   GST_REGISTRY gstregistry.c:590:gst_registry_add_feature: adding feature 0x556530a6e250 (dataurisrc)
0:00:00.020473867  2726 0x5646199ea320 LOG   GST_POLL gstpoll.c:994:gst_poll_fd_ctl_write: 0x564619a0ecf0: pfd->events now 60 (POLLOUT:4)
0:00:00.025446729  2725 0x556530a3b320 DEBUG   GST_REFCOUNTING gstobject.c:709:gst_object_set_parent: set parent (ref and sink)
0:00:00.020482946  2726 0x5646199ea320 DEBUG   GST_POLL gstpoll.c:980:gst_poll_fd_ctl_write: 0x564619a0ecf0: fd (fd:0, idx:1), active : 1
0:00:00.025455037  2725 0x556530a3b320 TRACE   GST_REFCOUNTING gstobject.c:294:gst_object_ref_sink: 0x556530a6e250 ref_sink 1->2
0:00:00.020489811  2726 0x5646199ea320 LOG   GST_POLL gstpoll.c:994:gst_poll_fd_ctl_write: 0x564619a0ecf0: pfd->events now 60 (POLLOUT:4)
0:00:00.025462719  2725 0x556530a3b320 LOG   GST_REGISTRY gstregistry.c:608:gst_registry_add_feature: emitting feature-added for dataurisrc
0:00:00.020498303  2726 0x5646199ea320 DEBUG   GST_POLL gstpoll.c:980:gst_poll_fd_ctl_write: 0x564619a0ecf0: fd (fd:0, idx:1), active : 1
0:00:00.025473488  2725 0x556530a3b320 DEBUG   GST_REGISTRY gstregistrychunks.c:742:gst_registry_chunks_load_feature: Added feature dataurisrc, plugin 0x556530a60cc0 coreelements
0:00:00.020509119  2726 0x5646199ea320 LOG   GST_POLL gstpoll.c:994:gst_poll_fd_ctl_write: 0x564619a0ecf0: pfd->events now 60 (POLLOUT:4)
0:00:00.025508116  2725 0x556530a3b320 DEBUG   GST_REGISTRY gstregistrychunks.c:584:gst_registry_chunks_load_feature: Plugin 'coreelements' feature 'concat' typename : 'GstElementFactory'
0:00:00.020546760  2726 0x5646199ea320 DEBUG   GST_POLL gstpoll.c:980:gst_poll_fd_ctl_write: 0x564619a0ecf0: fd (fd:0, idx:1), active : 1
0:00:00.025521129  2725 0x556530a3b320 TRACE   GST_REFCOUNTING gstobject.c:208:gst_object_init: 0x556530a6eca0 new
0:00:00.020557073  2726 0x5646199ea320 LOG   GST_POLL gstpoll.c:994:gst_poll_fd_ctl_write: 0x564619a0ecf0: pfd->events now 60 (POLLOUT:4)
0:00:00.020580726  2726 0x5646199ea320 DEBUG   GST_POLL gstpoll.c:980:gst_poll_fd_ctl_write: 0x564619a0ecf0: fd (fd:0, idx:1), active : 1
0:00:00.025547288  2725 0x556530a3b320 LOG   GST_REGISTRY gstregistrychunks.c:611:gst_registry_chunks_load_feature: Reading/casting for GstRegistryChunkElementFactory at address 0x556530a632c0
0:00:00.020587637  2726 0x5646199ea320 LOG   GST_POLL gstpoll.c:994:gst_poll_fd_ctl_write: 0x564619a0ecf0: pfd->events now 60 (POLLOUT:4)
0:00:00.020595090  2726 0x5646199ea320 DEBUG   GST_POLL gstpoll.c:980:gst_poll_fd_ctl_write: 0x564619a0ecf0: fd (fd:0, idx:1), active : 1
0:00:00.025560699  2725 0x556530a3b320 TRACE   structure gststructure.c:292:gst_structure_new_id_empty_with_size: created structure 0x556530a6eed0
0:00:00.020601271  2726 0x5646199ea320 LOG   GST_POLL gstpoll.c:994:gst_poll_fd_ctl_write: 0x564619a0ecf0: pfd->events now 60 (POLLOUT:4)
0:00:00.025571466  2725 0x556530a3b320 DEBUG   structure gststructure.c:2258:gst_structure_parse_field: trying field name 'long-name'
0:00:00.025577913  2725 0x556530a3b320 DEBUG   default gstvalue.c:2776:_priv_gst_value_parse_value: trying type name 'string'
0:00:00.020611551  2726 0x5646199ea320 DEBUG   GST_POLL gstpoll.c:980:gst_poll_fd_ctl_write: 0x564619a0ecf0: fd (fd:0, idx:1), active : 1
0:00:00.020621230  2726 0x5646199ea320 LOG   GST_POLL gstpoll.c:994:gst_poll_fd_ctl_write: 0x564619a0ecf0: pfd->events now 60 (POLLOUT:4)
0:00:00.025587893  2725 0x556530a3b320 DEBUG   structure gststructure.c:2258:gst_structure_parse_field: trying field name 'klass'
0:00:00.020628610  2726 0x5646199ea320 DEBUG   GST_POLL gstpoll.c:980:gst_poll_fd_ctl_write: 0x564619a0ecf0: fd (fd:0, idx:1), active : 1
0:00:00.025596413  2725 0x556530a3b320 DEBUG   default gstvalue.c:2776:_priv_gst_value_parse_value: trying type name 'string'
0:00:00.020635743  2726 0x5646199ea320 LOG   GST_POLL gstpoll.c:994:gst_poll_fd_ctl_write: 0x564619a0ecf0: pfd->events now 60 (POLLOUT:4)
0:00:00.025604787  2725 0x556530a3b320 DEBUG   structure gststructure.c:2258:gst_structure_parse_field: trying field name 'description'
0:00:00.020645933  2726 0x5646199ea320 DEBUG   GST_POLL gstpoll.c:980:gst_poll_fd_ctl_write: 0x564619a0ecf0: fd (fd:0, idx:1), active : 1
0:00:00.025618239  2725 0x556530a3b320 DEBUG   default gstvalue.c:2776:_priv_gst_value_parse_value: trying type name 'string'
0:00:00.020653033  2726 0x5646199ea320 LOG   GST_POLL gstpoll.c:994:gst_poll_fd_ctl_write: 0x564619a0ecf0: pfd->events now 60 (POLLOUT:4)
0:00:00.020663702  2726 0x5646199ea320 DEBUG   GST_POLL gstpoll.c:980:gst_poll_fd_ctl_write: 0x564619a0ecf0: fd (fd:0, idx:1), active : 1
0:00:00.025630154  2725 0x556530a3b320 DEBUG   structure gststructure.c:2258:gst_structure_parse_field: trying field name 'author'
0:00:00.020670235  2726 0x5646199ea320 LOG   GST_POLL gstpoll.c:994:gst_poll_fd_ctl_write: 0x564619a0ecf0: pfd->events now 60 (POLLOUT:4)
0:00:00.025639436  2725 0x556530a3b320 DEBUG   default gstvalue.c:2776:_priv_gst_value_parse_value: trying type name 'string'
0:00:00.020695170  2726 0x5646199ea320 DEBUG   GST_POLL gstpoll.c:980:gst_poll_fd_ctl_write: 0x564619a0ecf0: fd (fd:0, idx:1), active : 1
0:00:00.025663913  2725 0x556530a3b320 DEBUG   GST_REGISTRY gstregistrychunks.c:627:gst_registry_chunks_load_feature: Element factory : npadtemplates=2
0:00:00.020702899  2726 0x5646199ea320 LOG   GST_POLL gstpoll.c:994:gst_poll_fd_ctl_write: 0x564619a0ecf0: pfd->events now 60 (POLLOUT:4)
0:00:00.025671251  2725 0x556530a3b320 DEBUG   GST_REGISTRY gstregistrychunks.c:527:gst_registry_chunks_load_pad_template: Reading/casting for GstRegistryChunkPadTemplate at address 0x556530a63398
0:00:00.020710911  2726 0x5646199ea320 DEBUG   GST_POLL gstpoll.c:980:gst_poll_fd_ctl_write: 0x564619a0ecf0: fd (fd:0, idx:1), active : 1
0:00:00.025681040  2725 0x556530a3b320 DEBUG   GST_REGISTRY gstregistrychunks.c:540:gst_registry_chunks_load_pad_template: Added pad_template src
0:00:00.020717554  2726 0x5646199ea320 LOG   GST_POLL gstpoll.c:994:gst_poll_fd_ctl_write: 0x564619a0ecf0: pfd->events now 60 (POLLOUT:4)
0:00:00.025687730  2725 0x556530a3b320 DEBUG   GST_REGISTRY gstregistrychunks.c:527:gst_registry_chunks_load_pad_template: Reading/casting for GstRegistryChunkPadTemplate at address 0x556530a633a8
0:00:00.020727018  2726 0x5646199ea320 DEBUG   GST_POLL gstpoll.c:980:gst_poll_fd_ctl_write: 0x564619a0ecf0: fd (fd:0, idx:1), active : 1
0:00:00.025694393  2725 0x556530a3b320 DEBUG   GST_REGISTRY gstregistrychunks.c:540:gst_registry_chunks_load_pad_template: Added pad_template sink_%u
0:00:00.020734292  2726 0x5646199ea320 LOG   GST_POLL gstpoll.c:994:gst_poll_fd_ctl_write: 0x564619a0ecf0: pfd->events now 60 (POLLOUT:4)
0:00:00.025705357  2725 0x556530a3b320 DEBUG   GST_REGISTRY gstregistry.c:590:gst_registry_add_feature: adding feature 0x556530a6eca0 (concat)
0:00:00.020741498  2726 0x5646199ea320 DEBUG   GST_POLL gstpoll.c:980:gst_poll_fd_ctl_write: 0x564619a0ecf0: fd (fd:0, idx:1), active : 1
0:00:00.025714891  2725 0x556530a3b320 DEBUG   GST_REFCOUNTING gstobject.c:709:gst_object_set_parent: set parent (ref and sink)
0:00:00.020749418  2726 0x5646199ea320 LOG   GST_POLL gstpoll.c:994:gst_poll_fd_ctl_write: 0x564619a0ecf0: pfd->events now 60 (POLLOUT:4)
0:00:00.025723822  2725 0x556530a3b320 TRACE   GST_REFCOUNTING gstobject.c:294:gst_object_ref_sink: 0x556530a6eca0 ref_sink 1->2
0:00:00.020760374  2726 0x5646199ea320 DEBUG   GST_POLL gstpoll.c:980:gst_poll_fd_ctl_write: 0x564619a0ecf0: fd (fd:0, idx:1), active : 1
0:00:00.025731456  2725 0x556530a3b320 LOG   GST_REGISTRY gstregistry.c:608:gst_registry_add_feature: emitting feature-added for concat
0:00:00.020767671  2726 0x5646199ea320 LOG   GST_POLL gstpoll.c:994:gst_poll_fd_ctl_write: 0x564619a0ecf0: pfd->events now 60 (POLLOUT:4)
0:00:00.025739264  2725 0x556530a3b320 DEBUG   GST_REGISTRY gstregistrychunks.c:742:gst_registry_chunks_load_feature: Added feature concat, plugin 0x556530a60cc0 coreelements
0:00:00.020775133  2726 0x5646199ea320 DEBUG   GST_POLL gstpoll.c:980:gst_poll_fd_ctl_write: 0x564619a0ecf0: fd (fd:0, idx:1), active : 1
0:00:00.025749065  2725 0x556530a3b320 DEBUG   GST_REGISTRY gstregistrychunks.c:584:gst_registry_chunks_load_feature: Plugin 'coreelements' feature 'clocksync' typename : 'GstElementFactory'
0:00:00.020789676  2726 0x5646199ea320 LOG   GST_POLL gstpoll.c:994:gst_poll_fd_ctl_write: 0x564619a0ecf0: pfd->events now 60 (POLLOUT:4)
0:00:00.025761320  2725 0x556530a3b320 TRACE   GST_REFCOUNTING gstobject.c:208:gst_object_init: 0x556530a6eb50 new
0:00:00.020800130  2726 0x5646199ea320 DEBUG   GST_POLL gstpoll.c:980:gst_poll_fd_ctl_write: 0x564619a0ecf0: fd (fd:0, idx:1), active : 1
0:00:00.025770733  2725 0x556530a3b320 LOG   GST_REGISTRY gstregistrychunks.c:611:gst_registry_chunks_load_feature: Reading/casting for GstRegistryChunkElementFactory at address 0x556530a633d8
0:00:00.020807098  2726 0x5646199ea320 LOG   GST_POLL gstpoll.c:994:gst_poll_fd_ctl_write: 0x564619a0ecf0: pfd->events now 60 (POLLOUT:4)
0:00:00.025778049  2725 0x556530a3b320 TRACE   structure gststructure.c:292:gst_structure_new_id_empty_with_size: created structure 0x556530a6f4a0
0:00:00.020814212  2726 0x5646199ea320 DEBUG   GST_POLL gstpoll.c:980:gst_poll_fd_ctl_write: 0x564619a0ecf0: fd (fd:0, idx:1), active : 1
0:00:00.025787793  2725 0x556530a3b320 DEBUG   structure gststructure.c:2258:gst_structure_parse_field: trying field name 'long-name'
0:00:00.020822498  2726 0x5646199ea320 LOG   GST_POLL gstpoll.c:994:gst_poll_fd_ctl_write: 0x564619a0ecf0: pfd->events now 60 (POLLOUT:4)
0:00:00.025795055  2725 0x556530a3b320 DEBUG   default gstvalue.c:2776:_priv_gst_value_parse_value: trying type name 'string'
0:00:00.020832797  2726 0x5646199ea320 DEBUG   GST_POLL gstpoll.c:980:gst_poll_fd_ctl_write: 0x564619a0ecf0: fd (fd:0, idx:1), active : 1
0:00:00.025802960  2725 0x556530a3b320 DEBUG   structure gststructure.c:2258:gst_structure_parse_field: trying field name 'klass'
0:00:00.020840561  2726 0x5646199ea320 LOG   GST_POLL gstpoll.c:994:gst_poll_fd_ctl_write: 0x564619a0ecf0: pfd->events now 60 (POLLOUT:4)
0:00:00.025809437  2725 0x556530a3b320 DEBUG   default gstvalue.c:2776:_priv_gst_value_parse_value: trying type name 'string'
0:00:00.020848191  2726 0x5646199ea320 DEBUG   GST_POLL gstpoll.c:980:gst_poll_fd_ctl_write: 0x564619a0ecf0: fd (fd:0, idx:1), active : 1
0:00:00.025820038  2725 0x556530a3b320 DEBUG   structure gststructure.c:2258:gst_structure_parse_field: trying field name 'description'
0:00:00.020854816  2726 0x5646199ea320 LOG   GST_POLL gstpoll.c:994:gst_poll_fd_ctl_write: 0x564619a0ecf0: pfd->events now 60 (POLLOUT:4)
0:00:00.025826997  2725 0x556530a3b320 DEBUG   default gstvalue.c:2776:_priv_gst_value_parse_value: trying type name 'string'
0:00:00.020864784  2726 0x5646199ea320 DEBUG   GST_POLL gstpoll.c:980:gst_poll_fd_ctl_write: 0x564619a0ecf0: fd (fd:0, idx:1), active : 1
0:00:00.025835044  2725 0x556530a3b320 DEBUG   structure gststructure.c:2258:gst_structure_parse_field: trying field name 'author'
0:00:00.020871893  2726 0x5646199ea320 LOG   GST_POLL gstpoll.c:994:gst_poll_fd_ctl_write: 0x564619a0ecf0: pfd->events now 60 (POLLOUT:4)
0:00:00.025841234  2725 0x556530a3b320 DEBUG   default gstvalue.c:2776:_priv_gst_value_parse_value: trying type name 'string'
0:00:00.020884521  2726 0x5646199ea320 DEBUG   GST_POLL gstpoll.c:980:gst_poll_fd_ctl_write: 0x564619a0ecf0: fd (fd:0, idx:1), active : 1
0:00:00.025855853  2725 0x556530a3b320 DEBUG   GST_REGISTRY gstregistrychunks.c:627:gst_registry_chunks_load_feature: Element factory : npadtemplates=2
0:00:00.020891210  2726 0x5646199ea320 LOG   GST_POLL gstpoll.c:994:gst_poll_fd_ctl_write: 0x564619a0ecf0: pfd->events now 60 (POLLOUT:4)
0:00:00.025862580  2725 0x556530a3b320 DEBUG   GST_REGISTRY gstregistrychunks.c:527:gst_registry_chunks_load_pad_template: Reading/casting for GstRegistryChunkPadTemplate at address 0x556530a634a8
0:00:00.020901435  2726 0x5646199ea320 DEBUG   GST_POLL gstpoll.c:980:gst_poll_fd_ctl_write: 0x564619a0ecf0: fd (fd:0, idx:1), active : 1
0:00:00.025869417  2725 0x556530a3b320 DEBUG   GST_REGISTRY gstregistrychunks.c:540:gst_registry_chunks_load_pad_template: Added pad_template sink
0:00:00.020908797  2726 0x5646199ea320 LOG   GST_POLL gstpoll.c:994:gst_poll_fd_ctl_write: 0x564619a0ecf0: pfd->events now 60 (POLLOUT:4)
0:00:00.025876589  2725 0x556530a3b320 DEBUG   GST_REGISTRY gstregistrychunks.c:527:gst_registry_chunks_load_pad_template: Reading/casting for GstRegistryChunkPadTemplate at address 0x556530a634c0
0:00:00.020916055  2726 0x5646199ea320 DEBUG   GST_POLL gstpoll.c:980:gst_poll_fd_ctl_write: 0x564619a0ecf0: fd (fd:0, idx:1), active : 1
0:00:00.025885985  2725 0x556530a3b320 DEBUG   GST_REGISTRY gstregistrychunks.c:540:gst_registry_chunks_load_pad_template: Added pad_template src
0:00:00.020922793  2726 0x5646199ea320 LOG   GST_POLL gstpoll.c:994:gst_poll_fd_ctl_write: 0x564619a0ecf0: pfd->events now 60 (POLLOUT:4)
0:00:00.025895243  2725 0x556530a3b320 DEBUG   GST_REGISTRY gstregistry.c:590:gst_registry_add_feature: adding feature 0x556530a6eb50 (clocksync)
0:00:00.020932672  2726 0x5646199ea320 DEBUG   GST_POLL gstpoll.c:980:gst_poll_fd_ctl_write: 0x564619a0ecf0: fd (fd:0, idx:1), active : 1
0:00:00.025902200  2725 0x556530a3b320 DEBUG   GST_REFCOUNTING gstobject.c:709:gst_object_set_parent: set parent (ref and sink)
0:00:00.020939794  2726 0x5646199ea320 LOG   GST_POLL gstpoll.c:994:gst_poll_fd_ctl_write: 0x564619a0ecf0: pfd->events now 60 (POLLOUT:4)
0:00:00.025910316  2725 0x556530a3b320 TRACE   GST_REFCOUNTING gstobject.c:294:gst_object_ref_sink: 0x556530a6eb50 ref_sink 1->2
0:00:00.020947488  2726 0x5646199ea320 DEBUG   GST_POLL gstpoll.c:980:gst_poll_fd_ctl_write: 0x564619a0ecf0: fd (fd:0, idx:1), active : 1
0:00:00.025921229  2725 0x556530a3b320 LOG   GST_REGISTRY gstregistry.c:608:gst_registry_add_feature: emitting feature-added for clocksync
0:00:00.020955305  2726 0x5646199ea320 LOG   GST_POLL gstpoll.c:994:gst_poll_fd_ctl_write: 0x564619a0ecf0: pfd->events now 60 (POLLOUT:4)
0:00:00.025929642  2725 0x556530a3b320 DEBUG   GST_REGISTRY gstregistrychunks.c:742:gst_registry_chunks_load_feature: Added feature clocksync, plugin 0x556530a60cc0 coreelements
0:00:00.020966649  2726 0x5646199ea320 DEBUG   GST_POLL gstpoll.c:980:gst_poll_fd_ctl_write: 0x564619a0ecf0: fd (fd:0, idx:1), active : 1
0:00:00.025937022  2725 0x556530a3b320 DEBUG   GST_REGISTRY gstregistrychunks.c:584:gst_registry_chunks_load_feature: Plugin 'coreelements' feature 'capsfilter' typename : 'GstElementFactory'
0:00:00.020980496  2726 0x5646199ea320 LOG   GST_POLL gstpoll.c:994:gst_poll_fd_ctl_write: 0x564619a0ecf0: pfd->events now 60 (POLLOUT:4)
0:00:00.025951537  2725 0x556530a3b320 TRACE   GST_REFCOUNTING gstobject.c:208:gst_object_init: 0x556530a6fa00 new
0:00:00.020988038  2726 0x5646199ea320 DEBUG   GST_POLL gstpoll.c:980:gst_poll_fd_ctl_write: 0x564619a0ecf0: fd (fd:0, idx:1), active : 1
0:00:00.025962942  2725 0x556530a3b320 LOG   GST_REGISTRY gstregistrychunks.c:611:gst_registry_chunks_load_feature: Reading/casting for GstRegistryChunkElementFactory at address 0x556530a634f0
0:00:00.020995936  2726 0x5646199ea320 LOG   GST_POLL gstpoll.c:994:gst_poll_fd_ctl_write: 0x564619a0ecf0: pfd->events now 60 (POLLOUT:4)
0:00:00.025971014  2725 0x556530a3b320 TRACE   structure gststructure.c:292:gst_structure_new_id_empty_with_size: created structure 0x556530a6fd10
0:00:00.021008249  2726 0x5646199ea320 DEBUG   GST_POLL gstpoll.c:980:gst_poll_fd_ctl_write: 0x564619a0ecf0: fd (fd:0, idx:1), active : 1
0:00:00.025977751  2725 0x556530a3b320 DEBUG   structure gststructure.c:2258:gst_structure_parse_field: trying field name 'long-name'
0:00:00.021015715  2726 0x5646199ea320 LOG   GST_POLL gstpoll.c:994:gst_poll_fd_ctl_write: 0x564619a0ecf0: pfd->events now 60 (POLLOUT:4)
0:00:00.025984187  2725 0x556530a3b320 DEBUG   default gstvalue.c:2776:_priv_gst_value_parse_value: trying type name 'string'
0:00:00.021022792  2726 0x5646199ea320 DEBUG   GST_POLL gstpoll.c:980:gst_poll_fd_ctl_write: 0x564619a0ecf0: fd (fd:0, idx:1), active : 1
0:00:00.025994200  2725 0x556530a3b320 DEBUG   structure gststructure.c:2258:gst_structure_parse_field: trying field name 'klass'
0:00:00.021029152  2726 0x5646199ea320 LOG   GST_POLL gstpoll.c:994:gst_poll_fd_ctl_write: 0x564619a0ecf0: pfd->events now 60 (POLLOUT:4)
0:00:00.026000814  2725 0x556530a3b320 DEBUG   default gstvalue.c:2776:_priv_gst_value_parse_value: trying type name 'string'
0:00:00.021038829  2726 0x5646199ea320 DEBUG   GST_POLL gstpoll.c:980:gst_poll_fd_ctl_write: 0x564619a0ecf0: fd (fd:0, idx:1), active : 1
0:00:00.026008198  2725 0x556530a3b320 DEBUG   structure gststructure.c:2258:gst_structure_parse_field: trying field name 'description'
0:00:00.021046062  2726 0x5646199ea320 LOG   GST_POLL gstpoll.c:994:gst_poll_fd_ctl_write: 0x564619a0ecf0: pfd->events now 60 (POLLOUT:4)
0:00:00.026014737  2725 0x556530a3b320 DEBUG   default gstvalue.c:2776:_priv_gst_value_parse_value: trying type name 'string'
0:00:00.021053513  2726 0x5646199ea320 DEBUG   GST_POLL gstpoll.c:980:gst_poll_fd_ctl_write: 0x564619a0ecf0: fd (fd:0, idx:1), active : 1
0:00:00.026026303  2725 0x556530a3b320 DEBUG   structure gststructure.c:2258:gst_structure_parse_field: trying field name 'author'
0:00:00.021060233  2726 0x5646199ea320 LOG   GST_POLL gstpoll.c:994:gst_poll_fd_ctl_write: 0x564619a0ecf0: pfd->events now 60 (POLLOUT:4)
0:00:00.026034721  2725 0x556530a3b320 DEBUG   default gstvalue.c:2776:_priv_gst_value_parse_value: trying type name 'string'
0:00:00.021079119  2726 0x5646199ea320 DEBUG   GST_POLL gstpoll.c:980:gst_poll_fd_ctl_write: 0x564619a0ecf0: fd (fd:0, idx:1), active : 1
0:00:00.026047442  2725 0x556530a3b320 DEBUG   GST_REGISTRY gstregistrychunks.c:627:gst_registry_chunks_load_feature: Element factory : npadtemplates=2
0:00:00.021086512  2726 0x5646199ea320 LOG   GST_POLL gstpoll.c:994:gst_poll_fd_ctl_write: 0x564619a0ecf0: pfd->events now 60 (POLLOUT:4)
0:00:00.026054359  2725 0x556530a3b320 DEBUG   GST_REGISTRY gstregistrychunks.c:527:gst_registry_chunks_load_pad_template: Reading/casting for GstRegistryChunkPadTemplate at address 0x556530a635d0
0:00:00.026063890  2725 0x556530a3b320 DEBUG   GST_REGISTRY gstregistrychunks.c:540:gst_registry_chunks_load_pad_template: Added pad_template sink
0:00:00.021101922  2726 0x5646199ea320 TRACE   GST_REFCOUNTING gstobject.c:265:gst_object_unref: 0x564619a14280 unref 2->1
0:00:00.026075404  2725 0x556530a3b320 DEBUG   GST_REGISTRY gstregistrychunks.c:527:gst_registry_chunks_load_pad_template: Reading/casting for GstRegistryChunkPadTemplate at address 0x556530a635e8
0:00:00.021112102  2726 0x5646199ea320 DEBUG   GST_POLL gstpoll.c:1241:gst_poll_fd_has_error: 0x564619a0ecf0: fd (fd:0, idx:1) 0
0:00:00.026082054  2725 0x556530a3b320 DEBUG   GST_REGISTRY gstregistrychunks.c:540:gst_registry_chunks_load_pad_template: Added pad_template src
0:00:00.021123152  2726 0x5646199ea320 DEBUG   GST_POLL gstpoll.c:1335:gst_poll_fd_can_write: 0x564619a0ecf0: fd (fd:0, idx:1) 1
0:00:00.026093968  2725 0x556530a3b320 DEBUG   GST_REGISTRY gstregistry.c:590:gst_registry_add_feature: adding feature 0x556530a6fa00 (capsfilter)
0:00:00.021130806  2726 0x5646199ea320 LOG   GST_PLUGIN_LOADING gstpluginloader.c:689:write_one: Writing packet of size 528 bytes to fd 0
0:00:00.026101586  2725 0x556530a3b320 DEBUG   GST_REFCOUNTING gstobject.c:709:gst_object_set_parent: set parent (ref and sink)
0:00:00.026109789  2725 0x556530a3b320 TRACE   GST_REFCOUNTING gstobject.c:294:gst_object_ref_sink: 0x556530a6fa00 ref_sink 1->2
0:00:00.021143978  2726 0x5646199ea320 DEBUG   GST_POLL gstpoll.c:1414:gst_poll_wait: 0x564619a0ecf0: timeout :0:00:01.000000000
0:00:00.026116408  2725 0x556530a3b320 LOG   GST_REGISTRY gstregistry.c:608:gst_registry_add_feature: emitting feature-added for capsfilter
0:00:00.026126221  2725 0x556530a3b320 DEBUG   GST_REGISTRY gstregistrychunks.c:742:gst_registry_chunks_load_feature: Added feature capsfilter, plugin 0x556530a60cc0 coreelements
0:00:00.021159238  2726 0x5646199ea320 LOG   GST_PLUGIN_LOADING gstpluginloader.c:1027:exchange_packets: Poll res = 2. 6872 bytes pending for write
0:00:00.026135802  2725 0x556530a3b320 LOG   GST_PLUGIN_LOADING gstpluginloader.c:888:handle_rx_packet: marking plugin 0x556530a60cc0 as registered as /home/conan/w/prod/BuildSingleReference/.conan/data/gstreamer/1.19.2/_/_/package/7087a3df2991f0089c7fdba3f9b2a18fafecf068/lib/gstreamer-1.0/libgstcoreelements.so
0:00:00.021170476  2726 0x5646199ea320 DEBUG   GST_POLL gstpoll.c:1241:gst_poll_fd_has_error: 0x564619a0ecf0: fd (fd:5, idx:2) 0
0:00:00.021187573  2726 0x5646199ea320 DEBUG   GST_POLL gstpoll.c:1266:gst_poll_fd_can_read_unlocked: 0x564619a0ecf0: fd (fd:5, idx:2) 1
0:00:00.026155194  2725 0x556530a3b320 DEBUG   GST_POLL gstpoll.c:1414:gst_poll_wait: 0x556530a60920: timeout :0:00:01.000000000
0:00:00.021198793  2726 0x5646199ea320 LOG   GST_PLUGIN_LOADING gstpluginloader.c:1005:read_one: No payload to read for 0 length packet type 1 tag 0
0:00:00.026168914  2725 0x556530a3b320 LOG   GST_PLUGIN_LOADING gstpluginloader.c:1027:exchange_packets: Poll res = 1. 0 bytes pending for write
0:00:00.021208327  2726 0x5646199ea320 DEBUG   GST_POLL gstpoll.c:1015:gst_poll_fd_ctl_read_unlocked: 0x564619a0ecf0: fd (fd:5, idx:2), active : 0
0:00:00.026180313  2725 0x556530a3b320 DEBUG   GST_POLL gstpoll.c:1241:gst_poll_fd_has_error: 0x556530a60920: fd (fd:8, idx:2) 0
0:00:00.021215958  2726 0x5646199ea320 DEBUG   GST_POLL gstpoll.c:980:gst_poll_fd_ctl_write: 0x564619a0ecf0: fd (fd:0, idx:1), active : 1
0:00:00.026188206  2725 0x556530a3b320 DEBUG   GST_POLL gstpoll.c:1266:gst_poll_fd_can_read_unlocked: 0x556530a60920: fd (fd:8, idx:2) 1
0:00:00.021223510  2726 0x5646199ea320 LOG   GST_POLL gstpoll.c:994:gst_poll_fd_ctl_write: 0x564619a0ecf0: pfd->events now 60 (POLLOUT:4)
0:00:00.021233076  2726 0x5646199ea320 DEBUG   GST_POLL gstpoll.c:1241:gst_poll_fd_has_error: 0x564619a0ecf0: fd (fd:0, idx:1) 0
0:00:00.026200918  2725 0x556530a3b320 DEBUG   GST_PLUGIN_LOADING gstpluginloader.c:849:handle_rx_packet: Received plugin details from child w/ tag 2. 516 bytes info
0:00:00.021240605  2726 0x5646199ea320 DEBUG   GST_POLL gstpoll.c:1335:gst_poll_fd_can_write: 0x564619a0ecf0: fd (fd:0, idx:1) 1
0:00:00.026210746  2725 0x556530a3b320 LOG   GST_REGISTRY gstregistrychunks.c:838:_priv_gst_registry_chunks_load_plugin: Reading/casting for GstRegistryChunkPluginElement at address 0x556530a61b30
0:00:00.021247398  2726 0x5646199ea320 LOG   GST_PLUGIN_LOADING gstpluginloader.c:689:write_one: Writing packet of size 6872 bytes to fd 0
0:00:00.026220704  2725 0x556530a3b320 TRACE   GST_REFCOUNTING gstobject.c:208:gst_object_init: 0x556530a701b0 new
0:00:00.021259910  2726 0x5646199ea320 DEBUG   GST_POLL gstpoll.c:1414:gst_poll_wait: 0x564619a0ecf0: timeout :0:00:01.000000000
0:00:00.026234992  2725 0x556530a3b320 LOG   GST_REGISTRY gstregistrychunks.c:859:_priv_gst_registry_chunks_load_plugin: read strings for name='coretracers'
0:00:00.021271884  2726 0x5646199ea320 LOG   GST_PLUGIN_LOADING gstpluginloader.c:1027:exchange_packets: Poll res = 1. 12 bytes pending for write
0:00:00.026242124  2725 0x556530a3b320 LOG   GST_REGISTRY gstregistrychunks.c:860:_priv_gst_registry_chunks_load_plugin: desc.description='GStreamer core tracers'
0:00:00.021280148  2726 0x5646199ea320 DEBUG   GST_POLL gstpoll.c:1241:gst_poll_fd_has_error: 0x564619a0ecf0: fd (fd:0, idx:1) 0
0:00:00.026251449  2725 0x556530a3b320 LOG   GST_REGISTRY gstregistrychunks.c:861:_priv_gst_registry_chunks_load_plugin: filename='/home/conan/w/prod/BuildSingleReference/.conan/data/gstreamer/1.19.2/_/_/package/7087a3df2991f0089c7fdba3f9b2a18fafecf068/lib/gstreamer-1.0/libgstcoretracers.so'
0:00:00.021287175  2726 0x5646199ea320 DEBUG   GST_POLL gstpoll.c:1335:gst_poll_fd_can_write: 0x564619a0ecf0: fd (fd:0, idx:1) 1
0:00:00.026267460  2725 0x556530a3b320 LOG   GST_REGISTRY gstregistrychunks.c:862:_priv_gst_registry_chunks_load_plugin: desc.version='1.19.2'
0:00:00.021305311  2726 0x5646199ea320 LOG   GST_PLUGIN_LOADING gstpluginloader.c:689:write_one: Writing packet of size 12 bytes to fd 0
0:00:00.026273951  2725 0x556530a3b320 LOG   GST_REGISTRY gstregistrychunks.c:863:_priv_gst_registry_chunks_load_plugin: desc.license='LGPL'
0:00:00.021315533  2726 0x5646199ea320 DEBUG   GST_POLL gstpoll.c:980:gst_poll_fd_ctl_write: 0x564619a0ecf0: fd (fd:0, idx:1), active : 0
0:00:00.026281660  2725 0x556530a3b320 LOG   GST_REGISTRY gstregistrychunks.c:864:_priv_gst_registry_chunks_load_plugin: desc.source='gstreamer'
0:00:00.021322505  2726 0x5646199ea320 LOG   GST_POLL gstpoll.c:994:gst_poll_fd_ctl_write: 0x564619a0ecf0: pfd->events now 56 (POLLOUT:4)
0:00:00.026292293  2725 0x556530a3b320 LOG   GST_REGISTRY gstregistrychunks.c:865:_priv_gst_registry_chunks_load_plugin: desc.package='GStreamer source release'
0:00:00.026299446  2725 0x556530a3b320 LOG   GST_REGISTRY gstregistrychunks.c:866:_priv_gst_registry_chunks_load_plugin: desc.origin='Unknown package origin'
0:00:00.026305342  2725 0x556530a3b320 LOG   GST_REGISTRY gstregistrychunks.c:867:_priv_gst_registry_chunks_load_plugin: desc.datetime=2021-09-23
