0:00:00.021157203  2725 0x556530a3b320 LOG   GST_PLUGIN_LOADING gstpluginloader.c:985:read_one: Expanding rx buf from 1040 to 7384
0:00:00.016194067  2726 0x5646199ea320 TRACE   GST_REFCOUNTING gstobject.c:238:gst_object_ref: 0x564619a1b220 ref 1->2
0:00:00.016202784  2726 0x5646199ea320 TRACE   GST_REFCOUNTING gstobject.c:238:gst_object_ref: 0x564619a1a150 ref 1->2
0:00:00.016209976  2726 0x5646199ea320 TRACE   GST_REFCOUNTING gstobject.c:238:gst_object_ref: 0x564619a18250 ref 1->2
0:00:00.021182359  2725 0x556530a3b320 DEBUG   GST_PLUGIN_LOADING gstpluginloader.c:849:handle_rx_packet: Received plugin details from child w/ tag 1. 6860 bytes info
0:00:00.016217183  2726 0x5646199ea320 TRACE   GST_REFCOUNTING gstobject.c:238:gst_object_ref: 0x564619a17410 ref 1->2
0:00:00.021192167  2725 0x556530a3b320 LOG   GST_REGISTRY gstregistrychunks.c:838:_priv_gst_registry_chunks_load_plugin: Reading/casting for GstRegistryChunkPluginElement at address 0x556530a61b30
0:00:00.016229941  2726 0x5646199ea320 TRACE   GST_REFCOUNTING gstobject.c:238:gst_object_ref: 0x564619a16680 ref 1->2
0:00:00.021201652  2725 0x556530a3b320 TRACE   GST_REFCOUNTING gstobject.c:208:gst_object_init: 0x556530a60cc0 new
0:00:00.016238529  2726 0x5646199ea320 TRACE   GST_REFCOUNTING gstobject.c:238:gst_object_ref: 0x564619a148e0 ref 1->2
0:00:00.016248135  2726 0x5646199ea320 DEBUG   GST_REGISTRY gstregistrychunks.c:266:gst_registry_chunks_save_feature: saved 0 interfaces 0 pad templates
0:00:00.021221236  2725 0x556530a3b320 LOG   GST_REGISTRY gstregistrychunks.c:859:_priv_gst_registry_chunks_load_plugin: read strings for name='coreelements'
0:00:00.016262938  2726 0x5646199ea320 DEBUG   GST_REGISTRY gstregistrychunks.c:266:gst_registry_chunks_save_feature: saved 0 interfaces 0 pad templates
0:00:00.021239920  2725 0x556530a3b320 LOG   GST_REGISTRY gstregistrychunks.c:860:_priv_gst_registry_chunks_load_plugin: desc.description='GStreamer core elements'
0:00:00.021246811  2725 0x556530a3b320 LOG   GST_REGISTRY gstregistrychunks.c:861:_priv_gst_registry_chunks_load_plugin: filename='/home/conan/w/prod/BuildSingleReference/.conan/data/gstreamer/1.19.2/_/_/package/7087a3df2991f0089c7fdba3f9b2a18fafecf068/lib/gstreamer-1.0/libgstcoreelements.so'
0:00:00.016282862  2726 0x5646199ea320 DEBUG   GST_REGISTRY gstregistrychunks.c:266:gst_registry_chunks_save_feature: saved 0 interfaces 0 pad templates
0:00:00.021252345  2725 0x556530a3b320 LOG   GST_REGISTRY gstregistrychunks.c:862:_priv_gst_registry_chunks_load_plugin: desc.version='1.19.2'
0:00:00.021261072  2725 0x556530a3b320 LOG   GST_REGISTRY gstregistrychunks.c:863:_priv_gst_registry_chunks_load_plugin: desc.license='LGPL'
0:00:00.016294675  2726 0x5646199ea320 DEBUG   GST_REGISTRY gstregistrychunks.c:266:gst_registry_chunks_save_feature: saved 1 interfaces 0 pad templates
0:00:00.021267990  2725 0x556530a3b320 LOG   GST_REGISTRY gstregistrychunks.c:864:_priv_gst_registry_chunks_load_plugin: desc.source='gstreamer'
0:00:00.016304116  2726 0x5646199ea320 DEBUG   GST_REGISTRY gstregistrychunks.c:285:gst_registry_chunks_save_feature: Saved 1 UriTypes
0:00:00.021274394  2725 0x556530a3b320 LOG   GST_REGISTRY gstregistrychunks.c:865:_priv_gst_registry_chunks_load_plugin: desc.package='GStreamer source release'
0:00:00.021280782  2725 0x556530a3b320 LOG   GST_REGISTRY gstregistrychunks.c:866:_priv_gst_registry_chunks_load_plugin: desc.origin='Unknown package origin'
0:00:00.016315705  2726 0x5646199ea320 DEBUG   GST_REGISTRY gstregistrychunks.c:266:gst_registry_chunks_save_feature: saved 0 interfaces 0 pad templates
0:00:00.021289608  2725 0x556530a3b320 LOG   GST_REGISTRY gstregistrychunks.c:867:_priv_gst_registry_chunks_load_plugin: desc.datetime=2021-09-23
0:00:00.016332794  2726 0x5646199ea320 DEBUG   GST_REGISTRY gstregistrychunks.c:266:gst_registry_chunks_save_feature: saved 0 interfaces 0 pad templates
0:00:00.021300942  2725 0x556530a3b320 DEBUG   GST_REGISTRY gstregistry.c:474:gst_registry_add_plugin: adding plugin 0x556530a60cc0 for filename "/home/conan/w/prod/BuildSingleReference/.conan/data/gstreamer/1.19.2/_/_/package/7087a3df2991f0089c7fdba3f9b2a18fafecf068/lib/gstreamer-1.0/libgstcoreelements.so"
0:00:00.016345929  2726 0x5646199ea320 DEBUG   GST_REGISTRY gstregistrychunks.c:266:gst_registry_chunks_save_feature: saved 0 interfaces 0 pad templates
0:00:00.021312373  2725 0x556530a3b320 TRACE   GST_REFCOUNTING gstobject.c:294:gst_object_ref_sink: 0x556530a60cc0 ref_sink 1->2
0:00:00.016358332  2726 0x5646199ea320 DEBUG   GST_REGISTRY gstregistrychunks.c:266:gst_registry_chunks_save_feature: saved 1 interfaces 0 pad templates
0:00:00.016372005  2726 0x5646199ea320 DEBUG   GST_REGISTRY gstregistrychunks.c:285:gst_registry_chunks_save_feature: Saved 1 UriTypes
0:00:00.021337802  2725 0x556530a3b320 LOG   GST_REGISTRY gstregistry.c:487:gst_registry_add_plugin: emitting plugin-added for filename "/home/conan/w/prod/BuildSingleReference/.conan/data/gstreamer/1.19.2/_/_/package/7087a3df2991f0089c7fdba3f9b2a18fafecf068/lib/gstreamer-1.0/libgstcoreelements.so"
0:00:00.021359711  2725 0x556530a3b320 DEBUG   GST_REGISTRY gstregistrychunks.c:888:_priv_gst_registry_chunks_load_plugin: Added plugin 'coreelements' plugin with 22 features from binary registry
0:00:00.016393295  2726 0x5646199ea320 DEBUG   GST_REGISTRY gstregistrychunks.c:266:gst_registry_chunks_save_feature: saved 1 interfaces 0 pad templates
0:00:00.021368163  2725 0x556530a3b320 DEBUG   GST_REGISTRY gstregistrychunks.c:584:gst_registry_chunks_load_feature: Plugin 'coreelements' feature 'streamiddemux' typename : 'GstElementFactory'
0:00:00.016403218  2726 0x5646199ea320 DEBUG   GST_REGISTRY gstregistrychunks.c:285:gst_registry_chunks_save_feature: Saved 1 UriTypes
0:00:00.016414387  2726 0x5646199ea320 DEBUG   GST_REGISTRY gstregistrychunks.c:266:gst_registry_chunks_save_feature: saved 1 interfaces 0 pad templates
0:00:00.021381191  2725 0x556530a3b320 TRACE   GST_REFCOUNTING gstobject.c:208:gst_object_init: 0x556530a61890 new
0:00:00.016420838  2726 0x5646199ea320 DEBUG   GST_REGISTRY gstregistrychunks.c:285:gst_registry_chunks_save_feature: Saved 1 UriTypes
0:00:00.021394640  2725 0x556530a3b320 LOG   GST_REGISTRY gstregistrychunks.c:611:gst_registry_chunks_load_feature: Reading/casting for GstRegistryChunkElementFactory at address 0x556530a61c88
0:00:00.021405923  2725 0x556530a3b320 TRACE   structure gststructure.c:292:gst_structure_new_id_empty_with_size: created structure 0x556530a60f60
0:00:00.016440563  2726 0x5646199ea320 DEBUG   GST_REGISTRY gstregistrychunks.c:266:gst_registry_chunks_save_feature: saved 0 interfaces 0 pad templates
0:00:00.021416108  2725 0x556530a3b320 DEBUG   structure gststructure.c:2258:gst_structure_parse_field: trying field name 'long-name'
0:00:00.016453570  2726 0x5646199ea320 DEBUG   GST_REGISTRY gstregistrychunks.c:266:gst_registry_chunks_save_feature: saved 0 interfaces 0 pad templates
0:00:00.016463890  2726 0x5646199ea320 DEBUG   GST_REGISTRY gstregistrychunks.c:266:gst_registry_chunks_save_feature: saved 0 interfaces 0 pad templates
0:00:00.021432900  2725 0x556530a3b320 DEBUG   default gstvalue.c:2776:_priv_gst_value_parse_value: trying type name 'string'
0:00:00.016474967  2726 0x5646199ea320 DEBUG   GST_REGISTRY gstregistrychunks.c:266:gst_registry_chunks_save_feature: saved 0 interfaces 0 pad templates
0:00:00.021449702  2725 0x556530a3b320 DEBUG   structure gststructure.c:2258:gst_structure_parse_field: trying field name 'klass'
0:00:00.016488683  2726 0x5646199ea320 DEBUG   GST_REGISTRY gstregistrychunks.c:266:gst_registry_chunks_save_feature: saved 0 interfaces 0 pad templates
0:00:00.021457277  2725 0x556530a3b320 DEBUG   default gstvalue.c:2776:_priv_gst_value_parse_value: trying type name 'string'
0:00:00.016499845  2726 0x5646199ea320 DEBUG   GST_REGISTRY gstregistrychunks.c:266:gst_registry_chunks_save_feature: saved 0 interfaces 0 pad templates
0:00:00.021466730  2725 0x556530a3b320 DEBUG   structure gststructure.c:2258:gst_structure_parse_field: trying field name 'description'
0:00:00.016531571  2726 0x5646199ea320 DEBUG   GST_REGISTRY gstregistrychunks.c:266:gst_registry_chunks_save_feature: saved 1 interfaces 0 pad templates
0:00:00.021498392  2725 0x556530a3b320 DEBUG   default gstvalue.c:2776:_priv_gst_value_parse_value: trying type name 'string'
0:00:00.016541325  2726 0x5646199ea320 DEBUG   GST_REGISTRY gstregistrychunks.c:285:gst_registry_chunks_save_feature: Saved 1 UriTypes
0:00:00.021511000  2725 0x556530a3b320 DEBUG   structure gststructure.c:2258:gst_structure_parse_field: trying field name 'author'
0:00:00.021517601  2725 0x556530a3b320 DEBUG   default gstvalue.c:2776:_priv_gst_value_parse_value: trying type name 'string'
0:00:00.016553099  2726 0x5646199ea320 DEBUG   GST_REGISTRY gstregistrychunks.c:266:gst_registry_chunks_save_feature: saved 0 interfaces 0 pad templates
0:00:00.021525470  2725 0x556530a3b320 DEBUG   GST_REGISTRY gstregistrychunks.c:627:gst_registry_chunks_load_feature: Element factory : npadtemplates=2
0:00:00.016564147  2726 0x5646199ea320 DEBUG   GST_REGISTRY gstregistrychunks.c:266:gst_registry_chunks_save_feature: saved 0 interfaces 0 pad templates
0:00:00.021535060  2725 0x556530a3b320 DEBUG   GST_REGISTRY gstregistrychunks.c:527:gst_registry_chunks_load_pad_template: Reading/casting for GstRegistryChunkPadTemplate at address 0x556530a61d60
0:00:00.016575219  2726 0x5646199ea320 DEBUG   GST_REGISTRY gstregistrychunks.c:266:gst_registry_chunks_save_feature: saved 0 interfaces 0 pad templates
0:00:00.021544370  2725 0x556530a3b320 DEBUG   GST_REGISTRY gstregistrychunks.c:540:gst_registry_chunks_load_pad_template: Added pad_template src_%u
0:00:00.021551278  2725 0x556530a3b320 DEBUG   GST_REGISTRY gstregistrychunks.c:527:gst_registry_chunks_load_pad_template: Reading/casting for GstRegistryChunkPadTemplate at address 0x556530a61d78
0:00:00.016588990  2726 0x5646199ea320 DEBUG   GST_REGISTRY gstregistrychunks.c:266:gst_registry_chunks_save_feature: saved 0 interfaces 0 pad templates
0:00:00.021557993  2725 0x556530a3b320 DEBUG   GST_REGISTRY gstregistrychunks.c:540:gst_registry_chunks_load_pad_template: Added pad_template sink
0:00:00.016601775  2726 0x5646199ea320 DEBUG   GST_REGISTRY gstregistrychunks.c:266:gst_registry_chunks_save_feature: saved 0 interfaces 0 pad templates
0:00:00.021570788  2725 0x556530a3b320 DEBUG   GST_REGISTRY gstregistry.c:590:gst_registry_add_feature: adding feature 0x556530a61890 (streamiddemux)
0:00:00.021579138  2725 0x556530a3b320 DEBUG   GST_REFCOUNTING gstobject.c:709:gst_object_set_parent: set parent (ref and sink)
0:00:00.021587703  2725 0x556530a3b320 TRACE   GST_REFCOUNTING gstobject.c:294:gst_object_ref_sink: 0x556530a61890 ref_sink 1->2
0:00:00.016620894  2726 0x5646199ea320 TRACE   GST_REFCOUNTING gstobject.c:265:gst_object_unref: 0x564619a148e0 unref 2->1
0:00:00.021595482  2725 0x556530a3b320 LOG   GST_REGISTRY gstregistry.c:608:gst_registry_add_feature: emitting feature-added for streamiddemux
0:00:00.016631810  2726 0x5646199ea320 TRACE   GST_REFCOUNTING gstobject.c:265:gst_object_unref: 0x564619a16680 unref 2->1
0:00:00.021614343  2725 0x556530a3b320 DEBUG   GST_REGISTRY gstregistrychunks.c:742:gst_registry_chunks_load_feature: Added feature streamiddemux, plugin 0x556530a60cc0 coreelements
0:00:00.016650120  2726 0x5646199ea320 TRACE   GST_REFCOUNTING gstobject.c:265:gst_object_unref: 0x564619a17410 unref 2->1
0:00:00.021622194  2725 0x556530a3b320 DEBUG   GST_REGISTRY gstregistrychunks.c:584:gst_registry_chunks_load_feature: Plugin 'coreelements' feature 'valve' typename : 'GstElementFactory'
0:00:00.016658111  2726 0x5646199ea320 TRACE   GST_REFCOUNTING gstobject.c:265:gst_object_unref: 0x564619a18250 unref 2->1
0:00:00.016666214  2726 0x5646199ea320 TRACE   GST_REFCOUNTING gstobject.c:265:gst_object_unref: 0x564619a1a150 unref 2->1
0:00:00.021632903  2725 0x556530a3b320 TRACE   GST_REFCOUNTING gstobject.c:208:gst_object_init: 0x556530a639b0 new
0:00:00.016673918  2726 0x5646199ea320 TRACE   GST_REFCOUNTING gstobject.c:265:gst_object_unref: 0x564619a1b220 unref 2->1
0:00:00.021644478  2725 0x556530a3b320 LOG   GST_REGISTRY gstregistrychunks.c:611:gst_registry_chunks_load_feature: Reading/casting for GstRegistryChunkElementFactory at address 0x556530a61da8
0:00:00.016684368  2726 0x5646199ea320 TRACE   GST_REFCOUNTING gstobject.c:265:gst_object_unref: 0x564619a1cec0 unref 2->1
0:00:00.021655359  2725 0x556530a3b320 TRACE   structure gststructure.c:292:gst_structure_new_id_empty_with_size: created structure 0x556530a63be0
0:00:00.016692367  2726 0x5646199ea320 TRACE   GST_REFCOUNTING gstobject.c:265:gst_object_unref: 0x564619a1f4e0 unref 2->1
0:00:00.021662911  2725 0x556530a3b320 DEBUG   structure gststructure.c:2258:gst_structure_parse_field: trying field name 'long-name'
0:00:00.016699884  2726 0x5646199ea320 TRACE   GST_REFCOUNTING gstobject.c:265:gst_object_unref: 0x564619a21b90 unref 2->1
0:00:00.021669921  2725 0x556530a3b320 DEBUG   default gstvalue.c:2776:_priv_gst_value_parse_value: trying type name 'string'
0:00:00.016707571  2726 0x5646199ea320 TRACE   GST_REFCOUNTING gstobject.c:265:gst_object_unref: 0x564619a22950 unref 2->1
0:00:00.021678403  2725 0x556530a3b320 DEBUG   structure gststructure.c:2258:gst_structure_parse_field: trying field name 'klass'
0:00:00.016717991  2726 0x5646199ea320 TRACE   GST_REFCOUNTING gstobject.c:265:gst_object_unref: 0x564619a23620 unref 2->1
0:00:00.021687461  2725 0x556530a3b320 DEBUG   default gstvalue.c:2776:_priv_gst_value_parse_value: trying type name 'string'
0:00:00.016725814  2726 0x5646199ea320 TRACE   GST_REFCOUNTING gstobject.c:265:gst_object_unref: 0x564619a24300 unref 2->1
0:00:00.021695618  2725 0x556530a3b320 DEBUG   structure gststructure.c:2258:gst_structure_parse_field: trying field name 'description'
0:00:00.016733206  2726 0x5646199ea320 TRACE   GST_REFCOUNTING gstobject.c:265:gst_object_unref: 0x564619a25840 unref 2->1
0:00:00.021702059  2725 0x556530a3b320 DEBUG   default gstvalue.c:2776:_priv_gst_value_parse_value: trying type name 'string'
0:00:00.016740906  2726 0x5646199ea320 TRACE   GST_REFCOUNTING gstobject.c:265:gst_object_unref: 0x564619a26a80 unref 2->1
0:00:00.021718459  2725 0x556530a3b320 DEBUG   structure gststructure.c:2258:gst_structure_parse_field: trying field name 'author'
0:00:00.016754769  2726 0x5646199ea320 TRACE   GST_REFCOUNTING gstobject.c:265:gst_object_unref: 0x564619a27bc0 unref 2->1
0:00:00.021728203  2725 0x556530a3b320 DEBUG   default gstvalue.c:2776:_priv_gst_value_parse_value: trying type name 'string'
0:00:00.016764065  2726 0x5646199ea320 TRACE   GST_REFCOUNTING gstobject.c:265:gst_object_unref: 0x564619a29e40 unref 2->1
0:00:00.021737955  2725 0x556530a3b320 DEBUG   GST_REGISTRY gstregistrychunks.c:627:gst_registry_chunks_load_feature: Element factory : npadtemplates=2
0:00:00.016771864  2726 0x5646199ea320 TRACE   GST_REFCOUNTING gstobject.c:265:gst_object_unref: 0x564619a2b6e0 unref 2->1
0:00:00.021744928  2725 0x556530a3b320 DEBUG   GST_REGISTRY gstregistrychunks.c:527:gst_registry_chunks_load_pad_template: Reading/casting for GstRegistryChunkPadTemplate at address 0x556530a61e98
0:00:00.016780872  2726 0x5646199ea320 TRACE   GST_REFCOUNTING gstobject.c:265:gst_object_unref: 0x564619a2cb60 unref 2->1
0:00:00.021752099  2725 0x556530a3b320 DEBUG   GST_REGISTRY gstregistrychunks.c:540:gst_registry_chunks_load_pad_template: Added pad_template sink
0:00:00.016791730  2726 0x5646199ea320 TRACE   GST_REFCOUNTING gstobject.c:265:gst_object_unref: 0x564619a2df40 unref 2->1
0:00:00.021761035  2725 0x556530a3b320 DEBUG   GST_REGISTRY gstregistrychunks.c:527:gst_registry_chunks_load_pad_template: Reading/casting for GstRegistryChunkPadTemplate at address 0x556530a61eb0
0:00:00.016799940  2726 0x5646199ea320 TRACE   GST_REFCOUNTING gstobject.c:265:gst_object_unref: 0x564619a2ef40 unref 2->1
0:00:00.021768995  2725 0x556530a3b320 DEBUG   GST_REGISTRY gstregistrychunks.c:540:gst_registry_chunks_load_pad_template: Added pad_template src
0:00:00.016807999  2726 0x5646199ea320 TRACE   GST_REFCOUNTING gstobject.c:265:gst_object_unref: 0x564619a308f0 unref 2->1
0:00:00.021779015  2725 0x556530a3b320 DEBUG   GST_REGISTRY gstregistry.c:590:gst_registry_add_feature: adding feature 0x556530a639b0 (valve)
0:00:00.016815548  2726 0x5646199ea320 TRACE   GST_REFCOUNTING gstobject.c:265:gst_object_unref: 0x564619a31ab0 unref 2->1
0:00:00.021785699  2725 0x556530a3b320 DEBUG   GST_REFCOUNTING gstobject.c:709:gst_object_set_parent: set parent (ref and sink)
0:00:00.016828195  2726 0x5646199ea320 DEBUG   GST_REGISTRY gstregistrychunks.c:499:_priv_gst_registry_chunks_save_plugin: Found 22 features in plugin 0x564619a14280 (coreelements)
0:00:00.021797173  2725 0x556530a3b320 TRACE   GST_REFCOUNTING gstobject.c:294:gst_object_ref_sink: 0x556530a639b0 ref_sink 1->2
0:00:00.016836648  2726 0x5646199ea320 DEBUG   GST_POLL gstpoll.c:980:gst_poll_fd_ctl_write: 0x564619a0ecf0: fd (fd:0, idx:1), active : 1
0:00:00.021805430  2725 0x556530a3b320 LOG   GST_REGISTRY gstregistry.c:608:gst_registry_add_feature: emitting feature-added for valve
0:00:00.016844014  2726 0x5646199ea320 LOG   GST_POLL gstpoll.c:994:gst_poll_fd_ctl_write: 0x564619a0ecf0: pfd->events now 60 (POLLOUT:4)
0:00:00.021820865  2725 0x556530a3b320 DEBUG   GST_REGISTRY gstregistrychunks.c:742:gst_registry_chunks_load_feature: Added feature valve, plugin 0x556530a60cc0 coreelements
0:00:00.016855799  2726 0x5646199ea320 DEBUG   GST_POLL gstpoll.c:980:gst_poll_fd_ctl_write: 0x564619a0ecf0: fd (fd:0, idx:1), active : 1
0:00:00.021828840  2725 0x556530a3b320 DEBUG   GST_REGISTRY gstregistrychunks.c:584:gst_registry_chunks_load_feature: Plugin 'coreelements' feature 'multiqueue' typename : 'GstElementFactory'
0:00:00.016865233  2726 0x5646199ea320 LOG   GST_POLL gstpoll.c:994:gst_poll_fd_ctl_write: 0x564619a0ecf0: pfd->events now 60 (POLLOUT:4)
0:00:00.016874077  2726 0x5646199ea320 DEBUG   GST_POLL gstpoll.c:980:gst_poll_fd_ctl_write: 0x564619a0ecf0: fd (fd:0, idx:1), active : 1
0:00:00.021841475  2725 0x556530a3b320 TRACE   GST_REFCOUNTING gstobject.c:208:gst_object_init: 0x556530a63e30 new
0:00:00.016880144  2726 0x5646199ea320 LOG   GST_POLL gstpoll.c:994:gst_poll_fd_ctl_write: 0x564619a0ecf0: pfd->events now 60 (POLLOUT:4)
0:00:00.016887033  2726 0x5646199ea320 DEBUG   GST_POLL gstpoll.c:980:gst_poll_fd_ctl_write: 0x564619a0ecf0: fd (fd:0, idx:1), active : 1
0:00:00.021856524  2725 0x556530a3b320 LOG   GST_REGISTRY gstregistrychunks.c:611:gst_registry_chunks_load_feature: Reading/casting for GstRegistryChunkElementFactory at address 0x556530a61ee0
0:00:00.016895979  2726 0x5646199ea320 LOG   GST_POLL gstpoll.c:994:gst_poll_fd_ctl_write: 0x564619a0ecf0: pfd->events now 60 (POLLOUT:4)
0:00:00.021864825  2725 0x556530a3b320 TRACE   structure gststructure.c:292:gst_structure_new_id_empty_with_size: created structure 0x556530a64060
0:00:00.016903813  2726 0x5646199ea320 DEBUG   GST_POLL gstpoll.c:980:gst_poll_fd_ctl_write: 0x564619a0ecf0: fd (fd:0, idx:1), active : 1
0:00:00.021874041  2725 0x556530a3b320 DEBUG   structure gststructure.c:2258:gst_structure_parse_field: trying field name 'long-name'
0:00:00.016910953  2726 0x5646199ea320 LOG   GST_POLL gstpoll.c:994:gst_poll_fd_ctl_write: 0x564619a0ecf0: pfd->events now 60 (POLLOUT:4)
0:00:00.021881907  2725 0x556530a3b320 DEBUG   default gstvalue.c:2776:_priv_gst_value_parse_value: trying type name 'string'
0:00:00.016918006  2726 0x5646199ea320 DEBUG   GST_POLL gstpoll.c:980:gst_poll_fd_ctl_write: 0x564619a0ecf0: fd (fd:0, idx:1), active : 1
0:00:00.021889938  2725 0x556530a3b320 DEBUG   structure gststructure.c:2258:gst_structure_parse_field: trying field name 'klass'
0:00:00.016927126  2726 0x5646199ea320 LOG   GST_POLL gstpoll.c:994:gst_poll_fd_ctl_write: 0x564619a0ecf0: pfd->events now 60 (POLLOUT:4)
0:00:00.021896419  2725 0x556530a3b320 DEBUG   default gstvalue.c:2776:_priv_gst_value_parse_value: trying type name 'string'
0:00:00.016934555  2726 0x5646199ea320 DEBUG   GST_POLL gstpoll.c:980:gst_poll_fd_ctl_write: 0x564619a0ecf0: fd (fd:0, idx:1), active : 1
0:00:00.021906609  2725 0x556530a3b320 DEBUG   structure gststructure.c:2258:gst_structure_parse_field: trying field name 'description'
0:00:00.016941342  2726 0x5646199ea320 LOG   GST_POLL gstpoll.c:994:gst_poll_fd_ctl_write: 0x564619a0ecf0: pfd->events now 60 (POLLOUT:4)
0:00:00.021921349  2725 0x556530a3b320 DEBUG   default gstvalue.c:2776:_priv_gst_value_parse_value: trying type name 'string'
0:00:00.016956472  2726 0x5646199ea320 DEBUG   GST_POLL gstpoll.c:980:gst_poll_fd_ctl_write: 0x564619a0ecf0: fd (fd:0, idx:1), active : 1
0:00:00.021930146  2725 0x556530a3b320 DEBUG   structure gststructure.c:2258:gst_structure_parse_field: trying field name 'author'
0:00:00.016965971  2726 0x5646199ea320 LOG   GST_POLL gstpoll.c:994:gst_poll_fd_ctl_write: 0x564619a0ecf0: pfd->events now 60 (POLLOUT:4)
0:00:00.021936840  2725 0x556530a3b320 DEBUG   default gstvalue.c:2776:_priv_gst_value_parse_value: trying type name 'string'
0:00:00.016973505  2726 0x5646199ea320 DEBUG   GST_POLL gstpoll.c:980:gst_poll_fd_ctl_write: 0x564619a0ecf0: fd (fd:0, idx:1), active : 1
0:00:00.016980301  2726 0x5646199ea320 LOG   GST_POLL gstpoll.c:994:gst_poll_fd_ctl_write: 0x564619a0ecf0: pfd->events now 60 (POLLOUT:4)
0:00:00.021947655  2725 0x556530a3b320 DEBUG   GST_REGISTRY gstregistrychunks.c:627:gst_registry_chunks_load_feature: Element factory : npadtemplates=2
0:00:00.016986794  2726 0x5646199ea320 DEBUG   GST_POLL gstpoll.c:980:gst_poll_fd_ctl_write: 0x564619a0ecf0: fd (fd:0, idx:1), active : 1
0:00:00.021954826  2725 0x556530a3b320 DEBUG   GST_REGISTRY gstregistrychunks.c:527:gst_registry_chunks_load_pad_template: Reading/casting for GstRegistryChunkPadTemplate at address 0x556530a61fa0
0:00:00.016996193  2726 0x5646199ea320 LOG   GST_POLL gstpoll.c:994:gst_poll_fd_ctl_write: 0x564619a0ecf0: pfd->events now 60 (POLLOUT:4)
0:00:00.021964286  2725 0x556530a3b320 DEBUG   GST_REGISTRY gstregistrychunks.c:540:gst_registry_chunks_load_pad_template: Added pad_template src_%u
0:00:00.017004179  2726 0x5646199ea320 DEBUG   GST_POLL gstpoll.c:980:gst_poll_fd_ctl_write: 0x564619a0ecf0: fd (fd:0, idx:1), active : 1
0:00:00.021971874  2725 0x556530a3b320 DEBUG   GST_REGISTRY gstregistrychunks.c:527:gst_registry_chunks_load_pad_template: Reading/casting for GstRegistryChunkPadTemplate at address 0x556530a61fb8
0:00:00.017010999  2726 0x5646199ea320 LOG   GST_POLL gstpoll.c:994:gst_poll_fd_ctl_write: 0x564619a0ecf0: pfd->events now 60 (POLLOUT:4)
0:00:00.021982339  2725 0x556530a3b320 DEBUG   GST_REGISTRY gstregistrychunks.c:540:gst_registry_chunks_load_pad_template: Added pad_template sink_%u
0:00:00.017018274  2726 0x5646199ea320 DEBUG   GST_POLL gstpoll.c:980:gst_poll_fd_ctl_write: 0x564619a0ecf0: fd (fd:0, idx:1), active : 1
0:00:00.021994075  2725 0x556530a3b320 DEBUG   GST_REGISTRY gstregistry.c:590:gst_registry_add_feature: adding feature 0x556530a63e30 (multiqueue)
0:00:00.017028453  2726 0x5646199ea320 LOG   GST_POLL gstpoll.c:994:gst_poll_fd_ctl_write: 0x564619a0ecf0: pfd->events now 60 (POLLOUT:4)
0:00:00.022002019  2725 0x556530a3b320 DEBUG   GST_REFCOUNTING gstobject.c:709:gst_object_set_parent: set parent (ref and sink)
0:00:00.017039008  2726 0x5646199ea320 DEBUG   GST_POLL gstpoll.c:980:gst_poll_fd_ctl_write: 0x564619a0ecf0: fd (fd:0, idx:1), active : 1
0:00:00.022016836  2725 0x556530a3b320 TRACE   GST_REFCOUNTING gstobject.c:294:gst_object_ref_sink: 0x556530a63e30 ref_sink 1->2
0:00:00.017051673  2726 0x5646199ea320 LOG   GST_POLL gstpoll.c:994:gst_poll_fd_ctl_write: 0x564619a0ecf0: pfd->events now 60 (POLLOUT:4)
0:00:00.022027330  2725 0x556530a3b320 LOG   GST_REGISTRY gstregistry.c:608:gst_registry_add_feature: emitting feature-added for multiqueue
0:00:00.017061297  2726 0x5646199ea320 DEBUG   GST_POLL gstpoll.c:980:gst_poll_fd_ctl_write: 0x564619a0ecf0: fd (fd:0, idx:1), active : 1
0:00:00.022036440  2725 0x556530a3b320 DEBUG   GST_REGISTRY gstregistrychunks.c:742:gst_registry_chunks_load_feature: Added feature multiqueue, plugin 0x556530a60cc0 coreelements
0:00:00.017072159  2726 0x5646199ea320 LOG   GST_POLL gstpoll.c:994:gst_poll_fd_ctl_write: 0x564619a0ecf0: pfd->events now 60 (POLLOUT:4)
0:00:00.022043772  2725 0x556530a3b320 DEBUG   GST_REGISTRY gstregistrychunks.c:584:gst_registry_chunks_load_feature: Plugin 'coreelements' feature 'typefind' typename : 'GstElementFactory'
0:00:00.017080191  2726 0x5646199ea320 DEBUG   GST_POLL gstpoll.c:980:gst_poll_fd_ctl_write: 0x564619a0ecf0: fd (fd:0, idx:1), active : 1
0:00:00.017087123  2726 0x5646199ea320 LOG   GST_POLL gstpoll.c:994:gst_poll_fd_ctl_write: 0x564619a0ecf0: pfd->events now 60 (POLLOUT:4)
0:00:00.022054131  2725 0x556530a3b320 TRACE   GST_REFCOUNTING gstobject.c:208:gst_object_init: 0x556530a64270 new
0:00:00.017093664  2726 0x5646199ea320 DEBUG   GST_POLL gstpoll.c:980:gst_poll_fd_ctl_write: 0x564619a0ecf0: fd (fd:0, idx:1), active : 1
0:00:00.022066942  2725 0x556530a3b320 LOG   GST_REGISTRY gstregistrychunks.c:611:gst_registry_chunks_load_feature: Reading/casting for GstRegistryChunkElementFactory at address 0x556530a61fe8
0:00:00.017102886  2726 0x5646199ea320 LOG   GST_POLL gstpoll.c:994:gst_poll_fd_ctl_write: 0x564619a0ecf0: pfd->events now 60 (POLLOUT:4)
0:00:00.022075800  2725 0x556530a3b320 TRACE   structure gststructure.c:292:gst_structure_new_id_empty_with_size: created structure 0x556530a64580
0:00:00.017111106  2726 0x5646199ea320 DEBUG   GST_POLL gstpoll.c:980:gst_poll_fd_ctl_write: 0x564619a0ecf0: fd (fd:0, idx:1), active : 1
0:00:00.022083271  2725 0x556530a3b320 DEBUG   structure gststructure.c:2258:gst_structure_parse_field: trying field name 'long-name'
0:00:00.017118451  2726 0x5646199ea320 LOG   GST_POLL gstpoll.c:994:gst_poll_fd_ctl_write: 0x564619a0ecf0: pfd->events now 60 (POLLOUT:4)
0:00:00.022089772  2725 0x556530a3b320 DEBUG   default gstvalue.c:2776:_priv_gst_value_parse_value: trying type name 'string'
0:00:00.017126236  2726 0x5646199ea320 DEBUG   GST_POLL gstpoll.c:980:gst_poll_fd_ctl_write: 0x564619a0ecf0: fd (fd:0, idx:1), active : 1
0:00:00.022100726  2725 0x556530a3b320 DEBUG   structure gststructure.c:2258:gst_structure_parse_field: trying field name 'klass'
0:00:00.017136723  2726 0x5646199ea320 LOG   GST_POLL gstpoll.c:994:gst_poll_fd_ctl_write: 0x564619a0ecf0: pfd->events now 60 (POLLOUT:4)
0:00:00.022109126  2725 0x556530a3b320 DEBUG   default gstvalue.c:2776:_priv_gst_value_parse_value: trying type name 'string'
0:00:00.017154917  2726 0x5646199ea320 DEBUG   GST_POLL gstpoll.c:980:gst_poll_fd_ctl_write: 0x564619a0ecf0: fd (fd:0, idx:1), active : 1
0:00:00.022123681  2725 0x556530a3b320 DEBUG   structure gststructure.c:2258:gst_structure_parse_field: trying field name 'description'
0:00:00.017162240  2726 0x5646199ea320 LOG   GST_POLL gstpoll.c:994:gst_poll_fd_ctl_write: 0x564619a0ecf0: pfd->events now 60 (POLLOUT:4)
0:00:00.022131313  2725 0x556530a3b320 DEBUG   default gstvalue.c:2776:_priv_gst_value_parse_value: trying type name 'string'
0:00:00.017169379  2726 0x5646199ea320 DEBUG   GST_POLL gstpoll.c:980:gst_poll_fd_ctl_write: 0x564619a0ecf0: fd (fd:0, idx:1), active : 1
0:00:00.022142450  2725 0x556530a3b320 DEBUG   structure gststructure.c:2258:gst_structure_parse_field: trying field name 'author'
0:00:00.017178530  2726 0x5646199ea320 LOG   GST_POLL gstpoll.c:994:gst_poll_fd_ctl_write: 0x564619a0ecf0: pfd->events now 60 (POLLOUT:4)
0:00:00.022153655  2725 0x556530a3b320 DEBUG   default gstvalue.c:2776:_priv_gst_value_parse_value: trying type name 'string'
0:00:00.017188158  2726 0x5646199ea320 DEBUG   GST_POLL gstpoll.c:980:gst_poll_fd_ctl_write: 0x564619a0ecf0: fd (fd:0, idx:1), active : 1
0:00:00.022163389  2725 0x556530a3b320 DEBUG   GST_REGISTRY gstregistrychunks.c:627:gst_registry_chunks_load_feature: Element factory : npadtemplates=2
0:00:00.017196847  2726 0x5646199ea320 LOG   GST_POLL gstpoll.c:994:gst_poll_fd_ctl_write: 0x564619a0ecf0: pfd->events now 60 (POLLOUT:4)
0:00:00.022171080  2725 0x556530a3b320 DEBUG   GST_REGISTRY gstregistrychunks.c:527:gst_registry_chunks_load_pad_template: Reading/casting for GstRegistryChunkPadTemplate at address 0x556530a620c0
0:00:00.017206809  2726 0x5646199ea320 DEBUG   GST_POLL gstpoll.c:980:gst_poll_fd_ctl_write: 0x564619a0ecf0: fd (fd:0, idx:1), active : 1
0:00:00.022181008  2725 0x556530a3b320 DEBUG   GST_REGISTRY gstregistrychunks.c:540:gst_registry_chunks_load_pad_template: Added pad_template sink
0:00:00.017217907  2726 0x5646199ea320 LOG   GST_POLL gstpoll.c:994:gst_poll_fd_ctl_write: 0x564619a0ecf0: pfd->events now 60 (POLLOUT:4)
0:00:00.022189329  2725 0x556530a3b320 DEBUG   GST_REGISTRY gstregistrychunks.c:527:gst_registry_chunks_load_pad_template: Reading/casting for GstRegistryChunkPadTemplate at address 0x556530a620d8
0:00:00.017226020  2726 0x5646199ea320 DEBUG   GST_POLL gstpoll.c:980:gst_poll_fd_ctl_write: 0x564619a0ecf0: fd (fd:0, idx:1), active : 1
0:00:00.022196695  2725 0x556530a3b320 DEBUG   GST_REGISTRY gstregistrychunks.c:540:gst_registry_chunks_load_pad_template: Added pad_template src
0:00:00.017233240  2726 0x5646199ea320 LOG   GST_POLL gstpoll.c:994:gst_poll_fd_ctl_write: 0x564619a0ecf0: pfd->events now 60 (POLLOUT:4)
0:00:00.022207258  2725 0x556530a3b320 DEBUG   GST_REGISTRY gstregistry.c:590:gst_registry_add_feature: adding feature 0x556530a64270 (typefind)
0:00:00.017240371  2726 0x5646199ea320 DEBUG   GST_POLL gstpoll.c:980:gst_poll_fd_ctl_write: 0x564619a0ecf0: fd (fd:0, idx:1), active : 1
0:00:00.022216848  2725 0x556530a3b320 DEBUG   GST_REFCOUNTING gstobject.c:709:gst_object_set_parent: set parent (ref and sink)
0:00:00.017260678  2726 0x5646199ea320 LOG   GST_POLL gstpoll.c:994:gst_poll_fd_ctl_write: 0x564619a0ecf0: pfd->events now 60 (POLLOUT:4)
0:00:00.022230082  2725 0x556530a3b320 TRACE   GST_REFCOUNTING gstobject.c:294:gst_object_ref_sink: 0x556530a64270 ref_sink 1->2
0:00:00.017268387  2726 0x5646199ea320 DEBUG   GST_POLL gstpoll.c:980:gst_poll_fd_ctl_write: 0x564619a0ecf0: fd (fd:0, idx:1), active : 1
0:00:00.022238870  2725 0x556530a3b320 LOG   GST_REGISTRY gstregistry.c:608:gst_registry_add_feature: emitting feature-added for typefind
0:00:00.017275347  2726 0x5646199ea320 LOG   GST_POLL gstpoll.c:994:gst_poll_fd_ctl_write: 0x564619a0ecf0: pfd->events now 60 (POLLOUT:4)
0:00:00.022247557  2725 0x556530a3b320 DEBUG   GST_REGISTRY gstregistrychunks.c:742:gst_registry_chunks_load_feature: Added feature typefind, plugin 0x556530a60cc0 coreelements
0:00:00.017283224  2726 0x5646199ea320 DEBUG   GST_POLL gstpoll.c:980:gst_poll_fd_ctl_write: 0x564619a0ecf0: fd (fd:0, idx:1), active : 1
0:00:00.022258196  2725 0x556530a3b320 DEBUG   GST_REGISTRY gstregistrychunks.c:584:gst_registry_chunks_load_feature: Plugin 'coreelements' feature 'tee' typename : 'GstElementFactory'
0:00:00.017293333  2726 0x5646199ea320 LOG   GST_POLL gstpoll.c:994:gst_poll_fd_ctl_write: 0x564619a0ecf0: pfd->events now 60 (POLLOUT:4)
0:00:00.017303501  2726 0x5646199ea320 DEBUG   GST_POLL gstpoll.c:980:gst_poll_fd_ctl_write: 0x564619a0ecf0: fd (fd:0, idx:1), active : 1
0:00:00.022270377  2725 0x556530a3b320 TRACE   GST_REFCOUNTING gstobject.c:208:gst_object_init: 0x556530a647d0 new
0:00:00.017310307  2726 0x5646199ea320 LOG   GST_POLL gstpoll.c:994:gst_poll_fd_ctl_write: 0x564619a0ecf0: pfd->events now 60 (POLLOUT:4)
0:00:00.022281440  2725 0x556530a3b320 LOG   GST_REGISTRY gstregistrychunks.c:611:gst_registry_chunks_load_feature: Reading/casting for GstRegistryChunkElementFactory at address 0x556530a62100
0:00:00.017317516  2726 0x5646199ea320 DEBUG   GST_POLL gstpoll.c:980:gst_poll_fd_ctl_write: 0x564619a0ecf0: fd (fd:0, idx:1), active : 1
0:00:00.022289149  2725 0x556530a3b320 TRACE   structure gststructure.c:292:gst_structure_new_id_empty_with_size: created structure 0x556530a64a10
0:00:00.017327331  2726 0x5646199ea320 LOG   GST_POLL gstpoll.c:994:gst_poll_fd_ctl_write: 0x564619a0ecf0: pfd->events now 60 (POLLOUT:4)
0:00:00.022298899  2725 0x556530a3b320 DEBUG   structure gststructure.c:2258:gst_structure_parse_field: trying field name 'long-name'
0:00:00.017335362  2726 0x5646199ea320 DEBUG   GST_POLL gstpoll.c:980:gst_poll_fd_ctl_write: 0x564619a0ecf0: fd (fd:0, idx:1), active : 1
0:00:00.022307300  2725 0x556530a3b320 DEBUG   default gstvalue.c:2776:_priv_gst_value_parse_value: trying type name 'string'
0:00:00.017342456  2726 0x5646199ea320 LOG   GST_POLL gstpoll.c:994:gst_poll_fd_ctl_write: 0x564619a0ecf0: pfd->events now 60 (POLLOUT:4)
0:00:00.022315594  2725 0x556530a3b320 DEBUG   structure gststructure.c:2258:gst_structure_parse_field: trying field name 'klass'
0:00:00.017350569  2726 0x5646199ea320 DEBUG   GST_POLL gstpoll.c:980:gst_poll_fd_ctl_write: 0x564619a0ecf0: fd (fd:0, idx:1), active : 1
0:00:00.022337557  2725 0x556530a3b320 DEBUG   default gstvalue.c:2776:_priv_gst_value_parse_value: trying type name 'string'
0:00:00.017375023  2726 0x5646199ea320 LOG   GST_POLL gstpoll.c:994:gst_poll_fd_ctl_write: 0x564619a0ecf0: pfd->events now 60 (POLLOUT:4)
0:00:00.022347682  2725 0x556530a3b320 DEBUG   structure gststructure.c:2258:gst_structure_parse_field: trying field name 'description'
0:00:00.017382456  2726 0x5646199ea320 DEBUG   GST_POLL gstpoll.c:980:gst_poll_fd_ctl_write: 0x564619a0ecf0: fd (fd:0, idx:1), active : 1
0:00:00.022356247  2725 0x556530a3b320 DEBUG   default gstvalue.c:2776:_priv_gst_value_parse_value: trying type name 'string'
0:00:00.017392191  2726 0x5646199ea320 LOG   GST_POLL gstpoll.c:994:gst_poll_fd_ctl_write: 0x564619a0ecf0: pfd->events now 60 (POLLOUT:4)
0:00:00.022365015  2725 0x556530a3b320 DEBUG   structure gststructure.c:2258:gst_structure_parse_field: trying field name 'author'
0:00:00.017399607  2726 0x5646199ea320 DEBUG   GST_POLL gstpoll.c:980:gst_poll_fd_ctl_write: 0x564619a0ecf0: fd (fd:0, idx:1), active : 1
0:00:00.022371717  2725 0x556530a3b320 DEBUG   default gstvalue.c:2776:_priv_gst_value_parse_value: trying type name 'string'
0:00:00.017409160  2726 0x5646199ea320 LOG   GST_POLL gstpoll.c:994:gst_poll_fd_ctl_write: 0x564619a0ecf0: pfd->events now 60 (POLLOUT:4)
0:00:00.017416759  2726 0x5646199ea320 DEBUG   GST_POLL gstpoll.c:980:gst_poll_fd_ctl_write: 0x564619a0ecf0: fd (fd:0, idx:1), active : 1
0:00:00.022383230  2725 0x556530a3b320 DEBUG   GST_REGISTRY gstregistrychunks.c:627:gst_registry_chunks_load_feature: Element factory : npadtemplates=2
0:00:00.017423010  2726 0x5646199ea320 LOG   GST_POLL gstpoll.c:994:gst_poll_fd_ctl_write: 0x564619a0ecf0: pfd->events now 60 (POLLOUT:4)
0:00:00.022392186  2725 0x556530a3b320 DEBUG   GST_REGISTRY gstregistrychunks.c:527:gst_registry_chunks_load_pad_template: Reading/casting for GstRegistryChunkPadTemplate at address 0x556530a621f0
0:00:00.022400112  2725 0x556530a3b320 DEBUG   GST_REGISTRY gstregistrychunks.c:540:gst_registry_chunks_load_pad_template: Added pad_template src_%u
0:00:00.017430513  2726 0x5646199ea320 DEBUG   GST_POLL gstpoll.c:980:gst_poll_fd_ctl_write: 0x564619a0ecf0: fd (fd:0, idx:1), active : 1
0:00:00.022406647  2725 0x556530a3b320 DEBUG   GST_REGISTRY gstregistrychunks.c:527:gst_registry_chunks_load_pad_template: Reading/casting for GstRegistryChunkPadTemplate at address 0x556530a62208
0:00:00.017448531  2726 0x5646199ea320 LOG   GST_POLL gstpoll.c:994:gst_poll_fd_ctl_write: 0x564619a0ecf0: pfd->events now 60 (POLLOUT:4)
0:00:00.022418499  2725 0x556530a3b320 DEBUG   GST_REGISTRY gstregistrychunks.c:540:gst_registry_chunks_load_pad_template: Added pad_template sink
0:00:00.017457832  2726 0x5646199ea320 DEBUG   GST_POLL gstpoll.c:980:gst_poll_fd_ctl_write: 0x564619a0ecf0: fd (fd:0, idx:1), active : 1
0:00:00.022430787  2725 0x556530a3b320 DEBUG   GST_REGISTRY gstregistry.c:590:gst_registry_add_feature: adding feature 0x556530a647d0 (tee)
0:00:00.017464876  2726 0x5646199ea320 LOG   GST_POLL gstpoll.c:994:gst_poll_fd_ctl_write: 0x564619a0ecf0: pfd->events now 60 (POLLOUT:4)
0:00:00.022448559  2725 0x556530a3b320 DEBUG   GST_REFCOUNTING gstobject.c:709:gst_object_set_parent: set parent (ref and sink)
0:00:00.017486594  2726 0x5646199ea320 DEBUG   GST_POLL gstpoll.c:980:gst_poll_fd_ctl_write: 0x564619a0ecf0: fd (fd:0, idx:1), active : 1
0:00:00.022458176  2725 0x556530a3b320 TRACE   GST_REFCOUNTING gstobject.c:294:gst_object_ref_sink: 0x556530a647d0 ref_sink 1->2
0:00:00.017494690  2726 0x5646199ea320 LOG   GST_POLL gstpoll.c:994:gst_poll_fd_ctl_write: 0x564619a0ecf0: pfd->events now 60 (POLLOUT:4)
0:00:00.017504069  2726 0x5646199ea320 DEBUG   GST_POLL gstpoll.c:980:gst_poll_fd_ctl_write: 0x564619a0ecf0: fd (fd:0, idx:1), active : 1
0:00:00.022469494  2725 0x556530a3b320 LOG   GST_REGISTRY gstregistry.c:608:gst_registry_add_feature: emitting feature-added for tee
0:00:00.022492696  2725 0x556530a3b320 DEBUG   GST_REGISTRY gstregistrychunks.c:742:gst_registry_chunks_load_feature: Added feature tee, plugin 0x556530a60cc0 coreelements
0:00:00.017527335  2726 0x5646199ea320 LOG   GST_POLL gstpoll.c:994:gst_poll_fd_ctl_write: 0x564619a0ecf0: pfd->events now 60 (POLLOUT:4)
0:00:00.022501955  2725 0x556530a3b320 DEBUG   GST_REGISTRY gstregistrychunks.c:584:gst_registry_chunks_load_feature: Plugin 'coreelements' feature 'filesink' typename : 'GstElementFactory'
0:00:00.017542581  2726 0x5646199ea320 DEBUG   GST_POLL gstpoll.c:980:gst_poll_fd_ctl_write: 0x564619a0ecf0: fd (fd:0, idx:1), active : 1
0:00:00.022514158  2725 0x556530a3b320 TRACE   GST_REFCOUNTING gstobject.c:208:gst_object_init: 0x556530a64d40 new
0:00:00.017556779  2726 0x5646199ea320 LOG   GST_POLL gstpoll.c:994:gst_poll_fd_ctl_write: 0x564619a0ecf0: pfd->events now 60 (POLLOUT:4)
0:00:00.017568919  2726 0x5646199ea320 DEBUG   GST_POLL gstpoll.c:980:gst_poll_fd_ctl_write: 0x564619a0ecf0: fd (fd:0, idx:1), active : 1
0:00:00.022535427  2725 0x556530a3b320 LOG   GST_REGISTRY gstregistrychunks.c:611:gst_registry_chunks_load_feature: Reading/casting for GstRegistryChunkElementFactory at address 0x556530a62238
0:00:00.017579754  2726 0x5646199ea320 LOG   GST_POLL gstpoll.c:994:gst_poll_fd_ctl_write: 0x564619a0ecf0: pfd->events now 60 (POLLOUT:4)
0:00:00.022548105  2725 0x556530a3b320 TRACE   structure gststructure.c:292:gst_structure_new_id_empty_with_size: created structure 0x556530a65040
0:00:00.017589397  2726 0x5646199ea320 DEBUG   GST_POLL gstpoll.c:980:gst_poll_fd_ctl_write: 0x564619a0ecf0: fd (fd:0, idx:1), active : 1
0:00:00.022557519  2725 0x556530a3b320 DEBUG   structure gststructure.c:2258:gst_structure_parse_field: trying field name 'long-name'
0:00:00.017596907  2726 0x5646199ea320 LOG   GST_POLL gstpoll.c:994:gst_poll_fd_ctl_write: 0x564619a0ecf0: pfd->events now 60 (POLLOUT:4)
0:00:00.022568482  2725 0x556530a3b320 DEBUG   default gstvalue.c:2776:_priv_gst_value_parse_value: trying type name 'string'
0:00:00.017604839  2726 0x5646199ea320 DEBUG   GST_POLL gstpoll.c:980:gst_poll_fd_ctl_write: 0x564619a0ecf0: fd (fd:0, idx:1), active : 1
0:00:00.022578883  2725 0x556530a3b320 DEBUG   structure gststructure.c:2258:gst_structure_parse_field: trying field name 'klass'
0:00:00.022590838  2725 0x556530a3b320 DEBUG   default gstvalue.c:2776:_priv_gst_value_parse_value: trying type name 'string'
0:00:00.017623521  2726 0x5646199ea320 LOG   GST_POLL gstpoll.c:994:gst_poll_fd_ctl_write: 0x564619a0ecf0: pfd->events now 60 (POLLOUT:4)
0:00:00.022599500  2725 0x556530a3b320 DEBUG   structure gststructure.c:2258:gst_structure_parse_field: trying field name 'description'
0:00:00.017635063  2726 0x5646199ea320 DEBUG   GST_POLL gstpoll.c:980:gst_poll_fd_ctl_write: 0x564619a0ecf0: fd (fd:0, idx:1), active : 1
0:00:00.017644024  2726 0x5646199ea320 LOG   GST_POLL gstpoll.c:994:gst_poll_fd_ctl_write: 0x564619a0ecf0: pfd->events now 60 (POLLOUT:4)
0:00:00.022609388  2725 0x556530a3b320 DEBUG   default gstvalue.c:2776:_priv_gst_value_parse_value: trying type name 'string'
0:00:00.017650608  2726 0x5646199ea320 DEBUG   GST_POLL gstpoll.c:980:gst_poll_fd_ctl_write: 0x564619a0ecf0: fd (fd:0, idx:1), active : 1
0:00:00.022623813  2725 0x556530a3b320 DEBUG   structure gststructure.c:2258:gst_structure_parse_field: trying field name 'author'
0:00:00.017659943  2726 0x5646199ea320 LOG   GST_POLL gstpoll.c:994:gst_poll_fd_ctl_write: 0x564619a0ecf0: pfd->events now 60 (POLLOUT:4)
0:00:00.022630840  2725 0x556530a3b320 DEBUG   default gstvalue.c:2776:_priv_gst_value_parse_value: trying type name 'string'
0:00:00.017668538  2726 0x5646199ea320 DEBUG   GST_POLL gstpoll.c:980:gst_poll_fd_ctl_write: 0x564619a0ecf0: fd (fd:0, idx:1), active : 1
0:00:00.017675223  2726 0x5646199ea320 LOG   GST_POLL gstpoll.c:994:gst_poll_fd_ctl_write: 0x564619a0ecf0: pfd->events now 60 (POLLOUT:4)
0:00:00.022644010  2725 0x556530a3b320 DEBUG   GST_REGISTRY gstregistrychunks.c:627:gst_registry_chunks_load_feature: Element factory : npadtemplates=1
0:00:00.017682360  2726 0x5646199ea320 DEBUG   GST_POLL gstpoll.c:980:gst_poll_fd_ctl_write: 0x564619a0ecf0: fd (fd:0, idx:1), active : 1
0:00:00.022653884  2725 0x556530a3b320 DEBUG   GST_REGISTRY gstregistrychunks.c:527:gst_registry_chunks_load_pad_template: Reading/casting for GstRegistryChunkPadTemplate at address 0x556530a62318
0:00:00.017691341  2726 0x5646199ea320 LOG   GST_POLL gstpoll.c:994:gst_poll_fd_ctl_write: 0x564619a0ecf0: pfd->events now 60 (POLLOUT:4)
0:00:00.022661814  2725 0x556530a3b320 DEBUG   GST_REGISTRY gstregistrychunks.c:540:gst_registry_chunks_load_pad_template: Added pad_template sink
0:00:00.017700087  2726 0x5646199ea320 DEBUG   GST_POLL gstpoll.c:980:gst_poll_fd_ctl_write: 0x564619a0ecf0: fd (fd:0, idx:1), active : 1
0:00:00.022669349  2725 0x556530a3b320 DEBUG   GST_REGISTRY gstregistrychunks.c:640:gst_registry_chunks_load_feature: Reading 1 UriTypes at address 0x556530a62329
0:00:00.017707189  2726 0x5646199ea320 LOG   GST_POLL gstpoll.c:994:gst_poll_fd_ctl_write: 0x564619a0ecf0: pfd->events now 60 (POLLOUT:4)
0:00:00.022679867  2725 0x556530a3b320 DEBUG   GST_REGISTRY gstregistrychunks.c:655:gst_registry_chunks_load_feature: Reading 1 Interfaces at address 0x556530a62339
0:00:00.017714358  2726 0x5646199ea320 DEBUG   GST_POLL gstpoll.c:980:gst_poll_fd_ctl_write: 0x564619a0ecf0: fd (fd:0, idx:1), active : 1
0:00:00.017734918  2726 0x5646199ea320 LOG   GST_POLL gstpoll.c:994:gst_poll_fd_ctl_write: 0x564619a0ecf0: pfd->events now 60 (POLLOUT:4)
0:00:00.022702607  2725 0x556530a3b320 DEBUG   GST_REGISTRY gstregistry.c:590:gst_registry_add_feature: adding feature 0x556530a64d40 (filesink)
0:00:00.017743520  2726 0x5646199ea320 DEBUG   GST_POLL gstpoll.c:980:gst_poll_fd_ctl_write: 0x564619a0ecf0: fd (fd:0, idx:1), active : 1
0:00:00.022712164  2725 0x556530a3b320 DEBUG   GST_REFCOUNTING gstobject.c:709:gst_object_set_parent: set parent (ref and sink)
0:00:00.017750184  2726 0x5646199ea320 LOG   GST_POLL gstpoll.c:994:gst_poll_fd_ctl_write: 0x564619a0ecf0: pfd->events now 60 (POLLOUT:4)
0:00:00.022720987  2725 0x556530a3b320 TRACE   GST_REFCOUNTING gstobject.c:294:gst_object_ref_sink: 0x556530a64d40 ref_sink 1->2
0:00:00.017757677  2726 0x5646199ea320 DEBUG   GST_POLL gstpoll.c:980:gst_poll_fd_ctl_write: 0x564619a0ecf0: fd (fd:0, idx:1), active : 1
0:00:00.022731878  2725 0x556530a3b320 LOG   GST_REGISTRY gstregistry.c:608:gst_registry_add_feature: emitting feature-added for filesink
0:00:00.017767137  2726 0x5646199ea320 LOG   GST_POLL gstpoll.c:994:gst_poll_fd_ctl_write: 0x564619a0ecf0: pfd->events now 60 (POLLOUT:4)
0:00:00.022741278  2725 0x556530a3b320 DEBUG   GST_REGISTRY gstregistrychunks.c:742:gst_registry_chunks_load_feature: Added feature filesink, plugin 0x556530a60cc0 coreelements
0:00:00.017776347  2726 0x5646199ea320 DEBUG   GST_POLL gstpoll.c:980:gst_poll_fd_ctl_write: 0x564619a0ecf0: fd (fd:0, idx:1), active : 1
0:00:00.022748869  2725 0x556530a3b320 DEBUG   GST_REGISTRY gstregistrychunks.c:584:gst_registry_chunks_load_feature: Plugin 'coreelements' feature 'queue2' typename : 'GstElementFactory'
0:00:00.017783529  2726 0x5646199ea320 LOG   GST_POLL gstpoll.c:994:gst_poll_fd_ctl_write: 0x564619a0ecf0: pfd->events now 60 (POLLOUT:4)
0:00:00.017791781  2726 0x5646199ea320 DEBUG   GST_POLL gstpoll.c:980:gst_poll_fd_ctl_write: 0x564619a0ecf0: fd (fd:0, idx:1), active : 1
0:00:00.022759186  2725 0x556530a3b320 TRACE   GST_REFCOUNTING gstobject.c:208:gst_object_init: 0x556530a65550 new
0:00:00.017801197  2726 0x5646199ea320 LOG   GST_POLL gstpoll.c:994:gst_poll_fd_ctl_write: 0x564619a0ecf0: pfd->events now 60 (POLLOUT:4)
0:00:00.022773994  2725 0x556530a3b320 LOG   GST_REGISTRY gstregistrychunks.c:611:gst_registry_chunks_load_feature: Reading/casting for GstRegistryChunkElementFactory at address 0x556530a62360
0:00:00.017810390  2726 0x5646199ea320 DEBUG   GST_POLL gstpoll.c:980:gst_poll_fd_ctl_write: 0x564619a0ecf0: fd (fd:0, idx:1), active : 1
0:00:00.022783538  2725 0x556530a3b320 TRACE   structure gststructure.c:292:gst_structure_new_id_empty_with_size: created structure 0x556530a65780
0:00:00.017817745  2726 0x5646199ea320 LOG   GST_POLL gstpoll.c:994:gst_poll_fd_ctl_write: 0x564619a0ecf0: pfd->events now 60 (POLLOUT:4)
0:00:00.022791221  2725 0x556530a3b320 DEBUG   structure gststructure.c:2258:gst_structure_parse_field: trying field name 'long-name'
0:00:00.017827331  2726 0x5646199ea320 DEBUG   GST_POLL gstpoll.c:980:gst_poll_fd_ctl_write: 0x564619a0ecf0: fd (fd:0, idx:1), active : 1
0:00:00.022803745  2725 0x556530a3b320 DEBUG   default gstvalue.c:2776:_priv_gst_value_parse_value: trying type name 'string'
0:00:00.017841411  2726 0x5646199ea320 LOG   GST_POLL gstpoll.c:994:gst_poll_fd_ctl_write: 0x564619a0ecf0: pfd->events now 60 (POLLOUT:4)
0:00:00.022814085  2725 0x556530a3b320 DEBUG   structure gststructure.c:2258:gst_structure_parse_field: trying field name 'klass'
0:00:00.017849349  2726 0x5646199ea320 DEBUG   GST_POLL gstpoll.c:980:gst_poll_fd_ctl_write: 0x564619a0ecf0: fd (fd:0, idx:1), active : 1
0:00:00.022822639  2725 0x556530a3b320 DEBUG   default gstvalue.c:2776:_priv_gst_value_parse_value: trying type name 'string'
0:00:00.017857626  2726 0x5646199ea320 LOG   GST_POLL gstpoll.c:994:gst_poll_fd_ctl_write: 0x564619a0ecf0: pfd->events now 60 (POLLOUT:4)
0:00:00.022830879  2725 0x556530a3b320 DEBUG   structure gststructure.c:2258:gst_structure_parse_field: trying field name 'description'
0:00:00.017865970  2726 0x5646199ea320 DEBUG   GST_POLL gstpoll.c:980:gst_poll_fd_ctl_write: 0x564619a0ecf0: fd (fd:0, idx:1), active : 1
0:00:00.022837314  2725 0x556530a3b320 DEBUG   default gstvalue.c:2776:_priv_gst_value_parse_value: trying type name 'string'
0:00:00.017875285  2726 0x5646199ea320 LOG   GST_POLL gstpoll.c:994:gst_poll_fd_ctl_write: 0x564619a0ecf0: pfd->events now 60 (POLLOUT:4)
0:00:00.022848118  2725 0x556530a3b320 DEBUG   structure gststructure.c:2258:gst_structure_parse_field: trying field name 'author'
0:00:00.017883379  2726 0x5646199ea320 DEBUG   GST_POLL gstpoll.c:980:gst_poll_fd_ctl_write: 0x564619a0ecf0: fd (fd:0, idx:1), active : 1
0:00:00.022855916  2725 0x556530a3b320 DEBUG   default gstvalue.c:2776:_priv_gst_value_parse_value: trying type name 'string'
0:00:00.017890912  2726 0x5646199ea320 LOG   GST_POLL gstpoll.c:994:gst_poll_fd_ctl_write: 0x564619a0ecf0: pfd->events now 60 (POLLOUT:4)
0:00:00.022865670  2725 0x556530a3b320 DEBUG   GST_REGISTRY gstregistrychunks.c:627:gst_registry_chunks_load_feature: Element factory : npadtemplates=2
0:00:00.017899292  2726 0x5646199ea320 DEBUG   GST_POLL gstpoll.c:980:gst_poll_fd_ctl_write: 0x564619a0ecf0: fd (fd:0, idx:1), active : 1
0:00:00.022872162  2725 0x556530a3b320 DEBUG   GST_REGISTRY gstregistrychunks.c:527:gst_registry_chunks_load_pad_template: Reading/casting for GstRegistryChunkPadTemplate at address 0x556530a62450
0:00:00.017910106  2726 0x5646199ea320 LOG   GST_POLL gstpoll.c:994:gst_poll_fd_ctl_write: 0x564619a0ecf0: pfd->events now 60 (POLLOUT:4)
0:00:00.022880936  2725 0x556530a3b320 DEBUG   GST_REGISTRY gstregistrychunks.c:540:gst_registry_chunks_load_pad_template: Added pad_template sink
0:00:00.017918042  2726 0x5646199ea320 DEBUG   GST_POLL gstpoll.c:980:gst_poll_fd_ctl_write: 0x564619a0ecf0: fd (fd:0, idx:1), active : 1
0:00:00.022888723  2725 0x556530a3b320 DEBUG   GST_REGISTRY gstregistrychunks.c:527:gst_registry_chunks_load_pad_template: Reading/casting for GstRegistryChunkPadTemplate at address 0x556530a62468
0:00:00.017925371  2726 0x5646199ea320 LOG   GST_POLL gstpoll.c:994:gst_poll_fd_ctl_write: 0x564619a0ecf0: pfd->events now 60 (POLLOUT:4)
0:00:00.022902307  2725 0x556530a3b320 DEBUG   GST_REGISTRY gstregistrychunks.c:540:gst_registry_chunks_load_pad_template: Added pad_template src
0:00:00.017938386  2726 0x5646199ea320 DEBUG   GST_POLL gstpoll.c:980:gst_poll_fd_ctl_write: 0x564619a0ecf0: fd (fd:0, idx:1), active : 1
0:00:00.022912419  2725 0x556530a3b320 DEBUG   GST_REGISTRY gstregistry.c:590:gst_registry_add_feature: adding feature 0x556530a65550 (queue2)
0:00:00.017947964  2726 0x5646199ea320 LOG   GST_POLL gstpoll.c:994:gst_poll_fd_ctl_write: 0x564619a0ecf0: pfd->events now 60 (POLLOUT:4)
0:00:00.022922630  2725 0x556530a3b320 DEBUG   GST_REFCOUNTING gstobject.c:709:gst_object_set_parent: set parent (ref and sink)
0:00:00.017957923  2726 0x5646199ea320 DEBUG   GST_POLL gstpoll.c:980:gst_poll_fd_ctl_write: 0x564619a0ecf0: fd (fd:0, idx:1), active : 1
0:00:00.022933063  2725 0x556530a3b320 TRACE   GST_REFCOUNTING gstobject.c:294:gst_object_ref_sink: 0x556530a65550 ref_sink 1->2
0:00:00.017967133  2726 0x5646199ea320 LOG   GST_POLL gstpoll.c:994:gst_poll_fd_ctl_write: 0x564619a0ecf0: pfd->events now 60 (POLLOUT:4)
0:00:00.022941770  2725 0x556530a3b320 LOG   GST_REGISTRY gstregistry.c:608:gst_registry_add_feature: emitting feature-added for queue2
0:00:00.017976496  2726 0x5646199ea320 DEBUG   GST_POLL gstpoll.c:980:gst_poll_fd_ctl_write: 0x564619a0ecf0: fd (fd:0, idx:1), active : 1
