0:00:00.019672709  2471 0x1dbc370 DEBUG   GST_REFCOUNTING gstobject.c:708:gst_object_set_parent: set parent (ref and sink)
0:00:00.014887954  2472 0x12b2320 TRACE   GST_REFCOUNTING gstobject.c:264:gst_object_unref: 0x12e6780 unref 2->1
0:00:00.019680903  2471 0x1dbc370 TRACE   GST_REFCOUNTING gstobject.c:292:gst_object_ref_sink: 0x1dd63b0 ref_sink 1->2
0:00:00.014895221  2472 0x12b2320 TRACE   GST_REFCOUNTING gstobject.c:264:gst_object_unref: 0x12e7550 unref 2->1
0:00:00.019688120  2471 0x1dbc370 LOG   GST_REGISTRY gstregistry.c:607:gst_registry_add_feature: emitting feature-added for valve
0:00:00.014902558  2472 0x12b2320 TRACE   GST_REFCOUNTING gstobject.c:264:gst_object_unref: 0x12e8d00 unref 2->1
0:00:00.019702148  2471 0x1dbc370 DEBUG   GST_REGISTRY gstregistrychunks.c:741:gst_registry_chunks_load_feature: Added feature valve, plugin 0x1dd77a0 coreelements
0:00:00.014913247  2472 0x12b2320 TRACE   GST_REFCOUNTING gstobject.c:264:gst_object_unref: 0x12e9bf0 unref 2->1
0:00:00.019710791  2471 0x1dbc370 DEBUG   GST_REGISTRY gstregistrychunks.c:583:gst_registry_chunks_load_feature: Plugin 'coreelements' feature 'multiqueue' typename : 'GstElementFactory'
0:00:00.014925584  2472 0x12b2320 DEBUG   GST_REGISTRY gstregistrychunks.c:498:_priv_gst_registry_chunks_save_plugin: Found 22 features in plugin 0x12ce7c0 (coreelements)
0:00:00.019720385  2471 0x1dbc370 TRACE   GST_REFCOUNTING gstobject.c:208:gst_object_init: 0x1dd9950 new
0:00:00.019729542  2471 0x1dbc370 LOG   GST_REGISTRY gstregistrychunks.c:610:gst_registry_chunks_load_feature: Reading/casting for GstRegistryChunkElementFactory at address 0x1dd7f00
0:00:00.014939809  2472 0x12b2320 DEBUG   GST_POLL gstpoll.c:979:gst_poll_fd_ctl_write: 0x12ba9c0: fd (fd:0, idx:1), active : 1
0:00:00.019736698  2471 0x1dbc370 TRACE   structure gststructure.c:292:gst_structure_new_id_empty_with_size: created structure 0x1dd9a40
0:00:00.014949680  2472 0x12b2320 LOG   GST_POLL gstpoll.c:994:gst_poll_fd_ctl_write: 0x12ba9c0: pfd->events now 60 (POLLOUT:4)
0:00:00.019743468  2471 0x1dbc370 DEBUG   structure gststructure.c:2258:gst_structure_parse_field: trying field name 'long-name'
0:00:00.014956967  2472 0x12b2320 DEBUG   GST_POLL gstpoll.c:979:gst_poll_fd_ctl_write: 0x12ba9c0: fd (fd:0, idx:1), active : 1
0:00:00.019749595  2471 0x1dbc370 DEBUG   default gstvalue.c:2776:_priv_gst_value_parse_value: trying type name 'string'
0:00:00.014963280  2472 0x12b2320 LOG   GST_POLL gstpoll.c:994:gst_poll_fd_ctl_write: 0x12ba9c0: pfd->events now 60 (POLLOUT:4)
0:00:00.019756900  2471 0x1dbc370 DEBUG   structure gststructure.c:2258:gst_structure_parse_field: trying field name 'klass'
0:00:00.014970157  2472 0x12b2320 DEBUG   GST_POLL gstpoll.c:979:gst_poll_fd_ctl_write: 0x12ba9c0: fd (fd:0, idx:1), active : 1
0:00:00.019765349  2471 0x1dbc370 DEBUG   default gstvalue.c:2776:_priv_gst_value_parse_value: trying type name 'string'
0:00:00.014977034  2472 0x12b2320 LOG   GST_POLL gstpoll.c:994:gst_poll_fd_ctl_write: 0x12ba9c0: pfd->events now 60 (POLLOUT:4)
0:00:00.019774446  2471 0x1dbc370 DEBUG   structure gststructure.c:2258:gst_structure_parse_field: trying field name 'description'
0:00:00.014985963  2472 0x12b2320 DEBUG   GST_POLL gstpoll.c:979:gst_poll_fd_ctl_write: 0x12ba9c0: fd (fd:0, idx:1), active : 1
0:00:00.019780546  2471 0x1dbc370 DEBUG   default gstvalue.c:2776:_priv_gst_value_parse_value: trying type name 'string'
0:00:00.014995808  2472 0x12b2320 LOG   GST_POLL gstpoll.c:994:gst_poll_fd_ctl_write: 0x12ba9c0: pfd->events now 60 (POLLOUT:4)
0:00:00.019788093  2471 0x1dbc370 DEBUG   structure gststructure.c:2258:gst_structure_parse_field: trying field name 'author'
0:00:00.015003421  2472 0x12b2320 DEBUG   GST_POLL gstpoll.c:979:gst_poll_fd_ctl_write: 0x12ba9c0: fd (fd:0, idx:1), active : 1
0:00:00.019801015  2471 0x1dbc370 DEBUG   default gstvalue.c:2776:_priv_gst_value_parse_value: trying type name 'string'
0:00:00.015014199  2472 0x12b2320 LOG   GST_POLL gstpoll.c:994:gst_poll_fd_ctl_write: 0x12ba9c0: pfd->events now 60 (POLLOUT:4)
0:00:00.019808601  2471 0x1dbc370 DEBUG   GST_REGISTRY gstregistrychunks.c:627:gst_registry_chunks_load_feature: Element factory : npadtemplates=2
0:00:00.015021023  2472 0x12b2320 DEBUG   GST_POLL gstpoll.c:979:gst_poll_fd_ctl_write: 0x12ba9c0: fd (fd:0, idx:1), active : 1
0:00:00.019815030  2471 0x1dbc370 DEBUG   GST_REGISTRY gstregistrychunks.c:526:gst_registry_chunks_load_pad_template: Reading/casting for GstRegistryChunkPadTemplate at address 0x1dd7fc0
0:00:00.015027839  2472 0x12b2320 LOG   GST_POLL gstpoll.c:994:gst_poll_fd_ctl_write: 0x12ba9c0: pfd->events now 60 (POLLOUT:4)
0:00:00.019821424  2471 0x1dbc370 DEBUG   GST_REGISTRY gstregistrychunks.c:540:gst_registry_chunks_load_pad_template: Added pad_template src_%u
0:00:00.015034463  2472 0x12b2320 DEBUG   GST_POLL gstpoll.c:979:gst_poll_fd_ctl_write: 0x12ba9c0: fd (fd:0, idx:1), active : 1
0:00:00.019829713  2471 0x1dbc370 DEBUG   GST_REGISTRY gstregistrychunks.c:526:gst_registry_chunks_load_pad_template: Reading/casting for GstRegistryChunkPadTemplate at address 0x1dd7fd8
0:00:00.015046019  2472 0x12b2320 LOG   GST_POLL gstpoll.c:994:gst_poll_fd_ctl_write: 0x12ba9c0: pfd->events now 60 (POLLOUT:4)
0:00:00.019838684  2471 0x1dbc370 DEBUG   GST_REGISTRY gstregistrychunks.c:540:gst_registry_chunks_load_pad_template: Added pad_template sink_%u
0:00:00.015052666  2472 0x12b2320 DEBUG   GST_POLL gstpoll.c:979:gst_poll_fd_ctl_write: 0x12ba9c0: fd (fd:0, idx:1), active : 1
0:00:00.019847707  2471 0x1dbc370 DEBUG   GST_REGISTRY gstregistry.c:589:gst_registry_add_feature: adding feature 0x1dd9950 (multiqueue)
0:00:00.015061389  2472 0x12b2320 LOG   GST_POLL gstpoll.c:994:gst_poll_fd_ctl_write: 0x12ba9c0: pfd->events now 60 (POLLOUT:4)
0:00:00.019854936  2471 0x1dbc370 DEBUG   GST_REFCOUNTING gstobject.c:708:gst_object_set_parent: set parent (ref and sink)
0:00:00.015068816  2472 0x12b2320 DEBUG   GST_POLL gstpoll.c:979:gst_poll_fd_ctl_write: 0x12ba9c0: fd (fd:0, idx:1), active : 1
0:00:00.019862843  2471 0x1dbc370 TRACE   GST_REFCOUNTING gstobject.c:292:gst_object_ref_sink: 0x1dd9950 ref_sink 1->2
0:00:00.015075213  2472 0x12b2320 LOG   GST_POLL gstpoll.c:994:gst_poll_fd_ctl_write: 0x12ba9c0: pfd->events now 60 (POLLOUT:4)
0:00:00.019870700  2471 0x1dbc370 LOG   GST_REGISTRY gstregistry.c:607:gst_registry_add_feature: emitting feature-added for multiqueue
0:00:00.015082891  2472 0x12b2320 DEBUG   GST_POLL gstpoll.c:979:gst_poll_fd_ctl_write: 0x12ba9c0: fd (fd:0, idx:1), active : 1
0:00:00.019878647  2471 0x1dbc370 DEBUG   GST_REGISTRY gstregistrychunks.c:741:gst_registry_chunks_load_feature: Added feature multiqueue, plugin 0x1dd77a0 coreelements
0:00:00.015089816  2472 0x12b2320 LOG   GST_POLL gstpoll.c:994:gst_poll_fd_ctl_write: 0x12ba9c0: pfd->events now 60 (POLLOUT:4)
0:00:00.019891382  2471 0x1dbc370 DEBUG   GST_REGISTRY gstregistrychunks.c:583:gst_registry_chunks_load_feature: Plugin 'coreelements' feature 'typefind' typename : 'GstElementFactory'
0:00:00.015103330  2472 0x12b2320 DEBUG   GST_POLL gstpoll.c:979:gst_poll_fd_ctl_write: 0x12ba9c0: fd (fd:0, idx:1), active : 1
0:00:00.015111358  2472 0x12b2320 LOG   GST_POLL gstpoll.c:994:gst_poll_fd_ctl_write: 0x12ba9c0: pfd->events now 60 (POLLOUT:4)
0:00:00.019903053  2471 0x1dbc370 TRACE   GST_REFCOUNTING gstobject.c:208:gst_object_init: 0x1dd9bc0 new
0:00:00.015117390  2472 0x12b2320 DEBUG   GST_POLL gstpoll.c:979:gst_poll_fd_ctl_write: 0x12ba9c0: fd (fd:0, idx:1), active : 1
0:00:00.019913510  2471 0x1dbc370 LOG   GST_REGISTRY gstregistrychunks.c:610:gst_registry_chunks_load_feature: Reading/casting for GstRegistryChunkElementFactory at address 0x1dd8008
0:00:00.015126022  2472 0x12b2320 LOG   GST_POLL gstpoll.c:994:gst_poll_fd_ctl_write: 0x12ba9c0: pfd->events now 60 (POLLOUT:4)
0:00:00.019920840  2471 0x1dbc370 TRACE   structure gststructure.c:292:gst_structure_new_id_empty_with_size: created structure 0x1dd9e50
0:00:00.015133631  2472 0x12b2320 DEBUG   GST_POLL gstpoll.c:979:gst_poll_fd_ctl_write: 0x12ba9c0: fd (fd:0, idx:1), active : 1
0:00:00.019927411  2471 0x1dbc370 DEBUG   structure gststructure.c:2258:gst_structure_parse_field: trying field name 'long-name'
0:00:00.015140221  2472 0x12b2320 LOG   GST_POLL gstpoll.c:994:gst_poll_fd_ctl_write: 0x12ba9c0: pfd->events now 60 (POLLOUT:4)
0:00:00.019933646  2471 0x1dbc370 DEBUG   default gstvalue.c:2776:_priv_gst_value_parse_value: trying type name 'string'
0:00:00.015146910  2472 0x12b2320 DEBUG   GST_POLL gstpoll.c:979:gst_poll_fd_ctl_write: 0x12ba9c0: fd (fd:0, idx:1), active : 1
0:00:00.019940709  2471 0x1dbc370 DEBUG   structure gststructure.c:2258:gst_structure_parse_field: trying field name 'klass'
0:00:00.015153202  2472 0x12b2320 LOG   GST_POLL gstpoll.c:994:gst_poll_fd_ctl_write: 0x12ba9c0: pfd->events now 60 (POLLOUT:4)
0:00:00.019946331  2471 0x1dbc370 DEBUG   default gstvalue.c:2776:_priv_gst_value_parse_value: trying type name 'string'
0:00:00.015159686  2472 0x12b2320 DEBUG   GST_POLL gstpoll.c:979:gst_poll_fd_ctl_write: 0x12ba9c0: fd (fd:0, idx:1), active : 1
0:00:00.019953116  2471 0x1dbc370 DEBUG   structure gststructure.c:2258:gst_structure_parse_field: trying field name 'description'
0:00:00.015165939  2472 0x12b2320 LOG   GST_POLL gstpoll.c:994:gst_poll_fd_ctl_write: 0x12ba9c0: pfd->events now 60 (POLLOUT:4)
0:00:00.019961173  2471 0x1dbc370 DEBUG   default gstvalue.c:2776:_priv_gst_value_parse_value: trying type name 'string'
0:00:00.015173468  2472 0x12b2320 DEBUG   GST_POLL gstpoll.c:979:gst_poll_fd_ctl_write: 0x12ba9c0: fd (fd:0, idx:1), active : 1
0:00:00.019970629  2471 0x1dbc370 DEBUG   structure gststructure.c:2258:gst_structure_parse_field: trying field name 'author'
0:00:00.019979249  2471 0x1dbc370 DEBUG   default gstvalue.c:2776:_priv_gst_value_parse_value: trying type name 'string'
0:00:00.015189420  2472 0x12b2320 LOG   GST_POLL gstpoll.c:994:gst_poll_fd_ctl_write: 0x12ba9c0: pfd->events now 60 (POLLOUT:4)
0:00:00.019986450  2471 0x1dbc370 DEBUG   GST_REGISTRY gstregistrychunks.c:627:gst_registry_chunks_load_feature: Element factory : npadtemplates=2
0:00:00.015198587  2472 0x12b2320 DEBUG   GST_POLL gstpoll.c:979:gst_poll_fd_ctl_write: 0x12ba9c0: fd (fd:0, idx:1), active : 1
0:00:00.019992629  2471 0x1dbc370 DEBUG   GST_REGISTRY gstregistrychunks.c:526:gst_registry_chunks_load_pad_template: Reading/casting for GstRegistryChunkPadTemplate at address 0x1dd80e0
0:00:00.015205846  2472 0x12b2320 LOG   GST_POLL gstpoll.c:994:gst_poll_fd_ctl_write: 0x12ba9c0: pfd->events now 60 (POLLOUT:4)
0:00:00.019998903  2471 0x1dbc370 DEBUG   GST_REGISTRY gstregistrychunks.c:540:gst_registry_chunks_load_pad_template: Added pad_template sink
0:00:00.015212513  2472 0x12b2320 DEBUG   GST_POLL gstpoll.c:979:gst_poll_fd_ctl_write: 0x12ba9c0: fd (fd:0, idx:1), active : 1
0:00:00.020004794  2471 0x1dbc370 DEBUG   GST_REGISTRY gstregistrychunks.c:526:gst_registry_chunks_load_pad_template: Reading/casting for GstRegistryChunkPadTemplate at address 0x1dd80f8
0:00:00.015219111  2472 0x12b2320 LOG   GST_POLL gstpoll.c:994:gst_poll_fd_ctl_write: 0x12ba9c0: pfd->events now 60 (POLLOUT:4)
0:00:00.020011534  2471 0x1dbc370 DEBUG   GST_REGISTRY gstregistrychunks.c:540:gst_registry_chunks_load_pad_template: Added pad_template src
0:00:00.015225975  2472 0x12b2320 DEBUG   GST_POLL gstpoll.c:979:gst_poll_fd_ctl_write: 0x12ba9c0: fd (fd:0, idx:1), active : 1
0:00:00.015232375  2472 0x12b2320 LOG   GST_POLL gstpoll.c:994:gst_poll_fd_ctl_write: 0x12ba9c0: pfd->events now 60 (POLLOUT:4)
0:00:00.020026306  2471 0x1dbc370 DEBUG   GST_REGISTRY gstregistry.c:589:gst_registry_add_feature: adding feature 0x1dd9bc0 (typefind)
0:00:00.015238233  2472 0x12b2320 DEBUG   GST_POLL gstpoll.c:979:gst_poll_fd_ctl_write: 0x12ba9c0: fd (fd:0, idx:1), active : 1
0:00:00.020034736  2471 0x1dbc370 DEBUG   GST_REFCOUNTING gstobject.c:708:gst_object_set_parent: set parent (ref and sink)
0:00:00.015248907  2472 0x12b2320 LOG   GST_POLL gstpoll.c:994:gst_poll_fd_ctl_write: 0x12ba9c0: pfd->events now 60 (POLLOUT:4)
0:00:00.020043800  2471 0x1dbc370 TRACE   GST_REFCOUNTING gstobject.c:292:gst_object_ref_sink: 0x1dd9bc0 ref_sink 1->2
0:00:00.015256694  2472 0x12b2320 DEBUG   GST_POLL gstpoll.c:979:gst_poll_fd_ctl_write: 0x12ba9c0: fd (fd:0, idx:1), active : 1
0:00:00.020052225  2471 0x1dbc370 LOG   GST_REGISTRY gstregistry.c:607:gst_registry_add_feature: emitting feature-added for typefind
0:00:00.015264179  2472 0x12b2320 LOG   GST_POLL gstpoll.c:994:gst_poll_fd_ctl_write: 0x12ba9c0: pfd->events now 60 (POLLOUT:4)
0:00:00.020060196  2471 0x1dbc370 DEBUG   GST_REGISTRY gstregistrychunks.c:741:gst_registry_chunks_load_feature: Added feature typefind, plugin 0x1dd77a0 coreelements
0:00:00.015277228  2472 0x12b2320 DEBUG   GST_POLL gstpoll.c:979:gst_poll_fd_ctl_write: 0x12ba9c0: fd (fd:0, idx:1), active : 1
0:00:00.020069077  2471 0x1dbc370 DEBUG   GST_REGISTRY gstregistrychunks.c:583:gst_registry_chunks_load_feature: Plugin 'coreelements' feature 'tee' typename : 'GstElementFactory'
0:00:00.015283362  2472 0x12b2320 LOG   GST_POLL gstpoll.c:994:gst_poll_fd_ctl_write: 0x12ba9c0: pfd->events now 60 (POLLOUT:4)
0:00:00.020078343  2471 0x1dbc370 TRACE   GST_REFCOUNTING gstobject.c:208:gst_object_init: 0x1dd9fd0 new
0:00:00.015290117  2472 0x12b2320 DEBUG   GST_POLL gstpoll.c:979:gst_poll_fd_ctl_write: 0x12ba9c0: fd (fd:0, idx:1), active : 1
0:00:00.015299456  2472 0x12b2320 LOG   GST_POLL gstpoll.c:994:gst_poll_fd_ctl_write: 0x12ba9c0: pfd->events now 60 (POLLOUT:4)
0:00:00.020089891  2471 0x1dbc370 LOG   GST_REGISTRY gstregistrychunks.c:610:gst_registry_chunks_load_feature: Reading/casting for GstRegistryChunkElementFactory at address 0x1dd8120
0:00:00.015305385  2472 0x12b2320 DEBUG   GST_POLL gstpoll.c:979:gst_poll_fd_ctl_write: 0x12ba9c0: fd (fd:0, idx:1), active : 1
0:00:00.020098468  2471 0x1dbc370 TRACE   structure gststructure.c:292:gst_structure_new_id_empty_with_size: created structure 0x1dda3b0
0:00:00.015313958  2472 0x12b2320 LOG   GST_POLL gstpoll.c:994:gst_poll_fd_ctl_write: 0x12ba9c0: pfd->events now 60 (POLLOUT:4)
0:00:00.020105017  2471 0x1dbc370 DEBUG   structure gststructure.c:2258:gst_structure_parse_field: trying field name 'long-name'
0:00:00.015321611  2472 0x12b2320 DEBUG   GST_POLL gstpoll.c:979:gst_poll_fd_ctl_write: 0x12ba9c0: fd (fd:0, idx:1), active : 1
0:00:00.020112234  2471 0x1dbc370 DEBUG   default gstvalue.c:2776:_priv_gst_value_parse_value: trying type name 'string'
0:00:00.015328479  2472 0x12b2320 LOG   GST_POLL gstpoll.c:994:gst_poll_fd_ctl_write: 0x12ba9c0: pfd->events now 60 (POLLOUT:4)
0:00:00.020121339  2471 0x1dbc370 DEBUG   structure gststructure.c:2258:gst_structure_parse_field: trying field name 'klass'
0:00:00.015335213  2472 0x12b2320 DEBUG   GST_POLL gstpoll.c:979:gst_poll_fd_ctl_write: 0x12ba9c0: fd (fd:0, idx:1), active : 1
0:00:00.020127122  2471 0x1dbc370 DEBUG   default gstvalue.c:2776:_priv_gst_value_parse_value: trying type name 'string'
0:00:00.015341356  2472 0x12b2320 LOG   GST_POLL gstpoll.c:994:gst_poll_fd_ctl_write: 0x12ba9c0: pfd->events now 60 (POLLOUT:4)
0:00:00.020133546  2471 0x1dbc370 DEBUG   structure gststructure.c:2258:gst_structure_parse_field: trying field name 'description'
0:00:00.015348373  2472 0x12b2320 DEBUG   GST_POLL gstpoll.c:979:gst_poll_fd_ctl_write: 0x12ba9c0: fd (fd:0, idx:1), active : 1
0:00:00.020139306  2471 0x1dbc370 DEBUG   default gstvalue.c:2776:_priv_gst_value_parse_value: trying type name 'string'
0:00:00.015354983  2472 0x12b2320 LOG   GST_POLL gstpoll.c:994:gst_poll_fd_ctl_write: 0x12ba9c0: pfd->events now 60 (POLLOUT:4)
0:00:00.020149547  2471 0x1dbc370 DEBUG   structure gststructure.c:2258:gst_structure_parse_field: trying field name 'author'
0:00:00.015366664  2472 0x12b2320 DEBUG   GST_POLL gstpoll.c:979:gst_poll_fd_ctl_write: 0x12ba9c0: fd (fd:0, idx:1), active : 1
0:00:00.020158234  2471 0x1dbc370 DEBUG   default gstvalue.c:2776:_priv_gst_value_parse_value: trying type name 'string'
0:00:00.015375641  2472 0x12b2320 LOG   GST_POLL gstpoll.c:994:gst_poll_fd_ctl_write: 0x12ba9c0: pfd->events now 60 (POLLOUT:4)
0:00:00.020168510  2471 0x1dbc370 DEBUG   GST_REGISTRY gstregistrychunks.c:627:gst_registry_chunks_load_feature: Element factory : npadtemplates=2
0:00:00.015384052  2472 0x12b2320 DEBUG   GST_POLL gstpoll.c:979:gst_poll_fd_ctl_write: 0x12ba9c0: fd (fd:0, idx:1), active : 1
0:00:00.020175273  2471 0x1dbc370 DEBUG   GST_REGISTRY gstregistrychunks.c:526:gst_registry_chunks_load_pad_template: Reading/casting for GstRegistryChunkPadTemplate at address 0x1dd8210
0:00:00.015391093  2472 0x12b2320 LOG   GST_POLL gstpoll.c:994:gst_poll_fd_ctl_write: 0x12ba9c0: pfd->events now 60 (POLLOUT:4)
0:00:00.020182497  2471 0x1dbc370 DEBUG   GST_REGISTRY gstregistrychunks.c:540:gst_registry_chunks_load_pad_template: Added pad_template src_%u
0:00:00.015397973  2472 0x12b2320 DEBUG   GST_POLL gstpoll.c:979:gst_poll_fd_ctl_write: 0x12ba9c0: fd (fd:0, idx:1), active : 1
0:00:00.020189010  2471 0x1dbc370 DEBUG   GST_REGISTRY gstregistrychunks.c:526:gst_registry_chunks_load_pad_template: Reading/casting for GstRegistryChunkPadTemplate at address 0x1dd8228
0:00:00.015404513  2472 0x12b2320 LOG   GST_POLL gstpoll.c:994:gst_poll_fd_ctl_write: 0x12ba9c0: pfd->events now 60 (POLLOUT:4)
0:00:00.020195696  2471 0x1dbc370 DEBUG   GST_REGISTRY gstregistrychunks.c:540:gst_registry_chunks_load_pad_template: Added pad_template sink
0:00:00.015410949  2472 0x12b2320 DEBUG   GST_POLL gstpoll.c:979:gst_poll_fd_ctl_write: 0x12ba9c0: fd (fd:0, idx:1), active : 1
0:00:00.020205034  2471 0x1dbc370 DEBUG   GST_REGISTRY gstregistry.c:589:gst_registry_add_feature: adding feature 0x1dd9fd0 (tee)
0:00:00.015417468  2472 0x12b2320 LOG   GST_POLL gstpoll.c:994:gst_poll_fd_ctl_write: 0x12ba9c0: pfd->events now 60 (POLLOUT:4)
0:00:00.015425565  2472 0x12b2320 DEBUG   GST_POLL gstpoll.c:979:gst_poll_fd_ctl_write: 0x12ba9c0: fd (fd:0, idx:1), active : 1
0:00:00.020214036  2471 0x1dbc370 DEBUG   GST_REFCOUNTING gstobject.c:708:gst_object_set_parent: set parent (ref and sink)
0:00:00.015433867  2472 0x12b2320 LOG   GST_POLL gstpoll.c:994:gst_poll_fd_ctl_write: 0x12ba9c0: pfd->events now 60 (POLLOUT:4)
0:00:00.020226196  2471 0x1dbc370 TRACE   GST_REFCOUNTING gstobject.c:292:gst_object_ref_sink: 0x1dd9fd0 ref_sink 1->2
0:00:00.015441196  2472 0x12b2320 DEBUG   GST_POLL gstpoll.c:979:gst_poll_fd_ctl_write: 0x12ba9c0: fd (fd:0, idx:1), active : 1
0:00:00.020234664  2471 0x1dbc370 LOG   GST_REGISTRY gstregistry.c:607:gst_registry_add_feature: emitting feature-added for tee
0:00:00.015447832  2472 0x12b2320 LOG   GST_POLL gstpoll.c:994:gst_poll_fd_ctl_write: 0x12ba9c0: pfd->events now 60 (POLLOUT:4)
0:00:00.020247087  2471 0x1dbc370 DEBUG   GST_REGISTRY gstregistrychunks.c:741:gst_registry_chunks_load_feature: Added feature tee, plugin 0x1dd77a0 coreelements
0:00:00.015459189  2472 0x12b2320 DEBUG   GST_POLL gstpoll.c:979:gst_poll_fd_ctl_write: 0x12ba9c0: fd (fd:0, idx:1), active : 1
0:00:00.020254961  2471 0x1dbc370 DEBUG   GST_REGISTRY gstregistrychunks.c:583:gst_registry_chunks_load_feature: Plugin 'coreelements' feature 'filesink' typename : 'GstElementFactory'
0:00:00.015466756  2472 0x12b2320 LOG   GST_POLL gstpoll.c:994:gst_poll_fd_ctl_write: 0x12ba9c0: pfd->events now 60 (POLLOUT:4)
0:00:00.015475122  2472 0x12b2320 DEBUG   GST_POLL gstpoll.c:979:gst_poll_fd_ctl_write: 0x12ba9c0: fd (fd:0, idx:1), active : 1
0:00:00.020264198  2471 0x1dbc370 TRACE   GST_REFCOUNTING gstobject.c:208:gst_object_init: 0x1dda530 new
0:00:00.015480683  2472 0x12b2320 LOG   GST_POLL gstpoll.c:994:gst_poll_fd_ctl_write: 0x12ba9c0: pfd->events now 60 (POLLOUT:4)
0:00:00.020274246  2471 0x1dbc370 LOG   GST_REGISTRY gstregistrychunks.c:610:gst_registry_chunks_load_feature: Reading/casting for GstRegistryChunkElementFactory at address 0x1dd8258
0:00:00.015487298  2472 0x12b2320 DEBUG   GST_POLL gstpoll.c:979:gst_poll_fd_ctl_write: 0x12ba9c0: fd (fd:0, idx:1), active : 1
0:00:00.020281747  2471 0x1dbc370 TRACE   structure gststructure.c:292:gst_structure_new_id_empty_with_size: created structure 0x1dda6f0
0:00:00.015496077  2472 0x12b2320 LOG   GST_POLL gstpoll.c:994:gst_poll_fd_ctl_write: 0x12ba9c0: pfd->events now 60 (POLLOUT:4)
0:00:00.015504221  2472 0x12b2320 DEBUG   GST_POLL gstpoll.c:979:gst_poll_fd_ctl_write: 0x12ba9c0: fd (fd:0, idx:1), active : 1
0:00:00.020290413  2471 0x1dbc370 DEBUG   structure gststructure.c:2258:gst_structure_parse_field: trying field name 'long-name'
0:00:00.015510178  2472 0x12b2320 LOG   GST_POLL gstpoll.c:994:gst_poll_fd_ctl_write: 0x12ba9c0: pfd->events now 60 (POLLOUT:4)
0:00:00.020303973  2471 0x1dbc370 DEBUG   default gstvalue.c:2776:_priv_gst_value_parse_value: trying type name 'string'
0:00:00.015517265  2472 0x12b2320 DEBUG   GST_POLL gstpoll.c:979:gst_poll_fd_ctl_write: 0x12ba9c0: fd (fd:0, idx:1), active : 1
0:00:00.015523309  2472 0x12b2320 LOG   GST_POLL gstpoll.c:994:gst_poll_fd_ctl_write: 0x12ba9c0: pfd->events now 60 (POLLOUT:4)
0:00:00.020312652  2471 0x1dbc370 DEBUG   structure gststructure.c:2258:gst_structure_parse_field: trying field name 'klass'
0:00:00.015529229  2472 0x12b2320 DEBUG   GST_POLL gstpoll.c:979:gst_poll_fd_ctl_write: 0x12ba9c0: fd (fd:0, idx:1), active : 1
0:00:00.020319975  2471 0x1dbc370 DEBUG   default gstvalue.c:2776:_priv_gst_value_parse_value: trying type name 'string'
0:00:00.015535457  2472 0x12b2320 LOG   GST_POLL gstpoll.c:994:gst_poll_fd_ctl_write: 0x12ba9c0: pfd->events now 60 (POLLOUT:4)
0:00:00.020327912  2471 0x1dbc370 DEBUG   structure gststructure.c:2258:gst_structure_parse_field: trying field name 'description'
0:00:00.015542241  2472 0x12b2320 DEBUG   GST_POLL gstpoll.c:979:gst_poll_fd_ctl_write: 0x12ba9c0: fd (fd:0, idx:1), active : 1
0:00:00.020340213  2471 0x1dbc370 DEBUG   default gstvalue.c:2776:_priv_gst_value_parse_value: trying type name 'string'
0:00:00.015555605  2472 0x12b2320 LOG   GST_POLL gstpoll.c:994:gst_poll_fd_ctl_write: 0x12ba9c0: pfd->events now 60 (POLLOUT:4)
0:00:00.020347712  2471 0x1dbc370 DEBUG   structure gststructure.c:2258:gst_structure_parse_field: trying field name 'author'
0:00:00.015563277  2472 0x12b2320 DEBUG   GST_POLL gstpoll.c:979:gst_poll_fd_ctl_write: 0x12ba9c0: fd (fd:0, idx:1), active : 1
0:00:00.020356122  2471 0x1dbc370 DEBUG   default gstvalue.c:2776:_priv_gst_value_parse_value: trying type name 'string'
0:00:00.015569522  2472 0x12b2320 LOG   GST_POLL gstpoll.c:994:gst_poll_fd_ctl_write: 0x12ba9c0: pfd->events now 60 (POLLOUT:4)
0:00:00.015577026  2472 0x12b2320 DEBUG   GST_POLL gstpoll.c:979:gst_poll_fd_ctl_write: 0x12ba9c0: fd (fd:0, idx:1), active : 1
0:00:00.020366335  2471 0x1dbc370 DEBUG   GST_REGISTRY gstregistrychunks.c:627:gst_registry_chunks_load_feature: Element factory : npadtemplates=1
0:00:00.015582732  2472 0x12b2320 LOG   GST_POLL gstpoll.c:994:gst_poll_fd_ctl_write: 0x12ba9c0: pfd->events now 60 (POLLOUT:4)
0:00:00.020374222  2471 0x1dbc370 DEBUG   GST_REGISTRY gstregistrychunks.c:526:gst_registry_chunks_load_pad_template: Reading/casting for GstRegistryChunkPadTemplate at address 0x1dd8338
0:00:00.015589437  2472 0x12b2320 DEBUG   GST_POLL gstpoll.c:979:gst_poll_fd_ctl_write: 0x12ba9c0: fd (fd:0, idx:1), active : 1
0:00:00.020380533  2471 0x1dbc370 DEBUG   GST_REGISTRY gstregistrychunks.c:540:gst_registry_chunks_load_pad_template: Added pad_template sink
0:00:00.015595921  2472 0x12b2320 LOG   GST_POLL gstpoll.c:994:gst_poll_fd_ctl_write: 0x12ba9c0: pfd->events now 60 (POLLOUT:4)
0:00:00.020387958  2471 0x1dbc370 DEBUG   GST_REGISTRY gstregistrychunks.c:640:gst_registry_chunks_load_feature: Reading 1 UriTypes at address 0x1dd8349
0:00:00.015602665  2472 0x12b2320 DEBUG   GST_POLL gstpoll.c:979:gst_poll_fd_ctl_write: 0x12ba9c0: fd (fd:0, idx:1), active : 1
0:00:00.020395324  2471 0x1dbc370 DEBUG   GST_REGISTRY gstregistrychunks.c:655:gst_registry_chunks_load_feature: Reading 1 Interfaces at address 0x1dd8359
0:00:00.015610918  2472 0x12b2320 LOG   GST_POLL gstpoll.c:994:gst_poll_fd_ctl_write: 0x12ba9c0: pfd->events now 60 (POLLOUT:4)
0:00:00.020404679  2471 0x1dbc370 DEBUG   GST_REGISTRY gstregistry.c:589:gst_registry_add_feature: adding feature 0x1dda530 (filesink)
0:00:00.015618362  2472 0x12b2320 DEBUG   GST_POLL gstpoll.c:979:gst_poll_fd_ctl_write: 0x12ba9c0: fd (fd:0, idx:1), active : 1
0:00:00.020411382  2471 0x1dbc370 DEBUG   GST_REFCOUNTING gstobject.c:708:gst_object_set_parent: set parent (ref and sink)
0:00:00.015625090  2472 0x12b2320 LOG   GST_POLL gstpoll.c:994:gst_poll_fd_ctl_write: 0x12ba9c0: pfd->events now 60 (POLLOUT:4)
0:00:00.020422414  2471 0x1dbc370 TRACE   GST_REFCOUNTING gstobject.c:292:gst_object_ref_sink: 0x1dda530 ref_sink 1->2
0:00:00.015638431  2472 0x12b2320 DEBUG   GST_POLL gstpoll.c:979:gst_poll_fd_ctl_write: 0x12ba9c0: fd (fd:0, idx:1), active : 1
0:00:00.020431368  2471 0x1dbc370 LOG   GST_REGISTRY gstregistry.c:607:gst_registry_add_feature: emitting feature-added for filesink
0:00:00.015644708  2472 0x12b2320 LOG   GST_POLL gstpoll.c:994:gst_poll_fd_ctl_write: 0x12ba9c0: pfd->events now 60 (POLLOUT:4)
0:00:00.020439077  2471 0x1dbc370 DEBUG   GST_REGISTRY gstregistrychunks.c:741:gst_registry_chunks_load_feature: Added feature filesink, plugin 0x1dd77a0 coreelements
0:00:00.015651620  2472 0x12b2320 DEBUG   GST_POLL gstpoll.c:979:gst_poll_fd_ctl_write: 0x12ba9c0: fd (fd:0, idx:1), active : 1
0:00:00.020446435  2471 0x1dbc370 DEBUG   GST_REGISTRY gstregistrychunks.c:583:gst_registry_chunks_load_feature: Plugin 'coreelements' feature 'queue2' typename : 'GstElementFactory'
0:00:00.015658189  2472 0x12b2320 LOG   GST_POLL gstpoll.c:994:gst_poll_fd_ctl_write: 0x12ba9c0: pfd->events now 60 (POLLOUT:4)
0:00:00.015666291  2472 0x12b2320 DEBUG   GST_POLL gstpoll.c:979:gst_poll_fd_ctl_write: 0x12ba9c0: fd (fd:0, idx:1), active : 1
0:00:00.020455691  2471 0x1dbc370 TRACE   GST_REFCOUNTING gstobject.c:208:gst_object_init: 0x1dda820 new
0:00:00.015689305  2472 0x12b2320 LOG   GST_POLL gstpoll.c:994:gst_poll_fd_ctl_write: 0x12ba9c0: pfd->events now 60 (POLLOUT:4)
0:00:00.015700993  2472 0x12b2320 DEBUG   GST_POLL gstpoll.c:979:gst_poll_fd_ctl_write: 0x12ba9c0: fd (fd:0, idx:1), active : 1
0:00:00.015710094  2472 0x12b2320 LOG   GST_POLL gstpoll.c:994:gst_poll_fd_ctl_write: 0x12ba9c0: pfd->events now 60 (POLLOUT:4)
0:00:00.020498766  2471 0x1dbc370 LOG   GST_REGISTRY gstregistrychunks.c:610:gst_registry_chunks_load_feature: Reading/casting for GstRegistryChunkElementFactory at address 0x1dd8380
0:00:00.015719057  2472 0x12b2320 DEBUG   GST_POLL gstpoll.c:979:gst_poll_fd_ctl_write: 0x12ba9c0: fd (fd:0, idx:1), active : 1
0:00:00.020514637  2471 0x1dbc370 TRACE   structure gststructure.c:292:gst_structure_new_id_empty_with_size: created structure 0x1ddaaa0
0:00:00.015728481  2472 0x12b2320 LOG   GST_POLL gstpoll.c:994:gst_poll_fd_ctl_write: 0x12ba9c0: pfd->events now 60 (POLLOUT:4)
0:00:00.020524764  2471 0x1dbc370 DEBUG   structure gststructure.c:2258:gst_structure_parse_field: trying field name 'long-name'
0:00:00.015739651  2472 0x12b2320 DEBUG   GST_POLL gstpoll.c:979:gst_poll_fd_ctl_write: 0x12ba9c0: fd (fd:0, idx:1), active : 1
0:00:00.020531506  2471 0x1dbc370 DEBUG   default gstvalue.c:2776:_priv_gst_value_parse_value: trying type name 'string'
0:00:00.020541916  2471 0x1dbc370 DEBUG   structure gststructure.c:2258:gst_structure_parse_field: trying field name 'klass'
0:00:00.015751720  2472 0x12b2320 LOG   GST_POLL gstpoll.c:994:gst_poll_fd_ctl_write: 0x12ba9c0: pfd->events now 60 (POLLOUT:4)
0:00:00.020547578  2471 0x1dbc370 DEBUG   default gstvalue.c:2776:_priv_gst_value_parse_value: trying type name 'string'
0:00:00.015767150  2472 0x12b2320 DEBUG   GST_POLL gstpoll.c:979:gst_poll_fd_ctl_write: 0x12ba9c0: fd (fd:0, idx:1), active : 1
0:00:00.020558559  2471 0x1dbc370 DEBUG   structure gststructure.c:2258:gst_structure_parse_field: trying field name 'description'
0:00:00.015773856  2472 0x12b2320 LOG   GST_POLL gstpoll.c:994:gst_poll_fd_ctl_write: 0x12ba9c0: pfd->events now 60 (POLLOUT:4)
0:00:00.020564982  2471 0x1dbc370 DEBUG   default gstvalue.c:2776:_priv_gst_value_parse_value: trying type name 'string'
0:00:00.015780689  2472 0x12b2320 DEBUG   GST_POLL gstpoll.c:979:gst_poll_fd_ctl_write: 0x12ba9c0: fd (fd:0, idx:1), active : 1
0:00:00.020572204  2471 0x1dbc370 DEBUG   structure gststructure.c:2258:gst_structure_parse_field: trying field name 'author'
0:00:00.015786858  2472 0x12b2320 LOG   GST_POLL gstpoll.c:994:gst_poll_fd_ctl_write: 0x12ba9c0: pfd->events now 60 (POLLOUT:4)
0:00:00.020580146  2471 0x1dbc370 DEBUG   default gstvalue.c:2776:_priv_gst_value_parse_value: trying type name 'string'
0:00:00.015793193  2472 0x12b2320 DEBUG   GST_POLL gstpoll.c:979:gst_poll_fd_ctl_write: 0x12ba9c0: fd (fd:0, idx:1), active : 1
0:00:00.015800089  2472 0x12b2320 LOG   GST_POLL gstpoll.c:994:gst_poll_fd_ctl_write: 0x12ba9c0: pfd->events now 60 (POLLOUT:4)
0:00:00.020590301  2471 0x1dbc370 DEBUG   GST_REGISTRY gstregistrychunks.c:627:gst_registry_chunks_load_feature: Element factory : npadtemplates=2
0:00:00.015806245  2472 0x12b2320 DEBUG   GST_POLL gstpoll.c:979:gst_poll_fd_ctl_write: 0x12ba9c0: fd (fd:0, idx:1), active : 1
0:00:00.020597221  2471 0x1dbc370 DEBUG   GST_REGISTRY gstregistrychunks.c:526:gst_registry_chunks_load_pad_template: Reading/casting for GstRegistryChunkPadTemplate at address 0x1dd8470
0:00:00.015814631  2472 0x12b2320 LOG   GST_POLL gstpoll.c:994:gst_poll_fd_ctl_write: 0x12ba9c0: pfd->events now 60 (POLLOUT:4)
0:00:00.020605002  2471 0x1dbc370 DEBUG   GST_REGISTRY gstregistrychunks.c:540:gst_registry_chunks_load_pad_template: Added pad_template sink
0:00:00.015822469  2472 0x12b2320 DEBUG   GST_POLL gstpoll.c:979:gst_poll_fd_ctl_write: 0x12ba9c0: fd (fd:0, idx:1), active : 1
0:00:00.020613004  2471 0x1dbc370 DEBUG   GST_REGISTRY gstregistrychunks.c:526:gst_registry_chunks_load_pad_template: Reading/casting for GstRegistryChunkPadTemplate at address 0x1dd8488
0:00:00.015828802  2472 0x12b2320 LOG   GST_POLL gstpoll.c:994:gst_poll_fd_ctl_write: 0x12ba9c0: pfd->events now 60 (POLLOUT:4)
0:00:00.020620453  2471 0x1dbc370 DEBUG   GST_REGISTRY gstregistrychunks.c:540:gst_registry_chunks_load_pad_template: Added pad_template src
0:00:00.015835620  2472 0x12b2320 DEBUG   GST_POLL gstpoll.c:979:gst_poll_fd_ctl_write: 0x12ba9c0: fd (fd:0, idx:1), active : 1
0:00:00.020629286  2471 0x1dbc370 DEBUG   GST_REGISTRY gstregistry.c:589:gst_registry_add_feature: adding feature 0x1dda820 (queue2)
0:00:00.015841511  2472 0x12b2320 LOG   GST_POLL gstpoll.c:994:gst_poll_fd_ctl_write: 0x12ba9c0: pfd->events now 60 (POLLOUT:4)
0:00:00.020636446  2471 0x1dbc370 DEBUG   GST_REFCOUNTING gstobject.c:708:gst_object_set_parent: set parent (ref and sink)
0:00:00.015854935  2472 0x12b2320 DEBUG   GST_POLL gstpoll.c:979:gst_poll_fd_ctl_write: 0x12ba9c0: fd (fd:0, idx:1), active : 1
0:00:00.015861193  2472 0x12b2320 LOG   GST_POLL gstpoll.c:994:gst_poll_fd_ctl_write: 0x12ba9c0: pfd->events now 60 (POLLOUT:4)
0:00:00.020649593  2471 0x1dbc370 TRACE   GST_REFCOUNTING gstobject.c:292:gst_object_ref_sink: 0x1dda820 ref_sink 1->2
0:00:00.015867241  2472 0x12b2320 DEBUG   GST_POLL gstpoll.c:979:gst_poll_fd_ctl_write: 0x12ba9c0: fd (fd:0, idx:1), active : 1
0:00:00.020659655  2471 0x1dbc370 LOG   GST_REGISTRY gstregistry.c:607:gst_registry_add_feature: emitting feature-added for queue2
0:00:00.015875845  2472 0x12b2320 LOG   GST_POLL gstpoll.c:994:gst_poll_fd_ctl_write: 0x12ba9c0: pfd->events now 60 (POLLOUT:4)
0:00:00.020667682  2471 0x1dbc370 DEBUG   GST_REGISTRY gstregistrychunks.c:741:gst_registry_chunks_load_feature: Added feature queue2, plugin 0x1dd77a0 coreelements
0:00:00.015883407  2472 0x12b2320 DEBUG   GST_POLL gstpoll.c:979:gst_poll_fd_ctl_write: 0x12ba9c0: fd (fd:0, idx:1), active : 1
0:00:00.020675484  2471 0x1dbc370 DEBUG   GST_REGISTRY gstregistrychunks.c:583:gst_registry_chunks_load_feature: Plugin 'coreelements' feature 'queue' typename : 'GstElementFactory'
0:00:00.015889569  2472 0x12b2320 LOG   GST_POLL gstpoll.c:994:gst_poll_fd_ctl_write: 0x12ba9c0: pfd->events now 60 (POLLOUT:4)
0:00:00.015896380  2472 0x12b2320 DEBUG   GST_POLL gstpoll.c:979:gst_poll_fd_ctl_write: 0x12ba9c0: fd (fd:0, idx:1), active : 1
0:00:00.020685599  2471 0x1dbc370 TRACE   GST_REFCOUNTING gstobject.c:208:gst_object_init: 0x1ddaca0 new
0:00:00.015902069  2472 0x12b2320 LOG   GST_POLL gstpoll.c:994:gst_poll_fd_ctl_write: 0x12ba9c0: pfd->events now 60 (POLLOUT:4)
0:00:00.020695736  2471 0x1dbc370 LOG   GST_REGISTRY gstregistrychunks.c:610:gst_registry_chunks_load_feature: Reading/casting for GstRegistryChunkElementFactory at address 0x1dd84b0
0:00:00.015908541  2472 0x12b2320 DEBUG   GST_POLL gstpoll.c:979:gst_poll_fd_ctl_write: 0x12ba9c0: fd (fd:0, idx:1), active : 1
0:00:00.020703694  2471 0x1dbc370 TRACE   structure gststructure.c:292:gst_structure_new_id_empty_with_size: created structure 0x1ddae20
0:00:00.015915527  2472 0x12b2320 LOG   GST_POLL gstpoll.c:994:gst_poll_fd_ctl_write: 0x12ba9c0: pfd->events now 60 (POLLOUT:4)
0:00:00.020710566  2471 0x1dbc370 DEBUG   structure gststructure.c:2258:gst_structure_parse_field: trying field name 'long-name'
0:00:00.015923343  2472 0x12b2320 DEBUG   GST_POLL gstpoll.c:979:gst_poll_fd_ctl_write: 0x12ba9c0: fd (fd:0, idx:1), active : 1
0:00:00.020718974  2471 0x1dbc370 DEBUG   default gstvalue.c:2776:_priv_gst_value_parse_value: trying type name 'string'
0:00:00.015932769  2472 0x12b2320 LOG   GST_POLL gstpoll.c:994:gst_poll_fd_ctl_write: 0x12ba9c0: pfd->events now 60 (POLLOUT:4)
0:00:00.020727551  2471 0x1dbc370 DEBUG   structure gststructure.c:2258:gst_structure_parse_field: trying field name 'klass'
0:00:00.015945285  2472 0x12b2320 DEBUG   GST_POLL gstpoll.c:979:gst_poll_fd_ctl_write: 0x12ba9c0: fd (fd:0, idx:1), active : 1
0:00:00.020736199  2471 0x1dbc370 DEBUG   default gstvalue.c:2776:_priv_gst_value_parse_value: trying type name 'string'
0:00:00.015951875  2472 0x12b2320 LOG   GST_POLL gstpoll.c:994:gst_poll_fd_ctl_write: 0x12ba9c0: pfd->events now 60 (POLLOUT:4)
0:00:00.020744106  2471 0x1dbc370 DEBUG   structure gststructure.c:2258:gst_structure_parse_field: trying field name 'description'
0:00:00.015958522  2472 0x12b2320 DEBUG   GST_POLL gstpoll.c:979:gst_poll_fd_ctl_write: 0x12ba9c0: fd (fd:0, idx:1), active : 1
0:00:00.020750024  2471 0x1dbc370 DEBUG   default gstvalue.c:2776:_priv_gst_value_parse_value: trying type name 'string'
0:00:00.015964641  2472 0x12b2320 LOG   GST_POLL gstpoll.c:994:gst_poll_fd_ctl_write: 0x12ba9c0: pfd->events now 60 (POLLOUT:4)
0:00:00.020757042  2471 0x1dbc370 DEBUG   structure gststructure.c:2258:gst_structure_parse_field: trying field name 'author'
0:00:00.015971071  2472 0x12b2320 DEBUG   GST_POLL gstpoll.c:979:gst_poll_fd_ctl_write: 0x12ba9c0: fd (fd:0, idx:1), active : 1
0:00:00.020762749  2471 0x1dbc370 DEBUG   default gstvalue.c:2776:_priv_gst_value_parse_value: trying type name 'string'
0:00:00.015977045  2472 0x12b2320 LOG   GST_POLL gstpoll.c:994:gst_poll_fd_ctl_write: 0x12ba9c0: pfd->events now 60 (POLLOUT:4)
0:00:00.020770379  2471 0x1dbc370 DEBUG   GST_REGISTRY gstregistrychunks.c:627:gst_registry_chunks_load_feature: Element factory : npadtemplates=2
0:00:00.015983713  2472 0x12b2320 DEBUG   GST_POLL gstpoll.c:979:gst_poll_fd_ctl_write: 0x12ba9c0: fd (fd:0, idx:1), active : 1
0:00:00.020778867  2471 0x1dbc370 DEBUG   GST_REGISTRY gstregistrychunks.c:526:gst_registry_chunks_load_pad_template: Reading/casting for GstRegistryChunkPadTemplate at address 0x1dd8568
0:00:00.015992554  2472 0x12b2320 LOG   GST_POLL gstpoll.c:994:gst_poll_fd_ctl_write: 0x12ba9c0: pfd->events now 60 (POLLOUT:4)
0:00:00.020786292  2471 0x1dbc370 DEBUG   GST_REGISTRY gstregistrychunks.c:540:gst_registry_chunks_load_pad_template: Added pad_template sink
0:00:00.015999973  2472 0x12b2320 DEBUG   GST_POLL gstpoll.c:979:gst_poll_fd_ctl_write: 0x12ba9c0: fd (fd:0, idx:1), active : 1
0:00:00.020792521  2471 0x1dbc370 DEBUG   GST_REGISTRY gstregistrychunks.c:526:gst_registry_chunks_load_pad_template: Reading/casting for GstRegistryChunkPadTemplate at address 0x1dd8580
0:00:00.016006409  2472 0x12b2320 LOG   GST_POLL gstpoll.c:994:gst_poll_fd_ctl_write: 0x12ba9c0: pfd->events now 60 (POLLOUT:4)
0:00:00.020798895  2471 0x1dbc370 DEBUG   GST_REGISTRY gstregistrychunks.c:540:gst_registry_chunks_load_pad_template: Added pad_template src
0:00:00.016013241  2472 0x12b2320 DEBUG   GST_POLL gstpoll.c:979:gst_poll_fd_ctl_write: 0x12ba9c0: fd (fd:0, idx:1), active : 1
0:00:00.016019395  2472 0x12b2320 LOG   GST_POLL gstpoll.c:994:gst_poll_fd_ctl_write: 0x12ba9c0: pfd->events now 60 (POLLOUT:4)
0:00:00.020812575  2471 0x1dbc370 DEBUG   GST_REGISTRY gstregistry.c:589:gst_registry_add_feature: adding feature 0x1ddaca0 (queue)
0:00:00.016030098  2472 0x12b2320 DEBUG   GST_POLL gstpoll.c:979:gst_poll_fd_ctl_write: 0x12ba9c0: fd (fd:0, idx:1), active : 1
0:00:00.020824287  2471 0x1dbc370 DEBUG   GST_REFCOUNTING gstobject.c:708:gst_object_set_parent: set parent (ref and sink)
0:00:00.016036411  2472 0x12b2320 LOG   GST_POLL gstpoll.c:994:gst_poll_fd_ctl_write: 0x12ba9c0: pfd->events now 60 (POLLOUT:4)
0:00:00.020832776  2471 0x1dbc370 TRACE   GST_REFCOUNTING gstobject.c:292:gst_object_ref_sink: 0x1ddaca0 ref_sink 1->2
0:00:00.016048331  2472 0x12b2320 DEBUG   GST_POLL gstpoll.c:979:gst_poll_fd_ctl_write: 0x12ba9c0: fd (fd:0, idx:1), active : 1
0:00:00.020842947  2471 0x1dbc370 LOG   GST_REGISTRY gstregistry.c:607:gst_registry_add_feature: emitting feature-added for queue
0:00:00.016056616  2472 0x12b2320 LOG   GST_POLL gstpoll.c:994:gst_poll_fd_ctl_write: 0x12ba9c0: pfd->events now 60 (POLLOUT:4)
0:00:00.020851534  2471 0x1dbc370 DEBUG   GST_REGISTRY gstregistrychunks.c:741:gst_registry_chunks_load_feature: Added feature queue, plugin 0x1dd77a0 coreelements
0:00:00.016064132  2472 0x12b2320 DEBUG   GST_POLL gstpoll.c:979:gst_poll_fd_ctl_write: 0x12ba9c0: fd (fd:0, idx:1), active : 1
0:00:00.020859410  2471 0x1dbc370 DEBUG   GST_REGISTRY gstregistrychunks.c:583:gst_registry_chunks_load_feature: Plugin 'coreelements' feature 'output-selector' typename : 'GstElementFactory'
0:00:00.016071197  2472 0x12b2320 LOG   GST_POLL gstpoll.c:994:gst_poll_fd_ctl_write: 0x12ba9c0: pfd->events now 60 (POLLOUT:4)
0:00:00.016079641  2472 0x12b2320 DEBUG   GST_POLL gstpoll.c:979:gst_poll_fd_ctl_write: 0x12ba9c0: fd (fd:0, idx:1), active : 1
0:00:00.020869847  2471 0x1dbc370 TRACE   GST_REFCOUNTING gstobject.c:208:gst_object_init: 0x1ddb130 new
0:00:00.016085240  2472 0x12b2320 LOG   GST_POLL gstpoll.c:994:gst_poll_fd_ctl_write: 0x12ba9c0: pfd->events now 60 (POLLOUT:4)
0:00:00.020879061  2471 0x1dbc370 LOG   GST_REGISTRY gstregistrychunks.c:610:gst_registry_chunks_load_feature: Reading/casting for GstRegistryChunkElementFactory at address 0x1dd85b8
0:00:00.016092193  2472 0x12b2320 DEBUG   GST_POLL gstpoll.c:979:gst_poll_fd_ctl_write: 0x12ba9c0: fd (fd:0, idx:1), active : 1
0:00:00.020886138  2471 0x1dbc370 TRACE   structure gststructure.c:292:gst_structure_new_id_empty_with_size: created structure 0x1ddb430
0:00:00.016098154  2472 0x12b2320 LOG   GST_POLL gstpoll.c:994:gst_poll_fd_ctl_write: 0x12ba9c0: pfd->events now 60 (POLLOUT:4)
0:00:00.020892434  2471 0x1dbc370 DEBUG   structure gststructure.c:2258:gst_structure_parse_field: trying field name 'long-name'
0:00:00.016105619  2472 0x12b2320 DEBUG   GST_POLL gstpoll.c:979:gst_poll_fd_ctl_write: 0x12ba9c0: fd (fd:0, idx:1), active : 1
0:00:00.020898472  2471 0x1dbc370 DEBUG   default gstvalue.c:2776:_priv_gst_value_parse_value: trying type name 'string'
0:00:00.016114215  2472 0x12b2320 LOG   GST_POLL gstpoll.c:994:gst_poll_fd_ctl_write: 0x12ba9c0: pfd->events now 60 (POLLOUT:4)
0:00:00.020915517  2471 0x1dbc370 DEBUG   structure gststructure.c:2258:gst_structure_parse_field: trying field name 'klass'
0:00:00.016127090  2472 0x12b2320 LOG   GST_PLUGIN_LOADING gstpluginloader.c:644:put_chunk: Expanding tx buf from 10158 to 13209 for chunk of size 209
0:00:00.020923227  2471 0x1dbc370 DEBUG   default gstvalue.c:2776:_priv_gst_value_parse_value: trying type name 'string'
0:00:00.016136583  2472 0x12b2320 DEBUG   GST_POLL gstpoll.c:979:gst_poll_fd_ctl_write: 0x12ba9c0: fd (fd:0, idx:1), active : 1
0:00:00.020930462  2471 0x1dbc370 DEBUG   structure gststructure.c:2258:gst_structure_parse_field: trying field name 'description'
0:00:00.016143211  2472 0x12b2320 LOG   GST_POLL gstpoll.c:994:gst_poll_fd_ctl_write: 0x12ba9c0: pfd->events now 60 (POLLOUT:4)
0:00:00.020936785  2471 0x1dbc370 DEBUG   default gstvalue.c:2776:_priv_gst_value_parse_value: trying type name 'string'
0:00:00.016149908  2472 0x12b2320 DEBUG   GST_POLL gstpoll.c:979:gst_poll_fd_ctl_write: 0x12ba9c0: fd (fd:0, idx:1), active : 1
0:00:00.020943565  2471 0x1dbc370 DEBUG   structure gststructure.c:2258:gst_structure_parse_field: trying field name 'author'
0:00:00.016155842  2472 0x12b2320 LOG   GST_POLL gstpoll.c:994:gst_poll_fd_ctl_write: 0x12ba9c0: pfd->events now 60 (POLLOUT:4)
0:00:00.020949106  2471 0x1dbc370 DEBUG   default gstvalue.c:2776:_priv_gst_value_parse_value: trying type name 'string'
0:00:00.016162485  2472 0x12b2320 DEBUG   GST_POLL gstpoll.c:979:gst_poll_fd_ctl_write: 0x12ba9c0: fd (fd:0, idx:1), active : 1
0:00:00.020956512  2471 0x1dbc370 DEBUG   GST_REGISTRY gstregistrychunks.c:627:gst_registry_chunks_load_feature: Element factory : npadtemplates=2
0:00:00.016168490  2472 0x12b2320 LOG   GST_POLL gstpoll.c:994:gst_poll_fd_ctl_write: 0x12ba9c0: pfd->events now 60 (POLLOUT:4)
0:00:00.020962623  2471 0x1dbc370 DEBUG   GST_REGISTRY gstregistrychunks.c:526:gst_registry_chunks_load_pad_template: Reading/casting for GstRegistryChunkPadTemplate at address 0x1dd8690
0:00:00.016177843  2472 0x12b2320 DEBUG   GST_POLL gstpoll.c:979:gst_poll_fd_ctl_write: 0x12ba9c0: fd (fd:0, idx:1), active : 1
0:00:00.020971093  2471 0x1dbc370 DEBUG   GST_REGISTRY gstregistrychunks.c:540:gst_registry_chunks_load_pad_template: Added pad_template src_%u
0:00:00.016185087  2472 0x12b2320 LOG   GST_POLL gstpoll.c:994:gst_poll_fd_ctl_write: 0x12ba9c0: pfd->events now 60 (POLLOUT:4)
0:00:00.020978634  2471 0x1dbc370 DEBUG   GST_REGISTRY gstregistrychunks.c:526:gst_registry_chunks_load_pad_template: Reading/casting for GstRegistryChunkPadTemplate at address 0x1dd86a8
0:00:00.016191793  2472 0x12b2320 DEBUG   GST_POLL gstpoll.c:979:gst_poll_fd_ctl_write: 0x12ba9c0: fd (fd:0, idx:1), active : 1
0:00:00.020985346  2471 0x1dbc370 DEBUG   GST_REGISTRY gstregistrychunks.c:540:gst_registry_chunks_load_pad_template: Added pad_template sink
0:00:00.016197914  2472 0x12b2320 LOG   GST_POLL gstpoll.c:994:gst_poll_fd_ctl_write: 0x12ba9c0: pfd->events now 60 (POLLOUT:4)
0:00:00.020998492  2471 0x1dbc370 DEBUG   GST_REGISTRY gstregistry.c:589:gst_registry_add_feature: adding feature 0x1ddb130 (output-selector)
0:00:00.016209449  2472 0x12b2320 DEBUG   GST_POLL gstpoll.c:979:gst_poll_fd_ctl_write: 0x12ba9c0: fd (fd:0, idx:1), active : 1
0:00:00.021005647  2471 0x1dbc370 DEBUG   GST_REFCOUNTING gstobject.c:708:gst_object_set_parent: set parent (ref and sink)
0:00:00.016217697  2472 0x12b2320 LOG   GST_POLL gstpoll.c:994:gst_poll_fd_ctl_write: 0x12ba9c0: pfd->events now 60 (POLLOUT:4)
0:00:00.021013442  2471 0x1dbc370 TRACE   GST_REFCOUNTING gstobject.c:292:gst_object_ref_sink: 0x1ddb130 ref_sink 1->2
0:00:00.016225082  2472 0x12b2320 DEBUG   GST_POLL gstpoll.c:979:gst_poll_fd_ctl_write: 0x12ba9c0: fd (fd:0, idx:1), active : 1
0:00:00.021021469  2471 0x1dbc370 LOG   GST_REGISTRY gstregistry.c:607:gst_registry_add_feature: emitting feature-added for output-selector
0:00:00.016233399  2472 0x12b2320 LOG   GST_POLL gstpoll.c:994:gst_poll_fd_ctl_write: 0x12ba9c0: pfd->events now 60 (POLLOUT:4)
0:00:00.021029480  2471 0x1dbc370 DEBUG   GST_REGISTRY gstregistrychunks.c:741:gst_registry_chunks_load_feature: Added feature output-selector, plugin 0x1dd77a0 coreelements
0:00:00.016243194  2472 0x12b2320 DEBUG   GST_POLL gstpoll.c:979:gst_poll_fd_ctl_write: 0x12ba9c0: fd (fd:0, idx:1), active : 1
0:00:00.016250553  2472 0x12b2320 LOG   GST_POLL gstpoll.c:994:gst_poll_fd_ctl_write: 0x12ba9c0: pfd->events now 60 (POLLOUT:4)
0:00:00.021039378  2471 0x1dbc370 DEBUG   GST_REGISTRY gstregistrychunks.c:583:gst_registry_chunks_load_feature: Plugin 'coreelements' feature 'input-selector' typename : 'GstElementFactory'
0:00:00.016256669  2472 0x12b2320 DEBUG   GST_POLL gstpoll.c:979:gst_poll_fd_ctl_write: 0x12ba9c0: fd (fd:0, idx:1), active : 1
0:00:00.021051122  2471 0x1dbc370 TRACE   GST_REFCOUNTING gstobject.c:208:gst_object_init: 0x1ddb260 new
0:00:00.016262860  2472 0x12b2320 LOG   GST_POLL gstpoll.c:994:gst_poll_fd_ctl_write: 0x12ba9c0: pfd->events now 60 (POLLOUT:4)
0:00:00.021060658  2471 0x1dbc370 LOG   GST_REGISTRY gstregistrychunks.c:610:gst_registry_chunks_load_feature: Reading/casting for GstRegistryChunkElementFactory at address 0x1dd86e0
0:00:00.016271598  2472 0x12b2320 DEBUG   GST_POLL gstpoll.c:979:gst_poll_fd_ctl_write: 0x12ba9c0: fd (fd:0, idx:1), active : 1
0:00:00.021068064  2471 0x1dbc370 TRACE   structure gststructure.c:292:gst_structure_new_id_empty_with_size: created structure 0x1ddb830
0:00:00.016279664  2472 0x12b2320 LOG   GST_POLL gstpoll.c:994:gst_poll_fd_ctl_write: 0x12ba9c0: pfd->events now 60 (POLLOUT:4)
0:00:00.021074605  2471 0x1dbc370 DEBUG   structure gststructure.c:2258:gst_structure_parse_field: trying field name 'long-name'
0:00:00.016287428  2472 0x12b2320 DEBUG   GST_POLL gstpoll.c:979:gst_poll_fd_ctl_write: 0x12ba9c0: fd (fd:0, idx:1), active : 1
0:00:00.021080575  2471 0x1dbc370 DEBUG   default gstvalue.c:2776:_priv_gst_value_parse_value: trying type name 'string'
0:00:00.016299780  2472 0x12b2320 LOG   GST_POLL gstpoll.c:994:gst_poll_fd_ctl_write: 0x12ba9c0: pfd->events now 60 (POLLOUT:4)
0:00:00.021092535  2471 0x1dbc370 DEBUG   structure gststructure.c:2258:gst_structure_parse_field: trying field name 'klass'
0:00:00.021098193  2471 0x1dbc370 DEBUG   default gstvalue.c:2776:_priv_gst_value_parse_value: trying type name 'string'
0:00:00.016308717  2472 0x12b2320 DEBUG   GST_POLL gstpoll.c:979:gst_poll_fd_ctl_write: 0x12ba9c0: fd (fd:0, idx:1), active : 1
0:00:00.016318172  2472 0x12b2320 LOG   GST_POLL gstpoll.c:994:gst_poll_fd_ctl_write: 0x12ba9c0: pfd->events now 60 (POLLOUT:4)
0:00:00.021107254  2471 0x1dbc370 DEBUG   structure gststructure.c:2258:gst_structure_parse_field: trying field name 'description'
0:00:00.016324378  2472 0x12b2320 DEBUG   GST_POLL gstpoll.c:979:gst_poll_fd_ctl_write: 0x12ba9c0: fd (fd:0, idx:1), active : 1
0:00:00.021115685  2471 0x1dbc370 DEBUG   default gstvalue.c:2776:_priv_gst_value_parse_value: trying type name 'string'
0:00:00.016330609  2472 0x12b2320 LOG   GST_POLL gstpoll.c:994:gst_poll_fd_ctl_write: 0x12ba9c0: pfd->events now 60 (POLLOUT:4)
0:00:00.021123407  2471 0x1dbc370 DEBUG   structure gststructure.c:2258:gst_structure_parse_field: trying field name 'author'
0:00:00.016337034  2472 0x12b2320 DEBUG   GST_POLL gstpoll.c:979:gst_poll_fd_ctl_write: 0x12ba9c0: fd (fd:0, idx:1), active : 1
0:00:00.021129301  2471 0x1dbc370 DEBUG   default gstvalue.c:2776:_priv_gst_value_parse_value: trying type name 'string'
0:00:00.016342930  2472 0x12b2320 LOG   GST_POLL gstpoll.c:994:gst_poll_fd_ctl_write: 0x12ba9c0: pfd->events now 60 (POLLOUT:4)
0:00:00.021138595  2471 0x1dbc370 DEBUG   GST_REGISTRY gstregistrychunks.c:627:gst_registry_chunks_load_feature: Element factory : npadtemplates=2
0:00:00.016349450  2472 0x12b2320 DEBUG   GST_POLL gstpoll.c:979:gst_poll_fd_ctl_write: 0x12ba9c0: fd (fd:0, idx:1), active : 1
0:00:00.021144707  2471 0x1dbc370 DEBUG   GST_REGISTRY gstregistrychunks.c:526:gst_registry_chunks_load_pad_template: Reading/casting for GstRegistryChunkPadTemplate at address 0x1dd8810
0:00:00.016357235  2472 0x12b2320 LOG   GST_POLL gstpoll.c:994:gst_poll_fd_ctl_write: 0x12ba9c0: pfd->events now 60 (POLLOUT:4)
0:00:00.021150919  2471 0x1dbc370 DEBUG   GST_REGISTRY gstregistrychunks.c:540:gst_registry_chunks_load_pad_template: Added pad_template src
0:00:00.016366139  2472 0x12b2320 DEBUG   GST_POLL gstpoll.c:979:gst_poll_fd_ctl_write: 0x12ba9c0: fd (fd:0, idx:1), active : 1
0:00:00.021156811  2471 0x1dbc370 DEBUG   GST_REGISTRY gstregistrychunks.c:526:gst_registry_chunks_load_pad_template: Reading/casting for GstRegistryChunkPadTemplate at address 0x1dd8820
0:00:00.016373185  2472 0x12b2320 LOG   GST_POLL gstpoll.c:994:gst_poll_fd_ctl_write: 0x12ba9c0: pfd->events now 60 (POLLOUT:4)
0:00:00.021166540  2471 0x1dbc370 DEBUG   GST_REGISTRY gstregistrychunks.c:540:gst_registry_chunks_load_pad_template: Added pad_template sink_%u
0:00:00.016379956  2472 0x12b2320 DEBUG   GST_POLL gstpoll.c:979:gst_poll_fd_ctl_write: 0x12ba9c0: fd (fd:0, idx:1), active : 1
0:00:00.016392134  2472 0x12b2320 LOG   GST_POLL gstpoll.c:994:gst_poll_fd_ctl_write: 0x12ba9c0: pfd->events now 60 (POLLOUT:4)
0:00:00.021182098  2471 0x1dbc370 DEBUG   GST_REGISTRY gstregistry.c:589:gst_registry_add_feature: adding feature 0x1ddb260 (input-selector)
0:00:00.016398337  2472 0x12b2320 DEBUG   GST_POLL gstpoll.c:979:gst_poll_fd_ctl_write: 0x12ba9c0: fd (fd:0, idx:1), active : 1
0:00:00.021189884  2471 0x1dbc370 DEBUG   GST_REFCOUNTING gstobject.c:708:gst_object_set_parent: set parent (ref and sink)
0:00:00.016404383  2472 0x12b2320 LOG   GST_POLL gstpoll.c:994:gst_poll_fd_ctl_write: 0x12ba9c0: pfd->events now 60 (POLLOUT:4)
0:00:00.021197971  2471 0x1dbc370 TRACE   GST_REFCOUNTING gstobject.c:292:gst_object_ref_sink: 0x1ddb260 ref_sink 1->2
0:00:00.016410977  2472 0x12b2320 DEBUG   GST_POLL gstpoll.c:979:gst_poll_fd_ctl_write: 0x12ba9c0: fd (fd:0, idx:1), active : 1
0:00:00.021205349  2471 0x1dbc370 LOG   GST_REGISTRY gstregistry.c:607:gst_registry_add_feature: emitting feature-added for input-selector
0:00:00.016417393  2472 0x12b2320 LOG   GST_POLL gstpoll.c:994:gst_poll_fd_ctl_write: 0x12ba9c0: pfd->events now 60 (POLLOUT:4)
