0:00:00.021213218  2471 0x1dbc370 DEBUG   GST_REGISTRY gstregistrychunks.c:741:gst_registry_chunks_load_feature: Added feature input-selector, plugin 0x1dd77a0 coreelements
0:00:00.016427510  2472 0x12b2320 DEBUG   GST_POLL gstpoll.c:979:gst_poll_fd_ctl_write: 0x12ba9c0: fd (fd:0, idx:1), active : 1
0:00:00.021220813  2471 0x1dbc370 DEBUG   GST_REGISTRY gstregistrychunks.c:583:gst_registry_chunks_load_feature: Plugin 'coreelements' feature 'identity' typename : 'GstElementFactory'
0:00:00.016434357  2472 0x12b2320 LOG   GST_POLL gstpoll.c:994:gst_poll_fd_ctl_write: 0x12ba9c0: pfd->events now 60 (POLLOUT:4)
0:00:00.021229435  2471 0x1dbc370 TRACE   GST_REFCOUNTING gstobject.c:208:gst_object_init: 0x1ddb710 new
0:00:00.016441304  2472 0x12b2320 DEBUG   GST_POLL gstpoll.c:979:gst_poll_fd_ctl_write: 0x12ba9c0: fd (fd:0, idx:1), active : 1
0:00:00.016450025  2472 0x12b2320 LOG   GST_POLL gstpoll.c:994:gst_poll_fd_ctl_write: 0x12ba9c0: pfd->events now 60 (POLLOUT:4)
0:00:00.021240731  2471 0x1dbc370 LOG   GST_REGISTRY gstregistrychunks.c:610:gst_registry_chunks_load_feature: Reading/casting for GstRegistryChunkElementFactory at address 0x1dd8850
0:00:00.016456145  2472 0x12b2320 DEBUG   GST_POLL gstpoll.c:979:gst_poll_fd_ctl_write: 0x12ba9c0: fd (fd:0, idx:1), active : 1
0:00:00.021249043  2471 0x1dbc370 TRACE   structure gststructure.c:292:gst_structure_new_id_empty_with_size: created structure 0x1ddbbe0
0:00:00.016462205  2472 0x12b2320 LOG   GST_POLL gstpoll.c:994:gst_poll_fd_ctl_write: 0x12ba9c0: pfd->events now 60 (POLLOUT:4)
0:00:00.021255875  2471 0x1dbc370 DEBUG   structure gststructure.c:2258:gst_structure_parse_field: trying field name 'long-name'
0:00:00.016468908  2472 0x12b2320 DEBUG   GST_POLL gstpoll.c:979:gst_poll_fd_ctl_write: 0x12ba9c0: fd (fd:0, idx:1), active : 1
0:00:00.021266955  2471 0x1dbc370 DEBUG   default gstvalue.c:2776:_priv_gst_value_parse_value: trying type name 'string'
0:00:00.016479822  2472 0x12b2320 LOG   GST_POLL gstpoll.c:994:gst_poll_fd_ctl_write: 0x12ba9c0: pfd->events now 60 (POLLOUT:4)
0:00:00.021274294  2471 0x1dbc370 DEBUG   structure gststructure.c:2258:gst_structure_parse_field: trying field name 'klass'
0:00:00.016488726  2472 0x12b2320 DEBUG   GST_POLL gstpoll.c:979:gst_poll_fd_ctl_write: 0x12ba9c0: fd (fd:0, idx:1), active : 1
0:00:00.021280830  2471 0x1dbc370 DEBUG   default gstvalue.c:2776:_priv_gst_value_parse_value: trying type name 'string'
0:00:00.016495597  2472 0x12b2320 LOG   GST_POLL gstpoll.c:994:gst_poll_fd_ctl_write: 0x12ba9c0: pfd->events now 60 (POLLOUT:4)
0:00:00.021287599  2471 0x1dbc370 DEBUG   structure gststructure.c:2258:gst_structure_parse_field: trying field name 'description'
0:00:00.016502235  2472 0x12b2320 DEBUG   GST_POLL gstpoll.c:979:gst_poll_fd_ctl_write: 0x12ba9c0: fd (fd:0, idx:1), active : 1
0:00:00.016508461  2472 0x12b2320 LOG   GST_POLL gstpoll.c:994:gst_poll_fd_ctl_write: 0x12ba9c0: pfd->events now 60 (POLLOUT:4)
0:00:00.021300405  2471 0x1dbc370 DEBUG   default gstvalue.c:2776:_priv_gst_value_parse_value: trying type name 'string'
0:00:00.016514550  2472 0x12b2320 DEBUG   GST_POLL gstpoll.c:979:gst_poll_fd_ctl_write: 0x12ba9c0: fd (fd:0, idx:1), active : 1
0:00:00.016520946  2472 0x12b2320 LOG   GST_POLL gstpoll.c:994:gst_poll_fd_ctl_write: 0x12ba9c0: pfd->events now 60 (POLLOUT:4)
0:00:00.021310434  2471 0x1dbc370 DEBUG   structure gststructure.c:2258:gst_structure_parse_field: trying field name 'author'
0:00:00.016526946  2472 0x12b2320 DEBUG   GST_POLL gstpoll.c:979:gst_poll_fd_ctl_write: 0x12ba9c0: fd (fd:0, idx:1), active : 1
0:00:00.021318235  2471 0x1dbc370 DEBUG   default gstvalue.c:2776:_priv_gst_value_parse_value: trying type name 'string'
0:00:00.016532950  2472 0x12b2320 LOG   GST_POLL gstpoll.c:994:gst_poll_fd_ctl_write: 0x12ba9c0: pfd->events now 60 (POLLOUT:4)
0:00:00.021326311  2471 0x1dbc370 DEBUG   GST_REGISTRY gstregistrychunks.c:627:gst_registry_chunks_load_feature: Element factory : npadtemplates=2
0:00:00.016542157  2472 0x12b2320 DEBUG   GST_POLL gstpoll.c:979:gst_poll_fd_ctl_write: 0x12ba9c0: fd (fd:0, idx:1), active : 1
0:00:00.021332585  2471 0x1dbc370 DEBUG   GST_REGISTRY gstregistrychunks.c:526:gst_registry_chunks_load_pad_template: Reading/casting for GstRegistryChunkPadTemplate at address 0x1dd8920
0:00:00.016549155  2472 0x12b2320 LOG   GST_POLL gstpoll.c:994:gst_poll_fd_ctl_write: 0x12ba9c0: pfd->events now 60 (POLLOUT:4)
0:00:00.021340685  2471 0x1dbc370 DEBUG   GST_REGISTRY gstregistrychunks.c:540:gst_registry_chunks_load_pad_template: Added pad_template sink
0:00:00.016555939  2472 0x12b2320 DEBUG   GST_POLL gstpoll.c:979:gst_poll_fd_ctl_write: 0x12ba9c0: fd (fd:0, idx:1), active : 1
0:00:00.021352053  2471 0x1dbc370 DEBUG   GST_REGISTRY gstregistrychunks.c:526:gst_registry_chunks_load_pad_template: Reading/casting for GstRegistryChunkPadTemplate at address 0x1dd8938
0:00:00.016565092  2472 0x12b2320 LOG   GST_POLL gstpoll.c:994:gst_poll_fd_ctl_write: 0x12ba9c0: pfd->events now 60 (POLLOUT:4)
0:00:00.021358444  2471 0x1dbc370 DEBUG   GST_REGISTRY gstregistrychunks.c:540:gst_registry_chunks_load_pad_template: Added pad_template src
0:00:00.016571708  2472 0x12b2320 DEBUG   GST_POLL gstpoll.c:979:gst_poll_fd_ctl_write: 0x12ba9c0: fd (fd:0, idx:1), active : 1
0:00:00.016578072  2472 0x12b2320 LOG   GST_POLL gstpoll.c:994:gst_poll_fd_ctl_write: 0x12ba9c0: pfd->events now 60 (POLLOUT:4)
0:00:00.021369330  2471 0x1dbc370 DEBUG   GST_REGISTRY gstregistry.c:589:gst_registry_add_feature: adding feature 0x1ddb710 (identity)
0:00:00.016583952  2472 0x12b2320 DEBUG   GST_POLL gstpoll.c:979:gst_poll_fd_ctl_write: 0x12ba9c0: fd (fd:0, idx:1), active : 1
0:00:00.021377116  2471 0x1dbc370 DEBUG   GST_REFCOUNTING gstobject.c:708:gst_object_set_parent: set parent (ref and sink)
0:00:00.016589998  2472 0x12b2320 LOG   GST_POLL gstpoll.c:994:gst_poll_fd_ctl_write: 0x12ba9c0: pfd->events now 60 (POLLOUT:4)
0:00:00.021385931  2471 0x1dbc370 TRACE   GST_REFCOUNTING gstobject.c:292:gst_object_ref_sink: 0x1ddb710 ref_sink 1->2
0:00:00.016599465  2472 0x12b2320 DEBUG   GST_POLL gstpoll.c:979:gst_poll_fd_ctl_write: 0x12ba9c0: fd (fd:0, idx:1), active : 1
0:00:00.021393255  2471 0x1dbc370 LOG   GST_REGISTRY gstregistry.c:607:gst_registry_add_feature: emitting feature-added for identity
0:00:00.016606346  2472 0x12b2320 LOG   GST_POLL gstpoll.c:994:gst_poll_fd_ctl_write: 0x12ba9c0: pfd->events now 60 (POLLOUT:4)
0:00:00.021400450  2471 0x1dbc370 DEBUG   GST_REGISTRY gstregistrychunks.c:741:gst_registry_chunks_load_feature: Added feature identity, plugin 0x1dd77a0 coreelements
0:00:00.016612964  2472 0x12b2320 DEBUG   GST_POLL gstpoll.c:979:gst_poll_fd_ctl_write: 0x12ba9c0: fd (fd:0, idx:1), active : 1
0:00:00.021407434  2471 0x1dbc370 DEBUG   GST_REGISTRY gstregistrychunks.c:583:gst_registry_chunks_load_feature: Plugin 'coreelements' feature 'funnel' typename : 'GstElementFactory'
0:00:00.016619234  2472 0x12b2320 LOG   GST_POLL gstpoll.c:994:gst_poll_fd_ctl_write: 0x12ba9c0: pfd->events now 60 (POLLOUT:4)
0:00:00.016626625  2472 0x12b2320 DEBUG   GST_POLL gstpoll.c:979:gst_poll_fd_ctl_write: 0x12ba9c0: fd (fd:0, idx:1), active : 1
0:00:00.021419591  2471 0x1dbc370 TRACE   GST_REFCOUNTING gstobject.c:208:gst_object_init: 0x1ddbe30 new
0:00:00.016632065  2472 0x12b2320 LOG   GST_POLL gstpoll.c:994:gst_poll_fd_ctl_write: 0x12ba9c0: pfd->events now 60 (POLLOUT:4)
0:00:00.016641075  2472 0x12b2320 DEBUG   GST_POLL gstpoll.c:979:gst_poll_fd_ctl_write: 0x12ba9c0: fd (fd:0, idx:1), active : 1
0:00:00.021430970  2471 0x1dbc370 LOG   GST_REGISTRY gstregistrychunks.c:610:gst_registry_chunks_load_feature: Reading/casting for GstRegistryChunkElementFactory at address 0x1dd8968
0:00:00.016646741  2472 0x12b2320 LOG   GST_POLL gstpoll.c:994:gst_poll_fd_ctl_write: 0x12ba9c0: pfd->events now 60 (POLLOUT:4)
0:00:00.021444228  2471 0x1dbc370 TRACE   structure gststructure.c:292:gst_structure_new_id_empty_with_size: created structure 0x1ddc150
0:00:00.016659308  2472 0x12b2320 DEBUG   GST_POLL gstpoll.c:979:gst_poll_fd_ctl_write: 0x12ba9c0: fd (fd:0, idx:1), active : 1
0:00:00.021450944  2471 0x1dbc370 DEBUG   structure gststructure.c:2258:gst_structure_parse_field: trying field name 'long-name'
0:00:00.016666320  2472 0x12b2320 LOG   GST_POLL gstpoll.c:994:gst_poll_fd_ctl_write: 0x12ba9c0: pfd->events now 60 (POLLOUT:4)
0:00:00.021457397  2471 0x1dbc370 DEBUG   default gstvalue.c:2776:_priv_gst_value_parse_value: trying type name 'string'
0:00:00.021481910  2471 0x1dbc370 DEBUG   structure gststructure.c:2258:gst_structure_parse_field: trying field name 'klass'
0:00:00.021492417  2471 0x1dbc370 DEBUG   default gstvalue.c:2776:_priv_gst_value_parse_value: trying type name 'string'
0:00:00.021505109  2471 0x1dbc370 DEBUG   structure gststructure.c:2258:gst_structure_parse_field: trying field name 'description'
0:00:00.016673105  2472 0x12b2320 DEBUG   GST_POLL gstpoll.c:979:gst_poll_fd_ctl_write: 0x12ba9c0: fd (fd:0, idx:1), active : 1
0:00:00.021514181  2471 0x1dbc370 DEBUG   default gstvalue.c:2776:_priv_gst_value_parse_value: trying type name 'string'
0:00:00.016727489  2472 0x12b2320 LOG   GST_POLL gstpoll.c:994:gst_poll_fd_ctl_write: 0x12ba9c0: pfd->events now 60 (POLLOUT:4)
0:00:00.021521588  2471 0x1dbc370 DEBUG   structure gststructure.c:2258:gst_structure_parse_field: trying field name 'author'
0:00:00.016734469  2472 0x12b2320 DEBUG   GST_POLL gstpoll.c:979:gst_poll_fd_ctl_write: 0x12ba9c0: fd (fd:0, idx:1), active : 1
0:00:00.021527598  2471 0x1dbc370 DEBUG   default gstvalue.c:2776:_priv_gst_value_parse_value: trying type name 'string'
0:00:00.016740552  2472 0x12b2320 LOG   GST_POLL gstpoll.c:994:gst_poll_fd_ctl_write: 0x12ba9c0: pfd->events now 60 (POLLOUT:4)
0:00:00.021535015  2471 0x1dbc370 DEBUG   GST_REGISTRY gstregistrychunks.c:627:gst_registry_chunks_load_feature: Element factory : npadtemplates=2
0:00:00.016749667  2472 0x12b2320 DEBUG   GST_POLL gstpoll.c:979:gst_poll_fd_ctl_write: 0x12ba9c0: fd (fd:0, idx:1), active : 1
0:00:00.021541119  2471 0x1dbc370 DEBUG   GST_REGISTRY gstregistrychunks.c:526:gst_registry_chunks_load_pad_template: Reading/casting for GstRegistryChunkPadTemplate at address 0x1dd8a40
0:00:00.016756636  2472 0x12b2320 LOG   GST_POLL gstpoll.c:994:gst_poll_fd_ctl_write: 0x12ba9c0: pfd->events now 60 (POLLOUT:4)
0:00:00.021548008  2471 0x1dbc370 DEBUG   GST_REGISTRY gstregistrychunks.c:540:gst_registry_chunks_load_pad_template: Added pad_template src
0:00:00.016763385  2472 0x12b2320 DEBUG   GST_POLL gstpoll.c:979:gst_poll_fd_ctl_write: 0x12ba9c0: fd (fd:0, idx:1), active : 1
0:00:00.021553909  2471 0x1dbc370 DEBUG   GST_REGISTRY gstregistrychunks.c:526:gst_registry_chunks_load_pad_template: Reading/casting for GstRegistryChunkPadTemplate at address 0x1dd8a50
0:00:00.016774972  2472 0x12b2320 LOG   GST_POLL gstpoll.c:994:gst_poll_fd_ctl_write: 0x12ba9c0: pfd->events now 60 (POLLOUT:4)
0:00:00.021568801  2471 0x1dbc370 DEBUG   GST_REGISTRY gstregistrychunks.c:540:gst_registry_chunks_load_pad_template: Added pad_template sink_%u
0:00:00.016781682  2472 0x12b2320 DEBUG   GST_POLL gstpoll.c:979:gst_poll_fd_ctl_write: 0x12ba9c0: fd (fd:0, idx:1), active : 1
0:00:00.016788498  2472 0x12b2320 LOG   GST_POLL gstpoll.c:994:gst_poll_fd_ctl_write: 0x12ba9c0: pfd->events now 60 (POLLOUT:4)
0:00:00.021578508  2471 0x1dbc370 DEBUG   GST_REGISTRY gstregistry.c:589:gst_registry_add_feature: adding feature 0x1ddbe30 (funnel)
0:00:00.016794336  2472 0x12b2320 DEBUG   GST_POLL gstpoll.c:979:gst_poll_fd_ctl_write: 0x12ba9c0: fd (fd:0, idx:1), active : 1
0:00:00.021585810  2471 0x1dbc370 DEBUG   GST_REFCOUNTING gstobject.c:708:gst_object_set_parent: set parent (ref and sink)
0:00:00.016800453  2472 0x12b2320 LOG   GST_POLL gstpoll.c:994:gst_poll_fd_ctl_write: 0x12ba9c0: pfd->events now 60 (POLLOUT:4)
0:00:00.021593863  2471 0x1dbc370 TRACE   GST_REFCOUNTING gstobject.c:292:gst_object_ref_sink: 0x1ddbe30 ref_sink 1->2
0:00:00.016809322  2472 0x12b2320 DEBUG   GST_POLL gstpoll.c:979:gst_poll_fd_ctl_write: 0x12ba9c0: fd (fd:0, idx:1), active : 1
0:00:00.021601034  2471 0x1dbc370 LOG   GST_REGISTRY gstregistry.c:607:gst_registry_add_feature: emitting feature-added for funnel
0:00:00.016821618  2472 0x12b2320 LOG   GST_POLL gstpoll.c:994:gst_poll_fd_ctl_write: 0x12ba9c0: pfd->events now 60 (POLLOUT:4)
0:00:00.021612819  2471 0x1dbc370 DEBUG   GST_REGISTRY gstregistrychunks.c:741:gst_registry_chunks_load_feature: Added feature funnel, plugin 0x1dd77a0 coreelements
0:00:00.016828787  2472 0x12b2320 DEBUG   GST_POLL gstpoll.c:979:gst_poll_fd_ctl_write: 0x12ba9c0: fd (fd:0, idx:1), active : 1
0:00:00.021620481  2471 0x1dbc370 DEBUG   GST_REGISTRY gstregistrychunks.c:583:gst_registry_chunks_load_feature: Plugin 'coreelements' feature 'filesrc' typename : 'GstElementFactory'
0:00:00.016835063  2472 0x12b2320 LOG   GST_POLL gstpoll.c:994:gst_poll_fd_ctl_write: 0x12ba9c0: pfd->events now 60 (POLLOUT:4)
0:00:00.021629748  2471 0x1dbc370 TRACE   GST_REFCOUNTING gstobject.c:208:gst_object_init: 0x1ddc320 new
0:00:00.016841966  2472 0x12b2320 DEBUG   GST_POLL gstpoll.c:979:gst_poll_fd_ctl_write: 0x12ba9c0: fd (fd:0, idx:1), active : 1
0:00:00.016850550  2472 0x12b2320 LOG   GST_POLL gstpoll.c:994:gst_poll_fd_ctl_write: 0x12ba9c0: pfd->events now 60 (POLLOUT:4)
0:00:00.021641827  2471 0x1dbc370 LOG   GST_REGISTRY gstregistrychunks.c:610:gst_registry_chunks_load_feature: Reading/casting for GstRegistryChunkElementFactory at address 0x1dd8a80
0:00:00.016856369  2472 0x12b2320 DEBUG   GST_POLL gstpoll.c:979:gst_poll_fd_ctl_write: 0x12ba9c0: fd (fd:0, idx:1), active : 1
0:00:00.021649862  2471 0x1dbc370 TRACE   structure gststructure.c:292:gst_structure_new_id_empty_with_size: created structure 0x1ddc4e0
0:00:00.016869258  2472 0x12b2320 LOG   GST_POLL gstpoll.c:994:gst_poll_fd_ctl_write: 0x12ba9c0: pfd->events now 60 (POLLOUT:4)
0:00:00.021660035  2471 0x1dbc370 DEBUG   structure gststructure.c:2258:gst_structure_parse_field: trying field name 'long-name'
0:00:00.016876867  2472 0x12b2320 DEBUG   GST_POLL gstpoll.c:979:gst_poll_fd_ctl_write: 0x12ba9c0: fd (fd:0, idx:1), active : 1
0:00:00.021667399  2471 0x1dbc370 DEBUG   default gstvalue.c:2776:_priv_gst_value_parse_value: trying type name 'string'
0:00:00.016883222  2472 0x12b2320 LOG   GST_POLL gstpoll.c:994:gst_poll_fd_ctl_write: 0x12ba9c0: pfd->events now 60 (POLLOUT:4)
0:00:00.021675894  2471 0x1dbc370 DEBUG   structure gststructure.c:2258:gst_structure_parse_field: trying field name 'klass'
0:00:00.016889801  2472 0x12b2320 DEBUG   GST_POLL gstpoll.c:979:gst_poll_fd_ctl_write: 0x12ba9c0: fd (fd:0, idx:1), active : 1
0:00:00.021681751  2471 0x1dbc370 DEBUG   default gstvalue.c:2776:_priv_gst_value_parse_value: trying type name 'string'
0:00:00.016895914  2472 0x12b2320 LOG   GST_POLL gstpoll.c:994:gst_poll_fd_ctl_write: 0x12ba9c0: pfd->events now 60 (POLLOUT:4)
0:00:00.021688438  2471 0x1dbc370 DEBUG   structure gststructure.c:2258:gst_structure_parse_field: trying field name 'description'
0:00:00.016902277  2472 0x12b2320 DEBUG   GST_POLL gstpoll.c:979:gst_poll_fd_ctl_write: 0x12ba9c0: fd (fd:0, idx:1), active : 1
0:00:00.021694043  2471 0x1dbc370 DEBUG   default gstvalue.c:2776:_priv_gst_value_parse_value: trying type name 'string'
0:00:00.016908380  2472 0x12b2320 LOG   GST_POLL gstpoll.c:994:gst_poll_fd_ctl_write: 0x12ba9c0: pfd->events now 60 (POLLOUT:4)
0:00:00.016914773  2472 0x12b2320 DEBUG   GST_POLL gstpoll.c:979:gst_poll_fd_ctl_write: 0x12ba9c0: fd (fd:0, idx:1), active : 1
0:00:00.021704110  2471 0x1dbc370 DEBUG   structure gststructure.c:2258:gst_structure_parse_field: trying field name 'author'
0:00:00.016922914  2472 0x12b2320 LOG   GST_POLL gstpoll.c:994:gst_poll_fd_ctl_write: 0x12ba9c0: pfd->events now 60 (POLLOUT:4)
0:00:00.021713312  2471 0x1dbc370 DEBUG   default gstvalue.c:2776:_priv_gst_value_parse_value: trying type name 'string'
0:00:00.016930321  2472 0x12b2320 DEBUG   GST_POLL gstpoll.c:979:gst_poll_fd_ctl_write: 0x12ba9c0: fd (fd:0, idx:1), active : 1
0:00:00.021722882  2471 0x1dbc370 DEBUG   GST_REGISTRY gstregistrychunks.c:627:gst_registry_chunks_load_feature: Element factory : npadtemplates=1
0:00:00.016936711  2472 0x12b2320 LOG   GST_POLL gstpoll.c:994:gst_poll_fd_ctl_write: 0x12ba9c0: pfd->events now 60 (POLLOUT:4)
0:00:00.021729067  2471 0x1dbc370 DEBUG   GST_REGISTRY gstregistrychunks.c:526:gst_registry_chunks_load_pad_template: Reading/casting for GstRegistryChunkPadTemplate at address 0x1dd8b60
0:00:00.016943451  2472 0x12b2320 DEBUG   GST_POLL gstpoll.c:979:gst_poll_fd_ctl_write: 0x12ba9c0: fd (fd:0, idx:1), active : 1
0:00:00.021735387  2471 0x1dbc370 DEBUG   GST_REGISTRY gstregistrychunks.c:540:gst_registry_chunks_load_pad_template: Added pad_template src
0:00:00.016956545  2472 0x12b2320 LOG   GST_POLL gstpoll.c:994:gst_poll_fd_ctl_write: 0x12ba9c0: pfd->events now 60 (POLLOUT:4)
0:00:00.021749179  2471 0x1dbc370 DEBUG   GST_REGISTRY gstregistrychunks.c:640:gst_registry_chunks_load_feature: Reading 1 UriTypes at address 0x1dd8b70
0:00:00.016963428  2472 0x12b2320 DEBUG   GST_POLL gstpoll.c:979:gst_poll_fd_ctl_write: 0x12ba9c0: fd (fd:0, idx:1), active : 1
0:00:00.021756385  2471 0x1dbc370 DEBUG   GST_REGISTRY gstregistrychunks.c:655:gst_registry_chunks_load_feature: Reading 1 Interfaces at address 0x1dd8b79
0:00:00.016969640  2472 0x12b2320 LOG   GST_POLL gstpoll.c:994:gst_poll_fd_ctl_write: 0x12ba9c0: pfd->events now 60 (POLLOUT:4)
0:00:00.021765115  2471 0x1dbc370 DEBUG   GST_REGISTRY gstregistry.c:589:gst_registry_add_feature: adding feature 0x1ddc320 (filesrc)
0:00:00.016976065  2472 0x12b2320 DEBUG   GST_POLL gstpoll.c:979:gst_poll_fd_ctl_write: 0x12ba9c0: fd (fd:0, idx:1), active : 1
0:00:00.021774133  2471 0x1dbc370 DEBUG   GST_REFCOUNTING gstobject.c:708:gst_object_set_parent: set parent (ref and sink)
0:00:00.016987299  2472 0x12b2320 LOG   GST_POLL gstpoll.c:994:gst_poll_fd_ctl_write: 0x12ba9c0: pfd->events now 60 (POLLOUT:4)
0:00:00.021783654  2471 0x1dbc370 TRACE   GST_REFCOUNTING gstobject.c:292:gst_object_ref_sink: 0x1ddc320 ref_sink 1->2
0:00:00.016995471  2472 0x12b2320 DEBUG   GST_POLL gstpoll.c:979:gst_poll_fd_ctl_write: 0x12ba9c0: fd (fd:0, idx:1), active : 1
0:00:00.021791278  2471 0x1dbc370 LOG   GST_REGISTRY gstregistry.c:607:gst_registry_add_feature: emitting feature-added for filesrc
0:00:00.017003523  2472 0x12b2320 LOG   GST_POLL gstpoll.c:994:gst_poll_fd_ctl_write: 0x12ba9c0: pfd->events now 60 (POLLOUT:4)
0:00:00.021799033  2471 0x1dbc370 DEBUG   GST_REGISTRY gstregistrychunks.c:741:gst_registry_chunks_load_feature: Added feature filesrc, plugin 0x1dd77a0 coreelements
0:00:00.017010874  2472 0x12b2320 DEBUG   GST_POLL gstpoll.c:979:gst_poll_fd_ctl_write: 0x12ba9c0: fd (fd:0, idx:1), active : 1
0:00:00.021806070  2471 0x1dbc370 DEBUG   GST_REGISTRY gstregistrychunks.c:583:gst_registry_chunks_load_feature: Plugin 'coreelements' feature 'fdsink' typename : 'GstElementFactory'
0:00:00.017017795  2472 0x12b2320 LOG   GST_POLL gstpoll.c:994:gst_poll_fd_ctl_write: 0x12ba9c0: pfd->events now 60 (POLLOUT:4)
0:00:00.017025276  2472 0x12b2320 DEBUG   GST_POLL gstpoll.c:979:gst_poll_fd_ctl_write: 0x12ba9c0: fd (fd:0, idx:1), active : 1
0:00:00.021814863  2471 0x1dbc370 TRACE   GST_REFCOUNTING gstobject.c:208:gst_object_init: 0x1ddba60 new
0:00:00.017030697  2472 0x12b2320 LOG   GST_POLL gstpoll.c:994:gst_poll_fd_ctl_write: 0x12ba9c0: pfd->events now 60 (POLLOUT:4)
0:00:00.021824233  2471 0x1dbc370 LOG   GST_REGISTRY gstregistrychunks.c:610:gst_registry_chunks_load_feature: Reading/casting for GstRegistryChunkElementFactory at address 0x1dd8ba0
0:00:00.017037220  2472 0x12b2320 DEBUG   GST_POLL gstpoll.c:979:gst_poll_fd_ctl_write: 0x12ba9c0: fd (fd:0, idx:1), active : 1
0:00:00.021836657  2471 0x1dbc370 TRACE   structure gststructure.c:292:gst_structure_new_id_empty_with_size: created structure 0x1ddc920
0:00:00.017051168  2472 0x12b2320 LOG   GST_POLL gstpoll.c:994:gst_poll_fd_ctl_write: 0x12ba9c0: pfd->events now 60 (POLLOUT:4)
0:00:00.021844982  2471 0x1dbc370 DEBUG   structure gststructure.c:2258:gst_structure_parse_field: trying field name 'long-name'
0:00:00.017058643  2472 0x12b2320 DEBUG   GST_POLL gstpoll.c:979:gst_poll_fd_ctl_write: 0x12ba9c0: fd (fd:0, idx:1), active : 1
0:00:00.021852040  2471 0x1dbc370 DEBUG   default gstvalue.c:2776:_priv_gst_value_parse_value: trying type name 'string'
0:00:00.017065006  2472 0x12b2320 LOG   GST_POLL gstpoll.c:994:gst_poll_fd_ctl_write: 0x12ba9c0: pfd->events now 60 (POLLOUT:4)
0:00:00.021859668  2471 0x1dbc370 DEBUG   structure gststructure.c:2258:gst_structure_parse_field: trying field name 'klass'
0:00:00.017071732  2472 0x12b2320 DEBUG   GST_POLL gstpoll.c:979:gst_poll_fd_ctl_write: 0x12ba9c0: fd (fd:0, idx:1), active : 1
0:00:00.021865539  2471 0x1dbc370 DEBUG   default gstvalue.c:2776:_priv_gst_value_parse_value: trying type name 'string'
0:00:00.017078744  2472 0x12b2320 LOG   GST_POLL gstpoll.c:994:gst_poll_fd_ctl_write: 0x12ba9c0: pfd->events now 60 (POLLOUT:4)
0:00:00.021872958  2471 0x1dbc370 DEBUG   structure gststructure.c:2258:gst_structure_parse_field: trying field name 'description'
0:00:00.017085526  2472 0x12b2320 DEBUG   GST_POLL gstpoll.c:979:gst_poll_fd_ctl_write: 0x12ba9c0: fd (fd:0, idx:1), active : 1
0:00:00.021879419  2471 0x1dbc370 DEBUG   default gstvalue.c:2776:_priv_gst_value_parse_value: trying type name 'string'
0:00:00.017092274  2472 0x12b2320 LOG   GST_POLL gstpoll.c:994:gst_poll_fd_ctl_write: 0x12ba9c0: pfd->events now 60 (POLLOUT:4)
0:00:00.021886835  2471 0x1dbc370 DEBUG   structure gststructure.c:2258:gst_structure_parse_field: trying field name 'author'
0:00:00.017101201  2472 0x12b2320 DEBUG   GST_POLL gstpoll.c:979:gst_poll_fd_ctl_write: 0x12ba9c0: fd (fd:0, idx:1), active : 1
0:00:00.021892566  2471 0x1dbc370 DEBUG   default gstvalue.c:2776:_priv_gst_value_parse_value: trying type name 'string'
0:00:00.017108274  2472 0x12b2320 LOG   GST_POLL gstpoll.c:994:gst_poll_fd_ctl_write: 0x12ba9c0: pfd->events now 60 (POLLOUT:4)
0:00:00.021903990  2471 0x1dbc370 DEBUG   GST_REGISTRY gstregistrychunks.c:627:gst_registry_chunks_load_feature: Element factory : npadtemplates=1
0:00:00.017115759  2472 0x12b2320 DEBUG   GST_POLL gstpoll.c:979:gst_poll_fd_ctl_write: 0x12ba9c0: fd (fd:0, idx:1), active : 1
0:00:00.021911476  2471 0x1dbc370 DEBUG   GST_REGISTRY gstregistrychunks.c:526:gst_registry_chunks_load_pad_template: Reading/casting for GstRegistryChunkPadTemplate at address 0x1dd8c80
0:00:00.017125629  2472 0x12b2320 LOG   GST_POLL gstpoll.c:994:gst_poll_fd_ctl_write: 0x12ba9c0: pfd->events now 60 (POLLOUT:4)
0:00:00.021918160  2471 0x1dbc370 DEBUG   GST_REGISTRY gstregistrychunks.c:540:gst_registry_chunks_load_pad_template: Added pad_template sink
0:00:00.017138390  2472 0x12b2320 DEBUG   GST_POLL gstpoll.c:979:gst_poll_fd_ctl_write: 0x12ba9c0: fd (fd:0, idx:1), active : 1
0:00:00.021930672  2471 0x1dbc370 DEBUG   GST_REGISTRY gstregistrychunks.c:640:gst_registry_chunks_load_feature: Reading 1 UriTypes at address 0x1dd8c91
0:00:00.017144882  2472 0x12b2320 LOG   GST_POLL gstpoll.c:994:gst_poll_fd_ctl_write: 0x12ba9c0: pfd->events now 60 (POLLOUT:4)
0:00:00.021937880  2471 0x1dbc370 DEBUG   GST_REGISTRY gstregistrychunks.c:655:gst_registry_chunks_load_feature: Reading 1 Interfaces at address 0x1dd8c9f
0:00:00.017151783  2472 0x12b2320 DEBUG   GST_POLL gstpoll.c:979:gst_poll_fd_ctl_write: 0x12ba9c0: fd (fd:0, idx:1), active : 1
0:00:00.021946679  2471 0x1dbc370 DEBUG   GST_REGISTRY gstregistry.c:589:gst_registry_add_feature: adding feature 0x1ddba60 (fdsink)
0:00:00.017157755  2472 0x12b2320 LOG   GST_POLL gstpoll.c:994:gst_poll_fd_ctl_write: 0x12ba9c0: pfd->events now 60 (POLLOUT:4)
0:00:00.021953764  2471 0x1dbc370 DEBUG   GST_REFCOUNTING gstobject.c:708:gst_object_set_parent: set parent (ref and sink)
0:00:00.017168618  2472 0x12b2320 DEBUG   GST_POLL gstpoll.c:979:gst_poll_fd_ctl_write: 0x12ba9c0: fd (fd:0, idx:1), active : 1
0:00:00.021962148  2471 0x1dbc370 TRACE   GST_REFCOUNTING gstobject.c:292:gst_object_ref_sink: 0x1ddba60 ref_sink 1->2
0:00:00.017175655  2472 0x12b2320 LOG   GST_POLL gstpoll.c:994:gst_poll_fd_ctl_write: 0x12ba9c0: pfd->events now 60 (POLLOUT:4)
0:00:00.017182977  2472 0x12b2320 DEBUG   GST_POLL gstpoll.c:979:gst_poll_fd_ctl_write: 0x12ba9c0: fd (fd:0, idx:1), active : 1
0:00:00.021972273  2471 0x1dbc370 LOG   GST_REGISTRY gstregistry.c:607:gst_registry_add_feature: emitting feature-added for fdsink
0:00:00.017189126  2472 0x12b2320 LOG   GST_POLL gstpoll.c:994:gst_poll_fd_ctl_write: 0x12ba9c0: pfd->events now 60 (POLLOUT:4)
0:00:00.021982348  2471 0x1dbc370 DEBUG   GST_REGISTRY gstregistrychunks.c:741:gst_registry_chunks_load_feature: Added feature fdsink, plugin 0x1dd77a0 coreelements
0:00:00.017195901  2472 0x12b2320 DEBUG   GST_POLL gstpoll.c:979:gst_poll_fd_ctl_write: 0x12ba9c0: fd (fd:0, idx:1), active : 1
0:00:00.021990236  2471 0x1dbc370 DEBUG   GST_REGISTRY gstregistrychunks.c:583:gst_registry_chunks_load_feature: Plugin 'coreelements' feature 'fdsrc' typename : 'GstElementFactory'
0:00:00.017201896  2472 0x12b2320 LOG   GST_POLL gstpoll.c:994:gst_poll_fd_ctl_write: 0x12ba9c0: pfd->events now 60 (POLLOUT:4)
0:00:00.017210115  2472 0x12b2320 DEBUG   GST_POLL gstpoll.c:979:gst_poll_fd_ctl_write: 0x12ba9c0: fd (fd:0, idx:1), active : 1
0:00:00.021999559  2471 0x1dbc370 TRACE   GST_REFCOUNTING gstobject.c:208:gst_object_init: 0x1ddca50 new
0:00:00.017215609  2472 0x12b2320 LOG   GST_POLL gstpoll.c:994:gst_poll_fd_ctl_write: 0x12ba9c0: pfd->events now 60 (POLLOUT:4)
0:00:00.022009615  2471 0x1dbc370 LOG   GST_REGISTRY gstregistrychunks.c:610:gst_registry_chunks_load_feature: Reading/casting for GstRegistryChunkElementFactory at address 0x1dd8cc8
0:00:00.017230970  2472 0x12b2320 DEBUG   GST_POLL gstpoll.c:979:gst_poll_fd_ctl_write: 0x12ba9c0: fd (fd:0, idx:1), active : 1
0:00:00.022021645  2471 0x1dbc370 TRACE   structure gststructure.c:292:gst_structure_new_id_empty_with_size: created structure 0x1ddcc10
0:00:00.017238015  2472 0x12b2320 LOG   GST_POLL gstpoll.c:994:gst_poll_fd_ctl_write: 0x12ba9c0: pfd->events now 60 (POLLOUT:4)
0:00:00.022029390  2471 0x1dbc370 DEBUG   structure gststructure.c:2258:gst_structure_parse_field: trying field name 'long-name'
0:00:00.017244769  2472 0x12b2320 DEBUG   GST_POLL gstpoll.c:979:gst_poll_fd_ctl_write: 0x12ba9c0: fd (fd:0, idx:1), active : 1
0:00:00.022035733  2471 0x1dbc370 DEBUG   default gstvalue.c:2776:_priv_gst_value_parse_value: trying type name 'string'
0:00:00.017251635  2472 0x12b2320 LOG   GST_POLL gstpoll.c:994:gst_poll_fd_ctl_write: 0x12ba9c0: pfd->events now 60 (POLLOUT:4)
0:00:00.017258366  2472 0x12b2320 DEBUG   GST_POLL gstpoll.c:979:gst_poll_fd_ctl_write: 0x12ba9c0: fd (fd:0, idx:1), active : 1
0:00:00.022047134  2471 0x1dbc370 DEBUG   structure gststructure.c:2258:gst_structure_parse_field: trying field name 'klass'
0:00:00.017264289  2472 0x12b2320 LOG   GST_POLL gstpoll.c:994:gst_poll_fd_ctl_write: 0x12ba9c0: pfd->events now 60 (POLLOUT:4)
0:00:00.022056222  2471 0x1dbc370 DEBUG   default gstvalue.c:2776:_priv_gst_value_parse_value: trying type name 'string'
0:00:00.017271364  2472 0x12b2320 DEBUG   GST_POLL gstpoll.c:979:gst_poll_fd_ctl_write: 0x12ba9c0: fd (fd:0, idx:1), active : 1
0:00:00.022064070  2471 0x1dbc370 DEBUG   structure gststructure.c:2258:gst_structure_parse_field: trying field name 'description'
0:00:00.017278322  2472 0x12b2320 LOG   GST_POLL gstpoll.c:994:gst_poll_fd_ctl_write: 0x12ba9c0: pfd->events now 60 (POLLOUT:4)
0:00:00.022070300  2471 0x1dbc370 DEBUG   default gstvalue.c:2776:_priv_gst_value_parse_value: trying type name 'string'
0:00:00.017287482  2472 0x12b2320 DEBUG   GST_POLL gstpoll.c:979:gst_poll_fd_ctl_write: 0x12ba9c0: fd (fd:0, idx:1), active : 1
0:00:00.022077956  2471 0x1dbc370 DEBUG   structure gststructure.c:2258:gst_structure_parse_field: trying field name 'author'
0:00:00.017294781  2472 0x12b2320 LOG   GST_POLL gstpoll.c:994:gst_poll_fd_ctl_write: 0x12ba9c0: pfd->events now 60 (POLLOUT:4)
0:00:00.022085770  2471 0x1dbc370 DEBUG   default gstvalue.c:2776:_priv_gst_value_parse_value: trying type name 'string'
0:00:00.017301886  2472 0x12b2320 DEBUG   GST_POLL gstpoll.c:979:gst_poll_fd_ctl_write: 0x12ba9c0: fd (fd:0, idx:1), active : 1
0:00:00.022094158  2471 0x1dbc370 DEBUG   GST_REGISTRY gstregistrychunks.c:627:gst_registry_chunks_load_feature: Element factory : npadtemplates=1
0:00:00.017308363  2472 0x12b2320 LOG   GST_POLL gstpoll.c:994:gst_poll_fd_ctl_write: 0x12ba9c0: pfd->events now 60 (POLLOUT:4)
0:00:00.022100195  2471 0x1dbc370 DEBUG   GST_REGISTRY gstregistrychunks.c:526:gst_registry_chunks_load_pad_template: Reading/casting for GstRegistryChunkPadTemplate at address 0x1dd8da8
0:00:00.017319539  2472 0x12b2320 DEBUG   GST_POLL gstpoll.c:979:gst_poll_fd_ctl_write: 0x12ba9c0: fd (fd:0, idx:1), active : 1
0:00:00.022112522  2471 0x1dbc370 DEBUG   GST_REGISTRY gstregistrychunks.c:540:gst_registry_chunks_load_pad_template: Added pad_template src
0:00:00.017326021  2472 0x12b2320 LOG   GST_POLL gstpoll.c:994:gst_poll_fd_ctl_write: 0x12ba9c0: pfd->events now 60 (POLLOUT:4)
0:00:00.022120510  2471 0x1dbc370 DEBUG   GST_REGISTRY gstregistrychunks.c:640:gst_registry_chunks_load_feature: Reading 1 UriTypes at address 0x1dd8db8
0:00:00.017332738  2472 0x12b2320 DEBUG   GST_POLL gstpoll.c:979:gst_poll_fd_ctl_write: 0x12ba9c0: fd (fd:0, idx:1), active : 1
0:00:00.022127704  2471 0x1dbc370 DEBUG   GST_REGISTRY gstregistrychunks.c:655:gst_registry_chunks_load_feature: Reading 1 Interfaces at address 0x1dd8dbf
0:00:00.017339473  2472 0x12b2320 LOG   GST_POLL gstpoll.c:994:gst_poll_fd_ctl_write: 0x12ba9c0: pfd->events now 60 (POLLOUT:4)
0:00:00.022137115  2471 0x1dbc370 DEBUG   GST_REGISTRY gstregistry.c:589:gst_registry_add_feature: adding feature 0x1ddca50 (fdsrc)
0:00:00.017349518  2472 0x12b2320 DEBUG   GST_POLL gstpoll.c:979:gst_poll_fd_ctl_write: 0x12ba9c0: fd (fd:0, idx:1), active : 1
0:00:00.022144003  2471 0x1dbc370 DEBUG   GST_REFCOUNTING gstobject.c:708:gst_object_set_parent: set parent (ref and sink)
0:00:00.017356509  2472 0x12b2320 LOG   GST_POLL gstpoll.c:994:gst_poll_fd_ctl_write: 0x12ba9c0: pfd->events now 60 (POLLOUT:4)
0:00:00.022152411  2471 0x1dbc370 TRACE   GST_REFCOUNTING gstobject.c:292:gst_object_ref_sink: 0x1ddca50 ref_sink 1->2
0:00:00.017364108  2472 0x12b2320 DEBUG   GST_POLL gstpoll.c:979:gst_poll_fd_ctl_write: 0x12ba9c0: fd (fd:0, idx:1), active : 1
0:00:00.022159795  2471 0x1dbc370 LOG   GST_REGISTRY gstregistry.c:607:gst_registry_add_feature: emitting feature-added for fdsrc
0:00:00.017372111  2472 0x12b2320 LOG   GST_POLL gstpoll.c:994:gst_poll_fd_ctl_write: 0x12ba9c0: pfd->events now 60 (POLLOUT:4)
0:00:00.022167621  2471 0x1dbc370 DEBUG   GST_REGISTRY gstregistrychunks.c:741:gst_registry_chunks_load_feature: Added feature fdsrc, plugin 0x1dd77a0 coreelements
0:00:00.017380054  2472 0x12b2320 DEBUG   GST_POLL gstpoll.c:979:gst_poll_fd_ctl_write: 0x12ba9c0: fd (fd:0, idx:1), active : 1
0:00:00.017388756  2472 0x12b2320 LOG   GST_POLL gstpoll.c:994:gst_poll_fd_ctl_write: 0x12ba9c0: pfd->events now 60 (POLLOUT:4)
0:00:00.022178172  2471 0x1dbc370 DEBUG   GST_REGISTRY gstregistrychunks.c:583:gst_registry_chunks_load_feature: Plugin 'coreelements' feature 'fakesink' typename : 'GstElementFactory'
0:00:00.017394654  2472 0x12b2320 DEBUG   GST_POLL gstpoll.c:979:gst_poll_fd_ctl_write: 0x12ba9c0: fd (fd:0, idx:1), active : 1
0:00:00.022189453  2471 0x1dbc370 TRACE   GST_REFCOUNTING gstobject.c:208:gst_object_init: 0x1ddc660 new
0:00:00.017400945  2472 0x12b2320 LOG   GST_POLL gstpoll.c:994:gst_poll_fd_ctl_write: 0x12ba9c0: pfd->events now 60 (POLLOUT:4)
0:00:00.022204888  2471 0x1dbc370 LOG   GST_REGISTRY gstregistrychunks.c:610:gst_registry_chunks_load_feature: Reading/casting for GstRegistryChunkElementFactory at address 0x1dd8de8
0:00:00.017417920  2472 0x12b2320 DEBUG   GST_POLL gstpoll.c:979:gst_poll_fd_ctl_write: 0x12ba9c0: fd (fd:0, idx:1), active : 1
0:00:00.017425142  2472 0x12b2320 LOG   GST_POLL gstpoll.c:994:gst_poll_fd_ctl_write: 0x12ba9c0: pfd->events now 60 (POLLOUT:4)
0:00:00.022219320  2471 0x1dbc370 TRACE   structure gststructure.c:292:gst_structure_new_id_empty_with_size: created structure 0x1ddd040
0:00:00.017431821  2472 0x12b2320 DEBUG   GST_POLL gstpoll.c:979:gst_poll_fd_ctl_write: 0x12ba9c0: fd (fd:0, idx:1), active : 1
0:00:00.022226337  2471 0x1dbc370 DEBUG   structure gststructure.c:2258:gst_structure_parse_field: trying field name 'long-name'
0:00:00.017439176  2472 0x12b2320 LOG   GST_POLL gstpoll.c:994:gst_poll_fd_ctl_write: 0x12ba9c0: pfd->events now 60 (POLLOUT:4)
0:00:00.022232763  2471 0x1dbc370 DEBUG   default gstvalue.c:2776:_priv_gst_value_parse_value: trying type name 'string'
0:00:00.017446059  2472 0x12b2320 DEBUG   GST_POLL gstpoll.c:979:gst_poll_fd_ctl_write: 0x12ba9c0: fd (fd:0, idx:1), active : 1
0:00:00.022240228  2471 0x1dbc370 DEBUG   structure gststructure.c:2258:gst_structure_parse_field: trying field name 'klass'
0:00:00.017452507  2472 0x12b2320 LOG   GST_POLL gstpoll.c:994:gst_poll_fd_ctl_write: 0x12ba9c0: pfd->events now 60 (POLLOUT:4)
0:00:00.022249218  2471 0x1dbc370 DEBUG   default gstvalue.c:2776:_priv_gst_value_parse_value: trying type name 'string'
0:00:00.017461125  2472 0x12b2320 DEBUG   GST_POLL gstpoll.c:979:gst_poll_fd_ctl_write: 0x12ba9c0: fd (fd:0, idx:1), active : 1
0:00:00.022258236  2471 0x1dbc370 DEBUG   structure gststructure.c:2258:gst_structure_parse_field: trying field name 'description'
0:00:00.017469298  2472 0x12b2320 LOG   GST_POLL gstpoll.c:994:gst_poll_fd_ctl_write: 0x12ba9c0: pfd->events now 60 (POLLOUT:4)
0:00:00.022264690  2471 0x1dbc370 DEBUG   default gstvalue.c:2776:_priv_gst_value_parse_value: trying type name 'string'
0:00:00.017479943  2472 0x12b2320 DEBUG   GST_POLL gstpoll.c:979:gst_poll_fd_ctl_write: 0x12ba9c0: fd (fd:0, idx:1), active : 1
0:00:00.022272135  2471 0x1dbc370 DEBUG   structure gststructure.c:2258:gst_structure_parse_field: trying field name 'author'
0:00:00.017486898  2472 0x12b2320 LOG   GST_POLL gstpoll.c:994:gst_poll_fd_ctl_write: 0x12ba9c0: pfd->events now 60 (POLLOUT:4)
0:00:00.022277958  2471 0x1dbc370 DEBUG   default gstvalue.c:2776:_priv_gst_value_parse_value: trying type name 'string'
0:00:00.017493429  2472 0x12b2320 DEBUG   GST_POLL gstpoll.c:979:gst_poll_fd_ctl_write: 0x12ba9c0: fd (fd:0, idx:1), active : 1
0:00:00.022288075  2471 0x1dbc370 DEBUG   GST_REGISTRY gstregistrychunks.c:627:gst_registry_chunks_load_feature: Element factory : npadtemplates=1
0:00:00.017499466  2472 0x12b2320 LOG   GST_POLL gstpoll.c:994:gst_poll_fd_ctl_write: 0x12ba9c0: pfd->events now 60 (POLLOUT:4)
0:00:00.022305024  2471 0x1dbc370 DEBUG   GST_REGISTRY gstregistrychunks.c:526:gst_registry_chunks_load_pad_template: Reading/casting for GstRegistryChunkPadTemplate at address 0x1dd8f10
0:00:00.017517823  2472 0x12b2320 DEBUG   GST_POLL gstpoll.c:979:gst_poll_fd_ctl_write: 0x12ba9c0: fd (fd:0, idx:1), active : 1
0:00:00.022311719  2471 0x1dbc370 DEBUG   GST_REGISTRY gstregistrychunks.c:540:gst_registry_chunks_load_pad_template: Added pad_template sink
0:00:00.017524296  2472 0x12b2320 LOG   GST_POLL gstpoll.c:994:gst_poll_fd_ctl_write: 0x12ba9c0: pfd->events now 60 (POLLOUT:4)
0:00:00.017531936  2472 0x12b2320 DEBUG   GST_POLL gstpoll.c:979:gst_poll_fd_ctl_write: 0x12ba9c0: fd (fd:0, idx:1), active : 1
0:00:00.022322775  2471 0x1dbc370 DEBUG   GST_REGISTRY gstregistry.c:589:gst_registry_add_feature: adding feature 0x1ddc660 (fakesink)
0:00:00.017537386  2472 0x12b2320 LOG   GST_POLL gstpoll.c:994:gst_poll_fd_ctl_write: 0x12ba9c0: pfd->events now 60 (POLLOUT:4)
0:00:00.022330957  2471 0x1dbc370 DEBUG   GST_REFCOUNTING gstobject.c:708:gst_object_set_parent: set parent (ref and sink)
0:00:00.017546089  2472 0x12b2320 DEBUG   GST_POLL gstpoll.c:979:gst_poll_fd_ctl_write: 0x12ba9c0: fd (fd:0, idx:1), active : 1
0:00:00.022339682  2471 0x1dbc370 TRACE   GST_REFCOUNTING gstobject.c:292:gst_object_ref_sink: 0x1ddc660 ref_sink 1->2
0:00:00.017553177  2472 0x12b2320 LOG   GST_POLL gstpoll.c:994:gst_poll_fd_ctl_write: 0x12ba9c0: pfd->events now 60 (POLLOUT:4)
0:00:00.022347195  2471 0x1dbc370 LOG   GST_REGISTRY gstregistry.c:607:gst_registry_add_feature: emitting feature-added for fakesink
0:00:00.017560157  2472 0x12b2320 DEBUG   GST_POLL gstpoll.c:979:gst_poll_fd_ctl_write: 0x12ba9c0: fd (fd:0, idx:1), active : 1
0:00:00.022354783  2471 0x1dbc370 DEBUG   GST_REGISTRY gstregistrychunks.c:741:gst_registry_chunks_load_feature: Added feature fakesink, plugin 0x1dd77a0 coreelements
0:00:00.017566428  2472 0x12b2320 LOG   GST_POLL gstpoll.c:994:gst_poll_fd_ctl_write: 0x12ba9c0: pfd->events now 60 (POLLOUT:4)
0:00:00.022362235  2471 0x1dbc370 DEBUG   GST_REGISTRY gstregistrychunks.c:583:gst_registry_chunks_load_feature: Plugin 'coreelements' feature 'fakesrc' typename : 'GstElementFactory'
0:00:00.017574320  2472 0x12b2320 DEBUG   GST_POLL gstpoll.c:979:gst_poll_fd_ctl_write: 0x12ba9c0: fd (fd:0, idx:1), active : 1
0:00:00.017581029  2472 0x12b2320 LOG   GST_POLL gstpoll.c:994:gst_poll_fd_ctl_write: 0x12ba9c0: pfd->events now 60 (POLLOUT:4)
0:00:00.022371201  2471 0x1dbc370 TRACE   GST_REFCOUNTING gstobject.c:208:gst_object_init: 0x1ddc7a0 new
0:00:00.017587139  2472 0x12b2320 DEBUG   GST_POLL gstpoll.c:979:gst_poll_fd_ctl_write: 0x12ba9c0: fd (fd:0, idx:1), active : 1
0:00:00.022380557  2471 0x1dbc370 LOG   GST_REGISTRY gstregistrychunks.c:610:gst_registry_chunks_load_feature: Reading/casting for GstRegistryChunkElementFactory at address 0x1dd8f40
0:00:00.017593158  2472 0x12b2320 LOG   GST_POLL gstpoll.c:994:gst_poll_fd_ctl_write: 0x12ba9c0: pfd->events now 60 (POLLOUT:4)
0:00:00.022394547  2471 0x1dbc370 TRACE   structure gststructure.c:292:gst_structure_new_id_empty_with_size: created structure 0x1ddd330
0:00:00.017607354  2472 0x12b2320 DEBUG   GST_POLL gstpoll.c:979:gst_poll_fd_ctl_write: 0x12ba9c0: fd (fd:0, idx:1), active : 1
0:00:00.022401806  2471 0x1dbc370 DEBUG   structure gststructure.c:2258:gst_structure_parse_field: trying field name 'long-name'
0:00:00.017614356  2472 0x12b2320 LOG   GST_POLL gstpoll.c:994:gst_poll_fd_ctl_write: 0x12ba9c0: pfd->events now 60 (POLLOUT:4)
0:00:00.022408129  2471 0x1dbc370 DEBUG   default gstvalue.c:2776:_priv_gst_value_parse_value: trying type name 'string'
0:00:00.017621552  2472 0x12b2320 DEBUG   GST_POLL gstpoll.c:979:gst_poll_fd_ctl_write: 0x12ba9c0: fd (fd:0, idx:1), active : 1
0:00:00.022415382  2471 0x1dbc370 DEBUG   structure gststructure.c:2258:gst_structure_parse_field: trying field name 'klass'
0:00:00.017627709  2472 0x12b2320 LOG   GST_POLL gstpoll.c:994:gst_poll_fd_ctl_write: 0x12ba9c0: pfd->events now 60 (POLLOUT:4)
0:00:00.022421166  2471 0x1dbc370 DEBUG   default gstvalue.c:2776:_priv_gst_value_parse_value: trying type name 'string'
0:00:00.017634592  2472 0x12b2320 DEBUG   GST_POLL gstpoll.c:979:gst_poll_fd_ctl_write: 0x12ba9c0: fd (fd:0, idx:1), active : 1
0:00:00.022427814  2471 0x1dbc370 DEBUG   structure gststructure.c:2258:gst_structure_parse_field: trying field name 'description'
0:00:00.017640927  2472 0x12b2320 LOG   GST_POLL gstpoll.c:994:gst_poll_fd_ctl_write: 0x12ba9c0: pfd->events now 60 (POLLOUT:4)
0:00:00.022433714  2471 0x1dbc370 DEBUG   default gstvalue.c:2776:_priv_gst_value_parse_value: trying type name 'string'
0:00:00.017647332  2472 0x12b2320 DEBUG   GST_POLL gstpoll.c:979:gst_poll_fd_ctl_write: 0x12ba9c0: fd (fd:0, idx:1), active : 1
0:00:00.022441287  2471 0x1dbc370 DEBUG   structure gststructure.c:2258:gst_structure_parse_field: trying field name 'author'
0:00:00.017653362  2472 0x12b2320 LOG   GST_POLL gstpoll.c:994:gst_poll_fd_ctl_write: 0x12ba9c0: pfd->events now 60 (POLLOUT:4)
0:00:00.022449940  2471 0x1dbc370 DEBUG   default gstvalue.c:2776:_priv_gst_value_parse_value: trying type name 'string'
0:00:00.017663950  2472 0x12b2320 LOG   GST_PLUGIN_LOADING gstpluginloader.c:644:put_chunk: Expanding tx buf from 13209 to 17023 for chunk of size 229
0:00:00.022459904  2471 0x1dbc370 DEBUG   GST_REGISTRY gstregistrychunks.c:627:gst_registry_chunks_load_feature: Element factory : npadtemplates=1
0:00:00.022476079  2471 0x1dbc370 DEBUG   GST_REGISTRY gstregistrychunks.c:526:gst_registry_chunks_load_pad_template: Reading/casting for GstRegistryChunkPadTemplate at address 0x1dd9040
0:00:00.017686786  2472 0x12b2320 DEBUG   GST_POLL gstpoll.c:979:gst_poll_fd_ctl_write: 0x12ba9c0: fd (fd:0, idx:1), active : 1
0:00:00.022483188  2471 0x1dbc370 DEBUG   GST_REGISTRY gstregistrychunks.c:540:gst_registry_chunks_load_pad_template: Added pad_template src
0:00:00.017701464  2472 0x12b2320 LOG   GST_POLL gstpoll.c:994:gst_poll_fd_ctl_write: 0x12ba9c0: pfd->events now 60 (POLLOUT:4)
0:00:00.017708607  2472 0x12b2320 DEBUG   GST_POLL gstpoll.c:979:gst_poll_fd_ctl_write: 0x12ba9c0: fd (fd:0, idx:1), active : 1
0:00:00.022501206  2471 0x1dbc370 DEBUG   GST_REGISTRY gstregistry.c:589:gst_registry_add_feature: adding feature 0x1ddc7a0 (fakesrc)
0:00:00.017714009  2472 0x12b2320 LOG   GST_POLL gstpoll.c:994:gst_poll_fd_ctl_write: 0x12ba9c0: pfd->events now 60 (POLLOUT:4)
0:00:00.022508447  2471 0x1dbc370 DEBUG   GST_REFCOUNTING gstobject.c:708:gst_object_set_parent: set parent (ref and sink)
0:00:00.017721248  2472 0x12b2320 DEBUG   GST_POLL gstpoll.c:979:gst_poll_fd_ctl_write: 0x12ba9c0: fd (fd:0, idx:1), active : 1
0:00:00.022519172  2471 0x1dbc370 TRACE   GST_REFCOUNTING gstobject.c:292:gst_object_ref_sink: 0x1ddc7a0 ref_sink 1->2
0:00:00.017731146  2472 0x12b2320 LOG   GST_POLL gstpoll.c:994:gst_poll_fd_ctl_write: 0x12ba9c0: pfd->events now 60 (POLLOUT:4)
0:00:00.022527581  2471 0x1dbc370 LOG   GST_REGISTRY gstregistry.c:607:gst_registry_add_feature: emitting feature-added for fakesrc
0:00:00.017739968  2472 0x12b2320 DEBUG   GST_POLL gstpoll.c:979:gst_poll_fd_ctl_write: 0x12ba9c0: fd (fd:0, idx:1), active : 1
0:00:00.022535099  2471 0x1dbc370 DEBUG   GST_REGISTRY gstregistrychunks.c:741:gst_registry_chunks_load_feature: Added feature fakesrc, plugin 0x1dd77a0 coreelements
0:00:00.017746530  2472 0x12b2320 LOG   GST_POLL gstpoll.c:994:gst_poll_fd_ctl_write: 0x12ba9c0: pfd->events now 60 (POLLOUT:4)
0:00:00.022542262  2471 0x1dbc370 DEBUG   GST_REGISTRY gstregistrychunks.c:583:gst_registry_chunks_load_feature: Plugin 'coreelements' feature 'downloadbuffer' typename : 'GstElementFactory'
0:00:00.017754239  2472 0x12b2320 DEBUG   GST_POLL gstpoll.c:979:gst_poll_fd_ctl_write: 0x12ba9c0: fd (fd:0, idx:1), active : 1
0:00:00.017761354  2472 0x12b2320 LOG   GST_POLL gstpoll.c:994:gst_poll_fd_ctl_write: 0x12ba9c0: pfd->events now 60 (POLLOUT:4)
0:00:00.022550921  2471 0x1dbc370 TRACE   GST_REFCOUNTING gstobject.c:208:gst_object_init: 0x1ddd6c0 new
0:00:00.017767526  2472 0x12b2320 DEBUG   GST_POLL gstpoll.c:979:gst_poll_fd_ctl_write: 0x12ba9c0: fd (fd:0, idx:1), active : 1
0:00:00.022560723  2471 0x1dbc370 LOG   GST_REGISTRY gstregistrychunks.c:610:gst_registry_chunks_load_feature: Reading/casting for GstRegistryChunkElementFactory at address 0x1dd9078
0:00:00.017773586  2472 0x12b2320 LOG   GST_POLL gstpoll.c:994:gst_poll_fd_ctl_write: 0x12ba9c0: pfd->events now 60 (POLLOUT:4)
0:00:00.022568207  2471 0x1dbc370 TRACE   structure gststructure.c:292:gst_structure_new_id_empty_with_size: created structure 0x1ddd870
0:00:00.017780198  2472 0x12b2320 DEBUG   GST_POLL gstpoll.c:979:gst_poll_fd_ctl_write: 0x12ba9c0: fd (fd:0, idx:1), active : 1
0:00:00.022574551  2471 0x1dbc370 DEBUG   structure gststructure.c:2258:gst_structure_parse_field: trying field name 'long-name'
0:00:00.017794132  2472 0x12b2320 LOG   GST_POLL gstpoll.c:994:gst_poll_fd_ctl_write: 0x12ba9c0: pfd->events now 60 (POLLOUT:4)
0:00:00.022586130  2471 0x1dbc370 DEBUG   default gstvalue.c:2776:_priv_gst_value_parse_value: trying type name 'string'
0:00:00.017801522  2472 0x12b2320 DEBUG   GST_POLL gstpoll.c:979:gst_poll_fd_ctl_write: 0x12ba9c0: fd (fd:0, idx:1), active : 1
0:00:00.022594430  2471 0x1dbc370 DEBUG   structure gststructure.c:2258:gst_structure_parse_field: trying field name 'klass'
0:00:00.017807700  2472 0x12b2320 LOG   GST_POLL gstpoll.c:994:gst_poll_fd_ctl_write: 0x12ba9c0: pfd->events now 60 (POLLOUT:4)
0:00:00.022600132  2471 0x1dbc370 DEBUG   default gstvalue.c:2776:_priv_gst_value_parse_value: trying type name 'string'
0:00:00.017814328  2472 0x12b2320 DEBUG   GST_POLL gstpoll.c:979:gst_poll_fd_ctl_write: 0x12ba9c0: fd (fd:0, idx:1), active : 1
0:00:00.022606839  2471 0x1dbc370 DEBUG   structure gststructure.c:2258:gst_structure_parse_field: trying field name 'description'
0:00:00.017820289  2472 0x12b2320 LOG   GST_POLL gstpoll.c:994:gst_poll_fd_ctl_write: 0x12ba9c0: pfd->events now 60 (POLLOUT:4)
0:00:00.022612619  2471 0x1dbc370 DEBUG   default gstvalue.c:2776:_priv_gst_value_parse_value: trying type name 'string'
0:00:00.017826895  2472 0x12b2320 DEBUG   GST_POLL gstpoll.c:979:gst_poll_fd_ctl_write: 0x12ba9c0: fd (fd:0, idx:1), active : 1
0:00:00.022619654  2471 0x1dbc370 DEBUG   structure gststructure.c:2258:gst_structure_parse_field: trying field name 'author'
0:00:00.017832726  2472 0x12b2320 LOG   GST_POLL gstpoll.c:994:gst_poll_fd_ctl_write: 0x12ba9c0: pfd->events now 60 (POLLOUT:4)
0:00:00.022625294  2471 0x1dbc370 DEBUG   default gstvalue.c:2776:_priv_gst_value_parse_value: trying type name 'string'
0:00:00.017839052  2472 0x12b2320 DEBUG   GST_POLL gstpoll.c:979:gst_poll_fd_ctl_write: 0x12ba9c0: fd (fd:0, idx:1), active : 1
0:00:00.022632382  2471 0x1dbc370 DEBUG   GST_REGISTRY gstregistrychunks.c:627:gst_registry_chunks_load_feature: Element factory : npadtemplates=2
0:00:00.017847458  2472 0x12b2320 LOG   GST_POLL gstpoll.c:994:gst_poll_fd_ctl_write: 0x12ba9c0: pfd->events now 60 (POLLOUT:4)
0:00:00.022640504  2471 0x1dbc370 DEBUG   GST_REGISTRY gstregistrychunks.c:526:gst_registry_chunks_load_pad_template: Reading/casting for GstRegistryChunkPadTemplate at address 0x1dd9140
0:00:00.017854697  2472 0x12b2320 DEBUG   GST_POLL gstpoll.c:979:gst_poll_fd_ctl_write: 0x12ba9c0: fd (fd:0, idx:1), active : 1
0:00:00.022647647  2471 0x1dbc370 DEBUG   GST_REGISTRY gstregistrychunks.c:540:gst_registry_chunks_load_pad_template: Added pad_template sink
0:00:00.017860808  2472 0x12b2320 LOG   GST_POLL gstpoll.c:994:gst_poll_fd_ctl_write: 0x12ba9c0: pfd->events now 60 (POLLOUT:4)
0:00:00.022653594  2471 0x1dbc370 DEBUG   GST_REGISTRY gstregistrychunks.c:526:gst_registry_chunks_load_pad_template: Reading/casting for GstRegistryChunkPadTemplate at address 0x1dd9158
0:00:00.017867326  2472 0x12b2320 DEBUG   GST_POLL gstpoll.c:979:gst_poll_fd_ctl_write: 0x12ba9c0: fd (fd:0, idx:1), active : 1
0:00:00.022665515  2471 0x1dbc370 DEBUG   GST_REGISTRY gstregistrychunks.c:540:gst_registry_chunks_load_pad_template: Added pad_template src
0:00:00.017878057  2472 0x12b2320 LOG   GST_POLL gstpoll.c:994:gst_poll_fd_ctl_write: 0x12ba9c0: pfd->events now 60 (POLLOUT:4)
0:00:00.017884672  2472 0x12b2320 DEBUG   GST_POLL gstpoll.c:979:gst_poll_fd_ctl_write: 0x12ba9c0: fd (fd:0, idx:1), active : 1
0:00:00.022674487  2471 0x1dbc370 DEBUG   GST_REGISTRY gstregistry.c:589:gst_registry_add_feature: adding feature 0x1ddd6c0 (downloadbuffer)
0:00:00.017889993  2472 0x12b2320 LOG   GST_POLL gstpoll.c:994:gst_poll_fd_ctl_write: 0x12ba9c0: pfd->events now 60 (POLLOUT:4)
0:00:00.022682235  2471 0x1dbc370 DEBUG   GST_REFCOUNTING gstobject.c:708:gst_object_set_parent: set parent (ref and sink)
0:00:00.017896306  2472 0x12b2320 DEBUG   GST_POLL gstpoll.c:979:gst_poll_fd_ctl_write: 0x12ba9c0: fd (fd:0, idx:1), active : 1
0:00:00.022690013  2471 0x1dbc370 TRACE   GST_REFCOUNTING gstobject.c:292:gst_object_ref_sink: 0x1ddd6c0 ref_sink 1->2
0:00:00.017904388  2472 0x12b2320 LOG   GST_POLL gstpoll.c:994:gst_poll_fd_ctl_write: 0x12ba9c0: pfd->events now 60 (POLLOUT:4)
0:00:00.022697474  2471 0x1dbc370 LOG   GST_REGISTRY gstregistry.c:607:gst_registry_add_feature: emitting feature-added for downloadbuffer
0:00:00.017911886  2472 0x12b2320 DEBUG   GST_POLL gstpoll.c:979:gst_poll_fd_ctl_write: 0x12ba9c0: fd (fd:0, idx:1), active : 1
0:00:00.017918367  2472 0x12b2320 LOG   GST_POLL gstpoll.c:994:gst_poll_fd_ctl_write: 0x12ba9c0: pfd->events now 60 (POLLOUT:4)
0:00:00.022707335  2471 0x1dbc370 DEBUG   GST_REGISTRY gstregistrychunks.c:741:gst_registry_chunks_load_feature: Added feature downloadbuffer, plugin 0x1dd77a0 coreelements
0:00:00.017924807  2472 0x12b2320 DEBUG   GST_POLL gstpoll.c:979:gst_poll_fd_ctl_write: 0x12ba9c0: fd (fd:0, idx:1), active : 1
0:00:00.022717040  2471 0x1dbc370 DEBUG   GST_REGISTRY gstregistrychunks.c:583:gst_registry_chunks_load_feature: Plugin 'coreelements' feature 'dataurisrc' typename : 'GstElementFactory'
0:00:00.017930827  2472 0x12b2320 LOG   GST_POLL gstpoll.c:994:gst_poll_fd_ctl_write: 0x12ba9c0: pfd->events now 60 (POLLOUT:4)
0:00:00.017937295  2472 0x12b2320 DEBUG   GST_POLL gstpoll.c:979:gst_poll_fd_ctl_write: 0x12ba9c0: fd (fd:0, idx:1), active : 1
0:00:00.022726504  2471 0x1dbc370 TRACE   GST_REFCOUNTING gstobject.c:208:gst_object_init: 0x1ddd560 new
0:00:00.017942702  2472 0x12b2320 LOG   GST_POLL gstpoll.c:994:gst_poll_fd_ctl_write: 0x12ba9c0: pfd->events now 60 (POLLOUT:4)
0:00:00.022735968  2471 0x1dbc370 LOG   GST_REGISTRY gstregistrychunks.c:610:gst_registry_chunks_load_feature: Reading/casting for GstRegistryChunkElementFactory at address 0x1dd9188
0:00:00.017949228  2472 0x12b2320 DEBUG   GST_POLL gstpoll.c:979:gst_poll_fd_ctl_write: 0x12ba9c0: fd (fd:0, idx:1), active : 1
0:00:00.022742923  2471 0x1dbc370 TRACE   structure gststructure.c:292:gst_structure_new_id_empty_with_size: created structure 0x1ddddd0
0:00:00.022753635  2471 0x1dbc370 DEBUG   structure gststructure.c:2258:gst_structure_parse_field: trying field name 'long-name'
0:00:00.017963865  2472 0x12b2320 LOG   GST_POLL gstpoll.c:994:gst_poll_fd_ctl_write: 0x12ba9c0: pfd->events now 60 (POLLOUT:4)
0:00:00.022758774  2471 0x1dbc370 DEBUG   default gstvalue.c:2776:_priv_gst_value_parse_value: trying type name 'string'
