0:00:00.002757695  2472 0x12b2320 TRACE   GST_REFCOUNTING gstobject.c:208:gst_object_init: 0x12cbe90 new
0:00:00.007564754  2471 0x1dbc370 LOG   GST_REGISTRY gstregistry.c:1299:gst_registry_scan_path_level: file /home/conan/w/prod/BuildSingleReference/.conan/data/gstreamer/1.19.2/_/_/package/79b6a76dab3879a2afba8d14ba028b620dd3f25b/lib/gstreamer-1.0/libgstcoretracers.so looks like a possible module
0:00:00.007574287  2471 0x1dbc370 DEBUG   GST_REGISTRY gstregistry.c:1360:gst_registry_scan_path_level: file /home/conan/w/prod/BuildSingleReference/.conan/data/gstreamer/1.19.2/_/_/package/79b6a76dab3879a2afba8d14ba028b620dd3f25b/lib/gstreamer-1.0/libgstcoretracers.so not yet in registry
0:00:00.002785018  2472 0x12b2320 LOG   GST_PLUGIN_LOADING gstplugin.c:886:_priv_gst_plugin_load_file_for_registry: Plugin 0x12cbe90 for file "/home/conan/w/prod/BuildSingleReference/.conan/data/gstreamer/1.19.2/_/_/package/79b6a76dab3879a2afba8d14ba028b620dd3f25b/lib/gstreamer-1.0/libgstcoretracers.so" prepared, calling entry function...
0:00:00.007581066  2471 0x1dbc370 DEBUG   GST_REGISTRY gstregistry.c:1172:gst_registry_scan_plugin_file: Using scan-helper to load plugin /home/conan/w/prod/BuildSingleReference/.conan/data/gstreamer/1.19.2/_/_/package/79b6a76dab3879a2afba8d14ba028b620dd3f25b/lib/gstreamer-1.0/libgstcoretracers.so
0:00:00.007588706  2471 0x1dbc370 LOG   GST_PLUGIN_LOADING gstpluginloader.c:235:plugin_loader_load: Sending file /home/conan/w/prod/BuildSingleReference/.conan/data/gstreamer/1.19.2/_/_/package/79b6a76dab3879a2afba8d14ba028b620dd3f25b/lib/gstreamer-1.0/libgstcoretracers.so to child. tag 2
0:00:00.002799649  2472 0x12b2320 LOG   GST_PLUGIN_LOADING gstplugin.c:893:_priv_gst_plugin_load_file_for_registry: Plugin 0x12cbe90 for file "/home/conan/w/prod/BuildSingleReference/.conan/data/gstreamer/1.19.2/_/_/package/79b6a76dab3879a2afba8d14ba028b620dd3f25b/lib/gstreamer-1.0/libgstcoretracers.so" prepared, registering...
0:00:00.007604472  2471 0x1dbc370 DEBUG   GST_POLL gstpoll.c:979:gst_poll_fd_ctl_write: 0x1dd5d00: fd (fd:7, idx:1), active : 1
0:00:00.002815734  2472 0x12b2320 LOG   GST_PLUGIN_LOADING gstplugin.c:511:gst_plugin_register_func: plugin "/home/conan/w/prod/BuildSingleReference/.conan/data/gstreamer/1.19.2/_/_/package/79b6a76dab3879a2afba8d14ba028b620dd3f25b/lib/gstreamer-1.0/libgstcoretracers.so" looks good
0:00:00.007612213  2471 0x1dbc370 LOG   GST_POLL gstpoll.c:994:gst_poll_fd_ctl_write: 0x1dd5d00: pfd->events now 60 (POLLOUT:4)
0:00:00.007620018  2471 0x1dbc370 DEBUG   GST_POLL gstpoll.c:1414:gst_poll_wait: 0x1dd5d00: timeout :0:00:01.000000000
0:00:00.007627987  2471 0x1dbc370 LOG   GST_PLUGIN_LOADING gstpluginloader.c:1026:exchange_packets: Poll res = 1. 173 bytes pending for write
0:00:00.002841810  2472 0x12b2320 TRACE   GST_REFCOUNTING gstobject.c:208:gst_object_init: 0x12cc250 new
0:00:00.007634190  2471 0x1dbc370 DEBUG   GST_POLL gstpoll.c:1241:gst_poll_fd_has_error: 0x1dd5d00: fd (fd:8, idx:2) 0
0:00:00.007641029  2471 0x1dbc370 DEBUG   GST_POLL gstpoll.c:1266:gst_poll_fd_can_read_unlocked: 0x1dd5d00: fd (fd:8, idx:2) 0
0:00:00.002853179  2472 0x12b2320 DEBUG   GST_TRACER gsttracer.c:169:gst_tracer_register: new tracer factory for latency
0:00:00.007646589  2471 0x1dbc370 DEBUG   GST_POLL gstpoll.c:1195:gst_poll_fd_has_closed: 0x1dd5d00: fd (fd:8, idx:2) 0
0:00:00.002863248  2472 0x12b2320 DEBUG   GST_TRACER gsttracer.c:176:gst_tracer_register: tracer factory for 19699584:GstLatencyTracer
0:00:00.007655381  2471 0x1dbc370 DEBUG   GST_POLL gstpoll.c:1241:gst_poll_fd_has_error: 0x1dd5d00: fd (fd:7, idx:1) 0
0:00:00.007662881  2471 0x1dbc370 DEBUG   GST_POLL gstpoll.c:1335:gst_poll_fd_can_write: 0x1dd5d00: fd (fd:7, idx:1) 1
0:00:00.002874725  2472 0x12b2320 DEBUG   GST_REGISTRY gstregistry.c:589:gst_registry_add_feature: adding feature 0x12cc250 (latency)
0:00:00.007668575  2471 0x1dbc370 LOG   GST_PLUGIN_LOADING gstpluginloader.c:689:write_one: Writing packet of size 173 bytes to fd 7
0:00:00.002882480  2472 0x12b2320 DEBUG   GST_REFCOUNTING gstobject.c:708:gst_object_set_parent: set parent (ref and sink)
0:00:00.007677091  2471 0x1dbc370 DEBUG   GST_POLL gstpoll.c:979:gst_poll_fd_ctl_write: 0x1dd5d00: fd (fd:7, idx:1), active : 0
0:00:00.002890582  2472 0x12b2320 TRACE   GST_REFCOUNTING gstobject.c:292:gst_object_ref_sink: 0x12cc250 ref_sink 1->2
0:00:00.007683570  2471 0x1dbc370 LOG   GST_POLL gstpoll.c:994:gst_poll_fd_ctl_write: 0x1dd5d00: pfd->events now 56 (POLLOUT:4)
0:00:00.002897889  2472 0x12b2320 LOG   GST_REGISTRY gstregistry.c:607:gst_registry_add_feature: emitting feature-added for latency
0:00:00.007697774  2471 0x1dbc370 LOG   GST_REGISTRY gstregistry.c:1299:gst_registry_scan_path_level: file /home/conan/w/prod/BuildSingleReference/.conan/data/gstreamer/1.19.2/_/_/package/79b6a76dab3879a2afba8d14ba028b620dd3f25b/lib/gstreamer-1.0/libgstcoreelements.so looks like a possible module
0:00:00.007708277  2471 0x1dbc370 DEBUG   GST_REGISTRY gstregistry.c:1360:gst_registry_scan_path_level: file /home/conan/w/prod/BuildSingleReference/.conan/data/gstreamer/1.19.2/_/_/package/79b6a76dab3879a2afba8d14ba028b620dd3f25b/lib/gstreamer-1.0/libgstcoreelements.so not yet in registry
0:00:00.002919389  2472 0x12b2320 TRACE   GST_REFCOUNTING gstobject.c:208:gst_object_init: 0x12cc740 new
0:00:00.007715734  2471 0x1dbc370 DEBUG   GST_REGISTRY gstregistry.c:1172:gst_registry_scan_plugin_file: Using scan-helper to load plugin /home/conan/w/prod/BuildSingleReference/.conan/data/gstreamer/1.19.2/_/_/package/79b6a76dab3879a2afba8d14ba028b620dd3f25b/lib/gstreamer-1.0/libgstcoreelements.so
0:00:00.002931133  2472 0x12b2320 DEBUG   GST_TRACER gsttracer.c:169:gst_tracer_register: new tracer factory for log
0:00:00.007723711  2471 0x1dbc370 LOG   GST_PLUGIN_LOADING gstpluginloader.c:235:plugin_loader_load: Sending file /home/conan/w/prod/BuildSingleReference/.conan/data/gstreamer/1.19.2/_/_/package/79b6a76dab3879a2afba8d14ba028b620dd3f25b/lib/gstreamer-1.0/libgstcoreelements.so to child. tag 3
0:00:00.002939972  2472 0x12b2320 DEBUG   GST_TRACER gsttracer.c:176:gst_tracer_register: tracer factory for 19711392:GstLogTracer
0:00:00.007731447  2471 0x1dbc370 DEBUG   GST_POLL gstpoll.c:979:gst_poll_fd_ctl_write: 0x1dd5d00: fd (fd:7, idx:1), active : 1
0:00:00.007739455  2471 0x1dbc370 LOG   GST_POLL gstpoll.c:994:gst_poll_fd_ctl_write: 0x1dd5d00: pfd->events now 60 (POLLOUT:4)
0:00:00.002951413  2472 0x12b2320 DEBUG   GST_REGISTRY gstregistry.c:589:gst_registry_add_feature: adding feature 0x12cc740 (log)
0:00:00.007746068  2471 0x1dbc370 DEBUG   GST_POLL gstpoll.c:1414:gst_poll_wait: 0x1dd5d00: timeout :0:00:01.000000000
0:00:00.002959218  2472 0x12b2320 DEBUG   GST_REFCOUNTING gstobject.c:708:gst_object_set_parent: set parent (ref and sink)
0:00:00.007754474  2471 0x1dbc370 LOG   GST_PLUGIN_LOADING gstpluginloader.c:1026:exchange_packets: Poll res = 1. 174 bytes pending for write
0:00:00.002967395  2472 0x12b2320 TRACE   GST_REFCOUNTING gstobject.c:292:gst_object_ref_sink: 0x12cc740 ref_sink 1->2
0:00:00.007763557  2471 0x1dbc370 DEBUG   GST_POLL gstpoll.c:1241:gst_poll_fd_has_error: 0x1dd5d00: fd (fd:8, idx:2) 0
0:00:00.002975257  2472 0x12b2320 LOG   GST_REGISTRY gstregistry.c:607:gst_registry_add_feature: emitting feature-added for log
0:00:00.007770786  2471 0x1dbc370 DEBUG   GST_POLL gstpoll.c:1266:gst_poll_fd_can_read_unlocked: 0x1dd5d00: fd (fd:8, idx:2) 0
0:00:00.007777146  2471 0x1dbc370 DEBUG   GST_POLL gstpoll.c:1195:gst_poll_fd_has_closed: 0x1dd5d00: fd (fd:8, idx:2) 0
0:00:00.002990610  2472 0x12b2320 TRACE   GST_REFCOUNTING gstobject.c:208:gst_object_init: 0x12cc950 new
0:00:00.007782691  2471 0x1dbc370 DEBUG   GST_POLL gstpoll.c:1241:gst_poll_fd_has_error: 0x1dd5d00: fd (fd:7, idx:1) 0
0:00:00.007793584  2471 0x1dbc370 DEBUG   GST_POLL gstpoll.c:1335:gst_poll_fd_can_write: 0x1dd5d00: fd (fd:7, idx:1) 1
0:00:00.003004789  2472 0x12b2320 DEBUG   GST_TRACER gsttracer.c:169:gst_tracer_register: new tracer factory for rusage
0:00:00.007799052  2471 0x1dbc370 LOG   GST_PLUGIN_LOADING gstpluginloader.c:689:write_one: Writing packet of size 174 bytes to fd 7
0:00:00.003014061  2472 0x12b2320 DEBUG   GST_TRACER gsttracer.c:176:gst_tracer_register: tracer factory for 19712000:GstRUsageTracer
0:00:00.007806978  2471 0x1dbc370 DEBUG   GST_POLL gstpoll.c:979:gst_poll_fd_ctl_write: 0x1dd5d00: fd (fd:7, idx:1), active : 0
0:00:00.003025009  2472 0x12b2320 DEBUG   GST_REGISTRY gstregistry.c:589:gst_registry_add_feature: adding feature 0x12cc950 (rusage)
0:00:00.007815842  2471 0x1dbc370 LOG   GST_POLL gstpoll.c:994:gst_poll_fd_ctl_write: 0x1dd5d00: pfd->events now 56 (POLLOUT:4)
0:00:00.003032604  2472 0x12b2320 DEBUG   GST_REFCOUNTING gstobject.c:708:gst_object_set_parent: set parent (ref and sink)
0:00:00.007830256  2471 0x1dbc370 DEBUG   GST_REGISTRY gstregistry.c:1383:gst_registry_scan_path_internal: registry changed in path /home/conan/w/prod/BuildSingleReference/.conan/data/gstreamer/1.19.2/_/_/package/79b6a76dab3879a2afba8d14ba028b620dd3f25b/lib/gstreamer-1.0: 0
0:00:00.007842271  2471 0x1dbc370 DEBUG   GST_POLL gstpoll.c:979:gst_poll_fd_ctl_write: 0x1dd5d00: fd (fd:7, idx:1), active : 1
0:00:00.007848173  2471 0x1dbc370 LOG   GST_POLL gstpoll.c:994:gst_poll_fd_ctl_write: 0x1dd5d00: pfd->events now 60 (POLLOUT:4)
0:00:00.003059047  2472 0x12b2320 TRACE   GST_REFCOUNTING gstobject.c:292:gst_object_ref_sink: 0x12cc950 ref_sink 1->2
0:00:00.007855059  2471 0x1dbc370 DEBUG   GST_POLL gstpoll.c:1414:gst_poll_wait: 0x1dd5d00: timeout :0:00:01.000000000
0:00:00.003066896  2472 0x12b2320 LOG   GST_REGISTRY gstregistry.c:607:gst_registry_add_feature: emitting feature-added for rusage
0:00:00.007865640  2471 0x1dbc370 LOG   GST_PLUGIN_LOADING gstpluginloader.c:1026:exchange_packets: Poll res = 1. 12 bytes pending for write
0:00:00.003082267  2472 0x12b2320 TRACE   GST_REFCOUNTING gstobject.c:208:gst_object_init: 0x12ccc20 new
0:00:00.007873930  2471 0x1dbc370 DEBUG   GST_POLL gstpoll.c:1241:gst_poll_fd_has_error: 0x1dd5d00: fd (fd:8, idx:2) 0
0:00:00.007881378  2471 0x1dbc370 DEBUG   GST_POLL gstpoll.c:1266:gst_poll_fd_can_read_unlocked: 0x1dd5d00: fd (fd:8, idx:2) 0
0:00:00.003092613  2472 0x12b2320 DEBUG   GST_TRACER gsttracer.c:169:gst_tracer_register: new tracer factory for stats
0:00:00.007887414  2471 0x1dbc370 DEBUG   GST_POLL gstpoll.c:1195:gst_poll_fd_has_closed: 0x1dd5d00: fd (fd:8, idx:2) 0
0:00:00.007893750  2471 0x1dbc370 DEBUG   GST_POLL gstpoll.c:1241:gst_poll_fd_has_error: 0x1dd5d00: fd (fd:7, idx:1) 0
0:00:00.003104578  2472 0x12b2320 DEBUG   GST_TRACER gsttracer.c:176:gst_tracer_register: tracer factory for 19712608:GstStatsTracer
0:00:00.007904292  2471 0x1dbc370 DEBUG   GST_POLL gstpoll.c:1335:gst_poll_fd_can_write: 0x1dd5d00: fd (fd:7, idx:1) 1
0:00:00.003119179  2472 0x12b2320 DEBUG   GST_REGISTRY gstregistry.c:589:gst_registry_add_feature: adding feature 0x12ccc20 (stats)
0:00:00.007910435  2471 0x1dbc370 LOG   GST_PLUGIN_LOADING gstpluginloader.c:689:write_one: Writing packet of size 12 bytes to fd 7
0:00:00.003126173  2472 0x12b2320 DEBUG   GST_REFCOUNTING gstobject.c:708:gst_object_set_parent: set parent (ref and sink)
0:00:00.007921105  2471 0x1dbc370 DEBUG   GST_POLL gstpoll.c:979:gst_poll_fd_ctl_write: 0x1dd5d00: fd (fd:7, idx:1), active : 0
0:00:00.003134486  2472 0x12b2320 TRACE   GST_REFCOUNTING gstobject.c:292:gst_object_ref_sink: 0x12ccc20 ref_sink 1->2
0:00:00.007928895  2471 0x1dbc370 LOG   GST_POLL gstpoll.c:994:gst_poll_fd_ctl_write: 0x1dd5d00: pfd->events now 56 (POLLOUT:4)
0:00:00.003142167  2472 0x12b2320 LOG   GST_REGISTRY gstregistry.c:607:gst_registry_add_feature: emitting feature-added for stats
0:00:00.007936712  2471 0x1dbc370 DEBUG   GST_POLL gstpoll.c:1414:gst_poll_wait: 0x1dd5d00: timeout :0:00:01.000000000
0:00:00.003159773  2472 0x12b2320 TRACE   GST_REFCOUNTING gstobject.c:208:gst_object_init: 0x12cce70 new
0:00:00.003172777  2472 0x12b2320 DEBUG   GST_TRACER gsttracer.c:169:gst_tracer_register: new tracer factory for leaks
0:00:00.003181924  2472 0x12b2320 DEBUG   GST_TRACER gsttracer.c:176:gst_tracer_register: tracer factory for 19713280:GstLeaksTracer
0:00:00.003189491  2472 0x12b2320 DEBUG   GST_REGISTRY gstregistry.c:589:gst_registry_add_feature: adding feature 0x12cce70 (leaks)
0:00:00.003195190  2472 0x12b2320 DEBUG   GST_REFCOUNTING gstobject.c:708:gst_object_set_parent: set parent (ref and sink)
0:00:00.003201694  2472 0x12b2320 TRACE   GST_REFCOUNTING gstobject.c:292:gst_object_ref_sink: 0x12cce70 ref_sink 1->2
0:00:00.003208237  2472 0x12b2320 LOG   GST_REGISTRY gstregistry.c:607:gst_registry_add_feature: emitting feature-added for leaks
0:00:00.003219844  2472 0x12b2320 TRACE   GST_REFCOUNTING gstobject.c:208:gst_object_init: 0x12cd110 new
0:00:00.003232161  2472 0x12b2320 DEBUG   GST_TRACER gsttracer.c:169:gst_tracer_register: new tracer factory for factories
0:00:00.003241375  2472 0x12b2320 DEBUG   GST_TRACER gsttracer.c:176:gst_tracer_register: tracer factory for 19713952:GstFactoriesTracer
0:00:00.003249229  2472 0x12b2320 DEBUG   GST_REGISTRY gstregistry.c:589:gst_registry_add_feature: adding feature 0x12cd110 (factories)
0:00:00.003256487  2472 0x12b2320 DEBUG   GST_REFCOUNTING gstobject.c:708:gst_object_set_parent: set parent (ref and sink)
0:00:00.003263871  2472 0x12b2320 TRACE   GST_REFCOUNTING gstobject.c:292:gst_object_ref_sink: 0x12cd110 ref_sink 1->2
0:00:00.003275549  2472 0x12b2320 LOG   GST_REGISTRY gstregistry.c:607:gst_registry_add_feature: emitting feature-added for factories
0:00:00.003282095  2472 0x12b2320 LOG   GST_PLUGIN_LOADING gstplugin.c:538:gst_plugin_register_func: plugin "/home/conan/w/prod/BuildSingleReference/.conan/data/gstreamer/1.19.2/_/_/package/79b6a76dab3879a2afba8d14ba028b620dd3f25b/lib/gstreamer-1.0/libgstcoretracers.so" initialised
0:00:00.003291305  2472 0x12b2320 INFO   GST_PLUGIN_LOADING gstplugin.c:912:_priv_gst_plugin_load_file_for_registry: plugin "/home/conan/w/prod/BuildSingleReference/.conan/data/gstreamer/1.19.2/_/_/package/79b6a76dab3879a2afba8d14ba028b620dd3f25b/lib/gstreamer-1.0/libgstcoretracers.so" loaded
0:00:00.003301461  2472 0x12b2320 TRACE   GST_REFCOUNTING gstobject.c:237:gst_object_ref: 0x12cbe90 ref 1->2
0:00:00.003310606  2472 0x12b2320 DEBUG   GST_REGISTRY gstregistry.c:473:gst_registry_add_plugin: adding plugin 0x12cbe90 for filename "/home/conan/w/prod/BuildSingleReference/.conan/data/gstreamer/1.19.2/_/_/package/79b6a76dab3879a2afba8d14ba028b620dd3f25b/lib/gstreamer-1.0/libgstcoretracers.so"
0:00:00.003318252  2472 0x12b2320 TRACE   GST_REFCOUNTING gstobject.c:292:gst_object_ref_sink: 0x12cbe90 ref_sink 2->3
0:00:00.003326053  2472 0x12b2320 LOG   GST_REGISTRY gstregistry.c:486:gst_registry_add_plugin: emitting plugin-added for filename "/home/conan/w/prod/BuildSingleReference/.conan/data/gstreamer/1.19.2/_/_/package/79b6a76dab3879a2afba8d14ba028b620dd3f25b/lib/gstreamer-1.0/libgstcoretracers.so"
0:00:00.003334394  2472 0x12b2320 TRACE   GST_REFCOUNTING gstobject.c:237:gst_object_ref: 0x12cd110 ref 1->2
0:00:00.003341408  2472 0x12b2320 TRACE   GST_REFCOUNTING gstobject.c:237:gst_object_ref: 0x12cce70 ref 1->2
0:00:00.003348187  2472 0x12b2320 TRACE   GST_REFCOUNTING gstobject.c:237:gst_object_ref: 0x12ccc20 ref 1->2
0:00:00.003358414  2472 0x12b2320 TRACE   GST_REFCOUNTING gstobject.c:237:gst_object_ref: 0x12cc950 ref 1->2
0:00:00.003366369  2472 0x12b2320 TRACE   GST_REFCOUNTING gstobject.c:237:gst_object_ref: 0x12cc740 ref 1->2
0:00:00.003373171  2472 0x12b2320 TRACE   GST_REFCOUNTING gstobject.c:237:gst_object_ref: 0x12cc250 ref 1->2
0:00:00.003391300  2472 0x12b2320 TRACE   GST_REFCOUNTING gstobject.c:264:gst_object_unref: 0x12cc250 unref 2->1
0:00:00.003399381  2472 0x12b2320 TRACE   GST_REFCOUNTING gstobject.c:264:gst_object_unref: 0x12cc740 unref 2->1
0:00:00.003406526  2472 0x12b2320 TRACE   GST_REFCOUNTING gstobject.c:264:gst_object_unref: 0x12cc950 unref 2->1
0:00:00.003413320  2472 0x12b2320 TRACE   GST_REFCOUNTING gstobject.c:264:gst_object_unref: 0x12ccc20 unref 2->1
0:00:00.003423796  2472 0x12b2320 TRACE   GST_REFCOUNTING gstobject.c:264:gst_object_unref: 0x12cce70 unref 2->1
0:00:00.003431600  2472 0x12b2320 TRACE   GST_REFCOUNTING gstobject.c:264:gst_object_unref: 0x12cd110 unref 2->1
0:00:00.003441521  2472 0x12b2320 DEBUG   GST_REGISTRY gstregistrychunks.c:498:_priv_gst_registry_chunks_save_plugin: Found 6 features in plugin 0x12cbe90 (coretracers)
0:00:00.003457805  2472 0x12b2320 DEBUG   GST_POLL gstpoll.c:979:gst_poll_fd_ctl_write: 0x12ba9c0: fd (fd:0, idx:1), active : 1
0:00:00.003464657  2472 0x12b2320 LOG   GST_POLL gstpoll.c:994:gst_poll_fd_ctl_write: 0x12ba9c0: pfd->events now 60 (POLLOUT:4)
0:00:00.003471013  2472 0x12b2320 DEBUG   GST_POLL gstpoll.c:979:gst_poll_fd_ctl_write: 0x12ba9c0: fd (fd:0, idx:1), active : 1
0:00:00.003476735  2472 0x12b2320 LOG   GST_POLL gstpoll.c:994:gst_poll_fd_ctl_write: 0x12ba9c0: pfd->events now 60 (POLLOUT:4)
0:00:00.003487013  2472 0x12b2320 DEBUG   GST_POLL gstpoll.c:979:gst_poll_fd_ctl_write: 0x12ba9c0: fd (fd:0, idx:1), active : 1
0:00:00.003494100  2472 0x12b2320 LOG   GST_POLL gstpoll.c:994:gst_poll_fd_ctl_write: 0x12ba9c0: pfd->events now 60 (POLLOUT:4)
0:00:00.003500641  2472 0x12b2320 DEBUG   GST_POLL gstpoll.c:979:gst_poll_fd_ctl_write: 0x12ba9c0: fd (fd:0, idx:1), active : 1
0:00:00.003506166  2472 0x12b2320 LOG   GST_POLL gstpoll.c:994:gst_poll_fd_ctl_write: 0x12ba9c0: pfd->events now 60 (POLLOUT:4)
0:00:00.003511858  2472 0x12b2320 DEBUG   GST_POLL gstpoll.c:979:gst_poll_fd_ctl_write: 0x12ba9c0: fd (fd:0, idx:1), active : 1
0:00:00.003517154  2472 0x12b2320 LOG   GST_POLL gstpoll.c:994:gst_poll_fd_ctl_write: 0x12ba9c0: pfd->events now 60 (POLLOUT:4)
0:00:00.003522896  2472 0x12b2320 DEBUG   GST_POLL gstpoll.c:979:gst_poll_fd_ctl_write: 0x12ba9c0: fd (fd:0, idx:1), active : 1
0:00:00.003528334  2472 0x12b2320 LOG   GST_POLL gstpoll.c:994:gst_poll_fd_ctl_write: 0x12ba9c0: pfd->events now 60 (POLLOUT:4)
0:00:00.003537077  2472 0x12b2320 DEBUG   GST_POLL gstpoll.c:979:gst_poll_fd_ctl_write: 0x12ba9c0: fd (fd:0, idx:1), active : 1
0:00:00.003543540  2472 0x12b2320 LOG   GST_POLL gstpoll.c:994:gst_poll_fd_ctl_write: 0x12ba9c0: pfd->events now 60 (POLLOUT:4)
0:00:00.003549434  2472 0x12b2320 DEBUG   GST_POLL gstpoll.c:979:gst_poll_fd_ctl_write: 0x12ba9c0: fd (fd:0, idx:1), active : 1
0:00:00.003555071  2472 0x12b2320 LOG   GST_POLL gstpoll.c:994:gst_poll_fd_ctl_write: 0x12ba9c0: pfd->events now 60 (POLLOUT:4)
0:00:00.003560787  2472 0x12b2320 DEBUG   GST_POLL gstpoll.c:979:gst_poll_fd_ctl_write: 0x12ba9c0: fd (fd:0, idx:1), active : 1
0:00:00.003566396  2472 0x12b2320 LOG   GST_POLL gstpoll.c:994:gst_poll_fd_ctl_write: 0x12ba9c0: pfd->events now 60 (POLLOUT:4)
0:00:00.003572308  2472 0x12b2320 DEBUG   GST_POLL gstpoll.c:979:gst_poll_fd_ctl_write: 0x12ba9c0: fd (fd:0, idx:1), active : 1
0:00:00.003578069  2472 0x12b2320 LOG   GST_POLL gstpoll.c:994:gst_poll_fd_ctl_write: 0x12ba9c0: pfd->events now 60 (POLLOUT:4)
0:00:00.003587207  2472 0x12b2320 DEBUG   GST_POLL gstpoll.c:979:gst_poll_fd_ctl_write: 0x12ba9c0: fd (fd:0, idx:1), active : 1
0:00:00.003594061  2472 0x12b2320 LOG   GST_POLL gstpoll.c:994:gst_poll_fd_ctl_write: 0x12ba9c0: pfd->events now 60 (POLLOUT:4)
0:00:00.003605242  2472 0x12b2320 DEBUG   GST_POLL gstpoll.c:979:gst_poll_fd_ctl_write: 0x12ba9c0: fd (fd:0, idx:1), active : 1
0:00:00.003610948  2472 0x12b2320 LOG   GST_POLL gstpoll.c:994:gst_poll_fd_ctl_write: 0x12ba9c0: pfd->events now 60 (POLLOUT:4)
0:00:00.003616751  2472 0x12b2320 DEBUG   GST_POLL gstpoll.c:979:gst_poll_fd_ctl_write: 0x12ba9c0: fd (fd:0, idx:1), active : 1
0:00:00.003622230  2472 0x12b2320 LOG   GST_POLL gstpoll.c:994:gst_poll_fd_ctl_write: 0x12ba9c0: pfd->events now 60 (POLLOUT:4)
0:00:00.003627885  2472 0x12b2320 DEBUG   GST_POLL gstpoll.c:979:gst_poll_fd_ctl_write: 0x12ba9c0: fd (fd:0, idx:1), active : 1
0:00:00.003633245  2472 0x12b2320 LOG   GST_POLL gstpoll.c:994:gst_poll_fd_ctl_write: 0x12ba9c0: pfd->events now 60 (POLLOUT:4)
0:00:00.003642245  2472 0x12b2320 DEBUG   GST_POLL gstpoll.c:979:gst_poll_fd_ctl_write: 0x12ba9c0: fd (fd:0, idx:1), active : 1
0:00:00.003648762  2472 0x12b2320 LOG   GST_POLL gstpoll.c:994:gst_poll_fd_ctl_write: 0x12ba9c0: pfd->events now 60 (POLLOUT:4)
0:00:00.003654906  2472 0x12b2320 DEBUG   GST_POLL gstpoll.c:979:gst_poll_fd_ctl_write: 0x12ba9c0: fd (fd:0, idx:1), active : 1
0:00:00.003660351  2472 0x12b2320 LOG   GST_POLL gstpoll.c:994:gst_poll_fd_ctl_write: 0x12ba9c0: pfd->events now 60 (POLLOUT:4)
0:00:00.003666145  2472 0x12b2320 DEBUG   GST_POLL gstpoll.c:979:gst_poll_fd_ctl_write: 0x12ba9c0: fd (fd:0, idx:1), active : 1
0:00:00.003671332  2472 0x12b2320 LOG   GST_POLL gstpoll.c:994:gst_poll_fd_ctl_write: 0x12ba9c0: pfd->events now 60 (POLLOUT:4)
0:00:00.003698613  2472 0x12b2320 DEBUG   GST_POLL gstpoll.c:979:gst_poll_fd_ctl_write: 0x12ba9c0: fd (fd:0, idx:1), active : 1
0:00:00.003707399  2472 0x12b2320 LOG   GST_POLL gstpoll.c:994:gst_poll_fd_ctl_write: 0x12ba9c0: pfd->events now 60 (POLLOUT:4)
0:00:00.003713886  2472 0x12b2320 DEBUG   GST_POLL gstpoll.c:979:gst_poll_fd_ctl_write: 0x12ba9c0: fd (fd:0, idx:1), active : 1
0:00:00.003719274  2472 0x12b2320 LOG   GST_POLL gstpoll.c:994:gst_poll_fd_ctl_write: 0x12ba9c0: pfd->events now 60 (POLLOUT:4)
0:00:00.003724973  2472 0x12b2320 DEBUG   GST_POLL gstpoll.c:979:gst_poll_fd_ctl_write: 0x12ba9c0: fd (fd:0, idx:1), active : 1
0:00:00.003730225  2472 0x12b2320 LOG   GST_POLL gstpoll.c:994:gst_poll_fd_ctl_write: 0x12ba9c0: pfd->events now 60 (POLLOUT:4)
0:00:00.003735877  2472 0x12b2320 DEBUG   GST_POLL gstpoll.c:979:gst_poll_fd_ctl_write: 0x12ba9c0: fd (fd:0, idx:1), active : 1
0:00:00.003741057  2472 0x12b2320 LOG   GST_POLL gstpoll.c:994:gst_poll_fd_ctl_write: 0x12ba9c0: pfd->events now 60 (POLLOUT:4)
0:00:00.003749689  2472 0x12b2320 DEBUG   GST_POLL gstpoll.c:979:gst_poll_fd_ctl_write: 0x12ba9c0: fd (fd:0, idx:1), active : 1
0:00:00.003755948  2472 0x12b2320 LOG   GST_POLL gstpoll.c:994:gst_poll_fd_ctl_write: 0x12ba9c0: pfd->events now 60 (POLLOUT:4)
0:00:00.003761829  2472 0x12b2320 DEBUG   GST_POLL gstpoll.c:979:gst_poll_fd_ctl_write: 0x12ba9c0: fd (fd:0, idx:1), active : 1
0:00:00.003771585  2472 0x12b2320 LOG   GST_POLL gstpoll.c:994:gst_poll_fd_ctl_write: 0x12ba9c0: pfd->events now 60 (POLLOUT:4)
0:00:00.003777310  2472 0x12b2320 DEBUG   GST_POLL gstpoll.c:979:gst_poll_fd_ctl_write: 0x12ba9c0: fd (fd:0, idx:1), active : 1
0:00:00.003782743  2472 0x12b2320 LOG   GST_POLL gstpoll.c:994:gst_poll_fd_ctl_write: 0x12ba9c0: pfd->events now 60 (POLLOUT:4)
0:00:00.003788409  2472 0x12b2320 DEBUG   GST_POLL gstpoll.c:979:gst_poll_fd_ctl_write: 0x12ba9c0: fd (fd:0, idx:1), active : 1
0:00:00.003793816  2472 0x12b2320 LOG   GST_POLL gstpoll.c:994:gst_poll_fd_ctl_write: 0x12ba9c0: pfd->events now 60 (POLLOUT:4)
0:00:00.003802353  2472 0x12b2320 DEBUG   GST_POLL gstpoll.c:979:gst_poll_fd_ctl_write: 0x12ba9c0: fd (fd:0, idx:1), active : 1
0:00:00.003808891  2472 0x12b2320 LOG   GST_POLL gstpoll.c:994:gst_poll_fd_ctl_write: 0x12ba9c0: pfd->events now 60 (POLLOUT:4)
0:00:00.003814947  2472 0x12b2320 DEBUG   GST_POLL gstpoll.c:979:gst_poll_fd_ctl_write: 0x12ba9c0: fd (fd:0, idx:1), active : 1
0:00:00.003820452  2472 0x12b2320 LOG   GST_POLL gstpoll.c:994:gst_poll_fd_ctl_write: 0x12ba9c0: pfd->events now 60 (POLLOUT:4)
0:00:00.003826134  2472 0x12b2320 DEBUG   GST_POLL gstpoll.c:979:gst_poll_fd_ctl_write: 0x12ba9c0: fd (fd:0, idx:1), active : 1
0:00:00.003831386  2472 0x12b2320 LOG   GST_POLL gstpoll.c:994:gst_poll_fd_ctl_write: 0x12ba9c0: pfd->events now 60 (POLLOUT:4)
0:00:00.003837704  2472 0x12b2320 LOG   GST_PLUGIN_LOADING gstpluginloader.c:644:put_chunk: Expanding tx buf from 512 to 1152 for chunk of size 8
0:00:00.003845201  2472 0x12b2320 DEBUG   GST_POLL gstpoll.c:979:gst_poll_fd_ctl_write: 0x12ba9c0: fd (fd:0, idx:1), active : 1
0:00:00.003853230  2472 0x12b2320 LOG   GST_POLL gstpoll.c:994:gst_poll_fd_ctl_write: 0x12ba9c0: pfd->events now 60 (POLLOUT:4)
0:00:00.003860034  2472 0x12b2320 DEBUG   GST_POLL gstpoll.c:979:gst_poll_fd_ctl_write: 0x12ba9c0: fd (fd:0, idx:1), active : 1
0:00:00.003865543  2472 0x12b2320 LOG   GST_POLL gstpoll.c:994:gst_poll_fd_ctl_write: 0x12ba9c0: pfd->events now 60 (POLLOUT:4)
0:00:00.003873087  2472 0x12b2320 TRACE   GST_REFCOUNTING gstobject.c:264:gst_object_unref: 0x12cbe90 unref 2->1
0:00:00.003880491  2472 0x12b2320 DEBUG   GST_POLL gstpoll.c:1241:gst_poll_fd_has_error: 0x12ba9c0: fd (fd:0, idx:1) 0
0:00:00.003886938  2472 0x12b2320 DEBUG   GST_POLL gstpoll.c:1335:gst_poll_fd_can_write: 0x12ba9c0: fd (fd:0, idx:1) 0
0:00:00.003893151  2472 0x12b2320 DEBUG   GST_POLL gstpoll.c:1195:gst_poll_fd_has_closed: 0x12ba9c0: fd (fd:0, idx:1) 0
0:00:00.003900500  2472 0x12b2320 DEBUG   GST_POLL gstpoll.c:1414:gst_poll_wait: 0x12ba9c0: timeout :0:00:01.000000000
0:00:00.003912862  2472 0x12b2320 LOG   GST_PLUGIN_LOADING gstpluginloader.c:1026:exchange_packets: Poll res = 2. 528 bytes pending for write
0:00:00.003920882  2472 0x12b2320 DEBUG   GST_POLL gstpoll.c:1241:gst_poll_fd_has_error: 0x12ba9c0: fd (fd:5, idx:2) 0
0:00:00.003926945  2472 0x12b2320 DEBUG   GST_POLL gstpoll.c:1266:gst_poll_fd_can_read_unlocked: 0x12ba9c0: fd (fd:5, idx:2) 1
0:00:00.003942349  2472 0x12b2320 DEBUG   GST_PLUGIN_LOADING gstpluginloader.c:721:do_plugin_load: Plugin scanner loading file /home/conan/w/prod/BuildSingleReference/.conan/data/gstreamer/1.19.2/_/_/package/79b6a76dab3879a2afba8d14ba028b620dd3f25b/lib/gstreamer-1.0/libgstcoreelements.so. tag 1
0:00:00.003950021  2472 0x12b2320 DEBUG   GST_PLUGIN_LOADING gstplugin.c:764:_priv_gst_plugin_load_file_for_registry: attempt to load plugin "/home/conan/w/prod/BuildSingleReference/.conan/data/gstreamer/1.19.2/_/_/package/79b6a76dab3879a2afba8d14ba028b620dd3f25b/lib/gstreamer-1.0/libgstcoreelements.so"
0:00:00.004391563  2472 0x12b2320 TRACE   GST_REFCOUNTING gstobject.c:208:gst_object_init: 0x12ce7c0 new
0:00:00.004416720  2472 0x12b2320 LOG   GST_PLUGIN_LOADING gstplugin.c:886:_priv_gst_plugin_load_file_for_registry: Plugin 0x12ce7c0 for file "/home/conan/w/prod/BuildSingleReference/.conan/data/gstreamer/1.19.2/_/_/package/79b6a76dab3879a2afba8d14ba028b620dd3f25b/lib/gstreamer-1.0/libgstcoreelements.so" prepared, calling entry function...
0:00:00.004427237  2472 0x12b2320 LOG   GST_PLUGIN_LOADING gstplugin.c:893:_priv_gst_plugin_load_file_for_registry: Plugin 0x12ce7c0 for file "/home/conan/w/prod/BuildSingleReference/.conan/data/gstreamer/1.19.2/_/_/package/79b6a76dab3879a2afba8d14ba028b620dd3f25b/lib/gstreamer-1.0/libgstcoreelements.so" prepared, registering...
0:00:00.004434463  2472 0x12b2320 LOG   GST_PLUGIN_LOADING gstplugin.c:511:gst_plugin_register_func: plugin "/home/conan/w/prod/BuildSingleReference/.conan/data/gstreamer/1.19.2/_/_/package/79b6a76dab3879a2afba8d14ba028b620dd3f25b/lib/gstreamer-1.0/libgstcoreelements.so" looks good
0:00:00.004468331  2472 0x12b2320 TRACE   GST_REFCOUNTING gstobject.c:208:gst_object_init: 0x12ceba0 new
0:00:00.004481398  2472 0x12b2320 LOG   GST_ELEMENT_FACTORY gstelementfactory.c:239:gst_element_register: Created new elementfactory for type GstCapsFilter
0:00:00.004494596  2472 0x12b2320 TRACE   structure gststructure.c:292:gst_structure_new_id_empty_with_size: created structure 0x12cf250
0:00:00.004504086  2472 0x12b2320 TRACE   GST_PERFORMANCE gststructure.c:511:gst_structure_copy: doing copy 0x12b8b40 -> 0x12cf250
0:00:00.004513288  2472 0x12b2320 DEBUG   GST_ELEMENT_PADS gstelement.c:311:gst_element_base_class_init: type GstBaseTransform : factory (nil)
0:00:00.004521095  2472 0x12b2320 DEBUG   basetransform gstbasetransform.c:333:gst_base_transform_class_init: gst_base_transform_class_init
0:00:00.004535994  2472 0x12b2320 TRACE   structure gststructure.c:292:gst_structure_new_id_empty_with_size: created structure 0x12cf6c0
0:00:00.004542309  2472 0x12b2320 TRACE   GST_PERFORMANCE gststructure.c:511:gst_structure_copy: doing copy 0x12cf250 -> 0x12cf6c0
0:00:00.004548787  2472 0x12b2320 DEBUG   GST_ELEMENT_PADS gstelement.c:311:gst_element_base_class_init: type GstCapsFilter : factory 0x12ceba0
0:00:00.004570514  2472 0x12b2320 TRACE   GST_CAPS gstcaps.c:263:gst_caps_new_empty: created caps 0x12c1aa0
0:00:00.004578008  2472 0x12b2320 TRACE   GST_CAPS gstcaps.c:439:gst_static_caps_get: created 0x7fb3f5bb2f70 from string ANY
0:00:00.004594452  2472 0x12b2320 TRACE   GST_REFCOUNTING gstminiobject.c:478:gst_mini_object_ref: 0x12c1aa0 ref 1->2
0:00:00.004631141  2472 0x12b2320 TRACE   GST_REFCOUNTING gstobject.c:208:gst_object_init: 0x12d0050 new
0:00:00.004644778  2472 0x12b2320 TRACE   GST_REFCOUNTING gstminiobject.c:478:gst_mini_object_ref: 0x12c1aa0 ref 2->3
0:00:00.004657741  2472 0x12b2320 TRACE   GST_REFCOUNTING gstminiobject.c:660:gst_mini_object_unref: 0x12c1aa0 unref 3->2
0:00:00.004665818  2472 0x12b2320 TRACE   GST_REFCOUNTING gstobject.c:292:gst_object_ref_sink: 0x12d0050 ref_sink 1->2
0:00:00.004672691  2472 0x12b2320 TRACE   GST_CAPS gstcaps.c:263:gst_caps_new_empty: created caps 0x12cfa90
0:00:00.004704327  2472 0x12b2320 TRACE   GST_CAPS gstcaps.c:439:gst_static_caps_get: created 0x7fb3f5bb2f30 from string ANY
0:00:00.004712231  2472 0x12b2320 TRACE   GST_REFCOUNTING gstminiobject.c:478:gst_mini_object_ref: 0x12cfa90 ref 1->2
0:00:00.004722361  2472 0x12b2320 TRACE   GST_REFCOUNTING gstobject.c:208:gst_object_init: 0x12d0290 new
0:00:00.004731678  2472 0x12b2320 TRACE   GST_REFCOUNTING gstminiobject.c:478:gst_mini_object_ref: 0x12cfa90 ref 2->3
0:00:00.004740269  2472 0x12b2320 TRACE   GST_REFCOUNTING gstminiobject.c:660:gst_mini_object_unref: 0x12cfa90 unref 3->2
0:00:00.004747367  2472 0x12b2320 TRACE   GST_REFCOUNTING gstobject.c:292:gst_object_ref_sink: 0x12d0290 ref_sink 1->2
0:00:00.004761107  2472 0x12b2320 TRACE   structure gststructure.c:292:gst_structure_new_id_empty_with_size: created structure 0x12d04f0
0:00:00.004770357  2472 0x12b2320 TRACE   GST_PERFORMANCE gststructure.c:511:gst_structure_copy: doing copy 0x12cf6c0 -> 0x12d04f0
0:00:00.004782312  2472 0x12b2320 DEBUG   GST_REGISTRY gstregistry.c:589:gst_registry_add_feature: adding feature 0x12ceba0 (capsfilter)
0:00:00.004788727  2472 0x12b2320 DEBUG   GST_REFCOUNTING gstobject.c:708:gst_object_set_parent: set parent (ref and sink)
0:00:00.004796062  2472 0x12b2320 TRACE   GST_REFCOUNTING gstobject.c:292:gst_object_ref_sink: 0x12ceba0 ref_sink 1->2
0:00:00.004802585  2472 0x12b2320 LOG   GST_REGISTRY gstregistry.c:607:gst_registry_add_feature: emitting feature-added for capsfilter
0:00:00.004815645  2472 0x12b2320 TRACE   GST_REFCOUNTING gstobject.c:208:gst_object_init: 0x12d0830 new
0:00:00.004830190  2472 0x12b2320 LOG   GST_ELEMENT_FACTORY gstelementfactory.c:239:gst_element_register: Created new elementfactory for type GstClockSync
0:00:00.004839511  2472 0x12b2320 TRACE   structure gststructure.c:292:gst_structure_new_id_empty_with_size: created structure 0x12d0c60
0:00:00.004845889  2472 0x12b2320 TRACE   GST_PERFORMANCE gststructure.c:511:gst_structure_copy: doing copy 0x12b8b40 -> 0x12d0c60
0:00:00.004852851  2472 0x12b2320 DEBUG   GST_ELEMENT_PADS gstelement.c:311:gst_element_base_class_init: type GstClockSync : factory 0x12d0830
0:00:00.004879222  2472 0x12b2320 TRACE   GST_CAPS gstcaps.c:263:gst_caps_new_empty: created caps 0x12d0f10
0:00:00.004886215  2472 0x12b2320 TRACE   GST_CAPS gstcaps.c:439:gst_static_caps_get: created 0x7fb3f5bb2ff0 from string ANY
0:00:00.004892497  2472 0x12b2320 TRACE   GST_REFCOUNTING gstminiobject.c:478:gst_mini_object_ref: 0x12d0f10 ref 1->2
0:00:00.004905071  2472 0x12b2320 TRACE   GST_REFCOUNTING gstobject.c:208:gst_object_init: 0x12d0f60 new
0:00:00.004915611  2472 0x12b2320 TRACE   GST_REFCOUNTING gstminiobject.c:478:gst_mini_object_ref: 0x12d0f10 ref 2->3
0:00:00.004924743  2472 0x12b2320 TRACE   GST_REFCOUNTING gstminiobject.c:660:gst_mini_object_unref: 0x12d0f10 unref 3->2
0:00:00.004932038  2472 0x12b2320 TRACE   GST_REFCOUNTING gstobject.c:292:gst_object_ref_sink: 0x12d0f60 ref_sink 1->2
0:00:00.004938597  2472 0x12b2320 TRACE   GST_CAPS gstcaps.c:263:gst_caps_new_empty: created caps 0x12d1080
0:00:00.004944643  2472 0x12b2320 TRACE   GST_CAPS gstcaps.c:439:gst_static_caps_get: created 0x7fb3f5bb2fb0 from string ANY
0:00:00.004950739  2472 0x12b2320 TRACE   GST_REFCOUNTING gstminiobject.c:478:gst_mini_object_ref: 0x12d1080 ref 1->2
0:00:00.004959134  2472 0x12b2320 TRACE   GST_REFCOUNTING gstobject.c:208:gst_object_init: 0x12d11d0 new
0:00:00.004971011  2472 0x12b2320 TRACE   GST_REFCOUNTING gstminiobject.c:478:gst_mini_object_ref: 0x12d1080 ref 2->3
0:00:00.004981082  2472 0x12b2320 TRACE   GST_REFCOUNTING gstminiobject.c:660:gst_mini_object_unref: 0x12d1080 unref 3->2
0:00:00.004988804  2472 0x12b2320 TRACE   GST_REFCOUNTING gstobject.c:292:gst_object_ref_sink: 0x12d11d0 ref_sink 1->2
0:00:00.004997102  2472 0x12b2320 TRACE   structure gststructure.c:292:gst_structure_new_id_empty_with_size: created structure 0x12d1270
0:00:00.005004225  2472 0x12b2320 TRACE   GST_PERFORMANCE gststructure.c:511:gst_structure_copy: doing copy 0x12d0c60 -> 0x12d1270
0:00:00.005013914  2472 0x12b2320 DEBUG   GST_REGISTRY gstregistry.c:589:gst_registry_add_feature: adding feature 0x12d0830 (clocksync)
0:00:00.005019934  2472 0x12b2320 DEBUG   GST_REFCOUNTING gstobject.c:708:gst_object_set_parent: set parent (ref and sink)
0:00:00.005026818  2472 0x12b2320 TRACE   GST_REFCOUNTING gstobject.c:292:gst_object_ref_sink: 0x12d0830 ref_sink 1->2
0:00:00.005036238  2472 0x12b2320 LOG   GST_REGISTRY gstregistry.c:607:gst_registry_add_feature: emitting feature-added for clocksync
0:00:00.005057559  2472 0x12b2320 TRACE   GST_REFCOUNTING gstobject.c:208:gst_object_init: 0x12d1620 new
0:00:00.005068377  2472 0x12b2320 LOG   GST_ELEMENT_FACTORY gstelementfactory.c:239:gst_element_register: Created new elementfactory for type GstConcat
0:00:00.005076293  2472 0x12b2320 TRACE   structure gststructure.c:292:gst_structure_new_id_empty_with_size: created structure 0x12d1a80
0:00:00.005082421  2472 0x12b2320 TRACE   GST_PERFORMANCE gststructure.c:511:gst_structure_copy: doing copy 0x12b8b40 -> 0x12d1a80
0:00:00.005094928  2472 0x12b2320 DEBUG   GST_ELEMENT_PADS gstelement.c:311:gst_element_base_class_init: type GstConcat : factory 0x12d1620
0:00:00.005113453  2472 0x12b2320 TRACE   GST_CAPS gstcaps.c:263:gst_caps_new_empty: created caps 0x12d1be0
0:00:00.005121399  2472 0x12b2320 TRACE   GST_CAPS gstcaps.c:439:gst_static_caps_get: created 0x7fb3f5bb3030 from string ANY
0:00:00.005127938  2472 0x12b2320 TRACE   GST_REFCOUNTING gstminiobject.c:478:gst_mini_object_ref: 0x12d1be0 ref 1->2
0:00:00.005136758  2472 0x12b2320 TRACE   GST_REFCOUNTING gstobject.c:208:gst_object_init: 0x12d1d60 new
0:00:00.005145250  2472 0x12b2320 TRACE   GST_REFCOUNTING gstminiobject.c:478:gst_mini_object_ref: 0x12d1be0 ref 2->3
0:00:00.005157213  2472 0x12b2320 TRACE   GST_REFCOUNTING gstminiobject.c:660:gst_mini_object_unref: 0x12d1be0 unref 3->2
0:00:00.005164630  2472 0x12b2320 TRACE   GST_REFCOUNTING gstobject.c:292:gst_object_ref_sink: 0x12d1d60 ref_sink 1->2
0:00:00.005173851  2472 0x12b2320 TRACE   GST_CAPS gstcaps.c:263:gst_caps_new_empty: created caps 0x12d1cd0
0:00:00.005181270  2472 0x12b2320 TRACE   GST_CAPS gstcaps.c:439:gst_static_caps_get: created 0x7fb3f5bb3070 from string ANY
0:00:00.005187605  2472 0x12b2320 TRACE   GST_REFCOUNTING gstminiobject.c:478:gst_mini_object_ref: 0x12d1cd0 ref 1->2
0:00:00.005196675  2472 0x12b2320 TRACE   GST_REFCOUNTING gstobject.c:208:gst_object_init: 0x12d1e00 new
0:00:00.005205114  2472 0x12b2320 TRACE   GST_REFCOUNTING gstminiobject.c:478:gst_mini_object_ref: 0x12d1cd0 ref 2->3
0:00:00.005213412  2472 0x12b2320 TRACE   GST_REFCOUNTING gstminiobject.c:660:gst_mini_object_unref: 0x12d1cd0 unref 3->2
0:00:00.005220329  2472 0x12b2320 TRACE   GST_REFCOUNTING gstobject.c:292:gst_object_ref_sink: 0x12d1e00 ref_sink 1->2
0:00:00.005228732  2472 0x12b2320 TRACE   structure gststructure.c:292:gst_structure_new_id_empty_with_size: created structure 0x12d1f90
0:00:00.005238746  2472 0x12b2320 TRACE   GST_PERFORMANCE gststructure.c:511:gst_structure_copy: doing copy 0x12d1a80 -> 0x12d1f90
0:00:00.005249852  2472 0x12b2320 DEBUG   GST_REGISTRY gstregistry.c:589:gst_registry_add_feature: adding feature 0x12d1620 (concat)
0:00:00.005255981  2472 0x12b2320 DEBUG   GST_REFCOUNTING gstobject.c:708:gst_object_set_parent: set parent (ref and sink)
0:00:00.005263095  2472 0x12b2320 TRACE   GST_REFCOUNTING gstobject.c:292:gst_object_ref_sink: 0x12d1620 ref_sink 1->2
0:00:00.005269894  2472 0x12b2320 LOG   GST_REGISTRY gstregistry.c:607:gst_registry_add_feature: emitting feature-added for concat
0:00:00.005292522  2472 0x12b2320 TRACE   GST_REFCOUNTING gstobject.c:208:gst_object_init: 0x12d2520 new
0:00:00.005305057  2472 0x12b2320 LOG   GST_ELEMENT_FACTORY gstelementfactory.c:239:gst_element_register: Created new elementfactory for type GstDataURISrc
0:00:00.005318244  2472 0x12b2320 TRACE   structure gststructure.c:292:gst_structure_new_id_empty_with_size: created structure 0x12d2ac0
0:00:00.005324609  2472 0x12b2320 TRACE   GST_PERFORMANCE gststructure.c:511:gst_structure_copy: doing copy 0x12b8b40 -> 0x12d2ac0
0:00:00.005331484  2472 0x12b2320 DEBUG   GST_ELEMENT_PADS gstelement.c:311:gst_element_base_class_init: type GstBaseSrc : factory (nil)
0:00:00.005364715  2472 0x12b2320 TRACE   structure gststructure.c:292:gst_structure_new_id_empty_with_size: created structure 0x12cb2a0
0:00:00.005371774  2472 0x12b2320 TRACE   GST_PERFORMANCE gststructure.c:511:gst_structure_copy: doing copy 0x12d2ac0 -> 0x12cb2a0
0:00:00.005381193  2472 0x12b2320 DEBUG   GST_ELEMENT_PADS gstelement.c:311:gst_element_base_class_init: type GstDataURISrc : factory 0x12d2520
0:00:00.005392609  2472 0x12b2320 TRACE   GST_CAPS gstcaps.c:263:gst_caps_new_empty: created caps 0x12d3950
0:00:00.005399357  2472 0x12b2320 TRACE   GST_CAPS gstcaps.c:439:gst_static_caps_get: created 0x7fb3f5bb30b0 from string ANY
0:00:00.005405790  2472 0x12b2320 TRACE   GST_REFCOUNTING gstminiobject.c:478:gst_mini_object_ref: 0x12d3950 ref 1->2
0:00:00.005414552  2472 0x12b2320 TRACE   GST_REFCOUNTING gstobject.c:208:gst_object_init: 0x12d39a0 new
0:00:00.005422833  2472 0x12b2320 TRACE   GST_REFCOUNTING gstminiobject.c:478:gst_mini_object_ref: 0x12d3950 ref 2->3
0:00:00.005431548  2472 0x12b2320 TRACE   GST_REFCOUNTING gstminiobject.c:660:gst_mini_object_unref: 0x12d3950 unref 3->2
0:00:00.005439218  2472 0x12b2320 TRACE   GST_REFCOUNTING gstobject.c:292:gst_object_ref_sink: 0x12d39a0 ref_sink 1->2
0:00:00.005458040  2472 0x12b2320 TRACE   structure gststructure.c:292:gst_structure_new_id_empty_with_size: created structure 0x12d3b50
0:00:00.005466042  2472 0x12b2320 TRACE   GST_PERFORMANCE gststructure.c:511:gst_structure_copy: doing copy 0x12cb2a0 -> 0x12d3b50
0:00:00.005481926  2472 0x12b2320 DEBUG   GST_REGISTRY gstregistry.c:589:gst_registry_add_feature: adding feature 0x12d2520 (dataurisrc)
0:00:00.005488620  2472 0x12b2320 DEBUG   GST_REFCOUNTING gstobject.c:708:gst_object_set_parent: set parent (ref and sink)
0:00:00.005495672  2472 0x12b2320 TRACE   GST_REFCOUNTING gstobject.c:292:gst_object_ref_sink: 0x12d2520 ref_sink 1->2
0:00:00.005502469  2472 0x12b2320 LOG   GST_REGISTRY gstregistry.c:607:gst_registry_add_feature: emitting feature-added for dataurisrc
0:00:00.005516886  2472 0x12b2320 TRACE   GST_REFCOUNTING gstobject.c:208:gst_object_init: 0x12d3fd0 new
0:00:00.005529344  2472 0x12b2320 LOG   GST_ELEMENT_FACTORY gstelementfactory.c:239:gst_element_register: Created new elementfactory for type GstDownloadBuffer
0:00:00.005537923  2472 0x12b2320 TRACE   structure gststructure.c:292:gst_structure_new_id_empty_with_size: created structure 0x12d4500
0:00:00.005549431  2472 0x12b2320 TRACE   GST_PERFORMANCE gststructure.c:511:gst_structure_copy: doing copy 0x12b8b40 -> 0x12d4500
0:00:00.005556281  2472 0x12b2320 DEBUG   GST_ELEMENT_PADS gstelement.c:311:gst_element_base_class_init: type GstDownloadBuffer : factory 0x12d3fd0
0:00:00.005578283  2472 0x12b2320 TRACE   GST_CAPS gstcaps.c:263:gst_caps_new_empty: created caps 0x12d42c0
0:00:00.005584654  2472 0x12b2320 TRACE   GST_CAPS gstcaps.c:439:gst_static_caps_get: created 0x7fb3f5bb3150 from string ANY
0:00:00.005591095  2472 0x12b2320 TRACE   GST_REFCOUNTING gstminiobject.c:478:gst_mini_object_ref: 0x12d42c0 ref 1->2
0:00:00.005603455  2472 0x12b2320 TRACE   GST_REFCOUNTING gstobject.c:208:gst_object_init: 0x12d4140 new
0:00:00.005613260  2472 0x12b2320 TRACE   GST_REFCOUNTING gstminiobject.c:478:gst_mini_object_ref: 0x12d42c0 ref 2->3
0:00:00.005622270  2472 0x12b2320 TRACE   GST_REFCOUNTING gstminiobject.c:660:gst_mini_object_unref: 0x12d42c0 unref 3->2
0:00:00.005629554  2472 0x12b2320 TRACE   GST_REFCOUNTING gstobject.c:292:gst_object_ref_sink: 0x12d4140 ref_sink 1->2
0:00:00.005636247  2472 0x12b2320 TRACE   GST_CAPS gstcaps.c:263:gst_caps_new_empty: created caps 0x12d4a60
0:00:00.005642368  2472 0x12b2320 TRACE   GST_CAPS gstcaps.c:439:gst_static_caps_get: created 0x7fb3f5bb3110 from string ANY
0:00:00.005648165  2472 0x12b2320 TRACE   GST_REFCOUNTING gstminiobject.c:478:gst_mini_object_ref: 0x12d4a60 ref 1->2
0:00:00.005656225  2472 0x12b2320 TRACE   GST_REFCOUNTING gstobject.c:208:gst_object_init: 0x12d4990 new
0:00:00.005667265  2472 0x12b2320 TRACE   GST_REFCOUNTING gstminiobject.c:478:gst_mini_object_ref: 0x12d4a60 ref 2->3
0:00:00.005688082  2472 0x12b2320 TRACE   GST_REFCOUNTING gstminiobject.c:660:gst_mini_object_unref: 0x12d4a60 unref 3->2
0:00:00.005696809  2472 0x12b2320 TRACE   GST_REFCOUNTING gstobject.c:292:gst_object_ref_sink: 0x12d4990 ref_sink 1->2
0:00:00.005707658  2472 0x12b2320 TRACE   structure gststructure.c:292:gst_structure_new_id_empty_with_size: created structure 0x12d4c20
0:00:00.005720152  2472 0x12b2320 TRACE   GST_PERFORMANCE gststructure.c:511:gst_structure_copy: doing copy 0x12d4500 -> 0x12d4c20
0:00:00.005733085  2472 0x12b2320 DEBUG   GST_REGISTRY gstregistry.c:589:gst_registry_add_feature: adding feature 0x12d3fd0 (downloadbuffer)
0:00:00.005740473  2472 0x12b2320 DEBUG   GST_REFCOUNTING gstobject.c:708:gst_object_set_parent: set parent (ref and sink)
0:00:00.005747559  2472 0x12b2320 TRACE   GST_REFCOUNTING gstobject.c:292:gst_object_ref_sink: 0x12d3fd0 ref_sink 1->2
0:00:00.005754439  2472 0x12b2320 LOG   GST_REGISTRY gstregistry.c:607:gst_registry_add_feature: emitting feature-added for downloadbuffer
0:00:00.005767382  2472 0x12b2320 TRACE   GST_REFCOUNTING gstobject.c:208:gst_object_init: 0x12d5010 new
0:00:00.005781931  2472 0x12b2320 LOG   GST_ELEMENT_FACTORY gstelementfactory.c:239:gst_element_register: Created new elementfactory for type GstFakeSrc
0:00:00.005789429  2472 0x12b2320 TRACE   structure gststructure.c:292:gst_structure_new_id_empty_with_size: created structure 0x12d56b0
0:00:00.005798021  2472 0x12b2320 TRACE   GST_PERFORMANCE gststructure.c:511:gst_structure_copy: doing copy 0x12d2ac0 -> 0x12d56b0
0:00:00.005806089  2472 0x12b2320 DEBUG   GST_ELEMENT_PADS gstelement.c:311:gst_element_base_class_init: type GstFakeSrc : factory 0x12d5010
0:00:00.005867196  2472 0x12b2320 TRACE   GST_CAPS gstcaps.c:263:gst_caps_new_empty: created caps 0x12d6420
0:00:00.005874539  2472 0x12b2320 TRACE   GST_CAPS gstcaps.c:439:gst_static_caps_get: created 0x7fb3f5bb31d0 from string ANY
0:00:00.005881042  2472 0x12b2320 TRACE   GST_REFCOUNTING gstminiobject.c:478:gst_mini_object_ref: 0x12d6420 ref 1->2
0:00:00.005889806  2472 0x12b2320 TRACE   GST_REFCOUNTING gstobject.c:208:gst_object_init: 0x12d65a0 new
0:00:00.005898631  2472 0x12b2320 TRACE   GST_REFCOUNTING gstminiobject.c:478:gst_mini_object_ref: 0x12d6420 ref 2->3
0:00:00.005910079  2472 0x12b2320 TRACE   GST_REFCOUNTING gstminiobject.c:660:gst_mini_object_unref: 0x12d6420 unref 3->2
0:00:00.005918130  2472 0x12b2320 TRACE   GST_REFCOUNTING gstobject.c:292:gst_object_ref_sink: 0x12d65a0 ref_sink 1->2
0:00:00.005928701  2472 0x12b2320 TRACE   structure gststructure.c:292:gst_structure_new_id_empty_with_size: created structure 0x12d6800
0:00:00.005935823  2472 0x12b2320 TRACE   GST_PERFORMANCE gststructure.c:511:gst_structure_copy: doing copy 0x12d56b0 -> 0x12d6800
0:00:00.005945030  2472 0x12b2320 DEBUG   GST_REGISTRY gstregistry.c:589:gst_registry_add_feature: adding feature 0x12d5010 (fakesrc)
0:00:00.005951049  2472 0x12b2320 DEBUG   GST_REFCOUNTING gstobject.c:708:gst_object_set_parent: set parent (ref and sink)
0:00:00.005957858  2472 0x12b2320 TRACE   GST_REFCOUNTING gstobject.c:292:gst_object_ref_sink: 0x12d5010 ref_sink 1->2
0:00:00.005964414  2472 0x12b2320 LOG   GST_REGISTRY gstregistry.c:607:gst_registry_add_feature: emitting feature-added for fakesrc
0:00:00.005987575  2472 0x12b2320 TRACE   GST_REFCOUNTING gstobject.c:208:gst_object_init: 0x12d6b60 new
0:00:00.005998819  2472 0x12b2320 LOG   GST_ELEMENT_FACTORY gstelementfactory.c:239:gst_element_register: Created new elementfactory for type GstFakeSink
0:00:00.006009758  2472 0x12b2320 TRACE   structure gststructure.c:292:gst_structure_new_id_empty_with_size: created structure 0x12d71f0
0:00:00.006015882  2472 0x12b2320 TRACE   GST_PERFORMANCE gststructure.c:511:gst_structure_copy: doing copy 0x12b8b40 -> 0x12d71f0
0:00:00.006025206  2472 0x12b2320 DEBUG   GST_ELEMENT_PADS gstelement.c:311:gst_element_base_class_init: type GstBaseSink : factory (nil)
0:00:00.006078926  2472 0x12b2320 TRACE   structure gststructure.c:292:gst_structure_new_id_empty_with_size: created structure 0x12d7ea0
0:00:00.006090086  2472 0x12b2320 TRACE   GST_PERFORMANCE gststructure.c:511:gst_structure_copy: doing copy 0x12d71f0 -> 0x12d7ea0
0:00:00.006096458  2472 0x12b2320 DEBUG   GST_ELEMENT_PADS gstelement.c:311:gst_element_base_class_init: type GstFakeSink : factory 0x12d6b60
0:00:00.006131882  2472 0x12b2320 TRACE   GST_CAPS gstcaps.c:263:gst_caps_new_empty: created caps 0x12d63c0
0:00:00.006138553  2472 0x12b2320 TRACE   GST_CAPS gstcaps.c:439:gst_static_caps_get: created 0x7fb3f5bb3190 from string ANY
0:00:00.006147274  2472 0x12b2320 TRACE   GST_REFCOUNTING gstminiobject.c:478:gst_mini_object_ref: 0x12d63c0 ref 1->2
0:00:00.006157656  2472 0x12b2320 TRACE   GST_REFCOUNTING gstobject.c:208:gst_object_init: 0x12d8ac0 new
0:00:00.006166498  2472 0x12b2320 TRACE   GST_REFCOUNTING gstminiobject.c:478:gst_mini_object_ref: 0x12d63c0 ref 2->3
0:00:00.006174592  2472 0x12b2320 TRACE   GST_REFCOUNTING gstminiobject.c:660:gst_mini_object_unref: 0x12d63c0 unref 3->2
0:00:00.006181030  2472 0x12b2320 TRACE   GST_REFCOUNTING gstobject.c:292:gst_object_ref_sink: 0x12d8ac0 ref_sink 1->2
0:00:00.006190325  2472 0x12b2320 TRACE   structure gststructure.c:292:gst_structure_new_id_empty_with_size: created structure 0x12d8c50
0:00:00.006196886  2472 0x12b2320 TRACE   GST_PERFORMANCE gststructure.c:511:gst_structure_copy: doing copy 0x12d7ea0 -> 0x12d8c50
0:00:00.006205135  2472 0x12b2320 DEBUG   GST_REGISTRY gstregistry.c:589:gst_registry_add_feature: adding feature 0x12d6b60 (fakesink)
0:00:00.006213694  2472 0x12b2320 DEBUG   GST_REFCOUNTING gstobject.c:708:gst_object_set_parent: set parent (ref and sink)
0:00:00.006222340  2472 0x12b2320 TRACE   GST_REFCOUNTING gstobject.c:292:gst_object_ref_sink: 0x12d6b60 ref_sink 1->2
0:00:00.006232534  2472 0x12b2320 LOG   GST_REGISTRY gstregistry.c:607:gst_registry_add_feature: emitting feature-added for fakesink
0:00:00.006263399  2472 0x12b2320 TRACE   GST_REFCOUNTING gstobject.c:208:gst_object_init: 0x12d91b0 new
0:00:00.006275770  2472 0x12b2320 LOG   GST_ELEMENT_FACTORY gstelementfactory.c:239:gst_element_register: Created new elementfactory for type GstFdSrc
0:00:00.006283497  2472 0x12b2320 TRACE   structure gststructure.c:292:gst_structure_new_id_empty_with_size: created structure 0x12d9770
0:00:00.006289028  2472 0x12b2320 TRACE   GST_PERFORMANCE gststructure.c:511:gst_structure_copy: doing copy 0x12d2ac0 -> 0x12d9770
0:00:00.006295225  2472 0x12b2320 DEBUG   GST_ELEMENT_PADS gstelement.c:311:gst_element_base_class_init: type GstPushSrc : factory (nil)
0:00:00.006302827  2472 0x12b2320 TRACE   structure gststructure.c:292:gst_structure_new_id_empty_with_size: created structure 0x12d9c10
0:00:00.006308214  2472 0x12b2320 TRACE   GST_PERFORMANCE gststructure.c:511:gst_structure_copy: doing copy 0x12d9770 -> 0x12d9c10
0:00:00.006316884  2472 0x12b2320 DEBUG   GST_ELEMENT_PADS gstelement.c:311:gst_element_base_class_init: type GstFdSrc : factory 0x12d91b0
0:00:00.006336465  2472 0x12b2320 TRACE   GST_CAPS gstcaps.c:263:gst_caps_new_empty: created caps 0x12d9340
0:00:00.006346176  2472 0x12b2320 TRACE   GST_CAPS gstcaps.c:439:gst_static_caps_get: created 0x7fb3f5bb3270 from string ANY
0:00:00.006352342  2472 0x12b2320 TRACE   GST_REFCOUNTING gstminiobject.c:478:gst_mini_object_ref: 0x12d9340 ref 1->2
0:00:00.006361043  2472 0x12b2320 TRACE   GST_REFCOUNTING gstobject.c:208:gst_object_init: 0x12d9f30 new
0:00:00.006369629  2472 0x12b2320 TRACE   GST_REFCOUNTING gstminiobject.c:478:gst_mini_object_ref: 0x12d9340 ref 2->3
0:00:00.006378002  2472 0x12b2320 TRACE   GST_REFCOUNTING gstminiobject.c:660:gst_mini_object_unref: 0x12d9340 unref 3->2
0:00:00.006387683  2472 0x12b2320 TRACE   GST_REFCOUNTING gstobject.c:292:gst_object_ref_sink: 0x12d9f30 ref_sink 1->2
0:00:00.006416407  2472 0x12b2320 TRACE   structure gststructure.c:292:gst_structure_new_id_empty_with_size: created structure 0x12d2f00
0:00:00.006424039  2472 0x12b2320 TRACE   GST_PERFORMANCE gststructure.c:511:gst_structure_copy: doing copy 0x12d9c10 -> 0x12d2f00
0:00:00.006434974  2472 0x12b2320 DEBUG   GST_REGISTRY gstregistry.c:589:gst_registry_add_feature: adding feature 0x12d91b0 (fdsrc)
0:00:00.006443026  2472 0x12b2320 DEBUG   GST_REFCOUNTING gstobject.c:708:gst_object_set_parent: set parent (ref and sink)
0:00:00.006451980  2472 0x12b2320 TRACE   GST_REFCOUNTING gstobject.c:292:gst_object_ref_sink: 0x12d91b0 ref_sink 1->2
