0:00:00.017972419  2472 0x12b2320 DEBUG   GST_POLL gstpoll.c:979:gst_poll_fd_ctl_write: 0x12ba9c0: fd (fd:0, idx:1), active : 1
0:00:00.022765927  2471 0x1dbc370 DEBUG   structure gststructure.c:2258:gst_structure_parse_field: trying field name 'klass'
0:00:00.017978706  2472 0x12b2320 LOG   GST_POLL gstpoll.c:994:gst_poll_fd_ctl_write: 0x12ba9c0: pfd->events now 60 (POLLOUT:4)
0:00:00.022774686  2471 0x1dbc370 DEBUG   default gstvalue.c:2776:_priv_gst_value_parse_value: trying type name 'string'
0:00:00.017986510  2472 0x12b2320 DEBUG   GST_POLL gstpoll.c:979:gst_poll_fd_ctl_write: 0x12ba9c0: fd (fd:0, idx:1), active : 1
0:00:00.022782579  2471 0x1dbc370 DEBUG   structure gststructure.c:2258:gst_structure_parse_field: trying field name 'description'
0:00:00.017994059  2472 0x12b2320 LOG   GST_POLL gstpoll.c:994:gst_poll_fd_ctl_write: 0x12ba9c0: pfd->events now 60 (POLLOUT:4)
0:00:00.022788431  2471 0x1dbc370 DEBUG   default gstvalue.c:2776:_priv_gst_value_parse_value: trying type name 'string'
0:00:00.018001756  2472 0x12b2320 DEBUG   GST_POLL gstpoll.c:979:gst_poll_fd_ctl_write: 0x12ba9c0: fd (fd:0, idx:1), active : 1
0:00:00.022795442  2471 0x1dbc370 DEBUG   structure gststructure.c:2258:gst_structure_parse_field: trying field name 'author'
0:00:00.018007780  2472 0x12b2320 LOG   GST_POLL gstpoll.c:994:gst_poll_fd_ctl_write: 0x12ba9c0: pfd->events now 60 (POLLOUT:4)
0:00:00.022801060  2471 0x1dbc370 DEBUG   default gstvalue.c:2776:_priv_gst_value_parse_value: trying type name 'string'
0:00:00.018014366  2472 0x12b2320 DEBUG   GST_POLL gstpoll.c:979:gst_poll_fd_ctl_write: 0x12ba9c0: fd (fd:0, idx:1), active : 1
0:00:00.022809932  2471 0x1dbc370 DEBUG   GST_REGISTRY gstregistrychunks.c:627:gst_registry_chunks_load_feature: Element factory : npadtemplates=1
0:00:00.018022480  2472 0x12b2320 LOG   GST_POLL gstpoll.c:994:gst_poll_fd_ctl_write: 0x12ba9c0: pfd->events now 60 (POLLOUT:4)
0:00:00.022816044  2471 0x1dbc370 DEBUG   GST_REGISTRY gstregistrychunks.c:526:gst_registry_chunks_load_pad_template: Reading/casting for GstRegistryChunkPadTemplate at address 0x1dd92a0
0:00:00.018029665  2472 0x12b2320 DEBUG   GST_POLL gstpoll.c:979:gst_poll_fd_ctl_write: 0x12ba9c0: fd (fd:0, idx:1), active : 1
0:00:00.022822151  2471 0x1dbc370 DEBUG   GST_REGISTRY gstregistrychunks.c:540:gst_registry_chunks_load_pad_template: Added pad_template src
0:00:00.018035854  2472 0x12b2320 LOG   GST_POLL gstpoll.c:994:gst_poll_fd_ctl_write: 0x12ba9c0: pfd->events now 60 (POLLOUT:4)
0:00:00.022834660  2471 0x1dbc370 DEBUG   GST_REGISTRY gstregistrychunks.c:640:gst_registry_chunks_load_feature: Reading 1 UriTypes at address 0x1dd92b0
0:00:00.018051429  2472 0x12b2320 DEBUG   GST_POLL gstpoll.c:979:gst_poll_fd_ctl_write: 0x12ba9c0: fd (fd:0, idx:1), active : 1
0:00:00.022843963  2471 0x1dbc370 DEBUG   GST_REGISTRY gstregistrychunks.c:655:gst_registry_chunks_load_feature: Reading 1 Interfaces at address 0x1dd92b9
0:00:00.018057640  2472 0x12b2320 LOG   GST_POLL gstpoll.c:994:gst_poll_fd_ctl_write: 0x12ba9c0: pfd->events now 60 (POLLOUT:4)
0:00:00.022853253  2471 0x1dbc370 DEBUG   GST_REGISTRY gstregistry.c:589:gst_registry_add_feature: adding feature 0x1ddd560 (dataurisrc)
0:00:00.018064145  2472 0x12b2320 DEBUG   GST_POLL gstpoll.c:979:gst_poll_fd_ctl_write: 0x12ba9c0: fd (fd:0, idx:1), active : 1
0:00:00.022860486  2471 0x1dbc370 DEBUG   GST_REFCOUNTING gstobject.c:708:gst_object_set_parent: set parent (ref and sink)
0:00:00.018072670  2472 0x12b2320 LOG   GST_POLL gstpoll.c:994:gst_poll_fd_ctl_write: 0x12ba9c0: pfd->events now 60 (POLLOUT:4)
0:00:00.022869352  2471 0x1dbc370 TRACE   GST_REFCOUNTING gstobject.c:292:gst_object_ref_sink: 0x1ddd560 ref_sink 1->2
0:00:00.018081328  2472 0x12b2320 DEBUG   GST_POLL gstpoll.c:979:gst_poll_fd_ctl_write: 0x12ba9c0: fd (fd:0, idx:1), active : 1
0:00:00.022876827  2471 0x1dbc370 LOG   GST_REGISTRY gstregistry.c:607:gst_registry_add_feature: emitting feature-added for dataurisrc
0:00:00.018091031  2472 0x12b2320 LOG   GST_POLL gstpoll.c:994:gst_poll_fd_ctl_write: 0x12ba9c0: pfd->events now 60 (POLLOUT:4)
0:00:00.022884555  2471 0x1dbc370 DEBUG   GST_REGISTRY gstregistrychunks.c:741:gst_registry_chunks_load_feature: Added feature dataurisrc, plugin 0x1dd77a0 coreelements
0:00:00.018098448  2472 0x12b2320 DEBUG   GST_POLL gstpoll.c:979:gst_poll_fd_ctl_write: 0x12ba9c0: fd (fd:0, idx:1), active : 1
0:00:00.018104995  2472 0x12b2320 LOG   GST_POLL gstpoll.c:994:gst_poll_fd_ctl_write: 0x12ba9c0: pfd->events now 60 (POLLOUT:4)
0:00:00.022894144  2471 0x1dbc370 DEBUG   GST_REGISTRY gstregistrychunks.c:583:gst_registry_chunks_load_feature: Plugin 'coreelements' feature 'concat' typename : 'GstElementFactory'
0:00:00.018110923  2472 0x12b2320 DEBUG   GST_POLL gstpoll.c:979:gst_poll_fd_ctl_write: 0x12ba9c0: fd (fd:0, idx:1), active : 1
0:00:00.018117144  2472 0x12b2320 LOG   GST_POLL gstpoll.c:994:gst_poll_fd_ctl_write: 0x12ba9c0: pfd->events now 60 (POLLOUT:4)
0:00:00.022905579  2471 0x1dbc370 TRACE   GST_REFCOUNTING gstobject.c:208:gst_object_init: 0x1dddf00 new
0:00:00.018123291  2472 0x12b2320 DEBUG   GST_POLL gstpoll.c:979:gst_poll_fd_ctl_write: 0x12ba9c0: fd (fd:0, idx:1), active : 1
0:00:00.022916936  2471 0x1dbc370 LOG   GST_REGISTRY gstregistrychunks.c:610:gst_registry_chunks_load_feature: Reading/casting for GstRegistryChunkElementFactory at address 0x1dd92e0
0:00:00.018129310  2472 0x12b2320 LOG   GST_POLL gstpoll.c:994:gst_poll_fd_ctl_write: 0x12ba9c0: pfd->events now 60 (POLLOUT:4)
0:00:00.022924273  2471 0x1dbc370 TRACE   structure gststructure.c:292:gst_structure_new_id_empty_with_size: created structure 0x1dde0c0
0:00:00.018141589  2472 0x12b2320 DEBUG   GST_POLL gstpoll.c:979:gst_poll_fd_ctl_write: 0x12ba9c0: fd (fd:0, idx:1), active : 1
0:00:00.022934674  2471 0x1dbc370 DEBUG   structure gststructure.c:2258:gst_structure_parse_field: trying field name 'long-name'
0:00:00.018150182  2472 0x12b2320 LOG   GST_POLL gstpoll.c:994:gst_poll_fd_ctl_write: 0x12ba9c0: pfd->events now 60 (POLLOUT:4)
0:00:00.022941622  2471 0x1dbc370 DEBUG   default gstvalue.c:2776:_priv_gst_value_parse_value: trying type name 'string'
0:00:00.018157708  2472 0x12b2320 DEBUG   GST_POLL gstpoll.c:979:gst_poll_fd_ctl_write: 0x12ba9c0: fd (fd:0, idx:1), active : 1
0:00:00.022949391  2471 0x1dbc370 DEBUG   structure gststructure.c:2258:gst_structure_parse_field: trying field name 'klass'
0:00:00.018164532  2472 0x12b2320 LOG   GST_POLL gstpoll.c:994:gst_poll_fd_ctl_write: 0x12ba9c0: pfd->events now 60 (POLLOUT:4)
0:00:00.022955543  2471 0x1dbc370 DEBUG   default gstvalue.c:2776:_priv_gst_value_parse_value: trying type name 'string'
0:00:00.018171133  2472 0x12b2320 DEBUG   GST_POLL gstpoll.c:979:gst_poll_fd_ctl_write: 0x12ba9c0: fd (fd:0, idx:1), active : 1
0:00:00.022965481  2471 0x1dbc370 DEBUG   structure gststructure.c:2258:gst_structure_parse_field: trying field name 'description'
0:00:00.018177569  2472 0x12b2320 LOG   GST_POLL gstpoll.c:994:gst_poll_fd_ctl_write: 0x12ba9c0: pfd->events now 60 (POLLOUT:4)
0:00:00.022972916  2471 0x1dbc370 DEBUG   default gstvalue.c:2776:_priv_gst_value_parse_value: trying type name 'string'
0:00:00.018185899  2472 0x12b2320 DEBUG   GST_POLL gstpoll.c:979:gst_poll_fd_ctl_write: 0x12ba9c0: fd (fd:0, idx:1), active : 1
0:00:00.022981318  2471 0x1dbc370 DEBUG   structure gststructure.c:2258:gst_structure_parse_field: trying field name 'author'
0:00:00.018192249  2472 0x12b2320 LOG   GST_POLL gstpoll.c:994:gst_poll_fd_ctl_write: 0x12ba9c0: pfd->events now 60 (POLLOUT:4)
0:00:00.022987429  2471 0x1dbc370 DEBUG   default gstvalue.c:2776:_priv_gst_value_parse_value: trying type name 'string'
0:00:00.018200335  2472 0x12b2320 DEBUG   GST_POLL gstpoll.c:979:gst_poll_fd_ctl_write: 0x12ba9c0: fd (fd:0, idx:1), active : 1
0:00:00.022995150  2471 0x1dbc370 DEBUG   GST_REGISTRY gstregistrychunks.c:627:gst_registry_chunks_load_feature: Element factory : npadtemplates=2
0:00:00.018208523  2472 0x12b2320 LOG   GST_POLL gstpoll.c:994:gst_poll_fd_ctl_write: 0x12ba9c0: pfd->events now 60 (POLLOUT:4)
0:00:00.023001225  2471 0x1dbc370 DEBUG   GST_REGISTRY gstregistrychunks.c:526:gst_registry_chunks_load_pad_template: Reading/casting for GstRegistryChunkPadTemplate at address 0x1dd93b8
0:00:00.018215785  2472 0x12b2320 DEBUG   GST_POLL gstpoll.c:979:gst_poll_fd_ctl_write: 0x12ba9c0: fd (fd:0, idx:1), active : 1
0:00:00.023007587  2471 0x1dbc370 DEBUG   GST_REGISTRY gstregistrychunks.c:540:gst_registry_chunks_load_pad_template: Added pad_template src
0:00:00.018227265  2472 0x12b2320 LOG   GST_POLL gstpoll.c:994:gst_poll_fd_ctl_write: 0x12ba9c0: pfd->events now 60 (POLLOUT:4)
0:00:00.023018885  2471 0x1dbc370 DEBUG   GST_REGISTRY gstregistrychunks.c:526:gst_registry_chunks_load_pad_template: Reading/casting for GstRegistryChunkPadTemplate at address 0x1dd93c8
0:00:00.018234002  2472 0x12b2320 DEBUG   GST_POLL gstpoll.c:979:gst_poll_fd_ctl_write: 0x12ba9c0: fd (fd:0, idx:1), active : 1
0:00:00.023027282  2471 0x1dbc370 DEBUG   GST_REGISTRY gstregistrychunks.c:540:gst_registry_chunks_load_pad_template: Added pad_template sink_%u
0:00:00.018240470  2472 0x12b2320 LOG   GST_POLL gstpoll.c:994:gst_poll_fd_ctl_write: 0x12ba9c0: pfd->events now 60 (POLLOUT:4)
0:00:00.018247942  2472 0x12b2320 DEBUG   GST_POLL gstpoll.c:979:gst_poll_fd_ctl_write: 0x12ba9c0: fd (fd:0, idx:1), active : 1
0:00:00.023037143  2471 0x1dbc370 DEBUG   GST_REGISTRY gstregistry.c:589:gst_registry_add_feature: adding feature 0x1dddf00 (concat)
0:00:00.018253386  2472 0x12b2320 LOG   GST_POLL gstpoll.c:994:gst_poll_fd_ctl_write: 0x12ba9c0: pfd->events now 60 (POLLOUT:4)
0:00:00.023045347  2471 0x1dbc370 DEBUG   GST_REFCOUNTING gstobject.c:708:gst_object_set_parent: set parent (ref and sink)
0:00:00.018259832  2472 0x12b2320 DEBUG   GST_POLL gstpoll.c:979:gst_poll_fd_ctl_write: 0x12ba9c0: fd (fd:0, idx:1), active : 1
0:00:00.023053420  2471 0x1dbc370 TRACE   GST_REFCOUNTING gstobject.c:292:gst_object_ref_sink: 0x1dddf00 ref_sink 1->2
0:00:00.018268266  2472 0x12b2320 LOG   GST_POLL gstpoll.c:994:gst_poll_fd_ctl_write: 0x12ba9c0: pfd->events now 60 (POLLOUT:4)
0:00:00.023060935  2471 0x1dbc370 LOG   GST_REGISTRY gstregistry.c:607:gst_registry_add_feature: emitting feature-added for concat
0:00:00.018275978  2472 0x12b2320 DEBUG   GST_POLL gstpoll.c:979:gst_poll_fd_ctl_write: 0x12ba9c0: fd (fd:0, idx:1), active : 1
0:00:00.023068578  2471 0x1dbc370 DEBUG   GST_REGISTRY gstregistrychunks.c:741:gst_registry_chunks_load_feature: Added feature concat, plugin 0x1dd77a0 coreelements
0:00:00.018282327  2472 0x12b2320 LOG   GST_POLL gstpoll.c:994:gst_poll_fd_ctl_write: 0x12ba9c0: pfd->events now 60 (POLLOUT:4)
0:00:00.023075378  2471 0x1dbc370 DEBUG   GST_REGISTRY gstregistrychunks.c:583:gst_registry_chunks_load_feature: Plugin 'coreelements' feature 'clocksync' typename : 'GstElementFactory'
0:00:00.018288638  2472 0x12b2320 DEBUG   GST_POLL gstpoll.c:979:gst_poll_fd_ctl_write: 0x12ba9c0: fd (fd:0, idx:1), active : 1
0:00:00.018295040  2472 0x12b2320 LOG   GST_POLL gstpoll.c:994:gst_poll_fd_ctl_write: 0x12ba9c0: pfd->events now 60 (POLLOUT:4)
0:00:00.023084220  2471 0x1dbc370 TRACE   GST_REFCOUNTING gstobject.c:208:gst_object_init: 0x1dddb40 new
0:00:00.018301139  2472 0x12b2320 DEBUG   GST_POLL gstpoll.c:979:gst_poll_fd_ctl_write: 0x12ba9c0: fd (fd:0, idx:1), active : 1
0:00:00.018307118  2472 0x12b2320 LOG   GST_POLL gstpoll.c:994:gst_poll_fd_ctl_write: 0x12ba9c0: pfd->events now 60 (POLLOUT:4)
0:00:00.023096209  2471 0x1dbc370 LOG   GST_REGISTRY gstregistrychunks.c:610:gst_registry_chunks_load_feature: Reading/casting for GstRegistryChunkElementFactory at address 0x1dd93f8
0:00:00.018317540  2472 0x12b2320 DEBUG   GST_POLL gstpoll.c:979:gst_poll_fd_ctl_write: 0x12ba9c0: fd (fd:0, idx:1), active : 1
0:00:00.023109916  2471 0x1dbc370 TRACE   structure gststructure.c:292:gst_structure_new_id_empty_with_size: created structure 0x1dde4e0
0:00:00.018325757  2472 0x12b2320 LOG   GST_POLL gstpoll.c:994:gst_poll_fd_ctl_write: 0x12ba9c0: pfd->events now 60 (POLLOUT:4)
0:00:00.023116540  2471 0x1dbc370 DEBUG   structure gststructure.c:2258:gst_structure_parse_field: trying field name 'long-name'
0:00:00.018333294  2472 0x12b2320 DEBUG   GST_POLL gstpoll.c:979:gst_poll_fd_ctl_write: 0x12ba9c0: fd (fd:0, idx:1), active : 1
0:00:00.023123970  2471 0x1dbc370 DEBUG   default gstvalue.c:2776:_priv_gst_value_parse_value: trying type name 'string'
0:00:00.018339732  2472 0x12b2320 LOG   GST_POLL gstpoll.c:994:gst_poll_fd_ctl_write: 0x12ba9c0: pfd->events now 60 (POLLOUT:4)
0:00:00.023131637  2471 0x1dbc370 DEBUG   structure gststructure.c:2258:gst_structure_parse_field: trying field name 'klass'
0:00:00.018346470  2472 0x12b2320 DEBUG   GST_POLL gstpoll.c:979:gst_poll_fd_ctl_write: 0x12ba9c0: fd (fd:0, idx:1), active : 1
0:00:00.023137683  2471 0x1dbc370 DEBUG   default gstvalue.c:2776:_priv_gst_value_parse_value: trying type name 'string'
0:00:00.018352674  2472 0x12b2320 LOG   GST_POLL gstpoll.c:994:gst_poll_fd_ctl_write: 0x12ba9c0: pfd->events now 60 (POLLOUT:4)
0:00:00.023144559  2471 0x1dbc370 DEBUG   structure gststructure.c:2258:gst_structure_parse_field: trying field name 'description'
0:00:00.018359073  2472 0x12b2320 DEBUG   GST_POLL gstpoll.c:979:gst_poll_fd_ctl_write: 0x12ba9c0: fd (fd:0, idx:1), active : 1
0:00:00.023150458  2471 0x1dbc370 DEBUG   default gstvalue.c:2776:_priv_gst_value_parse_value: trying type name 'string'
0:00:00.018365458  2472 0x12b2320 LOG   GST_POLL gstpoll.c:994:gst_poll_fd_ctl_write: 0x12ba9c0: pfd->events now 60 (POLLOUT:4)
0:00:00.023160613  2471 0x1dbc370 DEBUG   structure gststructure.c:2258:gst_structure_parse_field: trying field name 'author'
0:00:00.018372056  2472 0x12b2320 DEBUG   GST_POLL gstpoll.c:979:gst_poll_fd_ctl_write: 0x12ba9c0: fd (fd:0, idx:1), active : 1
0:00:00.023167834  2471 0x1dbc370 DEBUG   default gstvalue.c:2776:_priv_gst_value_parse_value: trying type name 'string'
0:00:00.018382743  2472 0x12b2320 LOG   GST_POLL gstpoll.c:994:gst_poll_fd_ctl_write: 0x12ba9c0: pfd->events now 60 (POLLOUT:4)
0:00:00.023175652  2471 0x1dbc370 DEBUG   GST_REGISTRY gstregistrychunks.c:627:gst_registry_chunks_load_feature: Element factory : npadtemplates=2
0:00:00.018390067  2472 0x12b2320 DEBUG   GST_POLL gstpoll.c:979:gst_poll_fd_ctl_write: 0x12ba9c0: fd (fd:0, idx:1), active : 1
0:00:00.023181856  2471 0x1dbc370 DEBUG   GST_REGISTRY gstregistrychunks.c:526:gst_registry_chunks_load_pad_template: Reading/casting for GstRegistryChunkPadTemplate at address 0x1dd94c8
0:00:00.018402615  2472 0x12b2320 LOG   GST_POLL gstpoll.c:994:gst_poll_fd_ctl_write: 0x12ba9c0: pfd->events now 60 (POLLOUT:4)
0:00:00.023194947  2471 0x1dbc370 DEBUG   GST_REGISTRY gstregistrychunks.c:540:gst_registry_chunks_load_pad_template: Added pad_template sink
0:00:00.018409959  2472 0x12b2320 DEBUG   GST_POLL gstpoll.c:979:gst_poll_fd_ctl_write: 0x12ba9c0: fd (fd:0, idx:1), active : 1
0:00:00.023201423  2471 0x1dbc370 DEBUG   GST_REGISTRY gstregistrychunks.c:526:gst_registry_chunks_load_pad_template: Reading/casting for GstRegistryChunkPadTemplate at address 0x1dd94e0
0:00:00.018416332  2472 0x12b2320 LOG   GST_POLL gstpoll.c:994:gst_poll_fd_ctl_write: 0x12ba9c0: pfd->events now 60 (POLLOUT:4)
0:00:00.023208078  2471 0x1dbc370 DEBUG   GST_REGISTRY gstregistrychunks.c:540:gst_registry_chunks_load_pad_template: Added pad_template src
0:00:00.018423556  2472 0x12b2320 DEBUG   GST_POLL gstpoll.c:979:gst_poll_fd_ctl_write: 0x12ba9c0: fd (fd:0, idx:1), active : 1
0:00:00.023216975  2471 0x1dbc370 DEBUG   GST_REGISTRY gstregistry.c:589:gst_registry_add_feature: adding feature 0x1dddb40 (clocksync)
0:00:00.018429831  2472 0x12b2320 LOG   GST_POLL gstpoll.c:994:gst_poll_fd_ctl_write: 0x12ba9c0: pfd->events now 60 (POLLOUT:4)
0:00:00.018437683  2472 0x12b2320 DEBUG   GST_POLL gstpoll.c:979:gst_poll_fd_ctl_write: 0x12ba9c0: fd (fd:0, idx:1), active : 1
0:00:00.023226179  2471 0x1dbc370 DEBUG   GST_REFCOUNTING gstobject.c:708:gst_object_set_parent: set parent (ref and sink)
0:00:00.018446506  2472 0x12b2320 LOG   GST_POLL gstpoll.c:994:gst_poll_fd_ctl_write: 0x12ba9c0: pfd->events now 60 (POLLOUT:4)
0:00:00.023238803  2471 0x1dbc370 TRACE   GST_REFCOUNTING gstobject.c:292:gst_object_ref_sink: 0x1dddb40 ref_sink 1->2
0:00:00.018453994  2472 0x12b2320 DEBUG   GST_POLL gstpoll.c:979:gst_poll_fd_ctl_write: 0x12ba9c0: fd (fd:0, idx:1), active : 1
0:00:00.023246384  2471 0x1dbc370 LOG   GST_REGISTRY gstregistry.c:607:gst_registry_add_feature: emitting feature-added for clocksync
0:00:00.018460498  2472 0x12b2320 LOG   GST_POLL gstpoll.c:994:gst_poll_fd_ctl_write: 0x12ba9c0: pfd->events now 60 (POLLOUT:4)
0:00:00.023253954  2471 0x1dbc370 DEBUG   GST_REGISTRY gstregistrychunks.c:741:gst_registry_chunks_load_feature: Added feature clocksync, plugin 0x1dd77a0 coreelements
0:00:00.018467142  2472 0x12b2320 DEBUG   GST_POLL gstpoll.c:979:gst_poll_fd_ctl_write: 0x12ba9c0: fd (fd:0, idx:1), active : 1
0:00:00.023261445  2471 0x1dbc370 DEBUG   GST_REGISTRY gstregistrychunks.c:583:gst_registry_chunks_load_feature: Plugin 'coreelements' feature 'capsfilter' typename : 'GstElementFactory'
0:00:00.018473346  2472 0x12b2320 LOG   GST_POLL gstpoll.c:994:gst_poll_fd_ctl_write: 0x12ba9c0: pfd->events now 60 (POLLOUT:4)
0:00:00.018481138  2472 0x12b2320 DEBUG   GST_POLL gstpoll.c:979:gst_poll_fd_ctl_write: 0x12ba9c0: fd (fd:0, idx:1), active : 1
0:00:00.023270836  2471 0x1dbc370 TRACE   GST_REFCOUNTING gstobject.c:208:gst_object_init: 0x1dde7b0 new
0:00:00.018491603  2472 0x12b2320 LOG   GST_POLL gstpoll.c:994:gst_poll_fd_ctl_write: 0x12ba9c0: pfd->events now 60 (POLLOUT:4)
0:00:00.023285063  2471 0x1dbc370 LOG   GST_REGISTRY gstregistrychunks.c:610:gst_registry_chunks_load_feature: Reading/casting for GstRegistryChunkElementFactory at address 0x1dd9510
0:00:00.018504227  2472 0x12b2320 TRACE   GST_REFCOUNTING gstobject.c:264:gst_object_unref: 0x12ce7c0 unref 2->1
0:00:00.023297811  2471 0x1dbc370 TRACE   structure gststructure.c:292:gst_structure_new_id_empty_with_size: created structure 0x1dde930
0:00:00.018515574  2472 0x12b2320 DEBUG   GST_POLL gstpoll.c:1241:gst_poll_fd_has_error: 0x12ba9c0: fd (fd:0, idx:1) 0
0:00:00.023307579  2471 0x1dbc370 DEBUG   structure gststructure.c:2258:gst_structure_parse_field: trying field name 'long-name'
0:00:00.018523279  2472 0x12b2320 DEBUG   GST_POLL gstpoll.c:1335:gst_poll_fd_can_write: 0x12ba9c0: fd (fd:0, idx:1) 1
0:00:00.023314510  2471 0x1dbc370 DEBUG   default gstvalue.c:2776:_priv_gst_value_parse_value: trying type name 'string'
0:00:00.018530078  2472 0x12b2320 LOG   GST_PLUGIN_LOADING gstpluginloader.c:689:write_one: Writing packet of size 528 bytes to fd 0
0:00:00.023322387  2471 0x1dbc370 DEBUG   structure gststructure.c:2258:gst_structure_parse_field: trying field name 'klass'
0:00:00.023328320  2471 0x1dbc370 DEBUG   default gstvalue.c:2776:_priv_gst_value_parse_value: trying type name 'string'
0:00:00.018541480  2472 0x12b2320 DEBUG   GST_POLL gstpoll.c:1414:gst_poll_wait: 0x12ba9c0: timeout :0:00:01.000000000
0:00:00.023334255  2471 0x1dbc370 DEBUG   structure gststructure.c:2258:gst_structure_parse_field: trying field name 'description'
0:00:00.023340182  2471 0x1dbc370 DEBUG   default gstvalue.c:2776:_priv_gst_value_parse_value: trying type name 'string'
0:00:00.018552209  2472 0x12b2320 LOG   GST_PLUGIN_LOADING gstpluginloader.c:1026:exchange_packets: Poll res = 2. 6872 bytes pending for write
0:00:00.023347301  2471 0x1dbc370 DEBUG   structure gststructure.c:2258:gst_structure_parse_field: trying field name 'author'
0:00:00.018559429  2472 0x12b2320 DEBUG   GST_POLL gstpoll.c:1241:gst_poll_fd_has_error: 0x12ba9c0: fd (fd:5, idx:2) 0
0:00:00.023355424  2471 0x1dbc370 DEBUG   default gstvalue.c:2776:_priv_gst_value_parse_value: trying type name 'string'
0:00:00.018569282  2472 0x12b2320 DEBUG   GST_POLL gstpoll.c:1266:gst_poll_fd_can_read_unlocked: 0x12ba9c0: fd (fd:5, idx:2) 1
0:00:00.023363939  2471 0x1dbc370 DEBUG   GST_REGISTRY gstregistrychunks.c:627:gst_registry_chunks_load_feature: Element factory : npadtemplates=2
0:00:00.018578929  2472 0x12b2320 LOG   GST_PLUGIN_LOADING gstpluginloader.c:1004:read_one: No payload to read for 0 length packet type 1 tag 0
0:00:00.023370260  2471 0x1dbc370 DEBUG   GST_REGISTRY gstregistrychunks.c:526:gst_registry_chunks_load_pad_template: Reading/casting for GstRegistryChunkPadTemplate at address 0x1dd95f0
0:00:00.018586775  2472 0x12b2320 DEBUG   GST_POLL gstpoll.c:1014:gst_poll_fd_ctl_read_unlocked: 0x12ba9c0: fd (fd:5, idx:2), active : 0
0:00:00.023383705  2471 0x1dbc370 DEBUG   GST_REGISTRY gstregistrychunks.c:540:gst_registry_chunks_load_pad_template: Added pad_template sink
0:00:00.018596548  2472 0x12b2320 DEBUG   GST_POLL gstpoll.c:979:gst_poll_fd_ctl_write: 0x12ba9c0: fd (fd:0, idx:1), active : 1
0:00:00.023389639  2471 0x1dbc370 DEBUG   GST_REGISTRY gstregistrychunks.c:526:gst_registry_chunks_load_pad_template: Reading/casting for GstRegistryChunkPadTemplate at address 0x1dd9608
0:00:00.018602672  2472 0x12b2320 LOG   GST_POLL gstpoll.c:994:gst_poll_fd_ctl_write: 0x12ba9c0: pfd->events now 60 (POLLOUT:4)
0:00:00.023395659  2471 0x1dbc370 DEBUG   GST_REGISTRY gstregistrychunks.c:540:gst_registry_chunks_load_pad_template: Added pad_template src
0:00:00.018609019  2472 0x12b2320 DEBUG   GST_POLL gstpoll.c:1241:gst_poll_fd_has_error: 0x12ba9c0: fd (fd:0, idx:1) 0
0:00:00.023404059  2471 0x1dbc370 DEBUG   GST_REGISTRY gstregistry.c:589:gst_registry_add_feature: adding feature 0x1dde7b0 (capsfilter)
0:00:00.018615599  2472 0x12b2320 DEBUG   GST_POLL gstpoll.c:1335:gst_poll_fd_can_write: 0x12ba9c0: fd (fd:0, idx:1) 1
0:00:00.023410548  2471 0x1dbc370 DEBUG   GST_REFCOUNTING gstobject.c:708:gst_object_set_parent: set parent (ref and sink)
0:00:00.018624783  2472 0x12b2320 LOG   GST_PLUGIN_LOADING gstpluginloader.c:689:write_one: Writing packet of size 6872 bytes to fd 0
0:00:00.023421433  2471 0x1dbc370 TRACE   GST_REFCOUNTING gstobject.c:292:gst_object_ref_sink: 0x1dde7b0 ref_sink 1->2
0:00:00.018637471  2472 0x12b2320 DEBUG   GST_POLL gstpoll.c:1414:gst_poll_wait: 0x12ba9c0: timeout :0:00:01.000000000
0:00:00.023429435  2471 0x1dbc370 LOG   GST_REGISTRY gstregistry.c:607:gst_registry_add_feature: emitting feature-added for capsfilter
0:00:00.018646176  2472 0x12b2320 LOG   GST_PLUGIN_LOADING gstpluginloader.c:1026:exchange_packets: Poll res = 1. 12 bytes pending for write
0:00:00.023436796  2471 0x1dbc370 DEBUG   GST_REGISTRY gstregistrychunks.c:741:gst_registry_chunks_load_feature: Added feature capsfilter, plugin 0x1dd77a0 coreelements
0:00:00.018653262  2472 0x12b2320 DEBUG   GST_POLL gstpoll.c:1241:gst_poll_fd_has_error: 0x12ba9c0: fd (fd:0, idx:1) 0
0:00:00.023446611  2471 0x1dbc370 LOG   GST_PLUGIN_LOADING gstpluginloader.c:886:handle_rx_packet: marking plugin 0x1dd77a0 as registered as /home/conan/w/prod/BuildSingleReference/.conan/data/gstreamer/1.19.2/_/_/package/79b6a76dab3879a2afba8d14ba028b620dd3f25b/lib/gstreamer-1.0/libgstcoreelements.so
0:00:00.018659486  2472 0x12b2320 DEBUG   GST_POLL gstpoll.c:1335:gst_poll_fd_can_write: 0x12ba9c0: fd (fd:0, idx:1) 1
0:00:00.018666396  2472 0x12b2320 LOG   GST_PLUGIN_LOADING gstpluginloader.c:689:write_one: Writing packet of size 12 bytes to fd 0
0:00:00.023457580  2471 0x1dbc370 DEBUG   GST_POLL gstpoll.c:1414:gst_poll_wait: 0x1dd5d00: timeout :0:00:01.000000000
0:00:00.018687543  2472 0x12b2320 DEBUG   GST_POLL gstpoll.c:979:gst_poll_fd_ctl_write: 0x12ba9c0: fd (fd:0, idx:1), active : 0
0:00:00.018696394  2472 0x12b2320 LOG   GST_POLL gstpoll.c:994:gst_poll_fd_ctl_write: 0x12ba9c0: pfd->events now 56 (POLLOUT:4)
0:00:00.023485315  2471 0x1dbc370 LOG   GST_PLUGIN_LOADING gstpluginloader.c:1026:exchange_packets: Poll res = 1. 0 bytes pending for write
0:00:00.023497283  2471 0x1dbc370 DEBUG   GST_POLL gstpoll.c:1241:gst_poll_fd_has_error: 0x1dd5d00: fd (fd:8, idx:2) 0
0:00:00.023504517  2471 0x1dbc370 DEBUG   GST_POLL gstpoll.c:1266:gst_poll_fd_can_read_unlocked: 0x1dd5d00: fd (fd:8, idx:2) 1
0:00:00.018716176  2472 0x12b2320 DEBUG   GST_POLL gstpoll.c:772:gst_poll_free: 0x12ba9c0: freeing
0:00:00.023515844  2471 0x1dbc370 DEBUG   GST_PLUGIN_LOADING gstpluginloader.c:847:handle_rx_packet: Received plugin details from child w/ tag 2. 516 bytes info
0:00:00.023522883  2471 0x1dbc370 LOG   GST_REGISTRY gstregistrychunks.c:837:_priv_gst_registry_chunks_load_plugin: Reading/casting for GstRegistryChunkPluginElement at address 0x1dd7b50
0:00:00.023530323  2471 0x1dbc370 TRACE   GST_REFCOUNTING gstobject.c:208:gst_object_init: 0x1ddec70 new
0:00:00.023541750  2471 0x1dbc370 LOG   GST_REGISTRY gstregistrychunks.c:859:_priv_gst_registry_chunks_load_plugin: read strings for name='coretracers'
0:00:00.023550003  2471 0x1dbc370 LOG   GST_REGISTRY gstregistrychunks.c:860:_priv_gst_registry_chunks_load_plugin: desc.description='GStreamer core tracers'
0:00:00.023557228  2471 0x1dbc370 LOG   GST_REGISTRY gstregistrychunks.c:861:_priv_gst_registry_chunks_load_plugin: filename='/home/conan/w/prod/BuildSingleReference/.conan/data/gstreamer/1.19.2/_/_/package/79b6a76dab3879a2afba8d14ba028b620dd3f25b/lib/gstreamer-1.0/libgstcoretracers.so'
0:00:00.023563188  2471 0x1dbc370 LOG   GST_REGISTRY gstregistrychunks.c:862:_priv_gst_registry_chunks_load_plugin: desc.version='1.19.2'
0:00:00.023568214  2471 0x1dbc370 LOG   GST_REGISTRY gstregistrychunks.c:863:_priv_gst_registry_chunks_load_plugin: desc.license='LGPL'
0:00:00.023573311  2471 0x1dbc370 LOG   GST_REGISTRY gstregistrychunks.c:864:_priv_gst_registry_chunks_load_plugin: desc.source='gstreamer'
0:00:00.023578307  2471 0x1dbc370 LOG   GST_REGISTRY gstregistrychunks.c:865:_priv_gst_registry_chunks_load_plugin: desc.package='GStreamer source release'
0:00:00.023583485  2471 0x1dbc370 LOG   GST_REGISTRY gstregistrychunks.c:866:_priv_gst_registry_chunks_load_plugin: desc.origin='Unknown package origin'
0:00:00.023588443  2471 0x1dbc370 LOG   GST_REGISTRY gstregistrychunks.c:867:_priv_gst_registry_chunks_load_plugin: desc.datetime=2021-09-23
0:00:00.023601208  2471 0x1dbc370 DEBUG   GST_REGISTRY gstregistry.c:446:gst_registry_add_plugin: Replacing existing plugin "/home/conan/w/prod/BuildSingleReference/.conan/data/gstreamer/1.19.2/_/_/package/79b6a76dab3879a2afba8d14ba028b620dd3f25b/lib/gstreamer-1.0/libgstcoretracers.so" 0x1dd6230 with new plugin 0x1ddec70 for filename "/home/conan/w/prod/BuildSingleReference/.conan/data/gstreamer/1.19.2/_/_/package/79b6a76dab3879a2afba8d14ba028b620dd3f25b/lib/gstreamer-1.0/libgstcoretracers.so"
0:00:00.023621142  2471 0x1dbc370 TRACE   GST_REFCOUNTING gstobject.c:264:gst_object_unref: 0x1dd6230 unref 1->0
0:00:00.023629823  2471 0x1dbc370 TRACE   GST_REFCOUNTING gstobject.c:381:gst_object_dispose: 0x1dd6230 dispose
0:00:00.023639052  2471 0x1dbc370 DEBUG   GST_PLUGIN_LOADING gstplugin.c:132:gst_plugin_finalize: finalizing plugin
0:00:00.023648543  2471 0x1dbc370 TRACE   GST_REFCOUNTING gstobject.c:423:gst_object_finalize: 0x1dd6230 finalize
0:00:00.023664683  2471 0x1dbc370 DEBUG   GST_REGISTRY gstregistry.c:473:gst_registry_add_plugin: adding plugin 0x1ddec70 for filename "/home/conan/w/prod/BuildSingleReference/.conan/data/gstreamer/1.19.2/_/_/package/79b6a76dab3879a2afba8d14ba028b620dd3f25b/lib/gstreamer-1.0/libgstcoretracers.so"
0:00:00.023672437  2471 0x1dbc370 TRACE   GST_REFCOUNTING gstobject.c:292:gst_object_ref_sink: 0x1ddec70 ref_sink 1->2
0:00:00.023679492  2471 0x1dbc370 LOG   GST_REGISTRY gstregistry.c:486:gst_registry_add_plugin: emitting plugin-added for filename "/home/conan/w/prod/BuildSingleReference/.conan/data/gstreamer/1.19.2/_/_/package/79b6a76dab3879a2afba8d14ba028b620dd3f25b/lib/gstreamer-1.0/libgstcoretracers.so"
0:00:00.023689415  2471 0x1dbc370 DEBUG   GST_REGISTRY gstregistrychunks.c:887:_priv_gst_registry_chunks_load_plugin: Added plugin 'coretracers' plugin with 6 features from binary registry
0:00:00.023697303  2471 0x1dbc370 DEBUG   GST_REGISTRY gstregistrychunks.c:583:gst_registry_chunks_load_feature: Plugin 'coretracers' feature 'factories' typename : 'GstTracerFactory'
0:00:00.023706583  2471 0x1dbc370 TRACE   GST_REFCOUNTING gstobject.c:208:gst_object_init: 0x1dde3a0 new
0:00:00.023716013  2471 0x1dbc370 DEBUG   GST_REGISTRY gstregistrychunks.c:717:gst_registry_chunks_load_feature: Reading/casting for GstRegistryChunkPluginFeature at address 0x1dd7ca0
0:00:00.023723600  2471 0x1dbc370 DEBUG   GST_REGISTRY gstregistry.c:580:gst_registry_add_feature: replacing existing feature 0x1dd6da0 (factories)
0:00:00.023730773  2471 0x1dbc370 DEBUG   GST_REGISTRY gstregistry.c:589:gst_registry_add_feature: adding feature 0x1dde3a0 (factories)
0:00:00.023736764  2471 0x1dbc370 TRACE   GST_REFCOUNTING gstobject.c:788:gst_object_unparent: unparent
0:00:00.023743834  2471 0x1dbc370 TRACE   GST_REFCOUNTING gstobject.c:264:gst_object_unref: 0x1dd6da0 unref 1->0
0:00:00.023753399  2471 0x1dbc370 TRACE   GST_REFCOUNTING gstobject.c:381:gst_object_dispose: 0x1dd6da0 dispose
0:00:00.023762094  2471 0x1dbc370 DEBUG   GST_PLUGIN_LOADING gstpluginfeature.c:67:gst_plugin_feature_finalize: finalizing feature 0x1dd6da0: 'factories'
0:00:00.023768570  2471 0x1dbc370 TRACE   GST_REFCOUNTING gstobject.c:423:gst_object_finalize: 0x1dd6da0 finalize
0:00:00.023775467  2471 0x1dbc370 DEBUG   GST_REFCOUNTING gstobject.c:708:gst_object_set_parent: set parent (ref and sink)
0:00:00.023782235  2471 0x1dbc370 TRACE   GST_REFCOUNTING gstobject.c:292:gst_object_ref_sink: 0x1dde3a0 ref_sink 1->2
0:00:00.023794541  2471 0x1dbc370 LOG   GST_REGISTRY gstregistry.c:607:gst_registry_add_feature: emitting feature-added for factories
0:00:00.023801228  2471 0x1dbc370 DEBUG   GST_REGISTRY gstregistrychunks.c:741:gst_registry_chunks_load_feature: Added feature factories, plugin 0x1ddec70 coretracers
0:00:00.023807708  2471 0x1dbc370 DEBUG   GST_REGISTRY gstregistrychunks.c:583:gst_registry_chunks_load_feature: Plugin 'coretracers' feature 'leaks' typename : 'GstTracerFactory'
0:00:00.023818423  2471 0x1dbc370 TRACE   GST_REFCOUNTING gstobject.c:208:gst_object_init: 0x1dd6da0 new
0:00:00.023827835  2471 0x1dbc370 DEBUG   GST_REGISTRY gstregistrychunks.c:717:gst_registry_chunks_load_feature: Reading/casting for GstRegistryChunkPluginFeature at address 0x1dd7cc0
0:00:00.023835827  2471 0x1dbc370 DEBUG   GST_REGISTRY gstregistry.c:580:gst_registry_add_feature: replacing existing feature 0x1dd6fe0 (leaks)
0:00:00.023842729  2471 0x1dbc370 DEBUG   GST_REGISTRY gstregistry.c:589:gst_registry_add_feature: adding feature 0x1dd6da0 (leaks)
0:00:00.023848206  2471 0x1dbc370 TRACE   GST_REFCOUNTING gstobject.c:788:gst_object_unparent: unparent
0:00:00.023854976  2471 0x1dbc370 TRACE   GST_REFCOUNTING gstobject.c:264:gst_object_unref: 0x1dd6fe0 unref 1->0
0:00:00.023861441  2471 0x1dbc370 TRACE   GST_REFCOUNTING gstobject.c:381:gst_object_dispose: 0x1dd6fe0 dispose
0:00:00.023868093  2471 0x1dbc370 DEBUG   GST_PLUGIN_LOADING gstpluginfeature.c:67:gst_plugin_feature_finalize: finalizing feature 0x1dd6fe0: 'leaks'
0:00:00.023877136  2471 0x1dbc370 TRACE   GST_REFCOUNTING gstobject.c:423:gst_object_finalize: 0x1dd6fe0 finalize
0:00:00.023885191  2471 0x1dbc370 DEBUG   GST_REFCOUNTING gstobject.c:708:gst_object_set_parent: set parent (ref and sink)
0:00:00.023892798  2471 0x1dbc370 TRACE   GST_REFCOUNTING gstobject.c:292:gst_object_ref_sink: 0x1dd6da0 ref_sink 1->2
0:00:00.023899356  2471 0x1dbc370 LOG   GST_REGISTRY gstregistry.c:607:gst_registry_add_feature: emitting feature-added for leaks
0:00:00.023905704  2471 0x1dbc370 DEBUG   GST_REGISTRY gstregistrychunks.c:741:gst_registry_chunks_load_feature: Added feature leaks, plugin 0x1ddec70 coretracers
0:00:00.023912099  2471 0x1dbc370 DEBUG   GST_REGISTRY gstregistrychunks.c:583:gst_registry_chunks_load_feature: Plugin 'coretracers' feature 'stats' typename : 'GstTracerFactory'
0:00:00.023919393  2471 0x1dbc370 TRACE   GST_REFCOUNTING gstobject.c:208:gst_object_init: 0x1dd6fe0 new
0:00:00.023927538  2471 0x1dbc370 DEBUG   GST_REGISTRY gstregistrychunks.c:717:gst_registry_chunks_load_feature: Reading/casting for GstRegistryChunkPluginFeature at address 0x1dd7ce0
0:00:00.023938850  2471 0x1dbc370 DEBUG   GST_REGISTRY gstregistry.c:580:gst_registry_add_feature: replacing existing feature 0x1dd71a0 (stats)
0:00:00.023946993  2471 0x1dbc370 DEBUG   GST_REGISTRY gstregistry.c:589:gst_registry_add_feature: adding feature 0x1dd6fe0 (stats)
0:00:00.023952991  2471 0x1dbc370 TRACE   GST_REFCOUNTING gstobject.c:788:gst_object_unparent: unparent
0:00:00.023965223  2471 0x1dbc370 TRACE   GST_REFCOUNTING gstobject.c:264:gst_object_unref: 0x1dd71a0 unref 1->0
0:00:00.023972652  2471 0x1dbc370 TRACE   GST_REFCOUNTING gstobject.c:381:gst_object_dispose: 0x1dd71a0 dispose
0:00:00.023979461  2471 0x1dbc370 DEBUG   GST_PLUGIN_LOADING gstpluginfeature.c:67:gst_plugin_feature_finalize: finalizing feature 0x1dd71a0: 'stats'
0:00:00.023985421  2471 0x1dbc370 TRACE   GST_REFCOUNTING gstobject.c:423:gst_object_finalize: 0x1dd71a0 finalize
0:00:00.023991627  2471 0x1dbc370 DEBUG   GST_REFCOUNTING gstobject.c:708:gst_object_set_parent: set parent (ref and sink)
0:00:00.024001903  2471 0x1dbc370 TRACE   GST_REFCOUNTING gstobject.c:292:gst_object_ref_sink: 0x1dd6fe0 ref_sink 1->2
0:00:00.024009382  2471 0x1dbc370 LOG   GST_REGISTRY gstregistry.c:607:gst_registry_add_feature: emitting feature-added for stats
0:00:00.024015818  2471 0x1dbc370 DEBUG   GST_REGISTRY gstregistrychunks.c:741:gst_registry_chunks_load_feature: Added feature stats, plugin 0x1ddec70 coretracers
0:00:00.024021989  2471 0x1dbc370 DEBUG   GST_REGISTRY gstregistrychunks.c:583:gst_registry_chunks_load_feature: Plugin 'coretracers' feature 'rusage' typename : 'GstTracerFactory'
0:00:00.024029513  2471 0x1dbc370 TRACE   GST_REFCOUNTING gstobject.c:208:gst_object_init: 0x1dd71a0 new
0:00:00.024037559  2471 0x1dbc370 DEBUG   GST_REGISTRY gstregistrychunks.c:717:gst_registry_chunks_load_feature: Reading/casting for GstRegistryChunkPluginFeature at address 0x1dd7d00
0:00:00.024045163  2471 0x1dbc370 DEBUG   GST_REGISTRY gstregistry.c:580:gst_registry_add_feature: replacing existing feature 0x1dd7360 (rusage)
0:00:00.024052023  2471 0x1dbc370 DEBUG   GST_REGISTRY gstregistry.c:589:gst_registry_add_feature: adding feature 0x1dd71a0 (rusage)
0:00:00.024060228  2471 0x1dbc370 TRACE   GST_REFCOUNTING gstobject.c:788:gst_object_unparent: unparent
0:00:00.024068877  2471 0x1dbc370 TRACE   GST_REFCOUNTING gstobject.c:264:gst_object_unref: 0x1dd7360 unref 1->0
0:00:00.024075953  2471 0x1dbc370 TRACE   GST_REFCOUNTING gstobject.c:381:gst_object_dispose: 0x1dd7360 dispose
0:00:00.024083076  2471 0x1dbc370 DEBUG   GST_PLUGIN_LOADING gstpluginfeature.c:67:gst_plugin_feature_finalize: finalizing feature 0x1dd7360: 'rusage'
0:00:00.024088915  2471 0x1dbc370 TRACE   GST_REFCOUNTING gstobject.c:423:gst_object_finalize: 0x1dd7360 finalize
0:00:00.024095311  2471 0x1dbc370 DEBUG   GST_REFCOUNTING gstobject.c:708:gst_object_set_parent: set parent (ref and sink)
0:00:00.024102116  2471 0x1dbc370 TRACE   GST_REFCOUNTING gstobject.c:292:gst_object_ref_sink: 0x1dd71a0 ref_sink 1->2
0:00:00.024108471  2471 0x1dbc370 LOG   GST_REGISTRY gstregistry.c:607:gst_registry_add_feature: emitting feature-added for rusage
0:00:00.024117682  2471 0x1dbc370 DEBUG   GST_REGISTRY gstregistrychunks.c:741:gst_registry_chunks_load_feature: Added feature rusage, plugin 0x1ddec70 coretracers
0:00:00.024129514  2471 0x1dbc370 DEBUG   GST_REGISTRY gstregistrychunks.c:583:gst_registry_chunks_load_feature: Plugin 'coretracers' feature 'log' typename : 'GstTracerFactory'
0:00:00.024137668  2471 0x1dbc370 TRACE   GST_REFCOUNTING gstobject.c:208:gst_object_init: 0x1dd7360 new
0:00:00.024145823  2471 0x1dbc370 DEBUG   GST_REGISTRY gstregistrychunks.c:717:gst_registry_chunks_load_feature: Reading/casting for GstRegistryChunkPluginFeature at address 0x1dd7d20
0:00:00.024152722  2471 0x1dbc370 DEBUG   GST_REGISTRY gstregistry.c:580:gst_registry_add_feature: replacing existing feature 0x1dd7520 (log)
0:00:00.024159426  2471 0x1dbc370 DEBUG   GST_REGISTRY gstregistry.c:589:gst_registry_add_feature: adding feature 0x1dd7360 (log)
0:00:00.024164908  2471 0x1dbc370 TRACE   GST_REFCOUNTING gstobject.c:788:gst_object_unparent: unparent
0:00:00.024171646  2471 0x1dbc370 TRACE   GST_REFCOUNTING gstobject.c:264:gst_object_unref: 0x1dd7520 unref 1->0
0:00:00.024181767  2471 0x1dbc370 TRACE   GST_REFCOUNTING gstobject.c:381:gst_object_dispose: 0x1dd7520 dispose
0:00:00.024190111  2471 0x1dbc370 DEBUG   GST_PLUGIN_LOADING gstpluginfeature.c:67:gst_plugin_feature_finalize: finalizing feature 0x1dd7520: 'log'
0:00:00.024196513  2471 0x1dbc370 TRACE   GST_REFCOUNTING gstobject.c:423:gst_object_finalize: 0x1dd7520 finalize
0:00:00.024203296  2471 0x1dbc370 DEBUG   GST_REFCOUNTING gstobject.c:708:gst_object_set_parent: set parent (ref and sink)
0:00:00.024210041  2471 0x1dbc370 TRACE   GST_REFCOUNTING gstobject.c:292:gst_object_ref_sink: 0x1dd7360 ref_sink 1->2
0:00:00.024216503  2471 0x1dbc370 LOG   GST_REGISTRY gstregistry.c:607:gst_registry_add_feature: emitting feature-added for log
0:00:00.024222936  2471 0x1dbc370 DEBUG   GST_REGISTRY gstregistrychunks.c:741:gst_registry_chunks_load_feature: Added feature log, plugin 0x1ddec70 coretracers
0:00:00.024229391  2471 0x1dbc370 DEBUG   GST_REGISTRY gstregistrychunks.c:583:gst_registry_chunks_load_feature: Plugin 'coretracers' feature 'latency' typename : 'GstTracerFactory'
0:00:00.024239857  2471 0x1dbc370 TRACE   GST_REFCOUNTING gstobject.c:208:gst_object_init: 0x1dd7520 new
0:00:00.024249445  2471 0x1dbc370 DEBUG   GST_REGISTRY gstregistrychunks.c:717:gst_registry_chunks_load_feature: Reading/casting for GstRegistryChunkPluginFeature at address 0x1dd7d48
0:00:00.024257426  2471 0x1dbc370 DEBUG   GST_REGISTRY gstregistry.c:580:gst_registry_add_feature: replacing existing feature 0x1dd7a50 (latency)
0:00:00.024264299  2471 0x1dbc370 DEBUG   GST_REGISTRY gstregistry.c:589:gst_registry_add_feature: adding feature 0x1dd7520 (latency)
0:00:00.024269935  2471 0x1dbc370 TRACE   GST_REFCOUNTING gstobject.c:788:gst_object_unparent: unparent
0:00:00.024277019  2471 0x1dbc370 TRACE   GST_REFCOUNTING gstobject.c:264:gst_object_unref: 0x1dd7a50 unref 1->0
0:00:00.024283575  2471 0x1dbc370 TRACE   GST_REFCOUNTING gstobject.c:381:gst_object_dispose: 0x1dd7a50 dispose
0:00:00.024302623  2471 0x1dbc370 DEBUG   GST_PLUGIN_LOADING gstpluginfeature.c:67:gst_plugin_feature_finalize: finalizing feature 0x1dd7a50: 'latency'
0:00:00.024312657  2471 0x1dbc370 TRACE   GST_REFCOUNTING gstobject.c:423:gst_object_finalize: 0x1dd7a50 finalize
0:00:00.024321018  2471 0x1dbc370 DEBUG   GST_REFCOUNTING gstobject.c:708:gst_object_set_parent: set parent (ref and sink)
0:00:00.024328519  2471 0x1dbc370 TRACE   GST_REFCOUNTING gstobject.c:292:gst_object_ref_sink: 0x1dd7520 ref_sink 1->2
0:00:00.024334687  2471 0x1dbc370 LOG   GST_REGISTRY gstregistry.c:607:gst_registry_add_feature: emitting feature-added for latency
0:00:00.024341249  2471 0x1dbc370 DEBUG   GST_REGISTRY gstregistrychunks.c:741:gst_registry_chunks_load_feature: Added feature latency, plugin 0x1ddec70 coretracers
0:00:00.024348549  2471 0x1dbc370 LOG   GST_PLUGIN_LOADING gstpluginloader.c:886:handle_rx_packet: marking plugin 0x1ddec70 as registered as /home/conan/w/prod/BuildSingleReference/.conan/data/gstreamer/1.19.2/_/_/package/79b6a76dab3879a2afba8d14ba028b620dd3f25b/lib/gstreamer-1.0/libgstcoretracers.so
0:00:00.024357739  2471 0x1dbc370 DEBUG   GST_POLL gstpoll.c:1414:gst_poll_wait: 0x1dd5d00: timeout :0:00:01.000000000
0:00:00.024368047  2471 0x1dbc370 LOG   GST_PLUGIN_LOADING gstpluginloader.c:1026:exchange_packets: Poll res = 2. 0 bytes pending for write
0:00:00.024377410  2471 0x1dbc370 DEBUG   GST_POLL gstpoll.c:1241:gst_poll_fd_has_error: 0x1dd5d00: fd (fd:8, idx:2) 0
0:00:00.024384050  2471 0x1dbc370 DEBUG   GST_POLL gstpoll.c:1266:gst_poll_fd_can_read_unlocked: 0x1dd5d00: fd (fd:8, idx:2) 1
0:00:00.024397203  2471 0x1dbc370 DEBUG   GST_PLUGIN_LOADING gstpluginloader.c:847:handle_rx_packet: Received plugin details from child w/ tag 3. 6860 bytes info
0:00:00.024403516  2471 0x1dbc370 LOG   GST_REGISTRY gstregistrychunks.c:837:_priv_gst_registry_chunks_load_plugin: Reading/casting for GstRegistryChunkPluginElement at address 0x1dd7b50
0:00:00.024410395  2471 0x1dbc370 TRACE   GST_REFCOUNTING gstobject.c:208:gst_object_init: 0x1ddedb0 new
0:00:00.024424644  2471 0x1dbc370 LOG   GST_REGISTRY gstregistrychunks.c:859:_priv_gst_registry_chunks_load_plugin: read strings for name='coreelements'
0:00:00.024431337  2471 0x1dbc370 LOG   GST_REGISTRY gstregistrychunks.c:860:_priv_gst_registry_chunks_load_plugin: desc.description='GStreamer core elements'
0:00:00.024437496  2471 0x1dbc370 LOG   GST_REGISTRY gstregistrychunks.c:861:_priv_gst_registry_chunks_load_plugin: filename='/home/conan/w/prod/BuildSingleReference/.conan/data/gstreamer/1.19.2/_/_/package/79b6a76dab3879a2afba8d14ba028b620dd3f25b/lib/gstreamer-1.0/libgstcoreelements.so'
0:00:00.024442976  2471 0x1dbc370 LOG   GST_REGISTRY gstregistrychunks.c:862:_priv_gst_registry_chunks_load_plugin: desc.version='1.19.2'
0:00:00.024447963  2471 0x1dbc370 LOG   GST_REGISTRY gstregistrychunks.c:863:_priv_gst_registry_chunks_load_plugin: desc.license='LGPL'
0:00:00.024452738  2471 0x1dbc370 LOG   GST_REGISTRY gstregistrychunks.c:864:_priv_gst_registry_chunks_load_plugin: desc.source='gstreamer'
0:00:00.024462938  2471 0x1dbc370 LOG   GST_REGISTRY gstregistrychunks.c:865:_priv_gst_registry_chunks_load_plugin: desc.package='GStreamer source release'
0:00:00.024482784  2471 0x1dbc370 LOG   GST_REGISTRY gstregistrychunks.c:866:_priv_gst_registry_chunks_load_plugin: desc.origin='Unknown package origin'
0:00:00.024489180  2471 0x1dbc370 LOG   GST_REGISTRY gstregistrychunks.c:867:_priv_gst_registry_chunks_load_plugin: desc.datetime=2021-09-23
0:00:00.024500384  2471 0x1dbc370 DEBUG   GST_REGISTRY gstregistry.c:446:gst_registry_add_plugin: Replacing existing plugin "/home/conan/w/prod/BuildSingleReference/.conan/data/gstreamer/1.19.2/_/_/package/79b6a76dab3879a2afba8d14ba028b620dd3f25b/lib/gstreamer-1.0/libgstcoreelements.so" 0x1dd77a0 with new plugin 0x1ddedb0 for filename "/home/conan/w/prod/BuildSingleReference/.conan/data/gstreamer/1.19.2/_/_/package/79b6a76dab3879a2afba8d14ba028b620dd3f25b/lib/gstreamer-1.0/libgstcoreelements.so"
0:00:00.024508523  2471 0x1dbc370 TRACE   GST_REFCOUNTING gstobject.c:264:gst_object_unref: 0x1dd77a0 unref 1->0
0:00:00.024515020  2471 0x1dbc370 TRACE   GST_REFCOUNTING gstobject.c:381:gst_object_dispose: 0x1dd77a0 dispose
0:00:00.024522537  2471 0x1dbc370 DEBUG   GST_PLUGIN_LOADING gstplugin.c:132:gst_plugin_finalize: finalizing plugin
0:00:00.024528890  2471 0x1dbc370 TRACE   GST_REFCOUNTING gstobject.c:423:gst_object_finalize: 0x1dd77a0 finalize
0:00:00.024540150  2471 0x1dbc370 DEBUG   GST_REGISTRY gstregistry.c:473:gst_registry_add_plugin: adding plugin 0x1ddedb0 for filename "/home/conan/w/prod/BuildSingleReference/.conan/data/gstreamer/1.19.2/_/_/package/79b6a76dab3879a2afba8d14ba028b620dd3f25b/lib/gstreamer-1.0/libgstcoreelements.so"
0:00:00.024548693  2471 0x1dbc370 TRACE   GST_REFCOUNTING gstobject.c:292:gst_object_ref_sink: 0x1ddedb0 ref_sink 1->2
0:00:00.024556160  2471 0x1dbc370 LOG   GST_REGISTRY gstregistry.c:486:gst_registry_add_plugin: emitting plugin-added for filename "/home/conan/w/prod/BuildSingleReference/.conan/data/gstreamer/1.19.2/_/_/package/79b6a76dab3879a2afba8d14ba028b620dd3f25b/lib/gstreamer-1.0/libgstcoreelements.so"
0:00:00.024563167  2471 0x1dbc370 DEBUG   GST_REGISTRY gstregistrychunks.c:887:_priv_gst_registry_chunks_load_plugin: Added plugin 'coreelements' plugin with 22 features from binary registry
0:00:00.024570027  2471 0x1dbc370 DEBUG   GST_REGISTRY gstregistrychunks.c:583:gst_registry_chunks_load_feature: Plugin 'coreelements' feature 'streamiddemux' typename : 'GstElementFactory'
0:00:00.024578725  2471 0x1dbc370 TRACE   GST_REFCOUNTING gstobject.c:208:gst_object_init: 0x1ddeae0 new
0:00:00.024586739  2471 0x1dbc370 LOG   GST_REGISTRY gstregistrychunks.c:610:gst_registry_chunks_load_feature: Reading/casting for GstRegistryChunkElementFactory at address 0x1dd7ca8
0:00:00.024593550  2471 0x1dbc370 TRACE   structure gststructure.c:292:gst_structure_new_id_empty_with_size: created structure 0x1ddeee0
0:00:00.024602147  2471 0x1dbc370 DEBUG   structure gststructure.c:2258:gst_structure_parse_field: trying field name 'long-name'
0:00:00.024608935  2471 0x1dbc370 DEBUG   default gstvalue.c:2776:_priv_gst_value_parse_value: trying type name 'string'
0:00:00.024622610  2471 0x1dbc370 DEBUG   structure gststructure.c:2258:gst_structure_parse_field: trying field name 'klass'
0:00:00.024627908  2471 0x1dbc370 DEBUG   default gstvalue.c:2776:_priv_gst_value_parse_value: trying type name 'string'
0:00:00.024633912  2471 0x1dbc370 DEBUG   structure gststructure.c:2258:gst_structure_parse_field: trying field name 'description'
0:00:00.024639068  2471 0x1dbc370 DEBUG   default gstvalue.c:2776:_priv_gst_value_parse_value: trying type name 'string'
0:00:00.024645301  2471 0x1dbc370 DEBUG   structure gststructure.c:2258:gst_structure_parse_field: trying field name 'author'
0:00:00.024650292  2471 0x1dbc370 DEBUG   default gstvalue.c:2776:_priv_gst_value_parse_value: trying type name 'string'
0:00:00.024660151  2471 0x1dbc370 DEBUG   GST_REGISTRY gstregistrychunks.c:627:gst_registry_chunks_load_feature: Element factory : npadtemplates=2
0:00:00.024667037  2471 0x1dbc370 DEBUG   GST_REGISTRY gstregistrychunks.c:526:gst_registry_chunks_load_pad_template: Reading/casting for GstRegistryChunkPadTemplate at address 0x1dd7d80
0:00:00.024673490  2471 0x1dbc370 DEBUG   GST_REGISTRY gstregistrychunks.c:540:gst_registry_chunks_load_pad_template: Added pad_template src_%u
0:00:00.024679124  2471 0x1dbc370 DEBUG   GST_REGISTRY gstregistrychunks.c:526:gst_registry_chunks_load_pad_template: Reading/casting for GstRegistryChunkPadTemplate at address 0x1dd7d98
0:00:00.024684869  2471 0x1dbc370 DEBUG   GST_REGISTRY gstregistrychunks.c:540:gst_registry_chunks_load_pad_template: Added pad_template sink
0:00:00.024693003  2471 0x1dbc370 DEBUG   GST_REGISTRY gstregistry.c:580:gst_registry_add_feature: replacing existing feature 0x1dd75e0 (streamiddemux)
0:00:00.024699619  2471 0x1dbc370 DEBUG   GST_REGISTRY gstregistry.c:589:gst_registry_add_feature: adding feature 0x1ddeae0 (streamiddemux)
0:00:00.024705283  2471 0x1dbc370 TRACE   GST_REFCOUNTING gstobject.c:788:gst_object_unparent: unparent
0:00:00.024715683  2471 0x1dbc370 TRACE   GST_REFCOUNTING gstobject.c:264:gst_object_unref: 0x1dd75e0 unref 1->0
0:00:00.024723329  2471 0x1dbc370 TRACE   GST_REFCOUNTING gstobject.c:381:gst_object_dispose: 0x1dd75e0 dispose
0:00:00.024730987  2471 0x1dbc370 TRACE   structure gststructure.c:547:gst_structure_free: free structure 0x1dd6820
0:00:00.024738973  2471 0x1dbc370 TRACE   GST_REFCOUNTING gstminiobject.c:734:gst_mini_object_replace: replace (nil) (0) with (nil) (0)
0:00:00.024746281  2471 0x1dbc370 TRACE   GST_REFCOUNTING gstminiobject.c:734:gst_mini_object_replace: replace (nil) (0) with (nil) (0)
0:00:00.024753527  2471 0x1dbc370 DEBUG   GST_PLUGIN_LOADING gstpluginfeature.c:67:gst_plugin_feature_finalize: finalizing feature 0x1dd75e0: 'streamiddemux'
0:00:00.024759449  2471 0x1dbc370 TRACE   GST_REFCOUNTING gstobject.c:423:gst_object_finalize: 0x1dd75e0 finalize
0:00:00.024766224  2471 0x1dbc370 DEBUG   GST_REFCOUNTING gstobject.c:708:gst_object_set_parent: set parent (ref and sink)
0:00:00.024781296  2471 0x1dbc370 TRACE   GST_REFCOUNTING gstobject.c:292:gst_object_ref_sink: 0x1ddeae0 ref_sink 1->2
0:00:00.024789433  2471 0x1dbc370 LOG   GST_REGISTRY gstregistry.c:607:gst_registry_add_feature: emitting feature-added for streamiddemux
0:00:00.024796371  2471 0x1dbc370 DEBUG   GST_REGISTRY gstregistrychunks.c:741:gst_registry_chunks_load_feature: Added feature streamiddemux, plugin 0x1ddedb0 coreelements
0:00:00.024802971  2471 0x1dbc370 DEBUG   GST_REGISTRY gstregistrychunks.c:583:gst_registry_chunks_load_feature: Plugin 'coreelements' feature 'valve' typename : 'GstElementFactory'
0:00:00.024810793  2471 0x1dbc370 TRACE   GST_REFCOUNTING gstobject.c:208:gst_object_init: 0x1dd75e0 new
0:00:00.024818640  2471 0x1dbc370 LOG   GST_REGISTRY gstregistrychunks.c:610:gst_registry_chunks_load_feature: Reading/casting for GstRegistryChunkElementFactory at address 0x1dd7dc8
0:00:00.024824858  2471 0x1dbc370 TRACE   structure gststructure.c:292:gst_structure_new_id_empty_with_size: created structure 0x1ddf010
0:00:00.024830406  2471 0x1dbc370 DEBUG   structure gststructure.c:2258:gst_structure_parse_field: trying field name 'long-name'
0:00:00.024838196  2471 0x1dbc370 DEBUG   default gstvalue.c:2776:_priv_gst_value_parse_value: trying type name 'string'
0:00:00.024846136  2471 0x1dbc370 DEBUG   structure gststructure.c:2258:gst_structure_parse_field: trying field name 'klass'
0:00:00.024851499  2471 0x1dbc370 DEBUG   default gstvalue.c:2776:_priv_gst_value_parse_value: trying type name 'string'
0:00:00.024857603  2471 0x1dbc370 DEBUG   structure gststructure.c:2258:gst_structure_parse_field: trying field name 'description'
0:00:00.024862733  2471 0x1dbc370 DEBUG   default gstvalue.c:2776:_priv_gst_value_parse_value: trying type name 'string'
0:00:00.024869278  2471 0x1dbc370 DEBUG   structure gststructure.c:2258:gst_structure_parse_field: trying field name 'author'
0:00:00.024874201  2471 0x1dbc370 DEBUG   default gstvalue.c:2776:_priv_gst_value_parse_value: trying type name 'string'
0:00:00.024881054  2471 0x1dbc370 DEBUG   GST_REGISTRY gstregistrychunks.c:627:gst_registry_chunks_load_feature: Element factory : npadtemplates=2
0:00:00.024889339  2471 0x1dbc370 DEBUG   GST_REGISTRY gstregistrychunks.c:526:gst_registry_chunks_load_pad_template: Reading/casting for GstRegistryChunkPadTemplate at address 0x1dd7eb8
