0:00:00.012953137  2472 0x12b2320 LOG   GST_POLL gstpoll.c:994:gst_poll_fd_ctl_write: 0x12ba9c0: pfd->events now 60 (POLLOUT:4)
0:00:00.012964927  2472 0x12b2320 DEBUG   GST_POLL gstpoll.c:979:gst_poll_fd_ctl_write: 0x12ba9c0: fd (fd:0, idx:1), active : 1
0:00:00.012970529  2472 0x12b2320 LOG   GST_POLL gstpoll.c:994:gst_poll_fd_ctl_write: 0x12ba9c0: pfd->events now 60 (POLLOUT:4)
0:00:00.012976380  2472 0x12b2320 DEBUG   GST_POLL gstpoll.c:979:gst_poll_fd_ctl_write: 0x12ba9c0: fd (fd:0, idx:1), active : 1
0:00:00.012981636  2472 0x12b2320 LOG   GST_POLL gstpoll.c:994:gst_poll_fd_ctl_write: 0x12ba9c0: pfd->events now 60 (POLLOUT:4)
0:00:00.012987381  2472 0x12b2320 DEBUG   GST_POLL gstpoll.c:979:gst_poll_fd_ctl_write: 0x12ba9c0: fd (fd:0, idx:1), active : 1
0:00:00.012992648  2472 0x12b2320 LOG   GST_POLL gstpoll.c:994:gst_poll_fd_ctl_write: 0x12ba9c0: pfd->events now 60 (POLLOUT:4)
0:00:00.012998246  2472 0x12b2320 DEBUG   GST_POLL gstpoll.c:979:gst_poll_fd_ctl_write: 0x12ba9c0: fd (fd:0, idx:1), active : 1
0:00:00.013006344  2472 0x12b2320 LOG   GST_POLL gstpoll.c:994:gst_poll_fd_ctl_write: 0x12ba9c0: pfd->events now 60 (POLLOUT:4)
0:00:00.013013108  2472 0x12b2320 DEBUG   GST_POLL gstpoll.c:979:gst_poll_fd_ctl_write: 0x12ba9c0: fd (fd:0, idx:1), active : 1
0:00:00.013018589  2472 0x12b2320 LOG   GST_POLL gstpoll.c:994:gst_poll_fd_ctl_write: 0x12ba9c0: pfd->events now 60 (POLLOUT:4)
0:00:00.013024256  2472 0x12b2320 DEBUG   GST_POLL gstpoll.c:979:gst_poll_fd_ctl_write: 0x12ba9c0: fd (fd:0, idx:1), active : 1
0:00:00.013029393  2472 0x12b2320 LOG   GST_POLL gstpoll.c:994:gst_poll_fd_ctl_write: 0x12ba9c0: pfd->events now 60 (POLLOUT:4)
0:00:00.013034942  2472 0x12b2320 DEBUG   GST_POLL gstpoll.c:979:gst_poll_fd_ctl_write: 0x12ba9c0: fd (fd:0, idx:1), active : 1
0:00:00.013044737  2472 0x12b2320 LOG   GST_POLL gstpoll.c:994:gst_poll_fd_ctl_write: 0x12ba9c0: pfd->events now 60 (POLLOUT:4)
0:00:00.013053312  2472 0x12b2320 DEBUG   GST_POLL gstpoll.c:979:gst_poll_fd_ctl_write: 0x12ba9c0: fd (fd:0, idx:1), active : 1
0:00:00.013059572  2472 0x12b2320 LOG   GST_POLL gstpoll.c:994:gst_poll_fd_ctl_write: 0x12ba9c0: pfd->events now 60 (POLLOUT:4)
0:00:00.013065480  2472 0x12b2320 DEBUG   GST_POLL gstpoll.c:979:gst_poll_fd_ctl_write: 0x12ba9c0: fd (fd:0, idx:1), active : 1
0:00:00.013070962  2472 0x12b2320 LOG   GST_POLL gstpoll.c:994:gst_poll_fd_ctl_write: 0x12ba9c0: pfd->events now 60 (POLLOUT:4)
0:00:00.013076907  2472 0x12b2320 DEBUG   GST_POLL gstpoll.c:979:gst_poll_fd_ctl_write: 0x12ba9c0: fd (fd:0, idx:1), active : 1
0:00:00.013082228  2472 0x12b2320 LOG   GST_POLL gstpoll.c:994:gst_poll_fd_ctl_write: 0x12ba9c0: pfd->events now 60 (POLLOUT:4)
0:00:00.013087876  2472 0x12b2320 DEBUG   GST_POLL gstpoll.c:979:gst_poll_fd_ctl_write: 0x12ba9c0: fd (fd:0, idx:1), active : 1
0:00:00.013093261  2472 0x12b2320 LOG   GST_POLL gstpoll.c:994:gst_poll_fd_ctl_write: 0x12ba9c0: pfd->events now 60 (POLLOUT:4)
0:00:00.013101713  2472 0x12b2320 DEBUG   GST_POLL gstpoll.c:979:gst_poll_fd_ctl_write: 0x12ba9c0: fd (fd:0, idx:1), active : 1
0:00:00.013115270  2472 0x12b2320 LOG   GST_POLL gstpoll.c:994:gst_poll_fd_ctl_write: 0x12ba9c0: pfd->events now 60 (POLLOUT:4)
0:00:00.013121456  2472 0x12b2320 DEBUG   GST_POLL gstpoll.c:979:gst_poll_fd_ctl_write: 0x12ba9c0: fd (fd:0, idx:1), active : 1
0:00:00.013126872  2472 0x12b2320 LOG   GST_POLL gstpoll.c:994:gst_poll_fd_ctl_write: 0x12ba9c0: pfd->events now 60 (POLLOUT:4)
0:00:00.013132604  2472 0x12b2320 DEBUG   GST_POLL gstpoll.c:979:gst_poll_fd_ctl_write: 0x12ba9c0: fd (fd:0, idx:1), active : 1
0:00:00.013137810  2472 0x12b2320 LOG   GST_POLL gstpoll.c:994:gst_poll_fd_ctl_write: 0x12ba9c0: pfd->events now 60 (POLLOUT:4)
0:00:00.013143524  2472 0x12b2320 DEBUG   GST_POLL gstpoll.c:979:gst_poll_fd_ctl_write: 0x12ba9c0: fd (fd:0, idx:1), active : 1
0:00:00.013148804  2472 0x12b2320 LOG   GST_POLL gstpoll.c:994:gst_poll_fd_ctl_write: 0x12ba9c0: pfd->events now 60 (POLLOUT:4)
0:00:00.013157168  2472 0x12b2320 DEBUG   GST_POLL gstpoll.c:979:gst_poll_fd_ctl_write: 0x12ba9c0: fd (fd:0, idx:1), active : 1
0:00:00.013163570  2472 0x12b2320 LOG   GST_POLL gstpoll.c:994:gst_poll_fd_ctl_write: 0x12ba9c0: pfd->events now 60 (POLLOUT:4)
0:00:00.013169546  2472 0x12b2320 DEBUG   GST_POLL gstpoll.c:979:gst_poll_fd_ctl_write: 0x12ba9c0: fd (fd:0, idx:1), active : 1
0:00:00.013175552  2472 0x12b2320 LOG   GST_POLL gstpoll.c:994:gst_poll_fd_ctl_write: 0x12ba9c0: pfd->events now 60 (POLLOUT:4)
0:00:00.013181330  2472 0x12b2320 DEBUG   GST_POLL gstpoll.c:979:gst_poll_fd_ctl_write: 0x12ba9c0: fd (fd:0, idx:1), active : 1
0:00:00.013186635  2472 0x12b2320 LOG   GST_POLL gstpoll.c:994:gst_poll_fd_ctl_write: 0x12ba9c0: pfd->events now 60 (POLLOUT:4)
0:00:00.013192320  2472 0x12b2320 DEBUG   GST_POLL gstpoll.c:979:gst_poll_fd_ctl_write: 0x12ba9c0: fd (fd:0, idx:1), active : 1
0:00:00.013197537  2472 0x12b2320 LOG   GST_POLL gstpoll.c:994:gst_poll_fd_ctl_write: 0x12ba9c0: pfd->events now 60 (POLLOUT:4)
0:00:00.013205958  2472 0x12b2320 DEBUG   GST_POLL gstpoll.c:979:gst_poll_fd_ctl_write: 0x12ba9c0: fd (fd:0, idx:1), active : 1
0:00:00.013212156  2472 0x12b2320 LOG   GST_POLL gstpoll.c:994:gst_poll_fd_ctl_write: 0x12ba9c0: pfd->events now 60 (POLLOUT:4)
0:00:00.013217906  2472 0x12b2320 DEBUG   GST_POLL gstpoll.c:979:gst_poll_fd_ctl_write: 0x12ba9c0: fd (fd:0, idx:1), active : 1
0:00:00.013223165  2472 0x12b2320 LOG   GST_POLL gstpoll.c:994:gst_poll_fd_ctl_write: 0x12ba9c0: pfd->events now 60 (POLLOUT:4)
0:00:00.013228857  2472 0x12b2320 DEBUG   GST_POLL gstpoll.c:979:gst_poll_fd_ctl_write: 0x12ba9c0: fd (fd:0, idx:1), active : 1
0:00:00.013234138  2472 0x12b2320 LOG   GST_POLL gstpoll.c:994:gst_poll_fd_ctl_write: 0x12ba9c0: pfd->events now 60 (POLLOUT:4)
0:00:00.013239833  2472 0x12b2320 DEBUG   GST_POLL gstpoll.c:979:gst_poll_fd_ctl_write: 0x12ba9c0: fd (fd:0, idx:1), active : 1
0:00:00.013245098  2472 0x12b2320 LOG   GST_POLL gstpoll.c:994:gst_poll_fd_ctl_write: 0x12ba9c0: pfd->events now 60 (POLLOUT:4)
0:00:00.013258954  2472 0x12b2320 DEBUG   GST_POLL gstpoll.c:979:gst_poll_fd_ctl_write: 0x12ba9c0: fd (fd:0, idx:1), active : 1
0:00:00.013265068  2472 0x12b2320 LOG   GST_POLL gstpoll.c:994:gst_poll_fd_ctl_write: 0x12ba9c0: pfd->events now 60 (POLLOUT:4)
0:00:00.013271120  2472 0x12b2320 DEBUG   GST_POLL gstpoll.c:979:gst_poll_fd_ctl_write: 0x12ba9c0: fd (fd:0, idx:1), active : 1
0:00:00.013276449  2472 0x12b2320 LOG   GST_POLL gstpoll.c:994:gst_poll_fd_ctl_write: 0x12ba9c0: pfd->events now 60 (POLLOUT:4)
0:00:00.013282353  2472 0x12b2320 DEBUG   GST_POLL gstpoll.c:979:gst_poll_fd_ctl_write: 0x12ba9c0: fd (fd:0, idx:1), active : 1
0:00:00.013287601  2472 0x12b2320 LOG   GST_POLL gstpoll.c:994:gst_poll_fd_ctl_write: 0x12ba9c0: pfd->events now 60 (POLLOUT:4)
0:00:00.013293408  2472 0x12b2320 DEBUG   GST_POLL gstpoll.c:979:gst_poll_fd_ctl_write: 0x12ba9c0: fd (fd:0, idx:1), active : 1
0:00:00.013298635  2472 0x12b2320 LOG   GST_POLL gstpoll.c:994:gst_poll_fd_ctl_write: 0x12ba9c0: pfd->events now 60 (POLLOUT:4)
0:00:00.013307183  2472 0x12b2320 DEBUG   GST_POLL gstpoll.c:979:gst_poll_fd_ctl_write: 0x12ba9c0: fd (fd:0, idx:1), active : 1
0:00:00.013313390  2472 0x12b2320 LOG   GST_POLL gstpoll.c:994:gst_poll_fd_ctl_write: 0x12ba9c0: pfd->events now 60 (POLLOUT:4)
0:00:00.013319305  2472 0x12b2320 DEBUG   GST_POLL gstpoll.c:979:gst_poll_fd_ctl_write: 0x12ba9c0: fd (fd:0, idx:1), active : 1
0:00:00.013324824  2472 0x12b2320 LOG   GST_POLL gstpoll.c:994:gst_poll_fd_ctl_write: 0x12ba9c0: pfd->events now 60 (POLLOUT:4)
0:00:00.013330511  2472 0x12b2320 DEBUG   GST_POLL gstpoll.c:979:gst_poll_fd_ctl_write: 0x12ba9c0: fd (fd:0, idx:1), active : 1
0:00:00.013335746  2472 0x12b2320 LOG   GST_POLL gstpoll.c:994:gst_poll_fd_ctl_write: 0x12ba9c0: pfd->events now 60 (POLLOUT:4)
0:00:00.013341581  2472 0x12b2320 DEBUG   GST_POLL gstpoll.c:979:gst_poll_fd_ctl_write: 0x12ba9c0: fd (fd:0, idx:1), active : 1
0:00:00.013346846  2472 0x12b2320 LOG   GST_POLL gstpoll.c:994:gst_poll_fd_ctl_write: 0x12ba9c0: pfd->events now 60 (POLLOUT:4)
0:00:00.013355341  2472 0x12b2320 DEBUG   GST_POLL gstpoll.c:979:gst_poll_fd_ctl_write: 0x12ba9c0: fd (fd:0, idx:1), active : 1
0:00:00.013361567  2472 0x12b2320 LOG   GST_POLL gstpoll.c:994:gst_poll_fd_ctl_write: 0x12ba9c0: pfd->events now 60 (POLLOUT:4)
0:00:00.013367638  2472 0x12b2320 DEBUG   GST_POLL gstpoll.c:979:gst_poll_fd_ctl_write: 0x12ba9c0: fd (fd:0, idx:1), active : 1
0:00:00.013373212  2472 0x12b2320 LOG   GST_POLL gstpoll.c:994:gst_poll_fd_ctl_write: 0x12ba9c0: pfd->events now 60 (POLLOUT:4)
0:00:00.013379011  2472 0x12b2320 DEBUG   GST_POLL gstpoll.c:979:gst_poll_fd_ctl_write: 0x12ba9c0: fd (fd:0, idx:1), active : 1
0:00:00.013384342  2472 0x12b2320 LOG   GST_POLL gstpoll.c:994:gst_poll_fd_ctl_write: 0x12ba9c0: pfd->events now 60 (POLLOUT:4)
0:00:00.013390027  2472 0x12b2320 DEBUG   GST_POLL gstpoll.c:979:gst_poll_fd_ctl_write: 0x12ba9c0: fd (fd:0, idx:1), active : 1
0:00:00.013399692  2472 0x12b2320 LOG   GST_POLL gstpoll.c:994:gst_poll_fd_ctl_write: 0x12ba9c0: pfd->events now 60 (POLLOUT:4)
0:00:00.013408161  2472 0x12b2320 DEBUG   GST_POLL gstpoll.c:979:gst_poll_fd_ctl_write: 0x12ba9c0: fd (fd:0, idx:1), active : 1
0:00:00.013414541  2472 0x12b2320 LOG   GST_POLL gstpoll.c:994:gst_poll_fd_ctl_write: 0x12ba9c0: pfd->events now 60 (POLLOUT:4)
0:00:00.013420655  2472 0x12b2320 DEBUG   GST_POLL gstpoll.c:979:gst_poll_fd_ctl_write: 0x12ba9c0: fd (fd:0, idx:1), active : 1
0:00:00.013426159  2472 0x12b2320 LOG   GST_POLL gstpoll.c:994:gst_poll_fd_ctl_write: 0x12ba9c0: pfd->events now 60 (POLLOUT:4)
0:00:00.013431828  2472 0x12b2320 DEBUG   GST_POLL gstpoll.c:979:gst_poll_fd_ctl_write: 0x12ba9c0: fd (fd:0, idx:1), active : 1
0:00:00.013437064  2472 0x12b2320 LOG   GST_POLL gstpoll.c:994:gst_poll_fd_ctl_write: 0x12ba9c0: pfd->events now 60 (POLLOUT:4)
0:00:00.013449381  2472 0x12b2320 TRACE   GST_REFCOUNTING gstobject.c:264:gst_object_unref: 0x12ce7c0 unref 2->1
0:00:00.013457623  2472 0x12b2320 DEBUG   GST_POLL gstpoll.c:1241:gst_poll_fd_has_error: 0x12ba9c0: fd (fd:0, idx:1) 0
0:00:00.013466653  2472 0x12b2320 DEBUG   GST_POLL gstpoll.c:1335:gst_poll_fd_can_write: 0x12ba9c0: fd (fd:0, idx:1) 1
0:00:00.013473234  2472 0x12b2320 LOG   GST_PLUGIN_LOADING gstpluginloader.c:689:write_one: Writing packet of size 528 bytes to fd 0
0:00:00.013494033  2472 0x12b2320 DEBUG   GST_POLL gstpoll.c:1414:gst_poll_wait: 0x12ba9c0: timeout :0:00:01.000000000
0:00:00.013505617  2472 0x12b2320 LOG   GST_PLUGIN_LOADING gstpluginloader.c:1026:exchange_packets: Poll res = 2. 6872 bytes pending for write
0:00:00.013512145  2472 0x12b2320 DEBUG   GST_POLL gstpoll.c:1241:gst_poll_fd_has_error: 0x12ba9c0: fd (fd:5, idx:2) 0
0:00:00.013517930  2472 0x12b2320 DEBUG   GST_POLL gstpoll.c:1266:gst_poll_fd_can_read_unlocked: 0x12ba9c0: fd (fd:5, idx:2) 1
0:00:00.013531035  2472 0x12b2320 DEBUG   GST_PLUGIN_LOADING gstpluginloader.c:721:do_plugin_load: Plugin scanner loading file /home/conan/w/prod/BuildSingleReference/.conan/data/gstreamer/1.19.2/_/_/package/79b6a76dab3879a2afba8d14ba028b620dd3f25b/lib/gstreamer-1.0/libgstcoretracers.so. tag 2
0:00:00.013541777  2472 0x12b2320 TRACE   GST_REFCOUNTING gstobject.c:237:gst_object_ref: 0x12cbe90 ref 1->2
0:00:00.018327962  2471 0x1dbc370 LOG   GST_PLUGIN_LOADING gstpluginloader.c:1026:exchange_packets: Poll res = 1. 0 bytes pending for write
0:00:00.013551410  2472 0x12b2320 TRACE   GST_REFCOUNTING gstobject.c:237:gst_object_ref: 0x12cd110 ref 1->2
0:00:00.013572624  2472 0x12b2320 TRACE   GST_REFCOUNTING gstobject.c:237:gst_object_ref: 0x12cce70 ref 1->2
0:00:00.018363234  2471 0x1dbc370 DEBUG   GST_POLL gstpoll.c:1241:gst_poll_fd_has_error: 0x1dd5d00: fd (fd:8, idx:2) 0
0:00:00.013578849  2472 0x12b2320 TRACE   GST_REFCOUNTING gstobject.c:237:gst_object_ref: 0x12ccc20 ref 1->2
0:00:00.018372832  2471 0x1dbc370 DEBUG   GST_POLL gstpoll.c:1266:gst_poll_fd_can_read_unlocked: 0x1dd5d00: fd (fd:8, idx:2) 1
0:00:00.013585575  2472 0x12b2320 TRACE   GST_REFCOUNTING gstobject.c:237:gst_object_ref: 0x12cc950 ref 1->2
0:00:00.018397169  2471 0x1dbc370 LOG   GST_PLUGIN_LOADING gstpluginloader.c:984:read_one: Expanding rx buf from 512 to 1040
0:00:00.013608342  2472 0x12b2320 TRACE   GST_REFCOUNTING gstobject.c:237:gst_object_ref: 0x12cc740 ref 1->2
0:00:00.013618879  2472 0x12b2320 TRACE   GST_REFCOUNTING gstobject.c:237:gst_object_ref: 0x12cc250 ref 1->2
0:00:00.018415427  2471 0x1dbc370 DEBUG   GST_PLUGIN_LOADING gstpluginloader.c:847:handle_rx_packet: Received plugin details from child w/ tag 0. 516 bytes info
0:00:00.013630201  2472 0x12b2320 TRACE   GST_REFCOUNTING gstobject.c:264:gst_object_unref: 0x12cc250 unref 2->1
0:00:00.018424091  2471 0x1dbc370 LOG   GST_REGISTRY gstregistrychunks.c:837:_priv_gst_registry_chunks_load_plugin: Reading/casting for GstRegistryChunkPluginElement at address 0x1dd6830
0:00:00.013637716  2472 0x12b2320 TRACE   GST_REFCOUNTING gstobject.c:264:gst_object_unref: 0x12cc740 unref 2->1
0:00:00.013644873  2472 0x12b2320 TRACE   GST_REFCOUNTING gstobject.c:264:gst_object_unref: 0x12cc950 unref 2->1
0:00:00.013651025  2472 0x12b2320 TRACE   GST_REFCOUNTING gstobject.c:264:gst_object_unref: 0x12ccc20 unref 2->1
0:00:00.013657079  2472 0x12b2320 TRACE   GST_REFCOUNTING gstobject.c:264:gst_object_unref: 0x12cce70 unref 2->1
0:00:00.018448411  2471 0x1dbc370 TRACE   GST_REFCOUNTING gstobject.c:208:gst_object_init: 0x1dd6230 new
0:00:00.013663099  2472 0x12b2320 TRACE   GST_REFCOUNTING gstobject.c:264:gst_object_unref: 0x12cd110 unref 2->1
0:00:00.013673672  2472 0x12b2320 DEBUG   GST_REGISTRY gstregistrychunks.c:498:_priv_gst_registry_chunks_save_plugin: Found 6 features in plugin 0x12cbe90 (coretracers)
0:00:00.013692747  2472 0x12b2320 DEBUG   GST_POLL gstpoll.c:979:gst_poll_fd_ctl_write: 0x12ba9c0: fd (fd:0, idx:1), active : 1
0:00:00.013698728  2472 0x12b2320 LOG   GST_POLL gstpoll.c:994:gst_poll_fd_ctl_write: 0x12ba9c0: pfd->events now 60 (POLLOUT:4)
0:00:00.013705036  2472 0x12b2320 DEBUG   GST_POLL gstpoll.c:979:gst_poll_fd_ctl_write: 0x12ba9c0: fd (fd:0, idx:1), active : 1
0:00:00.013710514  2472 0x12b2320 LOG   GST_POLL gstpoll.c:994:gst_poll_fd_ctl_write: 0x12ba9c0: pfd->events now 60 (POLLOUT:4)
0:00:00.013716237  2472 0x12b2320 DEBUG   GST_POLL gstpoll.c:979:gst_poll_fd_ctl_write: 0x12ba9c0: fd (fd:0, idx:1), active : 1
0:00:00.018512042  2471 0x1dbc370 LOG   GST_REGISTRY gstregistrychunks.c:859:_priv_gst_registry_chunks_load_plugin: read strings for name='coretracers'
0:00:00.013724313  2472 0x12b2320 LOG   GST_POLL gstpoll.c:994:gst_poll_fd_ctl_write: 0x12ba9c0: pfd->events now 60 (POLLOUT:4)
0:00:00.018521571  2471 0x1dbc370 LOG   GST_REGISTRY gstregistrychunks.c:860:_priv_gst_registry_chunks_load_plugin: desc.description='GStreamer core tracers'
0:00:00.013734281  2472 0x12b2320 DEBUG   GST_POLL gstpoll.c:979:gst_poll_fd_ctl_write: 0x12ba9c0: fd (fd:0, idx:1), active : 1
0:00:00.018528536  2471 0x1dbc370 LOG   GST_REGISTRY gstregistrychunks.c:861:_priv_gst_registry_chunks_load_plugin: filename='/home/conan/w/prod/BuildSingleReference/.conan/data/gstreamer/1.19.2/_/_/package/79b6a76dab3879a2afba8d14ba028b620dd3f25b/lib/gstreamer-1.0/libgstcoretracers.so'
0:00:00.013746383  2472 0x12b2320 LOG   GST_POLL gstpoll.c:994:gst_poll_fd_ctl_write: 0x12ba9c0: pfd->events now 60 (POLLOUT:4)
0:00:00.018538028  2471 0x1dbc370 LOG   GST_REGISTRY gstregistrychunks.c:862:_priv_gst_registry_chunks_load_plugin: desc.version='1.19.2'
0:00:00.013753214  2472 0x12b2320 DEBUG   GST_POLL gstpoll.c:979:gst_poll_fd_ctl_write: 0x12ba9c0: fd (fd:0, idx:1), active : 1
0:00:00.018543827  2471 0x1dbc370 LOG   GST_REGISTRY gstregistrychunks.c:863:_priv_gst_registry_chunks_load_plugin: desc.license='LGPL'
0:00:00.013759332  2472 0x12b2320 LOG   GST_POLL gstpoll.c:994:gst_poll_fd_ctl_write: 0x12ba9c0: pfd->events now 60 (POLLOUT:4)
0:00:00.018550170  2471 0x1dbc370 LOG   GST_REGISTRY gstregistrychunks.c:864:_priv_gst_registry_chunks_load_plugin: desc.source='gstreamer'
0:00:00.013765748  2472 0x12b2320 DEBUG   GST_POLL gstpoll.c:979:gst_poll_fd_ctl_write: 0x12ba9c0: fd (fd:0, idx:1), active : 1
0:00:00.018558726  2471 0x1dbc370 LOG   GST_REGISTRY gstregistrychunks.c:865:_priv_gst_registry_chunks_load_plugin: desc.package='GStreamer source release'
0:00:00.013771799  2472 0x12b2320 LOG   GST_POLL gstpoll.c:994:gst_poll_fd_ctl_write: 0x12ba9c0: pfd->events now 60 (POLLOUT:4)
0:00:00.018566147  2471 0x1dbc370 LOG   GST_REGISTRY gstregistrychunks.c:866:_priv_gst_registry_chunks_load_plugin: desc.origin='Unknown package origin'
0:00:00.013778764  2472 0x12b2320 DEBUG   GST_POLL gstpoll.c:979:gst_poll_fd_ctl_write: 0x12ba9c0: fd (fd:0, idx:1), active : 1
0:00:00.018572672  2471 0x1dbc370 LOG   GST_REGISTRY gstregistrychunks.c:867:_priv_gst_registry_chunks_load_plugin: desc.datetime=2021-09-23
0:00:00.013787459  2472 0x12b2320 LOG   GST_POLL gstpoll.c:994:gst_poll_fd_ctl_write: 0x12ba9c0: pfd->events now 60 (POLLOUT:4)
0:00:00.013794730  2472 0x12b2320 DEBUG   GST_POLL gstpoll.c:979:gst_poll_fd_ctl_write: 0x12ba9c0: fd (fd:0, idx:1), active : 1
0:00:00.018583530  2471 0x1dbc370 DEBUG   GST_REGISTRY gstregistry.c:473:gst_registry_add_plugin: adding plugin 0x1dd6230 for filename "/home/conan/w/prod/BuildSingleReference/.conan/data/gstreamer/1.19.2/_/_/package/79b6a76dab3879a2afba8d14ba028b620dd3f25b/lib/gstreamer-1.0/libgstcoretracers.so"
0:00:00.013800548  2472 0x12b2320 LOG   GST_POLL gstpoll.c:994:gst_poll_fd_ctl_write: 0x12ba9c0: pfd->events now 60 (POLLOUT:4)
0:00:00.013807173  2472 0x12b2320 DEBUG   GST_POLL gstpoll.c:979:gst_poll_fd_ctl_write: 0x12ba9c0: fd (fd:0, idx:1), active : 1
0:00:00.018596207  2471 0x1dbc370 TRACE   GST_REFCOUNTING gstobject.c:292:gst_object_ref_sink: 0x1dd6230 ref_sink 1->2
0:00:00.013812544  2472 0x12b2320 LOG   GST_POLL gstpoll.c:994:gst_poll_fd_ctl_write: 0x12ba9c0: pfd->events now 60 (POLLOUT:4)
0:00:00.018605323  2471 0x1dbc370 LOG   GST_REGISTRY gstregistry.c:486:gst_registry_add_plugin: emitting plugin-added for filename "/home/conan/w/prod/BuildSingleReference/.conan/data/gstreamer/1.19.2/_/_/package/79b6a76dab3879a2afba8d14ba028b620dd3f25b/lib/gstreamer-1.0/libgstcoretracers.so"
0:00:00.013823649  2472 0x12b2320 DEBUG   GST_POLL gstpoll.c:979:gst_poll_fd_ctl_write: 0x12ba9c0: fd (fd:0, idx:1), active : 1
0:00:00.018616781  2471 0x1dbc370 DEBUG   GST_REGISTRY gstregistrychunks.c:887:_priv_gst_registry_chunks_load_plugin: Added plugin 'coretracers' plugin with 6 features from binary registry
0:00:00.013830201  2472 0x12b2320 LOG   GST_POLL gstpoll.c:994:gst_poll_fd_ctl_write: 0x12ba9c0: pfd->events now 60 (POLLOUT:4)
0:00:00.013837464  2472 0x12b2320 LOG   GST_PLUGIN_LOADING gstpluginloader.c:644:put_chunk: Expanding tx buf from 7717 to 10158 for chunk of size 11
0:00:00.018626814  2471 0x1dbc370 DEBUG   GST_REGISTRY gstregistrychunks.c:583:gst_registry_chunks_load_feature: Plugin 'coretracers' feature 'factories' typename : 'GstTracerFactory'
0:00:00.013846661  2472 0x12b2320 DEBUG   GST_POLL gstpoll.c:979:gst_poll_fd_ctl_write: 0x12ba9c0: fd (fd:0, idx:1), active : 1
0:00:00.013853915  2472 0x12b2320 LOG   GST_POLL gstpoll.c:994:gst_poll_fd_ctl_write: 0x12ba9c0: pfd->events now 60 (POLLOUT:4)
0:00:00.018647635  2471 0x1dbc370 TRACE   GST_REFCOUNTING gstobject.c:208:gst_object_init: 0x1dd6da0 new
0:00:00.013859826  2472 0x12b2320 DEBUG   GST_POLL gstpoll.c:979:gst_poll_fd_ctl_write: 0x12ba9c0: fd (fd:0, idx:1), active : 1
0:00:00.013867751  2472 0x12b2320 LOG   GST_POLL gstpoll.c:994:gst_poll_fd_ctl_write: 0x12ba9c0: pfd->events now 60 (POLLOUT:4)
0:00:00.018659837  2471 0x1dbc370 DEBUG   GST_REGISTRY gstregistrychunks.c:717:gst_registry_chunks_load_feature: Reading/casting for GstRegistryChunkPluginFeature at address 0x1dd6980
0:00:00.013873628  2472 0x12b2320 DEBUG   GST_POLL gstpoll.c:979:gst_poll_fd_ctl_write: 0x12ba9c0: fd (fd:0, idx:1), active : 1
0:00:00.013879817  2472 0x12b2320 LOG   GST_POLL gstpoll.c:994:gst_poll_fd_ctl_write: 0x12ba9c0: pfd->events now 60 (POLLOUT:4)
0:00:00.018668895  2471 0x1dbc370 DEBUG   GST_REGISTRY gstregistry.c:589:gst_registry_add_feature: adding feature 0x1dd6da0 (factories)
0:00:00.013885804  2472 0x12b2320 DEBUG   GST_POLL gstpoll.c:979:gst_poll_fd_ctl_write: 0x12ba9c0: fd (fd:0, idx:1), active : 1
0:00:00.018677586  2471 0x1dbc370 DEBUG   GST_REFCOUNTING gstobject.c:708:gst_object_set_parent: set parent (ref and sink)
0:00:00.013891881  2472 0x12b2320 LOG   GST_POLL gstpoll.c:994:gst_poll_fd_ctl_write: 0x12ba9c0: pfd->events now 60 (POLLOUT:4)
0:00:00.018685195  2471 0x1dbc370 TRACE   GST_REFCOUNTING gstobject.c:292:gst_object_ref_sink: 0x1dd6da0 ref_sink 1->2
0:00:00.013900488  2472 0x12b2320 DEBUG   GST_POLL gstpoll.c:979:gst_poll_fd_ctl_write: 0x12ba9c0: fd (fd:0, idx:1), active : 1
0:00:00.018694956  2471 0x1dbc370 LOG   GST_REGISTRY gstregistry.c:607:gst_registry_add_feature: emitting feature-added for factories
0:00:00.013907535  2472 0x12b2320 LOG   GST_POLL gstpoll.c:994:gst_poll_fd_ctl_write: 0x12ba9c0: pfd->events now 60 (POLLOUT:4)
0:00:00.018711298  2471 0x1dbc370 DEBUG   GST_REGISTRY gstregistrychunks.c:741:gst_registry_chunks_load_feature: Added feature factories, plugin 0x1dd6230 coretracers
0:00:00.013922942  2472 0x12b2320 DEBUG   GST_POLL gstpoll.c:979:gst_poll_fd_ctl_write: 0x12ba9c0: fd (fd:0, idx:1), active : 1
0:00:00.018718886  2471 0x1dbc370 DEBUG   GST_REGISTRY gstregistrychunks.c:583:gst_registry_chunks_load_feature: Plugin 'coretracers' feature 'leaks' typename : 'GstTracerFactory'
0:00:00.013930534  2472 0x12b2320 LOG   GST_POLL gstpoll.c:994:gst_poll_fd_ctl_write: 0x12ba9c0: pfd->events now 60 (POLLOUT:4)
0:00:00.013938686  2472 0x12b2320 DEBUG   GST_POLL gstpoll.c:979:gst_poll_fd_ctl_write: 0x12ba9c0: fd (fd:0, idx:1), active : 1
0:00:00.018728316  2471 0x1dbc370 TRACE   GST_REFCOUNTING gstobject.c:208:gst_object_init: 0x1dd6fe0 new
0:00:00.013944458  2472 0x12b2320 LOG   GST_POLL gstpoll.c:994:gst_poll_fd_ctl_write: 0x12ba9c0: pfd->events now 60 (POLLOUT:4)
0:00:00.018738125  2471 0x1dbc370 DEBUG   GST_REGISTRY gstregistrychunks.c:717:gst_registry_chunks_load_feature: Reading/casting for GstRegistryChunkPluginFeature at address 0x1dd69a0
0:00:00.013951187  2472 0x12b2320 DEBUG   GST_POLL gstpoll.c:979:gst_poll_fd_ctl_write: 0x12ba9c0: fd (fd:0, idx:1), active : 1
0:00:00.018745793  2471 0x1dbc370 DEBUG   GST_REGISTRY gstregistry.c:589:gst_registry_add_feature: adding feature 0x1dd6fe0 (leaks)
0:00:00.013957370  2472 0x12b2320 LOG   GST_POLL gstpoll.c:994:gst_poll_fd_ctl_write: 0x12ba9c0: pfd->events now 60 (POLLOUT:4)
0:00:00.018752637  2471 0x1dbc370 DEBUG   GST_REFCOUNTING gstobject.c:708:gst_object_set_parent: set parent (ref and sink)
0:00:00.013967547  2472 0x12b2320 DEBUG   GST_POLL gstpoll.c:979:gst_poll_fd_ctl_write: 0x12ba9c0: fd (fd:0, idx:1), active : 1
0:00:00.018760375  2471 0x1dbc370 TRACE   GST_REFCOUNTING gstobject.c:292:gst_object_ref_sink: 0x1dd6fe0 ref_sink 1->2
0:00:00.013974414  2472 0x12b2320 LOG   GST_POLL gstpoll.c:994:gst_poll_fd_ctl_write: 0x12ba9c0: pfd->events now 60 (POLLOUT:4)
0:00:00.013981021  2472 0x12b2320 DEBUG   GST_POLL gstpoll.c:979:gst_poll_fd_ctl_write: 0x12ba9c0: fd (fd:0, idx:1), active : 1
0:00:00.018769994  2471 0x1dbc370 LOG   GST_REGISTRY gstregistry.c:607:gst_registry_add_feature: emitting feature-added for leaks
0:00:00.013986593  2472 0x12b2320 LOG   GST_POLL gstpoll.c:994:gst_poll_fd_ctl_write: 0x12ba9c0: pfd->events now 60 (POLLOUT:4)
0:00:00.018779539  2471 0x1dbc370 DEBUG   GST_REGISTRY gstregistrychunks.c:741:gst_registry_chunks_load_feature: Added feature leaks, plugin 0x1dd6230 coretracers
0:00:00.013993076  2472 0x12b2320 DEBUG   GST_POLL gstpoll.c:979:gst_poll_fd_ctl_write: 0x12ba9c0: fd (fd:0, idx:1), active : 1
0:00:00.018786859  2471 0x1dbc370 DEBUG   GST_REGISTRY gstregistrychunks.c:583:gst_registry_chunks_load_feature: Plugin 'coretracers' feature 'stats' typename : 'GstTracerFactory'
0:00:00.013999266  2472 0x12b2320 LOG   GST_POLL gstpoll.c:994:gst_poll_fd_ctl_write: 0x12ba9c0: pfd->events now 60 (POLLOUT:4)
0:00:00.014010905  2472 0x12b2320 DEBUG   GST_POLL gstpoll.c:979:gst_poll_fd_ctl_write: 0x12ba9c0: fd (fd:0, idx:1), active : 1
0:00:00.018800102  2471 0x1dbc370 TRACE   GST_REFCOUNTING gstobject.c:208:gst_object_init: 0x1dd71a0 new
0:00:00.014016356  2472 0x12b2320 LOG   GST_POLL gstpoll.c:994:gst_poll_fd_ctl_write: 0x12ba9c0: pfd->events now 60 (POLLOUT:4)
0:00:00.018809913  2471 0x1dbc370 DEBUG   GST_REGISTRY gstregistrychunks.c:717:gst_registry_chunks_load_feature: Reading/casting for GstRegistryChunkPluginFeature at address 0x1dd69c0
0:00:00.014025027  2472 0x12b2320 DEBUG   GST_POLL gstpoll.c:979:gst_poll_fd_ctl_write: 0x12ba9c0: fd (fd:0, idx:1), active : 1
0:00:00.018817521  2471 0x1dbc370 DEBUG   GST_REGISTRY gstregistry.c:589:gst_registry_add_feature: adding feature 0x1dd71a0 (stats)
0:00:00.014032036  2472 0x12b2320 LOG   GST_POLL gstpoll.c:994:gst_poll_fd_ctl_write: 0x12ba9c0: pfd->events now 60 (POLLOUT:4)
0:00:00.018823728  2471 0x1dbc370 DEBUG   GST_REFCOUNTING gstobject.c:708:gst_object_set_parent: set parent (ref and sink)
0:00:00.018830761  2471 0x1dbc370 TRACE   GST_REFCOUNTING gstobject.c:292:gst_object_ref_sink: 0x1dd71a0 ref_sink 1->2
0:00:00.014043533  2472 0x12b2320 DEBUG   GST_POLL gstpoll.c:979:gst_poll_fd_ctl_write: 0x12ba9c0: fd (fd:0, idx:1), active : 1
0:00:00.014050741  2472 0x12b2320 LOG   GST_POLL gstpoll.c:994:gst_poll_fd_ctl_write: 0x12ba9c0: pfd->events now 60 (POLLOUT:4)
0:00:00.018839929  2471 0x1dbc370 LOG   GST_REGISTRY gstregistry.c:607:gst_registry_add_feature: emitting feature-added for stats
0:00:00.014056652  2472 0x12b2320 DEBUG   GST_POLL gstpoll.c:979:gst_poll_fd_ctl_write: 0x12ba9c0: fd (fd:0, idx:1), active : 1
0:00:00.018849131  2471 0x1dbc370 DEBUG   GST_REGISTRY gstregistrychunks.c:741:gst_registry_chunks_load_feature: Added feature stats, plugin 0x1dd6230 coretracers
0:00:00.014062941  2472 0x12b2320 LOG   GST_POLL gstpoll.c:994:gst_poll_fd_ctl_write: 0x12ba9c0: pfd->events now 60 (POLLOUT:4)
0:00:00.018856081  2471 0x1dbc370 DEBUG   GST_REGISTRY gstregistrychunks.c:583:gst_registry_chunks_load_feature: Plugin 'coretracers' feature 'rusage' typename : 'GstTracerFactory'
0:00:00.014069470  2472 0x12b2320 DEBUG   GST_POLL gstpoll.c:979:gst_poll_fd_ctl_write: 0x12ba9c0: fd (fd:0, idx:1), active : 1
0:00:00.018864592  2471 0x1dbc370 TRACE   GST_REFCOUNTING gstobject.c:208:gst_object_init: 0x1dd7360 new
0:00:00.014077673  2472 0x12b2320 LOG   GST_POLL gstpoll.c:994:gst_poll_fd_ctl_write: 0x12ba9c0: pfd->events now 60 (POLLOUT:4)
0:00:00.018873097  2471 0x1dbc370 DEBUG   GST_REGISTRY gstregistrychunks.c:717:gst_registry_chunks_load_feature: Reading/casting for GstRegistryChunkPluginFeature at address 0x1dd69e0
0:00:00.014085180  2472 0x12b2320 DEBUG   GST_POLL gstpoll.c:979:gst_poll_fd_ctl_write: 0x12ba9c0: fd (fd:0, idx:1), active : 1
0:00:00.018880651  2471 0x1dbc370 DEBUG   GST_REGISTRY gstregistry.c:589:gst_registry_add_feature: adding feature 0x1dd7360 (rusage)
0:00:00.014097484  2472 0x12b2320 LOG   GST_POLL gstpoll.c:994:gst_poll_fd_ctl_write: 0x12ba9c0: pfd->events now 60 (POLLOUT:4)
0:00:00.018889554  2471 0x1dbc370 DEBUG   GST_REFCOUNTING gstobject.c:708:gst_object_set_parent: set parent (ref and sink)
0:00:00.014104272  2472 0x12b2320 DEBUG   GST_POLL gstpoll.c:979:gst_poll_fd_ctl_write: 0x12ba9c0: fd (fd:0, idx:1), active : 1
0:00:00.018896713  2471 0x1dbc370 TRACE   GST_REFCOUNTING gstobject.c:292:gst_object_ref_sink: 0x1dd7360 ref_sink 1->2
0:00:00.014110553  2472 0x12b2320 LOG   GST_POLL gstpoll.c:994:gst_poll_fd_ctl_write: 0x12ba9c0: pfd->events now 60 (POLLOUT:4)
0:00:00.014117528  2472 0x12b2320 DEBUG   GST_POLL gstpoll.c:979:gst_poll_fd_ctl_write: 0x12ba9c0: fd (fd:0, idx:1), active : 1
0:00:00.018906478  2471 0x1dbc370 LOG   GST_REGISTRY gstregistry.c:607:gst_registry_add_feature: emitting feature-added for rusage
0:00:00.014122917  2472 0x12b2320 LOG   GST_POLL gstpoll.c:994:gst_poll_fd_ctl_write: 0x12ba9c0: pfd->events now 60 (POLLOUT:4)
0:00:00.018915740  2471 0x1dbc370 DEBUG   GST_REGISTRY gstregistrychunks.c:741:gst_registry_chunks_load_feature: Added feature rusage, plugin 0x1dd6230 coretracers
0:00:00.014129334  2472 0x12b2320 DEBUG   GST_POLL gstpoll.c:979:gst_poll_fd_ctl_write: 0x12ba9c0: fd (fd:0, idx:1), active : 1
0:00:00.018923041  2471 0x1dbc370 DEBUG   GST_REGISTRY gstregistrychunks.c:583:gst_registry_chunks_load_feature: Plugin 'coretracers' feature 'log' typename : 'GstTracerFactory'
0:00:00.014138008  2472 0x12b2320 LOG   GST_POLL gstpoll.c:994:gst_poll_fd_ctl_write: 0x12ba9c0: pfd->events now 60 (POLLOUT:4)
0:00:00.018931546  2471 0x1dbc370 TRACE   GST_REFCOUNTING gstobject.c:208:gst_object_init: 0x1dd7520 new
0:00:00.014146765  2472 0x12b2320 TRACE   GST_REFCOUNTING gstobject.c:264:gst_object_unref: 0x12cbe90 unref 2->1
0:00:00.018940436  2471 0x1dbc370 DEBUG   GST_REGISTRY gstregistrychunks.c:717:gst_registry_chunks_load_feature: Reading/casting for GstRegistryChunkPluginFeature at address 0x1dd6a00
0:00:00.014154767  2472 0x12b2320 DEBUG   GST_POLL gstpoll.c:1241:gst_poll_fd_has_error: 0x12ba9c0: fd (fd:0, idx:1) 0
0:00:00.018948349  2471 0x1dbc370 DEBUG   GST_REGISTRY gstregistry.c:589:gst_registry_add_feature: adding feature 0x1dd7520 (log)
0:00:00.014161531  2472 0x12b2320 DEBUG   GST_POLL gstpoll.c:1335:gst_poll_fd_can_write: 0x12ba9c0: fd (fd:0, idx:1) 1
0:00:00.018954656  2471 0x1dbc370 DEBUG   GST_REFCOUNTING gstobject.c:708:gst_object_set_parent: set parent (ref and sink)
0:00:00.014167829  2472 0x12b2320 LOG   GST_PLUGIN_LOADING gstpluginloader.c:689:write_one: Writing packet of size 6872 bytes to fd 0
0:00:00.018962156  2471 0x1dbc370 TRACE   GST_REFCOUNTING gstobject.c:292:gst_object_ref_sink: 0x1dd7520 ref_sink 1->2
0:00:00.014179889  2472 0x12b2320 DEBUG   GST_POLL gstpoll.c:1414:gst_poll_wait: 0x12ba9c0: timeout :0:00:01.000000000
0:00:00.018976240  2471 0x1dbc370 LOG   GST_REGISTRY gstregistry.c:607:gst_registry_add_feature: emitting feature-added for log
0:00:00.014191109  2472 0x12b2320 LOG   GST_PLUGIN_LOADING gstpluginloader.c:1026:exchange_packets: Poll res = 2. 528 bytes pending for write
0:00:00.018984341  2471 0x1dbc370 DEBUG   GST_REGISTRY gstregistrychunks.c:741:gst_registry_chunks_load_feature: Added feature log, plugin 0x1dd6230 coretracers
0:00:00.014199739  2472 0x12b2320 DEBUG   GST_POLL gstpoll.c:1241:gst_poll_fd_has_error: 0x12ba9c0: fd (fd:5, idx:2) 0
0:00:00.018991556  2471 0x1dbc370 DEBUG   GST_REGISTRY gstregistrychunks.c:583:gst_registry_chunks_load_feature: Plugin 'coretracers' feature 'latency' typename : 'GstTracerFactory'
0:00:00.014206719  2472 0x12b2320 DEBUG   GST_POLL gstpoll.c:1266:gst_poll_fd_can_read_unlocked: 0x12ba9c0: fd (fd:5, idx:2) 1
0:00:00.019000146  2471 0x1dbc370 TRACE   GST_REFCOUNTING gstobject.c:208:gst_object_init: 0x1dd7a50 new
0:00:00.014217039  2472 0x12b2320 DEBUG   GST_PLUGIN_LOADING gstpluginloader.c:721:do_plugin_load: Plugin scanner loading file /home/conan/w/prod/BuildSingleReference/.conan/data/gstreamer/1.19.2/_/_/package/79b6a76dab3879a2afba8d14ba028b620dd3f25b/lib/gstreamer-1.0/libgstcoreelements.so. tag 3
0:00:00.019008949  2471 0x1dbc370 DEBUG   GST_REGISTRY gstregistrychunks.c:717:gst_registry_chunks_load_feature: Reading/casting for GstRegistryChunkPluginFeature at address 0x1dd6a28
0:00:00.014225657  2472 0x12b2320 TRACE   GST_REFCOUNTING gstobject.c:237:gst_object_ref: 0x12ce7c0 ref 1->2
0:00:00.019018221  2471 0x1dbc370 DEBUG   GST_REGISTRY gstregistry.c:589:gst_registry_add_feature: adding feature 0x1dd7a50 (latency)
0:00:00.014233377  2472 0x12b2320 TRACE   GST_REFCOUNTING gstobject.c:237:gst_object_ref: 0x12e9bf0 ref 1->2
0:00:00.019026970  2471 0x1dbc370 DEBUG   GST_REFCOUNTING gstobject.c:708:gst_object_set_parent: set parent (ref and sink)
0:00:00.014243411  2472 0x12b2320 TRACE   GST_REFCOUNTING gstobject.c:237:gst_object_ref: 0x12e8d00 ref 1->2
0:00:00.019035196  2471 0x1dbc370 TRACE   GST_REFCOUNTING gstobject.c:292:gst_object_ref_sink: 0x1dd7a50 ref_sink 1->2
0:00:00.014251704  2472 0x12b2320 TRACE   GST_REFCOUNTING gstobject.c:237:gst_object_ref: 0x12e7550 ref 1->2
0:00:00.019045598  2471 0x1dbc370 LOG   GST_REGISTRY gstregistry.c:607:gst_registry_add_feature: emitting feature-added for latency
0:00:00.014259508  2472 0x12b2320 TRACE   GST_REFCOUNTING gstobject.c:237:gst_object_ref: 0x12e6780 ref 1->2
0:00:00.019054394  2471 0x1dbc370 DEBUG   GST_REGISTRY gstregistrychunks.c:741:gst_registry_chunks_load_feature: Added feature latency, plugin 0x1dd6230 coretracers
0:00:00.014266564  2472 0x12b2320 TRACE   GST_REFCOUNTING gstobject.c:237:gst_object_ref: 0x12e5570 ref 1->2
0:00:00.014274146  2472 0x12b2320 TRACE   GST_REFCOUNTING gstobject.c:237:gst_object_ref: 0x12e4470 ref 1->2
0:00:00.019063475  2471 0x1dbc370 LOG   GST_PLUGIN_LOADING gstpluginloader.c:886:handle_rx_packet: marking plugin 0x1dd6230 as registered as /home/conan/w/prod/BuildSingleReference/.conan/data/gstreamer/1.19.2/_/_/package/79b6a76dab3879a2afba8d14ba028b620dd3f25b/lib/gstreamer-1.0/libgstcoretracers.so
0:00:00.014285510  2472 0x12b2320 TRACE   GST_REFCOUNTING gstobject.c:237:gst_object_ref: 0x12e2ac0 ref 1->2
0:00:00.014292897  2472 0x12b2320 TRACE   GST_REFCOUNTING gstobject.c:237:gst_object_ref: 0x12e1040 ref 1->2
0:00:00.019083206  2471 0x1dbc370 DEBUG   GST_POLL gstpoll.c:1414:gst_poll_wait: 0x1dd5d00: timeout :0:00:01.000000000
0:00:00.014299508  2472 0x12b2320 TRACE   GST_REFCOUNTING gstobject.c:237:gst_object_ref: 0x12dff30 ref 1->2
0:00:00.019095179  2471 0x1dbc370 LOG   GST_PLUGIN_LOADING gstpluginloader.c:1026:exchange_packets: Poll res = 1. 0 bytes pending for write
0:00:00.014309084  2472 0x12b2320 TRACE   GST_REFCOUNTING gstobject.c:237:gst_object_ref: 0x12decc0 ref 1->2
0:00:00.019102785  2471 0x1dbc370 DEBUG   GST_POLL gstpoll.c:1241:gst_poll_fd_has_error: 0x1dd5d00: fd (fd:8, idx:2) 0
0:00:00.014317128  2472 0x12b2320 TRACE   GST_REFCOUNTING gstobject.c:237:gst_object_ref: 0x12dd690 ref 1->2
0:00:00.019109401  2471 0x1dbc370 DEBUG   GST_POLL gstpoll.c:1266:gst_poll_fd_can_read_unlocked: 0x1dd5d00: fd (fd:8, idx:2) 1
0:00:00.014324313  2472 0x12b2320 TRACE   GST_REFCOUNTING gstobject.c:237:gst_object_ref: 0x12dc9c0 ref 1->2
0:00:00.014331611  2472 0x12b2320 TRACE   GST_REFCOUNTING gstobject.c:237:gst_object_ref: 0x12dbc70 ref 1->2
0:00:00.019120510  2471 0x1dbc370 LOG   GST_PLUGIN_LOADING gstpluginloader.c:984:read_one: Expanding rx buf from 1040 to 7384
0:00:00.014337949  2472 0x12b2320 TRACE   GST_REFCOUNTING gstobject.c:237:gst_object_ref: 0x12d3420 ref 1->2
0:00:00.014344839  2472 0x12b2320 TRACE   GST_REFCOUNTING gstobject.c:237:gst_object_ref: 0x12d91b0 ref 1->2
0:00:00.014351222  2472 0x12b2320 TRACE   GST_REFCOUNTING gstobject.c:237:gst_object_ref: 0x12d6b60 ref 1->2
0:00:00.019143006  2471 0x1dbc370 DEBUG   GST_PLUGIN_LOADING gstpluginloader.c:847:handle_rx_packet: Received plugin details from child w/ tag 1. 6860 bytes info
0:00:00.014357501  2472 0x12b2320 TRACE   GST_REFCOUNTING gstobject.c:237:gst_object_ref: 0x12d5010 ref 1->2
0:00:00.019150218  2471 0x1dbc370 LOG   GST_REGISTRY gstregistrychunks.c:837:_priv_gst_registry_chunks_load_plugin: Reading/casting for GstRegistryChunkPluginElement at address 0x1dd7b50
0:00:00.014367322  2472 0x12b2320 TRACE   GST_REFCOUNTING gstobject.c:237:gst_object_ref: 0x12d3fd0 ref 1->2
0:00:00.019158388  2471 0x1dbc370 TRACE   GST_REFCOUNTING gstobject.c:208:gst_object_init: 0x1dd77a0 new
0:00:00.014375210  2472 0x12b2320 TRACE   GST_REFCOUNTING gstobject.c:237:gst_object_ref: 0x12d2520 ref 1->2
0:00:00.019176530  2471 0x1dbc370 LOG   GST_REGISTRY gstregistrychunks.c:859:_priv_gst_registry_chunks_load_plugin: read strings for name='coreelements'
0:00:00.014389877  2472 0x12b2320 TRACE   GST_REFCOUNTING gstobject.c:237:gst_object_ref: 0x12d1620 ref 1->2
0:00:00.019184167  2471 0x1dbc370 LOG   GST_REGISTRY gstregistrychunks.c:860:_priv_gst_registry_chunks_load_plugin: desc.description='GStreamer core elements'
0:00:00.014397119  2472 0x12b2320 TRACE   GST_REFCOUNTING gstobject.c:237:gst_object_ref: 0x12d0830 ref 1->2
0:00:00.019191006  2471 0x1dbc370 LOG   GST_REGISTRY gstregistrychunks.c:861:_priv_gst_registry_chunks_load_plugin: filename='/home/conan/w/prod/BuildSingleReference/.conan/data/gstreamer/1.19.2/_/_/package/79b6a76dab3879a2afba8d14ba028b620dd3f25b/lib/gstreamer-1.0/libgstcoreelements.so'
0:00:00.014404034  2472 0x12b2320 TRACE   GST_REFCOUNTING gstobject.c:237:gst_object_ref: 0x12ceba0 ref 1->2
0:00:00.019197410  2471 0x1dbc370 LOG   GST_REGISTRY gstregistrychunks.c:862:_priv_gst_registry_chunks_load_plugin: desc.version='1.19.2'
0:00:00.014412145  2472 0x12b2320 DEBUG   GST_REGISTRY gstregistrychunks.c:265:gst_registry_chunks_save_feature: saved 0 interfaces 0 pad templates
0:00:00.019203273  2471 0x1dbc370 LOG   GST_REGISTRY gstregistrychunks.c:863:_priv_gst_registry_chunks_load_plugin: desc.license='LGPL'
0:00:00.019216013  2471 0x1dbc370 LOG   GST_REGISTRY gstregistrychunks.c:864:_priv_gst_registry_chunks_load_plugin: desc.source='gstreamer'
0:00:00.014426893  2472 0x12b2320 DEBUG   GST_REGISTRY gstregistrychunks.c:265:gst_registry_chunks_save_feature: saved 0 interfaces 0 pad templates
0:00:00.019224240  2471 0x1dbc370 LOG   GST_REGISTRY gstregistrychunks.c:865:_priv_gst_registry_chunks_load_plugin: desc.package='GStreamer source release'
0:00:00.014440795  2472 0x12b2320 DEBUG   GST_REGISTRY gstregistrychunks.c:265:gst_registry_chunks_save_feature: saved 0 interfaces 0 pad templates
0:00:00.019231495  2471 0x1dbc370 LOG   GST_REGISTRY gstregistrychunks.c:866:_priv_gst_registry_chunks_load_plugin: desc.origin='Unknown package origin'
0:00:00.019239413  2471 0x1dbc370 LOG   GST_REGISTRY gstregistrychunks.c:867:_priv_gst_registry_chunks_load_plugin: desc.datetime=2021-09-23
0:00:00.014454575  2472 0x12b2320 DEBUG   GST_REGISTRY gstregistrychunks.c:265:gst_registry_chunks_save_feature: saved 1 interfaces 0 pad templates
0:00:00.019247645  2471 0x1dbc370 DEBUG   GST_REGISTRY gstregistry.c:473:gst_registry_add_plugin: adding plugin 0x1dd77a0 for filename "/home/conan/w/prod/BuildSingleReference/.conan/data/gstreamer/1.19.2/_/_/package/79b6a76dab3879a2afba8d14ba028b620dd3f25b/lib/gstreamer-1.0/libgstcoreelements.so"
0:00:00.014461801  2472 0x12b2320 DEBUG   GST_REGISTRY gstregistrychunks.c:285:gst_registry_chunks_save_feature: Saved 1 UriTypes
0:00:00.019255735  2471 0x1dbc370 TRACE   GST_REFCOUNTING gstobject.c:292:gst_object_ref_sink: 0x1dd77a0 ref_sink 1->2
0:00:00.014472891  2472 0x12b2320 DEBUG   GST_REGISTRY gstregistrychunks.c:265:gst_registry_chunks_save_feature: saved 0 interfaces 0 pad templates
0:00:00.019263679  2471 0x1dbc370 LOG   GST_REGISTRY gstregistry.c:486:gst_registry_add_plugin: emitting plugin-added for filename "/home/conan/w/prod/BuildSingleReference/.conan/data/gstreamer/1.19.2/_/_/package/79b6a76dab3879a2afba8d14ba028b620dd3f25b/lib/gstreamer-1.0/libgstcoreelements.so"
0:00:00.019276970  2471 0x1dbc370 DEBUG   GST_REGISTRY gstregistrychunks.c:887:_priv_gst_registry_chunks_load_plugin: Added plugin 'coreelements' plugin with 22 features from binary registry
0:00:00.014487855  2472 0x12b2320 DEBUG   GST_REGISTRY gstregistrychunks.c:265:gst_registry_chunks_save_feature: saved 0 interfaces 0 pad templates
0:00:00.019283674  2471 0x1dbc370 DEBUG   GST_REGISTRY gstregistrychunks.c:583:gst_registry_chunks_load_feature: Plugin 'coreelements' feature 'streamiddemux' typename : 'GstElementFactory'
0:00:00.014499938  2472 0x12b2320 DEBUG   GST_REGISTRY gstregistrychunks.c:265:gst_registry_chunks_save_feature: saved 0 interfaces 0 pad templates
0:00:00.014518853  2472 0x12b2320 DEBUG   GST_REGISTRY gstregistrychunks.c:265:gst_registry_chunks_save_feature: saved 1 interfaces 0 pad templates
0:00:00.019307595  2471 0x1dbc370 TRACE   GST_REFCOUNTING gstobject.c:208:gst_object_init: 0x1dd75e0 new
0:00:00.014524798  2472 0x12b2320 DEBUG   GST_REGISTRY gstregistrychunks.c:285:gst_registry_chunks_save_feature: Saved 1 UriTypes
0:00:00.019319369  2471 0x1dbc370 LOG   GST_REGISTRY gstregistrychunks.c:610:gst_registry_chunks_load_feature: Reading/casting for GstRegistryChunkElementFactory at address 0x1dd7ca8
0:00:00.014534616  2472 0x12b2320 DEBUG   GST_REGISTRY gstregistrychunks.c:265:gst_registry_chunks_save_feature: saved 1 interfaces 0 pad templates
0:00:00.019329149  2471 0x1dbc370 TRACE   structure gststructure.c:292:gst_structure_new_id_empty_with_size: created structure 0x1dd6820
0:00:00.014543387  2472 0x12b2320 DEBUG   GST_REGISTRY gstregistrychunks.c:285:gst_registry_chunks_save_feature: Saved 1 UriTypes
0:00:00.019338961  2471 0x1dbc370 DEBUG   structure gststructure.c:2258:gst_structure_parse_field: trying field name 'long-name'
0:00:00.014555223  2472 0x12b2320 DEBUG   GST_REGISTRY gstregistrychunks.c:265:gst_registry_chunks_save_feature: saved 1 interfaces 0 pad templates
0:00:00.014561742  2472 0x12b2320 DEBUG   GST_REGISTRY gstregistrychunks.c:285:gst_registry_chunks_save_feature: Saved 1 UriTypes
0:00:00.019354399  2471 0x1dbc370 DEBUG   default gstvalue.c:2776:_priv_gst_value_parse_value: trying type name 'string'
0:00:00.014571294  2472 0x12b2320 DEBUG   GST_REGISTRY gstregistrychunks.c:265:gst_registry_chunks_save_feature: saved 0 interfaces 0 pad templates
0:00:00.019369625  2471 0x1dbc370 DEBUG   structure gststructure.c:2258:gst_structure_parse_field: trying field name 'klass'
0:00:00.014581514  2472 0x12b2320 DEBUG   GST_REGISTRY gstregistrychunks.c:265:gst_registry_chunks_save_feature: saved 0 interfaces 0 pad templates
0:00:00.019376244  2471 0x1dbc370 DEBUG   default gstvalue.c:2776:_priv_gst_value_parse_value: trying type name 'string'
0:00:00.014592038  2472 0x12b2320 DEBUG   GST_REGISTRY gstregistrychunks.c:265:gst_registry_chunks_save_feature: saved 0 interfaces 0 pad templates
0:00:00.019389859  2471 0x1dbc370 DEBUG   structure gststructure.c:2258:gst_structure_parse_field: trying field name 'description'
0:00:00.019395921  2471 0x1dbc370 DEBUG   default gstvalue.c:2776:_priv_gst_value_parse_value: trying type name 'string'
0:00:00.014606917  2472 0x12b2320 DEBUG   GST_REGISTRY gstregistrychunks.c:265:gst_registry_chunks_save_feature: saved 0 interfaces 0 pad templates
0:00:00.019402746  2471 0x1dbc370 DEBUG   structure gststructure.c:2258:gst_structure_parse_field: trying field name 'author'
0:00:00.014617395  2472 0x12b2320 DEBUG   GST_REGISTRY gstregistrychunks.c:265:gst_registry_chunks_save_feature: saved 0 interfaces 0 pad templates
0:00:00.019408658  2471 0x1dbc370 DEBUG   default gstvalue.c:2776:_priv_gst_value_parse_value: trying type name 'string'
0:00:00.014630251  2472 0x12b2320 DEBUG   GST_REGISTRY gstregistrychunks.c:265:gst_registry_chunks_save_feature: saved 0 interfaces 0 pad templates
0:00:00.019420265  2471 0x1dbc370 DEBUG   GST_REGISTRY gstregistrychunks.c:627:gst_registry_chunks_load_feature: Element factory : npadtemplates=2
0:00:00.019430123  2471 0x1dbc370 DEBUG   GST_REGISTRY gstregistrychunks.c:526:gst_registry_chunks_load_pad_template: Reading/casting for GstRegistryChunkPadTemplate at address 0x1dd7d80
0:00:00.014641976  2472 0x12b2320 DEBUG   GST_REGISTRY gstregistrychunks.c:265:gst_registry_chunks_save_feature: saved 1 interfaces 0 pad templates
0:00:00.019437426  2471 0x1dbc370 DEBUG   GST_REGISTRY gstregistrychunks.c:540:gst_registry_chunks_load_pad_template: Added pad_template src_%u
0:00:00.014649338  2472 0x12b2320 DEBUG   GST_REGISTRY gstregistrychunks.c:285:gst_registry_chunks_save_feature: Saved 1 UriTypes
0:00:00.019443601  2471 0x1dbc370 DEBUG   GST_REGISTRY gstregistrychunks.c:526:gst_registry_chunks_load_pad_template: Reading/casting for GstRegistryChunkPadTemplate at address 0x1dd7d98
0:00:00.014660222  2472 0x12b2320 DEBUG   GST_REGISTRY gstregistrychunks.c:265:gst_registry_chunks_save_feature: saved 0 interfaces 0 pad templates
0:00:00.019450242  2471 0x1dbc370 DEBUG   GST_REGISTRY gstregistrychunks.c:540:gst_registry_chunks_load_pad_template: Added pad_template sink
0:00:00.014670587  2472 0x12b2320 DEBUG   GST_REGISTRY gstregistrychunks.c:265:gst_registry_chunks_save_feature: saved 0 interfaces 0 pad templates
0:00:00.019461083  2471 0x1dbc370 DEBUG   GST_REGISTRY gstregistry.c:589:gst_registry_add_feature: adding feature 0x1dd75e0 (streamiddemux)
0:00:00.014691696  2472 0x12b2320 DEBUG   GST_REGISTRY gstregistrychunks.c:265:gst_registry_chunks_save_feature: saved 0 interfaces 0 pad templates
0:00:00.019480987  2471 0x1dbc370 DEBUG   GST_REFCOUNTING gstobject.c:708:gst_object_set_parent: set parent (ref and sink)
0:00:00.014703302  2472 0x12b2320 DEBUG   GST_REGISTRY gstregistrychunks.c:265:gst_registry_chunks_save_feature: saved 0 interfaces 0 pad templates
0:00:00.019494253  2471 0x1dbc370 TRACE   GST_REFCOUNTING gstobject.c:292:gst_object_ref_sink: 0x1dd75e0 ref_sink 1->2
0:00:00.019508659  2471 0x1dbc370 LOG   GST_REGISTRY gstregistry.c:607:gst_registry_add_feature: emitting feature-added for streamiddemux
0:00:00.014724621  2472 0x12b2320 DEBUG   GST_REGISTRY gstregistrychunks.c:265:gst_registry_chunks_save_feature: saved 0 interfaces 0 pad templates
0:00:00.019516101  2471 0x1dbc370 DEBUG   GST_REGISTRY gstregistrychunks.c:741:gst_registry_chunks_load_feature: Added feature streamiddemux, plugin 0x1dd77a0 coreelements
0:00:00.019524808  2471 0x1dbc370 DEBUG   GST_REGISTRY gstregistrychunks.c:583:gst_registry_chunks_load_feature: Plugin 'coreelements' feature 'valve' typename : 'GstElementFactory'
0:00:00.014737481  2472 0x12b2320 TRACE   GST_REFCOUNTING gstobject.c:264:gst_object_unref: 0x12ceba0 unref 2->1
0:00:00.019533409  2471 0x1dbc370 TRACE   GST_REFCOUNTING gstobject.c:208:gst_object_init: 0x1dd63b0 new
0:00:00.014746086  2472 0x12b2320 TRACE   GST_REFCOUNTING gstobject.c:264:gst_object_unref: 0x12d0830 unref 2->1
0:00:00.019541970  2471 0x1dbc370 LOG   GST_REGISTRY gstregistrychunks.c:610:gst_registry_chunks_load_feature: Reading/casting for GstRegistryChunkElementFactory at address 0x1dd7dc8
0:00:00.014753628  2472 0x12b2320 TRACE   GST_REFCOUNTING gstobject.c:264:gst_object_unref: 0x12d1620 unref 2->1
0:00:00.019549712  2471 0x1dbc370 TRACE   structure gststructure.c:292:gst_structure_new_id_empty_with_size: created structure 0x1dd9820
0:00:00.014761856  2472 0x12b2320 TRACE   GST_REFCOUNTING gstobject.c:264:gst_object_unref: 0x12d2520 unref 2->1
0:00:00.019556418  2471 0x1dbc370 DEBUG   structure gststructure.c:2258:gst_structure_parse_field: trying field name 'long-name'
0:00:00.014769653  2472 0x12b2320 TRACE   GST_REFCOUNTING gstobject.c:264:gst_object_unref: 0x12d3fd0 unref 2->1
0:00:00.019564694  2471 0x1dbc370 DEBUG   default gstvalue.c:2776:_priv_gst_value_parse_value: trying type name 'string'
0:00:00.014777009  2472 0x12b2320 TRACE   GST_REFCOUNTING gstobject.c:264:gst_object_unref: 0x12d5010 unref 2->1
0:00:00.019573587  2471 0x1dbc370 DEBUG   structure gststructure.c:2258:gst_structure_parse_field: trying field name 'klass'
0:00:00.014785233  2472 0x12b2320 TRACE   GST_REFCOUNTING gstobject.c:264:gst_object_unref: 0x12d6b60 unref 2->1
0:00:00.019579917  2471 0x1dbc370 DEBUG   default gstvalue.c:2776:_priv_gst_value_parse_value: trying type name 'string'
0:00:00.014795949  2472 0x12b2320 TRACE   GST_REFCOUNTING gstobject.c:264:gst_object_unref: 0x12d91b0 unref 2->1
0:00:00.019587057  2471 0x1dbc370 DEBUG   structure gststructure.c:2258:gst_structure_parse_field: trying field name 'description'
0:00:00.014804267  2472 0x12b2320 TRACE   GST_REFCOUNTING gstobject.c:264:gst_object_unref: 0x12d3420 unref 2->1
0:00:00.019594446  2471 0x1dbc370 DEBUG   default gstvalue.c:2776:_priv_gst_value_parse_value: trying type name 'string'
0:00:00.014812428  2472 0x12b2320 TRACE   GST_REFCOUNTING gstobject.c:264:gst_object_unref: 0x12dbc70 unref 2->1
0:00:00.019610671  2471 0x1dbc370 DEBUG   structure gststructure.c:2258:gst_structure_parse_field: trying field name 'author'
0:00:00.014822739  2472 0x12b2320 TRACE   GST_REFCOUNTING gstobject.c:264:gst_object_unref: 0x12dc9c0 unref 2->1
0:00:00.019616639  2471 0x1dbc370 DEBUG   default gstvalue.c:2776:_priv_gst_value_parse_value: trying type name 'string'
0:00:00.014830375  2472 0x12b2320 TRACE   GST_REFCOUNTING gstobject.c:264:gst_object_unref: 0x12dd690 unref 2->1
0:00:00.019624361  2471 0x1dbc370 DEBUG   GST_REGISTRY gstregistrychunks.c:627:gst_registry_chunks_load_feature: Element factory : npadtemplates=2
0:00:00.014837694  2472 0x12b2320 TRACE   GST_REFCOUNTING gstobject.c:264:gst_object_unref: 0x12decc0 unref 2->1
0:00:00.019633023  2471 0x1dbc370 DEBUG   GST_REGISTRY gstregistrychunks.c:526:gst_registry_chunks_load_pad_template: Reading/casting for GstRegistryChunkPadTemplate at address 0x1dd7eb8
0:00:00.014846033  2472 0x12b2320 TRACE   GST_REFCOUNTING gstobject.c:264:gst_object_unref: 0x12dff30 unref 2->1
0:00:00.019641280  2471 0x1dbc370 DEBUG   GST_REGISTRY gstregistrychunks.c:540:gst_registry_chunks_load_pad_template: Added pad_template sink
0:00:00.014853969  2472 0x12b2320 TRACE   GST_REFCOUNTING gstobject.c:264:gst_object_unref: 0x12e1040 unref 2->1
0:00:00.019647698  2471 0x1dbc370 DEBUG   GST_REGISTRY gstregistrychunks.c:526:gst_registry_chunks_load_pad_template: Reading/casting for GstRegistryChunkPadTemplate at address 0x1dd7ed0
0:00:00.014864041  2472 0x12b2320 TRACE   GST_REFCOUNTING gstobject.c:264:gst_object_unref: 0x12e2ac0 unref 2->1
0:00:00.019654841  2471 0x1dbc370 DEBUG   GST_REGISTRY gstregistrychunks.c:540:gst_registry_chunks_load_pad_template: Added pad_template src
0:00:00.014872346  2472 0x12b2320 TRACE   GST_REFCOUNTING gstobject.c:264:gst_object_unref: 0x12e4470 unref 2->1
0:00:00.019665563  2471 0x1dbc370 DEBUG   GST_REGISTRY gstregistry.c:589:gst_registry_add_feature: adding feature 0x1dd63b0 (valve)
0:00:00.014879890  2472 0x12b2320 TRACE   GST_REFCOUNTING gstobject.c:264:gst_object_unref: 0x12e5570 unref 2->1
