0:00:00.002586750  2775 0x1e9e320 TRACE   GST_REFCOUNTING gstobject.c:208:gst_object_init: 0x1eb7ec0 new
0:00:00.007087028  2774 0xfca390 DEBUG   GST_REGISTRY gstregistry.c:1361:gst_registry_scan_path_level: file /home/conan/w/prod/BuildSingleReference/.conan/data/gstreamer/1.19.2/_/_/package/bec7fecef66b28e957582014d79b970659fc2b7f/lib/gstreamer-1.0/libgstcoretracers.so not yet in registry
0:00:00.007097136  2774 0xfca390 DEBUG   GST_REGISTRY gstregistry.c:1172:gst_registry_scan_plugin_file: Using scan-helper to load plugin /home/conan/w/prod/BuildSingleReference/.conan/data/gstreamer/1.19.2/_/_/package/bec7fecef66b28e957582014d79b970659fc2b7f/lib/gstreamer-1.0/libgstcoretracers.so
0:00:00.007104205  2774 0xfca390 LOG   GST_PLUGIN_LOADING gstpluginloader.c:236:plugin_loader_load: Sending file /home/conan/w/prod/BuildSingleReference/.conan/data/gstreamer/1.19.2/_/_/package/bec7fecef66b28e957582014d79b970659fc2b7f/lib/gstreamer-1.0/libgstcoretracers.so to child. tag 2
0:00:00.007111686  2774 0xfca390 DEBUG   GST_POLL gstpoll.c:980:gst_poll_fd_ctl_write: 0xfe3d10: fd (fd:7, idx:1), active : 1
0:00:00.002614986  2775 0x1e9e320 LOG   GST_PLUGIN_LOADING gstplugin.c:887:_priv_gst_plugin_load_file_for_registry: Plugin 0x1eb7ec0 for file "/home/conan/w/prod/BuildSingleReference/.conan/data/gstreamer/1.19.2/_/_/package/bec7fecef66b28e957582014d79b970659fc2b7f/lib/gstreamer-1.0/libgstcoretracers.so" prepared, calling entry function...
0:00:00.007120317  2774 0xfca390 LOG   GST_POLL gstpoll.c:994:gst_poll_fd_ctl_write: 0xfe3d10: pfd->events now 60 (POLLOUT:4)
0:00:00.007130067  2774 0xfca390 DEBUG   GST_POLL gstpoll.c:1414:gst_poll_wait: 0xfe3d10: timeout :0:00:01.000000000
0:00:00.002633008  2775 0x1e9e320 LOG   GST_PLUGIN_LOADING gstplugin.c:894:_priv_gst_plugin_load_file_for_registry: Plugin 0x1eb7ec0 for file "/home/conan/w/prod/BuildSingleReference/.conan/data/gstreamer/1.19.2/_/_/package/bec7fecef66b28e957582014d79b970659fc2b7f/lib/gstreamer-1.0/libgstcoretracers.so" prepared, registering...
0:00:00.007138024  2774 0xfca390 LOG   GST_PLUGIN_LOADING gstpluginloader.c:1027:exchange_packets: Poll res = 1. 173 bytes pending for write
0:00:00.002641862  2775 0x1e9e320 LOG   GST_PLUGIN_LOADING gstplugin.c:511:gst_plugin_register_func: plugin "/home/conan/w/prod/BuildSingleReference/.conan/data/gstreamer/1.19.2/_/_/package/bec7fecef66b28e957582014d79b970659fc2b7f/lib/gstreamer-1.0/libgstcoretracers.so" looks good
0:00:00.007145016  2774 0xfca390 DEBUG   GST_POLL gstpoll.c:1241:gst_poll_fd_has_error: 0xfe3d10: fd (fd:8, idx:2) 0
0:00:00.007151241  2774 0xfca390 DEBUG   GST_POLL gstpoll.c:1266:gst_poll_fd_can_read_unlocked: 0xfe3d10: fd (fd:8, idx:2) 0
0:00:00.007156729  2774 0xfca390 DEBUG   GST_POLL gstpoll.c:1195:gst_poll_fd_has_closed: 0xfe3d10: fd (fd:8, idx:2) 0
0:00:00.007162208  2774 0xfca390 DEBUG   GST_POLL gstpoll.c:1241:gst_poll_fd_has_error: 0xfe3d10: fd (fd:7, idx:1) 0
0:00:00.002668778  2775 0x1e9e320 TRACE   GST_REFCOUNTING gstobject.c:208:gst_object_init: 0x1eb8280 new
0:00:00.007170648  2774 0xfca390 DEBUG   GST_POLL gstpoll.c:1335:gst_poll_fd_can_write: 0xfe3d10: fd (fd:7, idx:1) 1
0:00:00.007177567  2774 0xfca390 LOG   GST_PLUGIN_LOADING gstpluginloader.c:689:write_one: Writing packet of size 173 bytes to fd 7
0:00:00.002682045  2775 0x1e9e320 DEBUG   GST_TRACER gsttracer.c:169:gst_tracer_register: new tracer factory for latency
0:00:00.007185216  2774 0xfca390 DEBUG   GST_POLL gstpoll.c:980:gst_poll_fd_ctl_write: 0xfe3d10: fd (fd:7, idx:1), active : 0
0:00:00.002692162  2775 0x1e9e320 DEBUG   GST_TRACER gsttracer.c:177:gst_tracer_register: tracer factory for 32200608:GstLatencyTracer
0:00:00.007191536  2774 0xfca390 LOG   GST_POLL gstpoll.c:994:gst_poll_fd_ctl_write: 0xfe3d10: pfd->events now 56 (POLLOUT:4)
0:00:00.002700633  2775 0x1e9e320 DEBUG   GST_REGISTRY gstregistry.c:590:gst_registry_add_feature: adding feature 0x1eb8280 (latency)
0:00:00.002707515  2775 0x1e9e320 DEBUG   GST_REFCOUNTING gstobject.c:709:gst_object_set_parent: set parent (ref and sink)
0:00:00.007205375  2774 0xfca390 LOG   GST_REGISTRY gstregistry.c:1300:gst_registry_scan_path_level: file /home/conan/w/prod/BuildSingleReference/.conan/data/gstreamer/1.19.2/_/_/package/bec7fecef66b28e957582014d79b970659fc2b7f/lib/gstreamer-1.0/libgstcoreelements.so looks like a possible module
0:00:00.002714434  2775 0x1e9e320 TRACE   GST_REFCOUNTING gstobject.c:294:gst_object_ref_sink: 0x1eb8280 ref_sink 1->2
0:00:00.007218248  2774 0xfca390 DEBUG   GST_REGISTRY gstregistry.c:1361:gst_registry_scan_path_level: file /home/conan/w/prod/BuildSingleReference/.conan/data/gstreamer/1.19.2/_/_/package/bec7fecef66b28e957582014d79b970659fc2b7f/lib/gstreamer-1.0/libgstcoreelements.so not yet in registry
0:00:00.002723124  2775 0x1e9e320 LOG   GST_REGISTRY gstregistry.c:608:gst_registry_add_feature: emitting feature-added for latency
0:00:00.007227125  2774 0xfca390 DEBUG   GST_REGISTRY gstregistry.c:1172:gst_registry_scan_plugin_file: Using scan-helper to load plugin /home/conan/w/prod/BuildSingleReference/.conan/data/gstreamer/1.19.2/_/_/package/bec7fecef66b28e957582014d79b970659fc2b7f/lib/gstreamer-1.0/libgstcoreelements.so
0:00:00.007235806  2774 0xfca390 LOG   GST_PLUGIN_LOADING gstpluginloader.c:236:plugin_loader_load: Sending file /home/conan/w/prod/BuildSingleReference/.conan/data/gstreamer/1.19.2/_/_/package/bec7fecef66b28e957582014d79b970659fc2b7f/lib/gstreamer-1.0/libgstcoreelements.so to child. tag 3
0:00:00.002742628  2775 0x1e9e320 TRACE   GST_REFCOUNTING gstobject.c:208:gst_object_init: 0x1eb8770 new
0:00:00.007243002  2774 0xfca390 DEBUG   GST_POLL gstpoll.c:980:gst_poll_fd_ctl_write: 0xfe3d10: fd (fd:7, idx:1), active : 1
0:00:00.007249909  2774 0xfca390 LOG   GST_POLL gstpoll.c:994:gst_poll_fd_ctl_write: 0xfe3d10: pfd->events now 60 (POLLOUT:4)
0:00:00.002754896  2775 0x1e9e320 DEBUG   GST_TRACER gsttracer.c:169:gst_tracer_register: new tracer factory for log
0:00:00.007256217  2774 0xfca390 DEBUG   GST_POLL gstpoll.c:1414:gst_poll_wait: 0xfe3d10: timeout :0:00:01.000000000
0:00:00.002764093  2775 0x1e9e320 DEBUG   GST_TRACER gsttracer.c:177:gst_tracer_register: tracer factory for 32212432:GstLogTracer
0:00:00.007264308  2774 0xfca390 LOG   GST_PLUGIN_LOADING gstpluginloader.c:1027:exchange_packets: Poll res = 1. 174 bytes pending for write
0:00:00.002772615  2775 0x1e9e320 DEBUG   GST_REGISTRY gstregistry.c:590:gst_registry_add_feature: adding feature 0x1eb8770 (log)
0:00:00.007270839  2774 0xfca390 DEBUG   GST_POLL gstpoll.c:1241:gst_poll_fd_has_error: 0xfe3d10: fd (fd:8, idx:2) 0
0:00:00.002779204  2775 0x1e9e320 DEBUG   GST_REFCOUNTING gstobject.c:709:gst_object_set_parent: set parent (ref and sink)
0:00:00.007280130  2774 0xfca390 DEBUG   GST_POLL gstpoll.c:1266:gst_poll_fd_can_read_unlocked: 0xfe3d10: fd (fd:8, idx:2) 0
0:00:00.002786939  2775 0x1e9e320 TRACE   GST_REFCOUNTING gstobject.c:294:gst_object_ref_sink: 0x1eb8770 ref_sink 1->2
0:00:00.007287185  2774 0xfca390 DEBUG   GST_POLL gstpoll.c:1195:gst_poll_fd_has_closed: 0xfe3d10: fd (fd:8, idx:2) 0
0:00:00.002794122  2775 0x1e9e320 LOG   GST_REGISTRY gstregistry.c:608:gst_registry_add_feature: emitting feature-added for log
0:00:00.007293488  2774 0xfca390 DEBUG   GST_POLL gstpoll.c:1241:gst_poll_fd_has_error: 0xfe3d10: fd (fd:7, idx:1) 0
0:00:00.007304425  2774 0xfca390 DEBUG   GST_POLL gstpoll.c:1335:gst_poll_fd_can_write: 0xfe3d10: fd (fd:7, idx:1) 1
0:00:00.002808862  2775 0x1e9e320 TRACE   GST_REFCOUNTING gstobject.c:208:gst_object_init: 0x1eb8980 new
0:00:00.007309708  2774 0xfca390 LOG   GST_PLUGIN_LOADING gstpluginloader.c:689:write_one: Writing packet of size 174 bytes to fd 7
0:00:00.007317591  2774 0xfca390 DEBUG   GST_POLL gstpoll.c:980:gst_poll_fd_ctl_write: 0xfe3d10: fd (fd:7, idx:1), active : 0
0:00:00.002820989  2775 0x1e9e320 DEBUG   GST_TRACER gsttracer.c:169:gst_tracer_register: new tracer factory for rusage
0:00:00.007323190  2774 0xfca390 LOG   GST_POLL gstpoll.c:994:gst_poll_fd_ctl_write: 0xfe3d10: pfd->events now 56 (POLLOUT:4)
0:00:00.002830413  2775 0x1e9e320 DEBUG   GST_TRACER gsttracer.c:177:gst_tracer_register: tracer factory for 32213040:GstRUsageTracer
0:00:00.002838359  2775 0x1e9e320 DEBUG   GST_REGISTRY gstregistry.c:590:gst_registry_add_feature: adding feature 0x1eb8980 (rusage)
0:00:00.007337441  2774 0xfca390 DEBUG   GST_REGISTRY gstregistry.c:1384:gst_registry_scan_path_internal: registry changed in path /home/conan/w/prod/BuildSingleReference/.conan/data/gstreamer/1.19.2/_/_/package/bec7fecef66b28e957582014d79b970659fc2b7f/lib/gstreamer-1.0: 0
0:00:00.002844171  2775 0x1e9e320 DEBUG   GST_REFCOUNTING gstobject.c:709:gst_object_set_parent: set parent (ref and sink)
0:00:00.007348150  2774 0xfca390 DEBUG   GST_POLL gstpoll.c:980:gst_poll_fd_ctl_write: 0xfe3d10: fd (fd:7, idx:1), active : 1
0:00:00.002851869  2775 0x1e9e320 TRACE   GST_REFCOUNTING gstobject.c:294:gst_object_ref_sink: 0x1eb8980 ref_sink 1->2
0:00:00.007354814  2774 0xfca390 LOG   GST_POLL gstpoll.c:994:gst_poll_fd_ctl_write: 0xfe3d10: pfd->events now 60 (POLLOUT:4)
0:00:00.002860234  2775 0x1e9e320 LOG   GST_REGISTRY gstregistry.c:608:gst_registry_add_feature: emitting feature-added for rusage
0:00:00.007362150  2774 0xfca390 DEBUG   GST_POLL gstpoll.c:1414:gst_poll_wait: 0xfe3d10: timeout :0:00:01.000000000
0:00:00.007371434  2774 0xfca390 LOG   GST_PLUGIN_LOADING gstpluginloader.c:1027:exchange_packets: Poll res = 1. 12 bytes pending for write
0:00:00.002875086  2775 0x1e9e320 TRACE   GST_REFCOUNTING gstobject.c:208:gst_object_init: 0x1eb8c50 new
0:00:00.007379924  2774 0xfca390 DEBUG   GST_POLL gstpoll.c:1241:gst_poll_fd_has_error: 0xfe3d10: fd (fd:8, idx:2) 0
0:00:00.007386495  2774 0xfca390 DEBUG   GST_POLL gstpoll.c:1266:gst_poll_fd_can_read_unlocked: 0xfe3d10: fd (fd:8, idx:2) 0
0:00:00.002889186  2775 0x1e9e320 DEBUG   GST_TRACER gsttracer.c:169:gst_tracer_register: new tracer factory for stats
0:00:00.007392352  2774 0xfca390 DEBUG   GST_POLL gstpoll.c:1195:gst_poll_fd_has_closed: 0xfe3d10: fd (fd:8, idx:2) 0
0:00:00.002899248  2775 0x1e9e320 DEBUG   GST_TRACER gsttracer.c:177:gst_tracer_register: tracer factory for 32213648:GstStatsTracer
0:00:00.007398456  2774 0xfca390 DEBUG   GST_POLL gstpoll.c:1241:gst_poll_fd_has_error: 0xfe3d10: fd (fd:7, idx:1) 0
0:00:00.002907943  2775 0x1e9e320 DEBUG   GST_REGISTRY gstregistry.c:590:gst_registry_add_feature: adding feature 0x1eb8c50 (stats)
0:00:00.007409347  2774 0xfca390 DEBUG   GST_POLL gstpoll.c:1335:gst_poll_fd_can_write: 0xfe3d10: fd (fd:7, idx:1) 1
0:00:00.002914990  2775 0x1e9e320 DEBUG   GST_REFCOUNTING gstobject.c:709:gst_object_set_parent: set parent (ref and sink)
0:00:00.007415372  2774 0xfca390 LOG   GST_PLUGIN_LOADING gstpluginloader.c:689:write_one: Writing packet of size 12 bytes to fd 7
0:00:00.002922816  2775 0x1e9e320 TRACE   GST_REFCOUNTING gstobject.c:294:gst_object_ref_sink: 0x1eb8c50 ref_sink 1->2
0:00:00.007424861  2774 0xfca390 DEBUG   GST_POLL gstpoll.c:980:gst_poll_fd_ctl_write: 0xfe3d10: fd (fd:7, idx:1), active : 0
0:00:00.002930105  2775 0x1e9e320 LOG   GST_REGISTRY gstregistry.c:608:gst_registry_add_feature: emitting feature-added for stats
0:00:00.007432558  2774 0xfca390 LOG   GST_POLL gstpoll.c:994:gst_poll_fd_ctl_write: 0xfe3d10: pfd->events now 56 (POLLOUT:4)
0:00:00.007440118  2774 0xfca390 DEBUG   GST_POLL gstpoll.c:1414:gst_poll_wait: 0xfe3d10: timeout :0:00:01.000000000
0:00:00.002949166  2775 0x1e9e320 TRACE   GST_REFCOUNTING gstobject.c:208:gst_object_init: 0x1eb8ea0 new
0:00:00.002961119  2775 0x1e9e320 DEBUG   GST_TRACER gsttracer.c:169:gst_tracer_register: new tracer factory for leaks
0:00:00.002969506  2775 0x1e9e320 DEBUG   GST_TRACER gsttracer.c:177:gst_tracer_register: tracer factory for 32214320:GstLeaksTracer
0:00:00.002976786  2775 0x1e9e320 DEBUG   GST_REGISTRY gstregistry.c:590:gst_registry_add_feature: adding feature 0x1eb8ea0 (leaks)
0:00:00.002982532  2775 0x1e9e320 DEBUG   GST_REFCOUNTING gstobject.c:709:gst_object_set_parent: set parent (ref and sink)
0:00:00.002989035  2775 0x1e9e320 TRACE   GST_REFCOUNTING gstobject.c:294:gst_object_ref_sink: 0x1eb8ea0 ref_sink 1->2
0:00:00.002995486  2775 0x1e9e320 LOG   GST_REGISTRY gstregistry.c:608:gst_registry_add_feature: emitting feature-added for leaks
0:00:00.003010283  2775 0x1e9e320 TRACE   GST_REFCOUNTING gstobject.c:208:gst_object_init: 0x1eb9140 new
0:00:00.003020113  2775 0x1e9e320 DEBUG   GST_TRACER gsttracer.c:169:gst_tracer_register: new tracer factory for factories
0:00:00.003027971  2775 0x1e9e320 DEBUG   GST_TRACER gsttracer.c:177:gst_tracer_register: tracer factory for 32214992:GstFactoriesTracer
0:00:00.003035004  2775 0x1e9e320 DEBUG   GST_REGISTRY gstregistry.c:590:gst_registry_add_feature: adding feature 0x1eb9140 (factories)
0:00:00.003042091  2775 0x1e9e320 DEBUG   GST_REFCOUNTING gstobject.c:709:gst_object_set_parent: set parent (ref and sink)
0:00:00.003049086  2775 0x1e9e320 TRACE   GST_REFCOUNTING gstobject.c:294:gst_object_ref_sink: 0x1eb9140 ref_sink 1->2
0:00:00.003060112  2775 0x1e9e320 LOG   GST_REGISTRY gstregistry.c:608:gst_registry_add_feature: emitting feature-added for factories
0:00:00.003069213  2775 0x1e9e320 LOG   GST_PLUGIN_LOADING gstplugin.c:538:gst_plugin_register_func: plugin "/home/conan/w/prod/BuildSingleReference/.conan/data/gstreamer/1.19.2/_/_/package/bec7fecef66b28e957582014d79b970659fc2b7f/lib/gstreamer-1.0/libgstcoretracers.so" initialised
0:00:00.003078147  2775 0x1e9e320 INFO   GST_PLUGIN_LOADING gstplugin.c:912:_priv_gst_plugin_load_file_for_registry: plugin "/home/conan/w/prod/BuildSingleReference/.conan/data/gstreamer/1.19.2/_/_/package/bec7fecef66b28e957582014d79b970659fc2b7f/lib/gstreamer-1.0/libgstcoretracers.so" loaded
0:00:00.003085839  2775 0x1e9e320 TRACE   GST_REFCOUNTING gstobject.c:238:gst_object_ref: 0x1eb7ec0 ref 1->2
0:00:00.003094007  2775 0x1e9e320 DEBUG   GST_REGISTRY gstregistry.c:474:gst_registry_add_plugin: adding plugin 0x1eb7ec0 for filename "/home/conan/w/prod/BuildSingleReference/.conan/data/gstreamer/1.19.2/_/_/package/bec7fecef66b28e957582014d79b970659fc2b7f/lib/gstreamer-1.0/libgstcoretracers.so"
0:00:00.003101401  2775 0x1e9e320 TRACE   GST_REFCOUNTING gstobject.c:294:gst_object_ref_sink: 0x1eb7ec0 ref_sink 2->3
0:00:00.003108273  2775 0x1e9e320 LOG   GST_REGISTRY gstregistry.c:487:gst_registry_add_plugin: emitting plugin-added for filename "/home/conan/w/prod/BuildSingleReference/.conan/data/gstreamer/1.19.2/_/_/package/bec7fecef66b28e957582014d79b970659fc2b7f/lib/gstreamer-1.0/libgstcoretracers.so"
0:00:00.003115930  2775 0x1e9e320 TRACE   GST_REFCOUNTING gstobject.c:238:gst_object_ref: 0x1eb9140 ref 1->2
0:00:00.003126046  2775 0x1e9e320 TRACE   GST_REFCOUNTING gstobject.c:238:gst_object_ref: 0x1eb8ea0 ref 1->2
0:00:00.003133924  2775 0x1e9e320 TRACE   GST_REFCOUNTING gstobject.c:238:gst_object_ref: 0x1eb8c50 ref 1->2
0:00:00.003142044  2775 0x1e9e320 TRACE   GST_REFCOUNTING gstobject.c:238:gst_object_ref: 0x1eb8980 ref 1->2
0:00:00.003151465  2775 0x1e9e320 TRACE   GST_REFCOUNTING gstobject.c:238:gst_object_ref: 0x1eb8770 ref 1->2
0:00:00.003159835  2775 0x1e9e320 TRACE   GST_REFCOUNTING gstobject.c:238:gst_object_ref: 0x1eb8280 ref 1->2
0:00:00.003176893  2775 0x1e9e320 TRACE   GST_REFCOUNTING gstobject.c:265:gst_object_unref: 0x1eb8280 unref 2->1
0:00:00.003210594  2775 0x1e9e320 TRACE   GST_REFCOUNTING gstobject.c:265:gst_object_unref: 0x1eb8770 unref 2->1
0:00:00.003218147  2775 0x1e9e320 TRACE   GST_REFCOUNTING gstobject.c:265:gst_object_unref: 0x1eb8980 unref 2->1
0:00:00.003224648  2775 0x1e9e320 TRACE   GST_REFCOUNTING gstobject.c:265:gst_object_unref: 0x1eb8c50 unref 2->1
0:00:00.003231035  2775 0x1e9e320 TRACE   GST_REFCOUNTING gstobject.c:265:gst_object_unref: 0x1eb8ea0 unref 2->1
0:00:00.003237388  2775 0x1e9e320 TRACE   GST_REFCOUNTING gstobject.c:265:gst_object_unref: 0x1eb9140 unref 2->1
0:00:00.003246531  2775 0x1e9e320 DEBUG   GST_REGISTRY gstregistrychunks.c:499:_priv_gst_registry_chunks_save_plugin: Found 6 features in plugin 0x1eb7ec0 (coretracers)
0:00:00.003262326  2775 0x1e9e320 DEBUG   GST_POLL gstpoll.c:980:gst_poll_fd_ctl_write: 0x1ea69e0: fd (fd:0, idx:1), active : 1
0:00:00.003271811  2775 0x1e9e320 LOG   GST_POLL gstpoll.c:994:gst_poll_fd_ctl_write: 0x1ea69e0: pfd->events now 60 (POLLOUT:4)
0:00:00.003279182  2775 0x1e9e320 DEBUG   GST_POLL gstpoll.c:980:gst_poll_fd_ctl_write: 0x1ea69e0: fd (fd:0, idx:1), active : 1
0:00:00.003285184  2775 0x1e9e320 LOG   GST_POLL gstpoll.c:994:gst_poll_fd_ctl_write: 0x1ea69e0: pfd->events now 60 (POLLOUT:4)
0:00:00.003292012  2775 0x1e9e320 DEBUG   GST_POLL gstpoll.c:980:gst_poll_fd_ctl_write: 0x1ea69e0: fd (fd:0, idx:1), active : 1
0:00:00.003297903  2775 0x1e9e320 LOG   GST_POLL gstpoll.c:994:gst_poll_fd_ctl_write: 0x1ea69e0: pfd->events now 60 (POLLOUT:4)
0:00:00.003303915  2775 0x1e9e320 DEBUG   GST_POLL gstpoll.c:980:gst_poll_fd_ctl_write: 0x1ea69e0: fd (fd:0, idx:1), active : 1
0:00:00.003309382  2775 0x1e9e320 LOG   GST_POLL gstpoll.c:994:gst_poll_fd_ctl_write: 0x1ea69e0: pfd->events now 60 (POLLOUT:4)
0:00:00.003330285  2775 0x1e9e320 DEBUG   GST_POLL gstpoll.c:980:gst_poll_fd_ctl_write: 0x1ea69e0: fd (fd:0, idx:1), active : 1
0:00:00.003335958  2775 0x1e9e320 LOG   GST_POLL gstpoll.c:994:gst_poll_fd_ctl_write: 0x1ea69e0: pfd->events now 60 (POLLOUT:4)
0:00:00.003341813  2775 0x1e9e320 DEBUG   GST_POLL gstpoll.c:980:gst_poll_fd_ctl_write: 0x1ea69e0: fd (fd:0, idx:1), active : 1
0:00:00.003347182  2775 0x1e9e320 LOG   GST_POLL gstpoll.c:994:gst_poll_fd_ctl_write: 0x1ea69e0: pfd->events now 60 (POLLOUT:4)
0:00:00.003352698  2775 0x1e9e320 DEBUG   GST_POLL gstpoll.c:980:gst_poll_fd_ctl_write: 0x1ea69e0: fd (fd:0, idx:1), active : 1
0:00:00.003357919  2775 0x1e9e320 LOG   GST_POLL gstpoll.c:994:gst_poll_fd_ctl_write: 0x1ea69e0: pfd->events now 60 (POLLOUT:4)
0:00:00.003363610  2775 0x1e9e320 DEBUG   GST_POLL gstpoll.c:980:gst_poll_fd_ctl_write: 0x1ea69e0: fd (fd:0, idx:1), active : 1
0:00:00.003368997  2775 0x1e9e320 LOG   GST_POLL gstpoll.c:994:gst_poll_fd_ctl_write: 0x1ea69e0: pfd->events now 60 (POLLOUT:4)
0:00:00.003377659  2775 0x1e9e320 DEBUG   GST_POLL gstpoll.c:980:gst_poll_fd_ctl_write: 0x1ea69e0: fd (fd:0, idx:1), active : 1
0:00:00.003384037  2775 0x1e9e320 LOG   GST_POLL gstpoll.c:994:gst_poll_fd_ctl_write: 0x1ea69e0: pfd->events now 60 (POLLOUT:4)
0:00:00.003390144  2775 0x1e9e320 DEBUG   GST_POLL gstpoll.c:980:gst_poll_fd_ctl_write: 0x1ea69e0: fd (fd:0, idx:1), active : 1
0:00:00.003395990  2775 0x1e9e320 LOG   GST_POLL gstpoll.c:994:gst_poll_fd_ctl_write: 0x1ea69e0: pfd->events now 60 (POLLOUT:4)
0:00:00.003401999  2775 0x1e9e320 DEBUG   GST_POLL gstpoll.c:980:gst_poll_fd_ctl_write: 0x1ea69e0: fd (fd:0, idx:1), active : 1
0:00:00.003407394  2775 0x1e9e320 LOG   GST_POLL gstpoll.c:994:gst_poll_fd_ctl_write: 0x1ea69e0: pfd->events now 60 (POLLOUT:4)
0:00:00.003413205  2775 0x1e9e320 DEBUG   GST_POLL gstpoll.c:980:gst_poll_fd_ctl_write: 0x1ea69e0: fd (fd:0, idx:1), active : 1
0:00:00.003423119  2775 0x1e9e320 LOG   GST_POLL gstpoll.c:994:gst_poll_fd_ctl_write: 0x1ea69e0: pfd->events now 60 (POLLOUT:4)
0:00:00.003431795  2775 0x1e9e320 DEBUG   GST_POLL gstpoll.c:980:gst_poll_fd_ctl_write: 0x1ea69e0: fd (fd:0, idx:1), active : 1
0:00:00.003438202  2775 0x1e9e320 LOG   GST_POLL gstpoll.c:994:gst_poll_fd_ctl_write: 0x1ea69e0: pfd->events now 60 (POLLOUT:4)
0:00:00.003444218  2775 0x1e9e320 DEBUG   GST_POLL gstpoll.c:980:gst_poll_fd_ctl_write: 0x1ea69e0: fd (fd:0, idx:1), active : 1
0:00:00.003449682  2775 0x1e9e320 LOG   GST_POLL gstpoll.c:994:gst_poll_fd_ctl_write: 0x1ea69e0: pfd->events now 60 (POLLOUT:4)
0:00:00.003455483  2775 0x1e9e320 DEBUG   GST_POLL gstpoll.c:980:gst_poll_fd_ctl_write: 0x1ea69e0: fd (fd:0, idx:1), active : 1
0:00:00.003460628  2775 0x1e9e320 LOG   GST_POLL gstpoll.c:994:gst_poll_fd_ctl_write: 0x1ea69e0: pfd->events now 60 (POLLOUT:4)
0:00:00.003466323  2775 0x1e9e320 DEBUG   GST_POLL gstpoll.c:980:gst_poll_fd_ctl_write: 0x1ea69e0: fd (fd:0, idx:1), active : 1
0:00:00.003471526  2775 0x1e9e320 LOG   GST_POLL gstpoll.c:994:gst_poll_fd_ctl_write: 0x1ea69e0: pfd->events now 60 (POLLOUT:4)
0:00:00.003480034  2775 0x1e9e320 DEBUG   GST_POLL gstpoll.c:980:gst_poll_fd_ctl_write: 0x1ea69e0: fd (fd:0, idx:1), active : 1
0:00:00.003486324  2775 0x1e9e320 LOG   GST_POLL gstpoll.c:994:gst_poll_fd_ctl_write: 0x1ea69e0: pfd->events now 60 (POLLOUT:4)
0:00:00.003492325  2775 0x1e9e320 DEBUG   GST_POLL gstpoll.c:980:gst_poll_fd_ctl_write: 0x1ea69e0: fd (fd:0, idx:1), active : 1
0:00:00.003497620  2775 0x1e9e320 LOG   GST_POLL gstpoll.c:994:gst_poll_fd_ctl_write: 0x1ea69e0: pfd->events now 60 (POLLOUT:4)
0:00:00.003503310  2775 0x1e9e320 DEBUG   GST_POLL gstpoll.c:980:gst_poll_fd_ctl_write: 0x1ea69e0: fd (fd:0, idx:1), active : 1
0:00:00.003508474  2775 0x1e9e320 LOG   GST_POLL gstpoll.c:994:gst_poll_fd_ctl_write: 0x1ea69e0: pfd->events now 60 (POLLOUT:4)
0:00:00.003514127  2775 0x1e9e320 DEBUG   GST_POLL gstpoll.c:980:gst_poll_fd_ctl_write: 0x1ea69e0: fd (fd:0, idx:1), active : 1
0:00:00.003519399  2775 0x1e9e320 LOG   GST_POLL gstpoll.c:994:gst_poll_fd_ctl_write: 0x1ea69e0: pfd->events now 60 (POLLOUT:4)
0:00:00.003528259  2775 0x1e9e320 DEBUG   GST_POLL gstpoll.c:980:gst_poll_fd_ctl_write: 0x1ea69e0: fd (fd:0, idx:1), active : 1
0:00:00.003534549  2775 0x1e9e320 LOG   GST_POLL gstpoll.c:994:gst_poll_fd_ctl_write: 0x1ea69e0: pfd->events now 60 (POLLOUT:4)
0:00:00.003540589  2775 0x1e9e320 DEBUG   GST_POLL gstpoll.c:980:gst_poll_fd_ctl_write: 0x1ea69e0: fd (fd:0, idx:1), active : 1
0:00:00.003546070  2775 0x1e9e320 LOG   GST_POLL gstpoll.c:994:gst_poll_fd_ctl_write: 0x1ea69e0: pfd->events now 60 (POLLOUT:4)
0:00:00.003551780  2775 0x1e9e320 DEBUG   GST_POLL gstpoll.c:980:gst_poll_fd_ctl_write: 0x1ea69e0: fd (fd:0, idx:1), active : 1
0:00:00.003556921  2775 0x1e9e320 LOG   GST_POLL gstpoll.c:994:gst_poll_fd_ctl_write: 0x1ea69e0: pfd->events now 60 (POLLOUT:4)
0:00:00.003566659  2775 0x1e9e320 DEBUG   GST_POLL gstpoll.c:980:gst_poll_fd_ctl_write: 0x1ea69e0: fd (fd:0, idx:1), active : 1
0:00:00.003572008  2775 0x1e9e320 LOG   GST_POLL gstpoll.c:994:gst_poll_fd_ctl_write: 0x1ea69e0: pfd->events now 60 (POLLOUT:4)
0:00:00.003580630  2775 0x1e9e320 DEBUG   GST_POLL gstpoll.c:980:gst_poll_fd_ctl_write: 0x1ea69e0: fd (fd:0, idx:1), active : 1
0:00:00.003586916  2775 0x1e9e320 LOG   GST_POLL gstpoll.c:994:gst_poll_fd_ctl_write: 0x1ea69e0: pfd->events now 60 (POLLOUT:4)
0:00:00.003592893  2775 0x1e9e320 DEBUG   GST_POLL gstpoll.c:980:gst_poll_fd_ctl_write: 0x1ea69e0: fd (fd:0, idx:1), active : 1
0:00:00.003598436  2775 0x1e9e320 LOG   GST_POLL gstpoll.c:994:gst_poll_fd_ctl_write: 0x1ea69e0: pfd->events now 60 (POLLOUT:4)
0:00:00.003604222  2775 0x1e9e320 DEBUG   GST_POLL gstpoll.c:980:gst_poll_fd_ctl_write: 0x1ea69e0: fd (fd:0, idx:1), active : 1
0:00:00.003609373  2775 0x1e9e320 LOG   GST_POLL gstpoll.c:994:gst_poll_fd_ctl_write: 0x1ea69e0: pfd->events now 60 (POLLOUT:4)
0:00:00.003614984  2775 0x1e9e320 DEBUG   GST_POLL gstpoll.c:980:gst_poll_fd_ctl_write: 0x1ea69e0: fd (fd:0, idx:1), active : 1
0:00:00.003620171  2775 0x1e9e320 LOG   GST_POLL gstpoll.c:994:gst_poll_fd_ctl_write: 0x1ea69e0: pfd->events now 60 (POLLOUT:4)
0:00:00.003628952  2775 0x1e9e320 LOG   GST_PLUGIN_LOADING gstpluginloader.c:645:put_chunk: Expanding tx buf from 512 to 1152 for chunk of size 8
0:00:00.003637188  2775 0x1e9e320 DEBUG   GST_POLL gstpoll.c:980:gst_poll_fd_ctl_write: 0x1ea69e0: fd (fd:0, idx:1), active : 1
0:00:00.003642849  2775 0x1e9e320 LOG   GST_POLL gstpoll.c:994:gst_poll_fd_ctl_write: 0x1ea69e0: pfd->events now 60 (POLLOUT:4)
0:00:00.003648713  2775 0x1e9e320 DEBUG   GST_POLL gstpoll.c:980:gst_poll_fd_ctl_write: 0x1ea69e0: fd (fd:0, idx:1), active : 1
0:00:00.003653914  2775 0x1e9e320 LOG   GST_POLL gstpoll.c:994:gst_poll_fd_ctl_write: 0x1ea69e0: pfd->events now 60 (POLLOUT:4)
0:00:00.003660658  2775 0x1e9e320 TRACE   GST_REFCOUNTING gstobject.c:265:gst_object_unref: 0x1eb7ec0 unref 2->1
0:00:00.003667978  2775 0x1e9e320 DEBUG   GST_POLL gstpoll.c:1241:gst_poll_fd_has_error: 0x1ea69e0: fd (fd:0, idx:1) 0
0:00:00.003674418  2775 0x1e9e320 DEBUG   GST_POLL gstpoll.c:1335:gst_poll_fd_can_write: 0x1ea69e0: fd (fd:0, idx:1) 0
0:00:00.003683166  2775 0x1e9e320 DEBUG   GST_POLL gstpoll.c:1195:gst_poll_fd_has_closed: 0x1ea69e0: fd (fd:0, idx:1) 0
0:00:00.003691523  2775 0x1e9e320 DEBUG   GST_POLL gstpoll.c:1414:gst_poll_wait: 0x1ea69e0: timeout :0:00:01.000000000
0:00:00.003701432  2775 0x1e9e320 LOG   GST_PLUGIN_LOADING gstpluginloader.c:1027:exchange_packets: Poll res = 2. 528 bytes pending for write
0:00:00.003708230  2775 0x1e9e320 DEBUG   GST_POLL gstpoll.c:1241:gst_poll_fd_has_error: 0x1ea69e0: fd (fd:5, idx:2) 0
0:00:00.003714203  2775 0x1e9e320 DEBUG   GST_POLL gstpoll.c:1266:gst_poll_fd_can_read_unlocked: 0x1ea69e0: fd (fd:5, idx:2) 1
0:00:00.003725300  2775 0x1e9e320 DEBUG   GST_PLUGIN_LOADING gstpluginloader.c:721:do_plugin_load: Plugin scanner loading file /home/conan/w/prod/BuildSingleReference/.conan/data/gstreamer/1.19.2/_/_/package/bec7fecef66b28e957582014d79b970659fc2b7f/lib/gstreamer-1.0/libgstcoreelements.so. tag 1
0:00:00.003739075  2775 0x1e9e320 DEBUG   GST_PLUGIN_LOADING gstplugin.c:765:_priv_gst_plugin_load_file_for_registry: attempt to load plugin "/home/conan/w/prod/BuildSingleReference/.conan/data/gstreamer/1.19.2/_/_/package/bec7fecef66b28e957582014d79b970659fc2b7f/lib/gstreamer-1.0/libgstcoreelements.so"
0:00:00.004136943  2775 0x1e9e320 TRACE   GST_REFCOUNTING gstobject.c:208:gst_object_init: 0x1eba810 new
0:00:00.004162663  2775 0x1e9e320 LOG   GST_PLUGIN_LOADING gstplugin.c:887:_priv_gst_plugin_load_file_for_registry: Plugin 0x1eba810 for file "/home/conan/w/prod/BuildSingleReference/.conan/data/gstreamer/1.19.2/_/_/package/bec7fecef66b28e957582014d79b970659fc2b7f/lib/gstreamer-1.0/libgstcoreelements.so" prepared, calling entry function...
0:00:00.004174678  2775 0x1e9e320 LOG   GST_PLUGIN_LOADING gstplugin.c:894:_priv_gst_plugin_load_file_for_registry: Plugin 0x1eba810 for file "/home/conan/w/prod/BuildSingleReference/.conan/data/gstreamer/1.19.2/_/_/package/bec7fecef66b28e957582014d79b970659fc2b7f/lib/gstreamer-1.0/libgstcoreelements.so" prepared, registering...
0:00:00.004193043  2775 0x1e9e320 LOG   GST_PLUGIN_LOADING gstplugin.c:511:gst_plugin_register_func: plugin "/home/conan/w/prod/BuildSingleReference/.conan/data/gstreamer/1.19.2/_/_/package/bec7fecef66b28e957582014d79b970659fc2b7f/lib/gstreamer-1.0/libgstcoreelements.so" looks good
0:00:00.004225330  2775 0x1e9e320 TRACE   GST_REFCOUNTING gstobject.c:208:gst_object_init: 0x1ebac10 new
0:00:00.004239090  2775 0x1e9e320 LOG   GST_ELEMENT_FACTORY gstelementfactory.c:240:gst_element_register: Created new elementfactory for type GstCapsFilter
0:00:00.004251466  2775 0x1e9e320 TRACE   structure gststructure.c:292:gst_structure_new_id_empty_with_size: created structure 0x1ebb2c0
0:00:00.004258045  2775 0x1e9e320 TRACE   GST_PERFORMANCE gststructure.c:512:gst_structure_copy: doing copy 0x1ea4b60 -> 0x1ebb2c0
0:00:00.004267182  2775 0x1e9e320 DEBUG   GST_ELEMENT_PADS gstelement.c:312:gst_element_base_class_init: type GstBaseTransform : factory (nil)
0:00:00.004274686  2775 0x1e9e320 DEBUG   basetransform gstbasetransform.c:333:gst_base_transform_class_init: gst_base_transform_class_init
0:00:00.004292006  2775 0x1e9e320 TRACE   structure gststructure.c:292:gst_structure_new_id_empty_with_size: created structure 0x1ebb730
0:00:00.004299348  2775 0x1e9e320 TRACE   GST_PERFORMANCE gststructure.c:512:gst_structure_copy: doing copy 0x1ebb2c0 -> 0x1ebb730
0:00:00.004306390  2775 0x1e9e320 DEBUG   GST_ELEMENT_PADS gstelement.c:312:gst_element_base_class_init: type GstCapsFilter : factory 0x1ebac10
0:00:00.004342458  2775 0x1e9e320 TRACE   GST_CAPS gstcaps.c:263:gst_caps_new_empty: created caps 0x1eadac0
0:00:00.004351108  2775 0x1e9e320 TRACE   GST_CAPS gstcaps.c:440:gst_static_caps_get: created 0x7f964b62af70 from string ANY
0:00:00.004357960  2775 0x1e9e320 TRACE   GST_REFCOUNTING gstminiobject.c:479:gst_mini_object_ref: 0x1eadac0 ref 1->2
0:00:00.004400627  2775 0x1e9e320 TRACE   GST_REFCOUNTING gstobject.c:208:gst_object_init: 0x1ebc0c0 new
0:00:00.004414505  2775 0x1e9e320 TRACE   GST_REFCOUNTING gstminiobject.c:479:gst_mini_object_ref: 0x1eadac0 ref 2->3
0:00:00.004427529  2775 0x1e9e320 TRACE   GST_REFCOUNTING gstminiobject.c:661:gst_mini_object_unref: 0x1eadac0 unref 3->2
0:00:00.004435442  2775 0x1e9e320 TRACE   GST_REFCOUNTING gstobject.c:294:gst_object_ref_sink: 0x1ebc0c0 ref_sink 1->2
0:00:00.004442266  2775 0x1e9e320 TRACE   GST_CAPS gstcaps.c:263:gst_caps_new_empty: created caps 0x1ebbb00
0:00:00.004448506  2775 0x1e9e320 TRACE   GST_CAPS gstcaps.c:440:gst_static_caps_get: created 0x7f964b62af30 from string ANY
0:00:00.004457755  2775 0x1e9e320 TRACE   GST_REFCOUNTING gstminiobject.c:479:gst_mini_object_ref: 0x1ebbb00 ref 1->2
0:00:00.004468557  2775 0x1e9e320 TRACE   GST_REFCOUNTING gstobject.c:208:gst_object_init: 0x1ebc300 new
0:00:00.004478252  2775 0x1e9e320 TRACE   GST_REFCOUNTING gstminiobject.c:479:gst_mini_object_ref: 0x1ebbb00 ref 2->3
0:00:00.004487275  2775 0x1e9e320 TRACE   GST_REFCOUNTING gstminiobject.c:661:gst_mini_object_unref: 0x1ebbb00 unref 3->2
0:00:00.004494378  2775 0x1e9e320 TRACE   GST_REFCOUNTING gstobject.c:294:gst_object_ref_sink: 0x1ebc300 ref_sink 1->2
0:00:00.004505143  2775 0x1e9e320 TRACE   structure gststructure.c:292:gst_structure_new_id_empty_with_size: created structure 0x1ebc560
0:00:00.004512556  2775 0x1e9e320 TRACE   GST_PERFORMANCE gststructure.c:512:gst_structure_copy: doing copy 0x1ebb730 -> 0x1ebc560
0:00:00.004523603  2775 0x1e9e320 DEBUG   GST_REGISTRY gstregistry.c:590:gst_registry_add_feature: adding feature 0x1ebac10 (capsfilter)
0:00:00.004532415  2775 0x1e9e320 DEBUG   GST_REFCOUNTING gstobject.c:709:gst_object_set_parent: set parent (ref and sink)
0:00:00.004540943  2775 0x1e9e320 TRACE   GST_REFCOUNTING gstobject.c:294:gst_object_ref_sink: 0x1ebac10 ref_sink 1->2
0:00:00.004547831  2775 0x1e9e320 LOG   GST_REGISTRY gstregistry.c:608:gst_registry_add_feature: emitting feature-added for capsfilter
0:00:00.004561685  2775 0x1e9e320 TRACE   GST_REFCOUNTING gstobject.c:208:gst_object_init: 0x1ebc8a0 new
0:00:00.004572326  2775 0x1e9e320 LOG   GST_ELEMENT_FACTORY gstelementfactory.c:240:gst_element_register: Created new elementfactory for type GstClockSync
0:00:00.004579933  2775 0x1e9e320 TRACE   structure gststructure.c:292:gst_structure_new_id_empty_with_size: created structure 0x1ebccd0
0:00:00.004585854  2775 0x1e9e320 TRACE   GST_PERFORMANCE gststructure.c:512:gst_structure_copy: doing copy 0x1ea4b60 -> 0x1ebccd0
0:00:00.004595387  2775 0x1e9e320 DEBUG   GST_ELEMENT_PADS gstelement.c:312:gst_element_base_class_init: type GstClockSync : factory 0x1ebc8a0
0:00:00.004616585  2775 0x1e9e320 TRACE   GST_CAPS gstcaps.c:263:gst_caps_new_empty: created caps 0x1ebcf80
0:00:00.004628009  2775 0x1e9e320 TRACE   GST_CAPS gstcaps.c:440:gst_static_caps_get: created 0x7f964b62aff0 from string ANY
0:00:00.004634637  2775 0x1e9e320 TRACE   GST_REFCOUNTING gstminiobject.c:479:gst_mini_object_ref: 0x1ebcf80 ref 1->2
0:00:00.004644405  2775 0x1e9e320 TRACE   GST_REFCOUNTING gstobject.c:208:gst_object_init: 0x1ebcfd0 new
0:00:00.004653489  2775 0x1e9e320 TRACE   GST_REFCOUNTING gstminiobject.c:479:gst_mini_object_ref: 0x1ebcf80 ref 2->3
0:00:00.004662226  2775 0x1e9e320 TRACE   GST_REFCOUNTING gstminiobject.c:661:gst_mini_object_unref: 0x1ebcf80 unref 3->2
0:00:00.004672146  2775 0x1e9e320 TRACE   GST_REFCOUNTING gstobject.c:294:gst_object_ref_sink: 0x1ebcfd0 ref_sink 1->2
0:00:00.004679551  2775 0x1e9e320 TRACE   GST_CAPS gstcaps.c:263:gst_caps_new_empty: created caps 0x1ebd0f0
0:00:00.004685890  2775 0x1e9e320 TRACE   GST_CAPS gstcaps.c:440:gst_static_caps_get: created 0x7f964b62afb0 from string ANY
0:00:00.004692253  2775 0x1e9e320 TRACE   GST_REFCOUNTING gstminiobject.c:479:gst_mini_object_ref: 0x1ebd0f0 ref 1->2
0:00:00.004701288  2775 0x1e9e320 TRACE   GST_REFCOUNTING gstobject.c:208:gst_object_init: 0x1ebd240 new
0:00:00.004709811  2775 0x1e9e320 TRACE   GST_REFCOUNTING gstminiobject.c:479:gst_mini_object_ref: 0x1ebd0f0 ref 2->3
0:00:00.004718619  2775 0x1e9e320 TRACE   GST_REFCOUNTING gstminiobject.c:661:gst_mini_object_unref: 0x1ebd0f0 unref 3->2
0:00:00.004726019  2775 0x1e9e320 TRACE   GST_REFCOUNTING gstobject.c:294:gst_object_ref_sink: 0x1ebd240 ref_sink 1->2
0:00:00.004736983  2775 0x1e9e320 TRACE   structure gststructure.c:292:gst_structure_new_id_empty_with_size: created structure 0x1ebd2e0
0:00:00.004745192  2775 0x1e9e320 TRACE   GST_PERFORMANCE gststructure.c:512:gst_structure_copy: doing copy 0x1ebccd0 -> 0x1ebd2e0
0:00:00.004755420  2775 0x1e9e320 DEBUG   GST_REGISTRY gstregistry.c:590:gst_registry_add_feature: adding feature 0x1ebc8a0 (clocksync)
0:00:00.004761164  2775 0x1e9e320 DEBUG   GST_REFCOUNTING gstobject.c:709:gst_object_set_parent: set parent (ref and sink)
0:00:00.004768083  2775 0x1e9e320 TRACE   GST_REFCOUNTING gstobject.c:294:gst_object_ref_sink: 0x1ebc8a0 ref_sink 1->2
0:00:00.004774670  2775 0x1e9e320 LOG   GST_REGISTRY gstregistry.c:608:gst_registry_add_feature: emitting feature-added for clocksync
0:00:00.004794285  2775 0x1e9e320 TRACE   GST_REFCOUNTING gstobject.c:208:gst_object_init: 0x1ebd690 new
0:00:00.004807366  2775 0x1e9e320 LOG   GST_ELEMENT_FACTORY gstelementfactory.c:240:gst_element_register: Created new elementfactory for type GstConcat
0:00:00.004815343  2775 0x1e9e320 TRACE   structure gststructure.c:292:gst_structure_new_id_empty_with_size: created structure 0x1ebdaf0
0:00:00.004821483  2775 0x1e9e320 TRACE   GST_PERFORMANCE gststructure.c:512:gst_structure_copy: doing copy 0x1ea4b60 -> 0x1ebdaf0
0:00:00.004832538  2775 0x1e9e320 DEBUG   GST_ELEMENT_PADS gstelement.c:312:gst_element_base_class_init: type GstConcat : factory 0x1ebd690
0:00:00.004846973  2775 0x1e9e320 TRACE   GST_CAPS gstcaps.c:263:gst_caps_new_empty: created caps 0x1ebdc50
0:00:00.004853212  2775 0x1e9e320 TRACE   GST_CAPS gstcaps.c:440:gst_static_caps_get: created 0x7f964b62b030 from string ANY
0:00:00.004859191  2775 0x1e9e320 TRACE   GST_REFCOUNTING gstminiobject.c:479:gst_mini_object_ref: 0x1ebdc50 ref 1->2
0:00:00.004871486  2775 0x1e9e320 TRACE   GST_REFCOUNTING gstobject.c:208:gst_object_init: 0x1ebddd0 new
0:00:00.004881304  2775 0x1e9e320 TRACE   GST_REFCOUNTING gstminiobject.c:479:gst_mini_object_ref: 0x1ebdc50 ref 2->3
0:00:00.004893291  2775 0x1e9e320 TRACE   GST_REFCOUNTING gstminiobject.c:661:gst_mini_object_unref: 0x1ebdc50 unref 3->2
0:00:00.004900496  2775 0x1e9e320 TRACE   GST_REFCOUNTING gstobject.c:294:gst_object_ref_sink: 0x1ebddd0 ref_sink 1->2
0:00:00.004907105  2775 0x1e9e320 TRACE   GST_CAPS gstcaps.c:263:gst_caps_new_empty: created caps 0x1ebdd40
0:00:00.004913094  2775 0x1e9e320 TRACE   GST_CAPS gstcaps.c:440:gst_static_caps_get: created 0x7f964b62b070 from string ANY
0:00:00.004918989  2775 0x1e9e320 TRACE   GST_REFCOUNTING gstminiobject.c:479:gst_mini_object_ref: 0x1ebdd40 ref 1->2
0:00:00.004931046  2775 0x1e9e320 TRACE   GST_REFCOUNTING gstobject.c:208:gst_object_init: 0x1ebde70 new
0:00:00.004940300  2775 0x1e9e320 TRACE   GST_REFCOUNTING gstminiobject.c:479:gst_mini_object_ref: 0x1ebdd40 ref 2->3
0:00:00.004949031  2775 0x1e9e320 TRACE   GST_REFCOUNTING gstminiobject.c:661:gst_mini_object_unref: 0x1ebdd40 unref 3->2
0:00:00.004956049  2775 0x1e9e320 TRACE   GST_REFCOUNTING gstobject.c:294:gst_object_ref_sink: 0x1ebde70 ref_sink 1->2
0:00:00.004964911  2775 0x1e9e320 TRACE   structure gststructure.c:292:gst_structure_new_id_empty_with_size: created structure 0x1ebe000
0:00:00.004972104  2775 0x1e9e320 TRACE   GST_PERFORMANCE gststructure.c:512:gst_structure_copy: doing copy 0x1ebdaf0 -> 0x1ebe000
0:00:00.004981667  2775 0x1e9e320 DEBUG   GST_REGISTRY gstregistry.c:590:gst_registry_add_feature: adding feature 0x1ebd690 (concat)
0:00:00.004987507  2775 0x1e9e320 DEBUG   GST_REFCOUNTING gstobject.c:709:gst_object_set_parent: set parent (ref and sink)
0:00:00.004997538  2775 0x1e9e320 TRACE   GST_REFCOUNTING gstobject.c:294:gst_object_ref_sink: 0x1ebd690 ref_sink 1->2
0:00:00.005005677  2775 0x1e9e320 LOG   GST_REGISTRY gstregistry.c:608:gst_registry_add_feature: emitting feature-added for concat
0:00:00.005022818  2775 0x1e9e320 TRACE   GST_REFCOUNTING gstobject.c:208:gst_object_init: 0x1ebe590 new
0:00:00.005033246  2775 0x1e9e320 LOG   GST_ELEMENT_FACTORY gstelementfactory.c:240:gst_element_register: Created new elementfactory for type GstDataURISrc
0:00:00.005040615  2775 0x1e9e320 TRACE   structure gststructure.c:292:gst_structure_new_id_empty_with_size: created structure 0x1ebeb30
0:00:00.005050664  2775 0x1e9e320 TRACE   GST_PERFORMANCE gststructure.c:512:gst_structure_copy: doing copy 0x1ea4b60 -> 0x1ebeb30
0:00:00.005059986  2775 0x1e9e320 DEBUG   GST_ELEMENT_PADS gstelement.c:312:gst_element_base_class_init: type GstBaseSrc : factory (nil)
0:00:00.005093402  2775 0x1e9e320 TRACE   structure gststructure.c:292:gst_structure_new_id_empty_with_size: created structure 0x1eb72c0
0:00:00.005100059  2775 0x1e9e320 TRACE   GST_PERFORMANCE gststructure.c:512:gst_structure_copy: doing copy 0x1ebeb30 -> 0x1eb72c0
0:00:00.005106659  2775 0x1e9e320 DEBUG   GST_ELEMENT_PADS gstelement.c:312:gst_element_base_class_init: type GstDataURISrc : factory 0x1ebe590
0:00:00.005115573  2775 0x1e9e320 TRACE   GST_CAPS gstcaps.c:263:gst_caps_new_empty: created caps 0x1ebf9c0
0:00:00.005122009  2775 0x1e9e320 TRACE   GST_CAPS gstcaps.c:440:gst_static_caps_get: created 0x7f964b62b0b0 from string ANY
0:00:00.005128249  2775 0x1e9e320 TRACE   GST_REFCOUNTING gstminiobject.c:479:gst_mini_object_ref: 0x1ebf9c0 ref 1->2
0:00:00.005140334  2775 0x1e9e320 TRACE   GST_REFCOUNTING gstobject.c:208:gst_object_init: 0x1ebfa10 new
0:00:00.005149987  2775 0x1e9e320 TRACE   GST_REFCOUNTING gstminiobject.c:479:gst_mini_object_ref: 0x1ebf9c0 ref 2->3
0:00:00.005159055  2775 0x1e9e320 TRACE   GST_REFCOUNTING gstminiobject.c:661:gst_mini_object_unref: 0x1ebf9c0 unref 3->2
0:00:00.005166419  2775 0x1e9e320 TRACE   GST_REFCOUNTING gstobject.c:294:gst_object_ref_sink: 0x1ebfa10 ref_sink 1->2
0:00:00.005219364  2775 0x1e9e320 TRACE   structure gststructure.c:292:gst_structure_new_id_empty_with_size: created structure 0x1ebfbc0
0:00:00.005228112  2775 0x1e9e320 TRACE   GST_PERFORMANCE gststructure.c:512:gst_structure_copy: doing copy 0x1eb72c0 -> 0x1ebfbc0
0:00:00.005245071  2775 0x1e9e320 DEBUG   GST_REGISTRY gstregistry.c:590:gst_registry_add_feature: adding feature 0x1ebe590 (dataurisrc)
0:00:00.005254044  2775 0x1e9e320 DEBUG   GST_REFCOUNTING gstobject.c:709:gst_object_set_parent: set parent (ref and sink)
0:00:00.005261794  2775 0x1e9e320 TRACE   GST_REFCOUNTING gstobject.c:294:gst_object_ref_sink: 0x1ebe590 ref_sink 1->2
0:00:00.005268802  2775 0x1e9e320 LOG   GST_REGISTRY gstregistry.c:608:gst_registry_add_feature: emitting feature-added for dataurisrc
0:00:00.005283500  2775 0x1e9e320 TRACE   GST_REFCOUNTING gstobject.c:208:gst_object_init: 0x1ec0040 new
0:00:00.005293930  2775 0x1e9e320 LOG   GST_ELEMENT_FACTORY gstelementfactory.c:240:gst_element_register: Created new elementfactory for type GstDownloadBuffer
0:00:00.005301402  2775 0x1e9e320 TRACE   structure gststructure.c:292:gst_structure_new_id_empty_with_size: created structure 0x1ec0570
0:00:00.005309906  2775 0x1e9e320 TRACE   GST_PERFORMANCE gststructure.c:512:gst_structure_copy: doing copy 0x1ea4b60 -> 0x1ec0570
0:00:00.005340751  2775 0x1e9e320 DEBUG   GST_ELEMENT_PADS gstelement.c:312:gst_element_base_class_init: type GstDownloadBuffer : factory 0x1ec0040
0:00:00.005364314  2775 0x1e9e320 TRACE   GST_CAPS gstcaps.c:263:gst_caps_new_empty: created caps 0x1ec0330
0:00:00.005370768  2775 0x1e9e320 TRACE   GST_CAPS gstcaps.c:440:gst_static_caps_get: created 0x7f964b62b150 from string ANY
0:00:00.005377237  2775 0x1e9e320 TRACE   GST_REFCOUNTING gstminiobject.c:479:gst_mini_object_ref: 0x1ec0330 ref 1->2
0:00:00.005386586  2775 0x1e9e320 TRACE   GST_REFCOUNTING gstobject.c:208:gst_object_init: 0x1ec01b0 new
0:00:00.005398134  2775 0x1e9e320 TRACE   GST_REFCOUNTING gstminiobject.c:479:gst_mini_object_ref: 0x1ec0330 ref 2->3
0:00:00.005408130  2775 0x1e9e320 TRACE   GST_REFCOUNTING gstminiobject.c:661:gst_mini_object_unref: 0x1ec0330 unref 3->2
0:00:00.005415256  2775 0x1e9e320 TRACE   GST_REFCOUNTING gstobject.c:294:gst_object_ref_sink: 0x1ec01b0 ref_sink 1->2
0:00:00.005421759  2775 0x1e9e320 TRACE   GST_CAPS gstcaps.c:263:gst_caps_new_empty: created caps 0x1ec0ad0
0:00:00.005428008  2775 0x1e9e320 TRACE   GST_CAPS gstcaps.c:440:gst_static_caps_get: created 0x7f964b62b110 from string ANY
0:00:00.005433946  2775 0x1e9e320 TRACE   GST_REFCOUNTING gstminiobject.c:479:gst_mini_object_ref: 0x1ec0ad0 ref 1->2
0:00:00.005442983  2775 0x1e9e320 TRACE   GST_REFCOUNTING gstobject.c:208:gst_object_init: 0x1ec0a00 new
0:00:00.005450406  2775 0x1e9e320 TRACE   GST_REFCOUNTING gstminiobject.c:479:gst_mini_object_ref: 0x1ec0ad0 ref 2->3
0:00:00.005462078  2775 0x1e9e320 TRACE   GST_REFCOUNTING gstminiobject.c:661:gst_mini_object_unref: 0x1ec0ad0 unref 3->2
0:00:00.005470590  2775 0x1e9e320 TRACE   GST_REFCOUNTING gstobject.c:294:gst_object_ref_sink: 0x1ec0a00 ref_sink 1->2
0:00:00.005481396  2775 0x1e9e320 TRACE   structure gststructure.c:292:gst_structure_new_id_empty_with_size: created structure 0x1ec0c90
0:00:00.005493479  2775 0x1e9e320 TRACE   GST_PERFORMANCE gststructure.c:512:gst_structure_copy: doing copy 0x1ec0570 -> 0x1ec0c90
0:00:00.005503290  2775 0x1e9e320 DEBUG   GST_REGISTRY gstregistry.c:590:gst_registry_add_feature: adding feature 0x1ec0040 (downloadbuffer)
0:00:00.005509512  2775 0x1e9e320 DEBUG   GST_REFCOUNTING gstobject.c:709:gst_object_set_parent: set parent (ref and sink)
0:00:00.005516310  2775 0x1e9e320 TRACE   GST_REFCOUNTING gstobject.c:294:gst_object_ref_sink: 0x1ec0040 ref_sink 1->2
0:00:00.005525789  2775 0x1e9e320 LOG   GST_REGISTRY gstregistry.c:608:gst_registry_add_feature: emitting feature-added for downloadbuffer
0:00:00.005540483  2775 0x1e9e320 TRACE   GST_REFCOUNTING gstobject.c:208:gst_object_init: 0x1ec1080 new
0:00:00.005551265  2775 0x1e9e320 LOG   GST_ELEMENT_FACTORY gstelementfactory.c:240:gst_element_register: Created new elementfactory for type GstFakeSrc
0:00:00.005562996  2775 0x1e9e320 TRACE   structure gststructure.c:292:gst_structure_new_id_empty_with_size: created structure 0x1ec1720
0:00:00.005568967  2775 0x1e9e320 TRACE   GST_PERFORMANCE gststructure.c:512:gst_structure_copy: doing copy 0x1ebeb30 -> 0x1ec1720
0:00:00.005575563  2775 0x1e9e320 DEBUG   GST_ELEMENT_PADS gstelement.c:312:gst_element_base_class_init: type GstFakeSrc : factory 0x1ec1080
0:00:00.005637819  2775 0x1e9e320 TRACE   GST_CAPS gstcaps.c:263:gst_caps_new_empty: created caps 0x1ec2490
0:00:00.005646884  2775 0x1e9e320 TRACE   GST_CAPS gstcaps.c:440:gst_static_caps_get: created 0x7f964b62b1d0 from string ANY
0:00:00.005653548  2775 0x1e9e320 TRACE   GST_REFCOUNTING gstminiobject.c:479:gst_mini_object_ref: 0x1ec2490 ref 1->2
0:00:00.005662670  2775 0x1e9e320 TRACE   GST_REFCOUNTING gstobject.c:208:gst_object_init: 0x1ec2610 new
0:00:00.005671832  2775 0x1e9e320 TRACE   GST_REFCOUNTING gstminiobject.c:479:gst_mini_object_ref: 0x1ec2490 ref 2->3
0:00:00.005680418  2775 0x1e9e320 TRACE   GST_REFCOUNTING gstminiobject.c:661:gst_mini_object_unref: 0x1ec2490 unref 3->2
0:00:00.005687457  2775 0x1e9e320 TRACE   GST_REFCOUNTING gstobject.c:294:gst_object_ref_sink: 0x1ec2610 ref_sink 1->2
0:00:00.005697843  2775 0x1e9e320 TRACE   structure gststructure.c:292:gst_structure_new_id_empty_with_size: created structure 0x1ec2870
0:00:00.005707339  2775 0x1e9e320 TRACE   GST_PERFORMANCE gststructure.c:512:gst_structure_copy: doing copy 0x1ec1720 -> 0x1ec2870
0:00:00.005718150  2775 0x1e9e320 DEBUG   GST_REGISTRY gstregistry.c:590:gst_registry_add_feature: adding feature 0x1ec1080 (fakesrc)
0:00:00.005724243  2775 0x1e9e320 DEBUG   GST_REFCOUNTING gstobject.c:709:gst_object_set_parent: set parent (ref and sink)
0:00:00.005731266  2775 0x1e9e320 TRACE   GST_REFCOUNTING gstobject.c:294:gst_object_ref_sink: 0x1ec1080 ref_sink 1->2
0:00:00.005738034  2775 0x1e9e320 LOG   GST_REGISTRY gstregistry.c:608:gst_registry_add_feature: emitting feature-added for fakesrc
0:00:00.005761124  2775 0x1e9e320 TRACE   GST_REFCOUNTING gstobject.c:208:gst_object_init: 0x1ec2bd0 new
0:00:00.005773818  2775 0x1e9e320 LOG   GST_ELEMENT_FACTORY gstelementfactory.c:240:gst_element_register: Created new elementfactory for type GstFakeSink
0:00:00.005784986  2775 0x1e9e320 TRACE   structure gststructure.c:292:gst_structure_new_id_empty_with_size: created structure 0x1ec3260
0:00:00.005791123  2775 0x1e9e320 TRACE   GST_PERFORMANCE gststructure.c:512:gst_structure_copy: doing copy 0x1ea4b60 -> 0x1ec3260
0:00:00.005797850  2775 0x1e9e320 DEBUG   GST_ELEMENT_PADS gstelement.c:312:gst_element_base_class_init: type GstBaseSink : factory (nil)
0:00:00.005842991  2775 0x1e9e320 TRACE   structure gststructure.c:292:gst_structure_new_id_empty_with_size: created structure 0x1ec3f10
0:00:00.005851474  2775 0x1e9e320 TRACE   GST_PERFORMANCE gststructure.c:512:gst_structure_copy: doing copy 0x1ec3260 -> 0x1ec3f10
0:00:00.005864333  2775 0x1e9e320 DEBUG   GST_ELEMENT_PADS gstelement.c:312:gst_element_base_class_init: type GstFakeSink : factory 0x1ec2bd0
0:00:00.005901246  2775 0x1e9e320 TRACE   GST_CAPS gstcaps.c:263:gst_caps_new_empty: created caps 0x1ec2430
0:00:00.005907929  2775 0x1e9e320 TRACE   GST_CAPS gstcaps.c:440:gst_static_caps_get: created 0x7f964b62b190 from string ANY
0:00:00.005913938  2775 0x1e9e320 TRACE   GST_REFCOUNTING gstminiobject.c:479:gst_mini_object_ref: 0x1ec2430 ref 1->2
0:00:00.005922780  2775 0x1e9e320 TRACE   GST_REFCOUNTING gstobject.c:208:gst_object_init: 0x1ec4b30 new
0:00:00.005931325  2775 0x1e9e320 TRACE   GST_REFCOUNTING gstminiobject.c:479:gst_mini_object_ref: 0x1ec2430 ref 2->3
0:00:00.005939563  2775 0x1e9e320 TRACE   GST_REFCOUNTING gstminiobject.c:661:gst_mini_object_unref: 0x1ec2430 unref 3->2
0:00:00.005949131  2775 0x1e9e320 TRACE   GST_REFCOUNTING gstobject.c:294:gst_object_ref_sink: 0x1ec4b30 ref_sink 1->2
0:00:00.005959757  2775 0x1e9e320 TRACE   structure gststructure.c:292:gst_structure_new_id_empty_with_size: created structure 0x1ec4cc0
0:00:00.005966710  2775 0x1e9e320 TRACE   GST_PERFORMANCE gststructure.c:512:gst_structure_copy: doing copy 0x1ec3f10 -> 0x1ec4cc0
0:00:00.005978645  2775 0x1e9e320 DEBUG   GST_REGISTRY gstregistry.c:590:gst_registry_add_feature: adding feature 0x1ec2bd0 (fakesink)
0:00:00.005984642  2775 0x1e9e320 DEBUG   GST_REFCOUNTING gstobject.c:709:gst_object_set_parent: set parent (ref and sink)
0:00:00.005991224  2775 0x1e9e320 TRACE   GST_REFCOUNTING gstobject.c:294:gst_object_ref_sink: 0x1ec2bd0 ref_sink 1->2
0:00:00.005997418  2775 0x1e9e320 LOG   GST_REGISTRY gstregistry.c:608:gst_registry_add_feature: emitting feature-added for fakesink
0:00:00.006023215  2775 0x1e9e320 TRACE   GST_REFCOUNTING gstobject.c:208:gst_object_init: 0x1ec5220 new
0:00:00.006034319  2775 0x1e9e320 LOG   GST_ELEMENT_FACTORY gstelementfactory.c:240:gst_element_register: Created new elementfactory for type GstFdSrc
0:00:00.006041439  2775 0x1e9e320 TRACE   structure gststructure.c:292:gst_structure_new_id_empty_with_size: created structure 0x1ec57e0
0:00:00.006046812  2775 0x1e9e320 TRACE   GST_PERFORMANCE gststructure.c:512:gst_structure_copy: doing copy 0x1ebeb30 -> 0x1ec57e0
0:00:00.006052768  2775 0x1e9e320 DEBUG   GST_ELEMENT_PADS gstelement.c:312:gst_element_base_class_init: type GstPushSrc : factory (nil)
0:00:00.006063270  2775 0x1e9e320 TRACE   structure gststructure.c:292:gst_structure_new_id_empty_with_size: created structure 0x1ec5c80
0:00:00.006069944  2775 0x1e9e320 TRACE   GST_PERFORMANCE gststructure.c:512:gst_structure_copy: doing copy 0x1ec57e0 -> 0x1ec5c80
0:00:00.006076394  2775 0x1e9e320 DEBUG   GST_ELEMENT_PADS gstelement.c:312:gst_element_base_class_init: type GstFdSrc : factory 0x1ec5220
0:00:00.006090039  2775 0x1e9e320 TRACE   GST_CAPS gstcaps.c:263:gst_caps_new_empty: created caps 0x1ec53b0
0:00:00.006103296  2775 0x1e9e320 TRACE   GST_CAPS gstcaps.c:440:gst_static_caps_get: created 0x7f964b62b270 from string ANY
0:00:00.006109359  2775 0x1e9e320 TRACE   GST_REFCOUNTING gstminiobject.c:479:gst_mini_object_ref: 0x1ec53b0 ref 1->2
0:00:00.006118286  2775 0x1e9e320 TRACE   GST_REFCOUNTING gstobject.c:208:gst_object_init: 0x1ec5fa0 new
0:00:00.006129910  2775 0x1e9e320 TRACE   GST_REFCOUNTING gstminiobject.c:479:gst_mini_object_ref: 0x1ec53b0 ref 2->3
0:00:00.006139560  2775 0x1e9e320 TRACE   GST_REFCOUNTING gstminiobject.c:661:gst_mini_object_unref: 0x1ec53b0 unref 3->2
0:00:00.006146405  2775 0x1e9e320 TRACE   GST_REFCOUNTING gstobject.c:294:gst_object_ref_sink: 0x1ec5fa0 ref_sink 1->2
0:00:00.006173417  2775 0x1e9e320 TRACE   structure gststructure.c:292:gst_structure_new_id_empty_with_size: created structure 0x1ebef70
0:00:00.006187543  2775 0x1e9e320 TRACE   GST_PERFORMANCE gststructure.c:512:gst_structure_copy: doing copy 0x1ec5c80 -> 0x1ebef70
0:00:00.006198439  2775 0x1e9e320 DEBUG   GST_REGISTRY gstregistry.c:590:gst_registry_add_feature: adding feature 0x1ec5220 (fdsrc)
0:00:00.006206435  2775 0x1e9e320 DEBUG   GST_REFCOUNTING gstobject.c:709:gst_object_set_parent: set parent (ref and sink)
0:00:00.006216106  2775 0x1e9e320 TRACE   GST_REFCOUNTING gstobject.c:294:gst_object_ref_sink: 0x1ec5220 ref_sink 1->2
0:00:00.006223691  2775 0x1e9e320 LOG   GST_REGISTRY gstregistry.c:608:gst_registry_add_feature: emitting feature-added for fdsrc
0:00:00.006238432  2775 0x1e9e320 TRACE   GST_REFCOUNTING gstobject.c:208:gst_object_init: 0x1ebf490 new
0:00:00.006256731  2775 0x1e9e320 LOG   GST_ELEMENT_FACTORY gstelementfactory.c:240:gst_element_register: Created new elementfactory for type GstFdSink
