0:00:00.015914099  2775 0x1e9e320 DEBUG   GST_POLL gstpoll.c:980:gst_poll_fd_ctl_write: 0x1ea69e0: fd (fd:0, idx:1), active : 1
0:00:00.020413526  2774 0xfca390 DEBUG   default gstvalue.c:2776:_priv_gst_value_parse_value: trying type name 'string'
0:00:00.015919942  2775 0x1e9e320 LOG   GST_POLL gstpoll.c:994:gst_poll_fd_ctl_write: 0x1ea69e0: pfd->events now 60 (POLLOUT:4)
0:00:00.020420197  2774 0xfca390 DEBUG   structure gststructure.c:2258:gst_structure_parse_field: trying field name 'klass'
0:00:00.015926413  2775 0x1e9e320 DEBUG   GST_POLL gstpoll.c:980:gst_poll_fd_ctl_write: 0x1ea69e0: fd (fd:0, idx:1), active : 1
0:00:00.020425805  2774 0xfca390 DEBUG   default gstvalue.c:2776:_priv_gst_value_parse_value: trying type name 'string'
0:00:00.015934470  2775 0x1e9e320 LOG   GST_POLL gstpoll.c:994:gst_poll_fd_ctl_write: 0x1ea69e0: pfd->events now 60 (POLLOUT:4)
0:00:00.020432424  2774 0xfca390 DEBUG   structure gststructure.c:2258:gst_structure_parse_field: trying field name 'description'
0:00:00.015947415  2775 0x1e9e320 DEBUG   GST_POLL gstpoll.c:980:gst_poll_fd_ctl_write: 0x1ea69e0: fd (fd:0, idx:1), active : 1
0:00:00.020444556  2774 0xfca390 DEBUG   default gstvalue.c:2776:_priv_gst_value_parse_value: trying type name 'string'
0:00:00.015953999  2775 0x1e9e320 LOG   GST_POLL gstpoll.c:994:gst_poll_fd_ctl_write: 0x1ea69e0: pfd->events now 60 (POLLOUT:4)
0:00:00.020456332  2774 0xfca390 DEBUG   structure gststructure.c:2258:gst_structure_parse_field: trying field name 'author'
0:00:00.015960540  2775 0x1e9e320 DEBUG   GST_POLL gstpoll.c:980:gst_poll_fd_ctl_write: 0x1ea69e0: fd (fd:0, idx:1), active : 1
0:00:00.020463336  2774 0xfca390 DEBUG   default gstvalue.c:2776:_priv_gst_value_parse_value: trying type name 'string'
0:00:00.015968250  2775 0x1e9e320 LOG   GST_POLL gstpoll.c:994:gst_poll_fd_ctl_write: 0x1ea69e0: pfd->events now 60 (POLLOUT:4)
0:00:00.020471019  2774 0xfca390 DEBUG   GST_REGISTRY gstregistrychunks.c:627:gst_registry_chunks_load_feature: Element factory : npadtemplates=2
0:00:00.015975063  2775 0x1e9e320 DEBUG   GST_POLL gstpoll.c:980:gst_poll_fd_ctl_write: 0x1ea69e0: fd (fd:0, idx:1), active : 1
0:00:00.020476845  2774 0xfca390 DEBUG   GST_REGISTRY gstregistrychunks.c:527:gst_registry_chunks_load_pad_template: Reading/casting for GstRegistryChunkPadTemplate at address 0xfe6930
0:00:00.015982040  2775 0x1e9e320 LOG   GST_POLL gstpoll.c:994:gst_poll_fd_ctl_write: 0x1ea69e0: pfd->events now 60 (POLLOUT:4)
0:00:00.020482956  2774 0xfca390 DEBUG   GST_REGISTRY gstregistrychunks.c:540:gst_registry_chunks_load_pad_template: Added pad_template sink
0:00:00.015988473  2775 0x1e9e320 DEBUG   GST_POLL gstpoll.c:980:gst_poll_fd_ctl_write: 0x1ea69e0: fd (fd:0, idx:1), active : 1
0:00:00.020488724  2774 0xfca390 DEBUG   GST_REGISTRY gstregistrychunks.c:527:gst_registry_chunks_load_pad_template: Reading/casting for GstRegistryChunkPadTemplate at address 0xfe6948
0:00:00.015996710  2775 0x1e9e320 LOG   GST_POLL gstpoll.c:994:gst_poll_fd_ctl_write: 0x1ea69e0: pfd->events now 60 (POLLOUT:4)
0:00:00.020494765  2774 0xfca390 DEBUG   GST_REGISTRY gstregistrychunks.c:540:gst_registry_chunks_load_pad_template: Added pad_template src
0:00:00.016006299  2775 0x1e9e320 DEBUG   GST_POLL gstpoll.c:980:gst_poll_fd_ctl_write: 0x1ea69e0: fd (fd:0, idx:1), active : 1
0:00:00.016012587  2775 0x1e9e320 LOG   GST_POLL gstpoll.c:994:gst_poll_fd_ctl_write: 0x1ea69e0: pfd->events now 60 (POLLOUT:4)
0:00:00.020510814  2774 0xfca390 DEBUG   GST_REGISTRY gstregistry.c:590:gst_registry_add_feature: adding feature 0xfe9b90 (identity)
0:00:00.016018459  2775 0x1e9e320 DEBUG   GST_POLL gstpoll.c:980:gst_poll_fd_ctl_write: 0x1ea69e0: fd (fd:0, idx:1), active : 1
0:00:00.020519234  2774 0xfca390 DEBUG   GST_REFCOUNTING gstobject.c:709:gst_object_set_parent: set parent (ref and sink)
0:00:00.016024310  2775 0x1e9e320 LOG   GST_POLL gstpoll.c:994:gst_poll_fd_ctl_write: 0x1ea69e0: pfd->events now 60 (POLLOUT:4)
0:00:00.020527871  2774 0xfca390 TRACE   GST_REFCOUNTING gstobject.c:294:gst_object_ref_sink: 0xfe9b90 ref_sink 1->2
0:00:00.016036319  2775 0x1e9e320 DEBUG   GST_POLL gstpoll.c:980:gst_poll_fd_ctl_write: 0x1ea69e0: fd (fd:0, idx:1), active : 1
0:00:00.020535388  2774 0xfca390 LOG   GST_REGISTRY gstregistry.c:608:gst_registry_add_feature: emitting feature-added for identity
0:00:00.016042394  2775 0x1e9e320 LOG   GST_POLL gstpoll.c:994:gst_poll_fd_ctl_write: 0x1ea69e0: pfd->events now 60 (POLLOUT:4)
0:00:00.020542688  2774 0xfca390 DEBUG   GST_REGISTRY gstregistrychunks.c:742:gst_registry_chunks_load_feature: Added feature identity, plugin 0xfe57b0 coreelements
0:00:00.016049055  2775 0x1e9e320 DEBUG   GST_POLL gstpoll.c:980:gst_poll_fd_ctl_write: 0x1ea69e0: fd (fd:0, idx:1), active : 1
0:00:00.020549840  2774 0xfca390 DEBUG   GST_REGISTRY gstregistrychunks.c:584:gst_registry_chunks_load_feature: Plugin 'coreelements' feature 'funnel' typename : 'GstElementFactory'
0:00:00.016057235  2775 0x1e9e320 LOG   GST_POLL gstpoll.c:994:gst_poll_fd_ctl_write: 0x1ea69e0: pfd->events now 60 (POLLOUT:4)
0:00:00.020558474  2774 0xfca390 TRACE   GST_REFCOUNTING gstobject.c:208:gst_object_init: 0xfe9f00 new
0:00:00.016064626  2775 0x1e9e320 DEBUG   GST_POLL gstpoll.c:980:gst_poll_fd_ctl_write: 0x1ea69e0: fd (fd:0, idx:1), active : 1
0:00:00.020566907  2774 0xfca390 LOG   GST_REGISTRY gstregistrychunks.c:611:gst_registry_chunks_load_feature: Reading/casting for GstRegistryChunkElementFactory at address 0xfe6978
0:00:00.016070779  2775 0x1e9e320 LOG   GST_POLL gstpoll.c:994:gst_poll_fd_ctl_write: 0x1ea69e0: pfd->events now 60 (POLLOUT:4)
0:00:00.016079842  2775 0x1e9e320 DEBUG   GST_POLL gstpoll.c:980:gst_poll_fd_ctl_write: 0x1ea69e0: fd (fd:0, idx:1), active : 1
0:00:00.020576029  2774 0xfca390 TRACE   structure gststructure.c:292:gst_structure_new_id_empty_with_size: created structure 0xfea0c0
0:00:00.016085364  2775 0x1e9e320 LOG   GST_POLL gstpoll.c:994:gst_poll_fd_ctl_write: 0x1ea69e0: pfd->events now 60 (POLLOUT:4)
0:00:00.020584761  2774 0xfca390 DEBUG   structure gststructure.c:2258:gst_structure_parse_field: trying field name 'long-name'
0:00:00.016091775  2775 0x1e9e320 DEBUG   GST_POLL gstpoll.c:980:gst_poll_fd_ctl_write: 0x1ea69e0: fd (fd:0, idx:1), active : 1
0:00:00.020590577  2774 0xfca390 DEBUG   default gstvalue.c:2776:_priv_gst_value_parse_value: trying type name 'string'
0:00:00.016097671  2775 0x1e9e320 LOG   GST_POLL gstpoll.c:994:gst_poll_fd_ctl_write: 0x1ea69e0: pfd->events now 60 (POLLOUT:4)
0:00:00.020597805  2774 0xfca390 DEBUG   structure gststructure.c:2258:gst_structure_parse_field: trying field name 'klass'
0:00:00.016104027  2775 0x1e9e320 DEBUG   GST_POLL gstpoll.c:980:gst_poll_fd_ctl_write: 0x1ea69e0: fd (fd:0, idx:1), active : 1
0:00:00.020603366  2774 0xfca390 DEBUG   default gstvalue.c:2776:_priv_gst_value_parse_value: trying type name 'string'
0:00:00.016112220  2775 0x1e9e320 LOG   GST_POLL gstpoll.c:994:gst_poll_fd_ctl_write: 0x1ea69e0: pfd->events now 60 (POLLOUT:4)
0:00:00.020614350  2774 0xfca390 DEBUG   structure gststructure.c:2258:gst_structure_parse_field: trying field name 'description'
0:00:00.016119879  2775 0x1e9e320 DEBUG   GST_POLL gstpoll.c:980:gst_poll_fd_ctl_write: 0x1ea69e0: fd (fd:0, idx:1), active : 1
0:00:00.020620283  2774 0xfca390 DEBUG   default gstvalue.c:2776:_priv_gst_value_parse_value: trying type name 'string'
0:00:00.016126280  2775 0x1e9e320 LOG   GST_POLL gstpoll.c:994:gst_poll_fd_ctl_write: 0x1ea69e0: pfd->events now 60 (POLLOUT:4)
0:00:00.020627536  2774 0xfca390 DEBUG   structure gststructure.c:2258:gst_structure_parse_field: trying field name 'author'
0:00:00.016132822  2775 0x1e9e320 DEBUG   GST_POLL gstpoll.c:980:gst_poll_fd_ctl_write: 0x1ea69e0: fd (fd:0, idx:1), active : 1
0:00:00.020636000  2774 0xfca390 DEBUG   default gstvalue.c:2776:_priv_gst_value_parse_value: trying type name 'string'
0:00:00.016146129  2775 0x1e9e320 LOG   GST_POLL gstpoll.c:994:gst_poll_fd_ctl_write: 0x1ea69e0: pfd->events now 60 (POLLOUT:4)
0:00:00.020645216  2774 0xfca390 DEBUG   GST_REGISTRY gstregistrychunks.c:627:gst_registry_chunks_load_feature: Element factory : npadtemplates=2
0:00:00.016153247  2775 0x1e9e320 DEBUG   GST_POLL gstpoll.c:980:gst_poll_fd_ctl_write: 0x1ea69e0: fd (fd:0, idx:1), active : 1
0:00:00.020651496  2774 0xfca390 DEBUG   GST_REGISTRY gstregistrychunks.c:527:gst_registry_chunks_load_pad_template: Reading/casting for GstRegistryChunkPadTemplate at address 0xfe6a50
0:00:00.016159444  2775 0x1e9e320 LOG   GST_POLL gstpoll.c:994:gst_poll_fd_ctl_write: 0x1ea69e0: pfd->events now 60 (POLLOUT:4)
0:00:00.020658454  2774 0xfca390 DEBUG   GST_REGISTRY gstregistrychunks.c:540:gst_registry_chunks_load_pad_template: Added pad_template src
0:00:00.020664818  2774 0xfca390 DEBUG   GST_REGISTRY gstregistrychunks.c:527:gst_registry_chunks_load_pad_template: Reading/casting for GstRegistryChunkPadTemplate at address 0xfe6a60
0:00:00.016168215  2775 0x1e9e320 DEBUG   GST_POLL gstpoll.c:980:gst_poll_fd_ctl_write: 0x1ea69e0: fd (fd:0, idx:1), active : 1
0:00:00.020670123  2774 0xfca390 DEBUG   GST_REGISTRY gstregistrychunks.c:540:gst_registry_chunks_load_pad_template: Added pad_template sink_%u
0:00:00.016175974  2775 0x1e9e320 LOG   GST_POLL gstpoll.c:994:gst_poll_fd_ctl_write: 0x1ea69e0: pfd->events now 60 (POLLOUT:4)
0:00:00.020678313  2774 0xfca390 DEBUG   GST_REGISTRY gstregistry.c:590:gst_registry_add_feature: adding feature 0xfe9f00 (funnel)
0:00:00.016187676  2775 0x1e9e320 DEBUG   GST_POLL gstpoll.c:980:gst_poll_fd_ctl_write: 0x1ea69e0: fd (fd:0, idx:1), active : 1
0:00:00.020686109  2774 0xfca390 DEBUG   GST_REFCOUNTING gstobject.c:709:gst_object_set_parent: set parent (ref and sink)
0:00:00.016193905  2775 0x1e9e320 LOG   GST_POLL gstpoll.c:994:gst_poll_fd_ctl_write: 0x1ea69e0: pfd->events now 60 (POLLOUT:4)
0:00:00.020696349  2774 0xfca390 TRACE   GST_REFCOUNTING gstobject.c:294:gst_object_ref_sink: 0xfe9f00 ref_sink 1->2
0:00:00.016204949  2775 0x1e9e320 DEBUG   GST_POLL gstpoll.c:980:gst_poll_fd_ctl_write: 0x1ea69e0: fd (fd:0, idx:1), active : 1
0:00:00.020704471  2774 0xfca390 LOG   GST_REGISTRY gstregistry.c:608:gst_registry_add_feature: emitting feature-added for funnel
0:00:00.016211575  2775 0x1e9e320 LOG   GST_POLL gstpoll.c:994:gst_poll_fd_ctl_write: 0x1ea69e0: pfd->events now 60 (POLLOUT:4)
0:00:00.020711696  2774 0xfca390 DEBUG   GST_REGISTRY gstregistrychunks.c:742:gst_registry_chunks_load_feature: Added feature funnel, plugin 0xfe57b0 coreelements
0:00:00.016218050  2775 0x1e9e320 DEBUG   GST_POLL gstpoll.c:980:gst_poll_fd_ctl_write: 0x1ea69e0: fd (fd:0, idx:1), active : 1
0:00:00.020718720  2774 0xfca390 DEBUG   GST_REGISTRY gstregistrychunks.c:584:gst_registry_chunks_load_feature: Plugin 'coreelements' feature 'filesrc' typename : 'GstElementFactory'
0:00:00.016226271  2775 0x1e9e320 LOG   GST_POLL gstpoll.c:994:gst_poll_fd_ctl_write: 0x1ea69e0: pfd->events now 60 (POLLOUT:4)
0:00:00.020727528  2774 0xfca390 TRACE   GST_REFCOUNTING gstobject.c:208:gst_object_init: 0xfe9e00 new
0:00:00.016233909  2775 0x1e9e320 DEBUG   GST_POLL gstpoll.c:980:gst_poll_fd_ctl_write: 0x1ea69e0: fd (fd:0, idx:1), active : 1
0:00:00.020735736  2774 0xfca390 LOG   GST_REGISTRY gstregistrychunks.c:611:gst_registry_chunks_load_feature: Reading/casting for GstRegistryChunkElementFactory at address 0xfe6a90
0:00:00.016240143  2775 0x1e9e320 LOG   GST_POLL gstpoll.c:994:gst_poll_fd_ctl_write: 0x1ea69e0: pfd->events now 60 (POLLOUT:4)
0:00:00.020742641  2774 0xfca390 TRACE   structure gststructure.c:292:gst_structure_new_id_empty_with_size: created structure 0xfea460
0:00:00.016247580  2775 0x1e9e320 DEBUG   GST_POLL gstpoll.c:980:gst_poll_fd_ctl_write: 0x1ea69e0: fd (fd:0, idx:1), active : 1
0:00:00.020753923  2774 0xfca390 DEBUG   structure gststructure.c:2258:gst_structure_parse_field: trying field name 'long-name'
0:00:00.016258572  2775 0x1e9e320 LOG   GST_POLL gstpoll.c:994:gst_poll_fd_ctl_write: 0x1ea69e0: pfd->events now 60 (POLLOUT:4)
0:00:00.020762034  2774 0xfca390 DEBUG   default gstvalue.c:2776:_priv_gst_value_parse_value: trying type name 'string'
0:00:00.016266594  2775 0x1e9e320 DEBUG   GST_POLL gstpoll.c:980:gst_poll_fd_ctl_write: 0x1ea69e0: fd (fd:0, idx:1), active : 1
0:00:00.020770405  2774 0xfca390 DEBUG   structure gststructure.c:2258:gst_structure_parse_field: trying field name 'klass'
0:00:00.016273890  2775 0x1e9e320 LOG   GST_POLL gstpoll.c:994:gst_poll_fd_ctl_write: 0x1ea69e0: pfd->events now 60 (POLLOUT:4)
0:00:00.020776666  2774 0xfca390 DEBUG   default gstvalue.c:2776:_priv_gst_value_parse_value: trying type name 'string'
0:00:00.016282407  2775 0x1e9e320 DEBUG   GST_POLL gstpoll.c:980:gst_poll_fd_ctl_write: 0x1ea69e0: fd (fd:0, idx:1), active : 1
0:00:00.020783490  2774 0xfca390 DEBUG   structure gststructure.c:2258:gst_structure_parse_field: trying field name 'description'
0:00:00.016290550  2775 0x1e9e320 LOG   GST_POLL gstpoll.c:994:gst_poll_fd_ctl_write: 0x1ea69e0: pfd->events now 60 (POLLOUT:4)
0:00:00.020793221  2774 0xfca390 DEBUG   default gstvalue.c:2776:_priv_gst_value_parse_value: trying type name 'string'
0:00:00.016299763  2775 0x1e9e320 DEBUG   GST_POLL gstpoll.c:980:gst_poll_fd_ctl_write: 0x1ea69e0: fd (fd:0, idx:1), active : 1
0:00:00.020800796  2774 0xfca390 DEBUG   structure gststructure.c:2258:gst_structure_parse_field: trying field name 'author'
0:00:00.016305947  2775 0x1e9e320 LOG   GST_POLL gstpoll.c:994:gst_poll_fd_ctl_write: 0x1ea69e0: pfd->events now 60 (POLLOUT:4)
0:00:00.020806666  2774 0xfca390 DEBUG   default gstvalue.c:2776:_priv_gst_value_parse_value: trying type name 'string'
0:00:00.016321768  2775 0x1e9e320 DEBUG   GST_POLL gstpoll.c:980:gst_poll_fd_ctl_write: 0x1ea69e0: fd (fd:0, idx:1), active : 1
0:00:00.020823845  2774 0xfca390 DEBUG   GST_REGISTRY gstregistrychunks.c:627:gst_registry_chunks_load_feature: Element factory : npadtemplates=1
0:00:00.016328415  2775 0x1e9e320 LOG   GST_POLL gstpoll.c:994:gst_poll_fd_ctl_write: 0x1ea69e0: pfd->events now 60 (POLLOUT:4)
0:00:00.020830182  2774 0xfca390 DEBUG   GST_REGISTRY gstregistrychunks.c:527:gst_registry_chunks_load_pad_template: Reading/casting for GstRegistryChunkPadTemplate at address 0xfe6b70
0:00:00.016335721  2775 0x1e9e320 DEBUG   GST_POLL gstpoll.c:980:gst_poll_fd_ctl_write: 0x1ea69e0: fd (fd:0, idx:1), active : 1
0:00:00.020836578  2774 0xfca390 DEBUG   GST_REGISTRY gstregistrychunks.c:540:gst_registry_chunks_load_pad_template: Added pad_template src
0:00:00.016343932  2775 0x1e9e320 LOG   GST_POLL gstpoll.c:994:gst_poll_fd_ctl_write: 0x1ea69e0: pfd->events now 60 (POLLOUT:4)
0:00:00.020843329  2774 0xfca390 DEBUG   GST_REGISTRY gstregistrychunks.c:640:gst_registry_chunks_load_feature: Reading 1 UriTypes at address 0xfe6b80
0:00:00.016351517  2775 0x1e9e320 DEBUG   GST_POLL gstpoll.c:980:gst_poll_fd_ctl_write: 0x1ea69e0: fd (fd:0, idx:1), active : 1
0:00:00.020850492  2774 0xfca390 DEBUG   GST_REGISTRY gstregistrychunks.c:655:gst_registry_chunks_load_feature: Reading 1 Interfaces at address 0xfe6b89
0:00:00.016357820  2775 0x1e9e320 LOG   GST_POLL gstpoll.c:994:gst_poll_fd_ctl_write: 0x1ea69e0: pfd->events now 60 (POLLOUT:4)
0:00:00.020859641  2774 0xfca390 DEBUG   GST_REGISTRY gstregistry.c:590:gst_registry_add_feature: adding feature 0xfe9e00 (filesrc)
0:00:00.016364152  2775 0x1e9e320 DEBUG   GST_POLL gstpoll.c:980:gst_poll_fd_ctl_write: 0x1ea69e0: fd (fd:0, idx:1), active : 1
0:00:00.020866580  2774 0xfca390 DEBUG   GST_REFCOUNTING gstobject.c:709:gst_object_set_parent: set parent (ref and sink)
0:00:00.016370876  2775 0x1e9e320 LOG   GST_POLL gstpoll.c:994:gst_poll_fd_ctl_write: 0x1ea69e0: pfd->events now 60 (POLLOUT:4)
0:00:00.020874754  2774 0xfca390 TRACE   GST_REFCOUNTING gstobject.c:294:gst_object_ref_sink: 0xfe9e00 ref_sink 1->2
0:00:00.016378849  2775 0x1e9e320 DEBUG   GST_POLL gstpoll.c:980:gst_poll_fd_ctl_write: 0x1ea69e0: fd (fd:0, idx:1), active : 1
0:00:00.016391867  2775 0x1e9e320 LOG   GST_POLL gstpoll.c:994:gst_poll_fd_ctl_write: 0x1ea69e0: pfd->events now 60 (POLLOUT:4)
0:00:00.020888825  2774 0xfca390 LOG   GST_REGISTRY gstregistry.c:608:gst_registry_add_feature: emitting feature-added for filesrc
0:00:00.016397843  2775 0x1e9e320 DEBUG   GST_POLL gstpoll.c:980:gst_poll_fd_ctl_write: 0x1ea69e0: fd (fd:0, idx:1), active : 1
0:00:00.020897813  2774 0xfca390 DEBUG   GST_REGISTRY gstregistrychunks.c:742:gst_registry_chunks_load_feature: Added feature filesrc, plugin 0xfe57b0 coreelements
0:00:00.016406165  2775 0x1e9e320 LOG   GST_POLL gstpoll.c:994:gst_poll_fd_ctl_write: 0x1ea69e0: pfd->events now 60 (POLLOUT:4)
0:00:00.020905505  2774 0xfca390 DEBUG   GST_REGISTRY gstregistrychunks.c:584:gst_registry_chunks_load_feature: Plugin 'coreelements' feature 'fdsink' typename : 'GstElementFactory'
0:00:00.016413859  2775 0x1e9e320 DEBUG   GST_POLL gstpoll.c:980:gst_poll_fd_ctl_write: 0x1ea69e0: fd (fd:0, idx:1), active : 1
0:00:00.020914976  2774 0xfca390 TRACE   GST_REFCOUNTING gstobject.c:208:gst_object_init: 0xfea630 new
0:00:00.016420122  2775 0x1e9e320 LOG   GST_POLL gstpoll.c:994:gst_poll_fd_ctl_write: 0x1ea69e0: pfd->events now 60 (POLLOUT:4)
0:00:00.020923695  2774 0xfca390 LOG   GST_REGISTRY gstregistrychunks.c:611:gst_registry_chunks_load_feature: Reading/casting for GstRegistryChunkElementFactory at address 0xfe6bb0
0:00:00.016427571  2775 0x1e9e320 DEBUG   GST_POLL gstpoll.c:980:gst_poll_fd_ctl_write: 0x1ea69e0: fd (fd:0, idx:1), active : 1
0:00:00.020930680  2774 0xfca390 TRACE   structure gststructure.c:292:gst_structure_new_id_empty_with_size: created structure 0xfea880
0:00:00.016435040  2775 0x1e9e320 LOG   GST_POLL gstpoll.c:994:gst_poll_fd_ctl_write: 0x1ea69e0: pfd->events now 60 (POLLOUT:4)
0:00:00.020936841  2774 0xfca390 DEBUG   structure gststructure.c:2258:gst_structure_parse_field: trying field name 'long-name'
0:00:00.016442218  2775 0x1e9e320 DEBUG   GST_POLL gstpoll.c:980:gst_poll_fd_ctl_write: 0x1ea69e0: fd (fd:0, idx:1), active : 1
0:00:00.020942619  2774 0xfca390 DEBUG   default gstvalue.c:2776:_priv_gst_value_parse_value: trying type name 'string'
0:00:00.016448179  2775 0x1e9e320 LOG   GST_POLL gstpoll.c:994:gst_poll_fd_ctl_write: 0x1ea69e0: pfd->events now 60 (POLLOUT:4)
0:00:00.016455412  2775 0x1e9e320 DEBUG   GST_POLL gstpoll.c:980:gst_poll_fd_ctl_write: 0x1ea69e0: fd (fd:0, idx:1), active : 1
0:00:00.020952225  2774 0xfca390 DEBUG   structure gststructure.c:2258:gst_structure_parse_field: trying field name 'klass'
0:00:00.016463364  2775 0x1e9e320 LOG   GST_POLL gstpoll.c:994:gst_poll_fd_ctl_write: 0x1ea69e0: pfd->events now 60 (POLLOUT:4)
0:00:00.020961134  2774 0xfca390 DEBUG   default gstvalue.c:2776:_priv_gst_value_parse_value: trying type name 'string'
0:00:00.016471067  2775 0x1e9e320 DEBUG   GST_POLL gstpoll.c:980:gst_poll_fd_ctl_write: 0x1ea69e0: fd (fd:0, idx:1), active : 1
0:00:00.020969952  2774 0xfca390 DEBUG   structure gststructure.c:2258:gst_structure_parse_field: trying field name 'description'
0:00:00.016481721  2775 0x1e9e320 LOG   GST_POLL gstpoll.c:994:gst_poll_fd_ctl_write: 0x1ea69e0: pfd->events now 60 (POLLOUT:4)
0:00:00.020980740  2774 0xfca390 DEBUG   default gstvalue.c:2776:_priv_gst_value_parse_value: trying type name 'string'
0:00:00.016488402  2775 0x1e9e320 DEBUG   GST_POLL gstpoll.c:980:gst_poll_fd_ctl_write: 0x1ea69e0: fd (fd:0, idx:1), active : 1
0:00:00.020987922  2774 0xfca390 DEBUG   structure gststructure.c:2258:gst_structure_parse_field: trying field name 'author'
0:00:00.016494462  2775 0x1e9e320 LOG   GST_POLL gstpoll.c:994:gst_poll_fd_ctl_write: 0x1ea69e0: pfd->events now 60 (POLLOUT:4)
0:00:00.020993799  2774 0xfca390 DEBUG   default gstvalue.c:2776:_priv_gst_value_parse_value: trying type name 'string'
0:00:00.016501053  2775 0x1e9e320 DEBUG   GST_POLL gstpoll.c:980:gst_poll_fd_ctl_write: 0x1ea69e0: fd (fd:0, idx:1), active : 1
0:00:00.021001310  2774 0xfca390 DEBUG   GST_REGISTRY gstregistrychunks.c:627:gst_registry_chunks_load_feature: Element factory : npadtemplates=1
0:00:00.016507199  2775 0x1e9e320 LOG   GST_POLL gstpoll.c:994:gst_poll_fd_ctl_write: 0x1ea69e0: pfd->events now 60 (POLLOUT:4)
0:00:00.021007341  2774 0xfca390 DEBUG   GST_REGISTRY gstregistrychunks.c:527:gst_registry_chunks_load_pad_template: Reading/casting for GstRegistryChunkPadTemplate at address 0xfe6c90
0:00:00.016513603  2775 0x1e9e320 DEBUG   GST_POLL gstpoll.c:980:gst_poll_fd_ctl_write: 0x1ea69e0: fd (fd:0, idx:1), active : 1
0:00:00.021015542  2774 0xfca390 DEBUG   GST_REGISTRY gstregistrychunks.c:540:gst_registry_chunks_load_pad_template: Added pad_template sink
0:00:00.016521856  2775 0x1e9e320 LOG   GST_POLL gstpoll.c:994:gst_poll_fd_ctl_write: 0x1ea69e0: pfd->events now 60 (POLLOUT:4)
0:00:00.021023095  2774 0xfca390 DEBUG   GST_REGISTRY gstregistrychunks.c:640:gst_registry_chunks_load_feature: Reading 1 UriTypes at address 0xfe6ca1
0:00:00.016529395  2775 0x1e9e320 DEBUG   GST_POLL gstpoll.c:980:gst_poll_fd_ctl_write: 0x1ea69e0: fd (fd:0, idx:1), active : 1
0:00:00.021030125  2774 0xfca390 DEBUG   GST_REGISTRY gstregistrychunks.c:655:gst_registry_chunks_load_feature: Reading 1 Interfaces at address 0xfe6caf
0:00:00.016535397  2775 0x1e9e320 LOG   GST_POLL gstpoll.c:994:gst_poll_fd_ctl_write: 0x1ea69e0: pfd->events now 60 (POLLOUT:4)
0:00:00.016541915  2775 0x1e9e320 DEBUG   GST_POLL gstpoll.c:980:gst_poll_fd_ctl_write: 0x1ea69e0: fd (fd:0, idx:1), active : 1
0:00:00.021038999  2774 0xfca390 DEBUG   GST_REGISTRY gstregistry.c:590:gst_registry_add_feature: adding feature 0xfea630 (fdsink)
0:00:00.016547307  2775 0x1e9e320 LOG   GST_POLL gstpoll.c:994:gst_poll_fd_ctl_write: 0x1ea69e0: pfd->events now 60 (POLLOUT:4)
0:00:00.021046673  2774 0xfca390 DEBUG   GST_REFCOUNTING gstobject.c:709:gst_object_set_parent: set parent (ref and sink)
0:00:00.016554038  2775 0x1e9e320 DEBUG   GST_POLL gstpoll.c:980:gst_poll_fd_ctl_write: 0x1ea69e0: fd (fd:0, idx:1), active : 1
0:00:00.021059173  2774 0xfca390 TRACE   GST_REFCOUNTING gstobject.c:294:gst_object_ref_sink: 0xfea630 ref_sink 1->2
0:00:00.016563187  2775 0x1e9e320 LOG   GST_POLL gstpoll.c:994:gst_poll_fd_ctl_write: 0x1ea69e0: pfd->events now 60 (POLLOUT:4)
0:00:00.021066799  2774 0xfca390 LOG   GST_REGISTRY gstregistry.c:608:gst_registry_add_feature: emitting feature-added for fdsink
0:00:00.016571718  2775 0x1e9e320 DEBUG   GST_POLL gstpoll.c:980:gst_poll_fd_ctl_write: 0x1ea69e0: fd (fd:0, idx:1), active : 1
0:00:00.021074053  2774 0xfca390 DEBUG   GST_REGISTRY gstregistrychunks.c:742:gst_registry_chunks_load_feature: Added feature fdsink, plugin 0xfe57b0 coreelements
0:00:00.016580055  2775 0x1e9e320 LOG   GST_POLL gstpoll.c:994:gst_poll_fd_ctl_write: 0x1ea69e0: pfd->events now 60 (POLLOUT:4)
0:00:00.021083325  2774 0xfca390 DEBUG   GST_REGISTRY gstregistrychunks.c:584:gst_registry_chunks_load_feature: Plugin 'coreelements' feature 'fdsrc' typename : 'GstElementFactory'
0:00:00.016587607  2775 0x1e9e320 DEBUG   GST_POLL gstpoll.c:980:gst_poll_fd_ctl_write: 0x1ea69e0: fd (fd:0, idx:1), active : 1
0:00:00.016595560  2775 0x1e9e320 LOG   GST_POLL gstpoll.c:994:gst_poll_fd_ctl_write: 0x1ea69e0: pfd->events now 60 (POLLOUT:4)
0:00:00.021093571  2774 0xfca390 TRACE   GST_REFCOUNTING gstobject.c:208:gst_object_init: 0xfea9b0 new
0:00:00.016601455  2775 0x1e9e320 DEBUG   GST_POLL gstpoll.c:980:gst_poll_fd_ctl_write: 0x1ea69e0: fd (fd:0, idx:1), active : 1
0:00:00.021102742  2774 0xfca390 LOG   GST_REGISTRY gstregistrychunks.c:611:gst_registry_chunks_load_feature: Reading/casting for GstRegistryChunkElementFactory at address 0xfe6cd8
0:00:00.016607378  2775 0x1e9e320 LOG   GST_POLL gstpoll.c:994:gst_poll_fd_ctl_write: 0x1ea69e0: pfd->events now 60 (POLLOUT:4)
0:00:00.021109647  2774 0xfca390 TRACE   structure gststructure.c:292:gst_structure_new_id_empty_with_size: created structure 0xfeac00
0:00:00.016614589  2775 0x1e9e320 DEBUG   GST_POLL gstpoll.c:980:gst_poll_fd_ctl_write: 0x1ea69e0: fd (fd:0, idx:1), active : 1
0:00:00.021115828  2774 0xfca390 DEBUG   structure gststructure.c:2258:gst_structure_parse_field: trying field name 'long-name'
0:00:00.016620803  2775 0x1e9e320 LOG   GST_POLL gstpoll.c:994:gst_poll_fd_ctl_write: 0x1ea69e0: pfd->events now 60 (POLLOUT:4)
0:00:00.021121692  2774 0xfca390 DEBUG   default gstvalue.c:2776:_priv_gst_value_parse_value: trying type name 'string'
0:00:00.016627712  2775 0x1e9e320 DEBUG   GST_POLL gstpoll.c:980:gst_poll_fd_ctl_write: 0x1ea69e0: fd (fd:0, idx:1), active : 1
0:00:00.021128711  2774 0xfca390 DEBUG   structure gststructure.c:2258:gst_structure_parse_field: trying field name 'klass'
0:00:00.016635904  2775 0x1e9e320 LOG   GST_POLL gstpoll.c:994:gst_poll_fd_ctl_write: 0x1ea69e0: pfd->events now 60 (POLLOUT:4)
0:00:00.021134304  2774 0xfca390 DEBUG   default gstvalue.c:2776:_priv_gst_value_parse_value: trying type name 'string'
0:00:00.016643608  2775 0x1e9e320 DEBUG   GST_POLL gstpoll.c:980:gst_poll_fd_ctl_write: 0x1ea69e0: fd (fd:0, idx:1), active : 1
0:00:00.016652258  2775 0x1e9e320 LOG   GST_POLL gstpoll.c:994:gst_poll_fd_ctl_write: 0x1ea69e0: pfd->events now 60 (POLLOUT:4)
0:00:00.021149176  2774 0xfca390 DEBUG   structure gststructure.c:2258:gst_structure_parse_field: trying field name 'description'
0:00:00.016658256  2775 0x1e9e320 DEBUG   GST_POLL gstpoll.c:980:gst_poll_fd_ctl_write: 0x1ea69e0: fd (fd:0, idx:1), active : 1
0:00:00.021156724  2774 0xfca390 DEBUG   default gstvalue.c:2776:_priv_gst_value_parse_value: trying type name 'string'
0:00:00.016664310  2775 0x1e9e320 LOG   GST_POLL gstpoll.c:994:gst_poll_fd_ctl_write: 0x1ea69e0: pfd->events now 60 (POLLOUT:4)
0:00:00.021164265  2774 0xfca390 DEBUG   structure gststructure.c:2258:gst_structure_parse_field: trying field name 'author'
0:00:00.016670678  2775 0x1e9e320 DEBUG   GST_POLL gstpoll.c:980:gst_poll_fd_ctl_write: 0x1ea69e0: fd (fd:0, idx:1), active : 1
0:00:00.021169969  2774 0xfca390 DEBUG   default gstvalue.c:2776:_priv_gst_value_parse_value: trying type name 'string'
0:00:00.016676550  2775 0x1e9e320 LOG   GST_POLL gstpoll.c:994:gst_poll_fd_ctl_write: 0x1ea69e0: pfd->events now 60 (POLLOUT:4)
0:00:00.021177396  2774 0xfca390 DEBUG   GST_REGISTRY gstregistrychunks.c:627:gst_registry_chunks_load_feature: Element factory : npadtemplates=1
0:00:00.016682987  2775 0x1e9e320 DEBUG   GST_POLL gstpoll.c:980:gst_poll_fd_ctl_write: 0x1ea69e0: fd (fd:0, idx:1), active : 1
0:00:00.021183434  2774 0xfca390 DEBUG   GST_REGISTRY gstregistrychunks.c:527:gst_registry_chunks_load_pad_template: Reading/casting for GstRegistryChunkPadTemplate at address 0xfe6db8
0:00:00.016691094  2775 0x1e9e320 LOG   GST_POLL gstpoll.c:994:gst_poll_fd_ctl_write: 0x1ea69e0: pfd->events now 60 (POLLOUT:4)
0:00:00.021189465  2774 0xfca390 DEBUG   GST_REGISTRY gstregistrychunks.c:540:gst_registry_chunks_load_pad_template: Added pad_template src
0:00:00.016698495  2775 0x1e9e320 DEBUG   GST_POLL gstpoll.c:980:gst_poll_fd_ctl_write: 0x1ea69e0: fd (fd:0, idx:1), active : 1
0:00:00.021196894  2774 0xfca390 DEBUG   GST_REGISTRY gstregistrychunks.c:640:gst_registry_chunks_load_feature: Reading 1 UriTypes at address 0xfe6dc8
0:00:00.016704562  2775 0x1e9e320 LOG   GST_POLL gstpoll.c:994:gst_poll_fd_ctl_write: 0x1ea69e0: pfd->events now 60 (POLLOUT:4)
0:00:00.021206166  2774 0xfca390 DEBUG   GST_REGISTRY gstregistrychunks.c:655:gst_registry_chunks_load_feature: Reading 1 Interfaces at address 0xfe6dcf
0:00:00.016711210  2775 0x1e9e320 DEBUG   GST_POLL gstpoll.c:980:gst_poll_fd_ctl_write: 0x1ea69e0: fd (fd:0, idx:1), active : 1
0:00:00.016718219  2775 0x1e9e320 LOG   GST_POLL gstpoll.c:994:gst_poll_fd_ctl_write: 0x1ea69e0: pfd->events now 60 (POLLOUT:4)
0:00:00.021218904  2774 0xfca390 DEBUG   GST_REGISTRY gstregistry.c:590:gst_registry_add_feature: adding feature 0xfea9b0 (fdsrc)
0:00:00.016723957  2775 0x1e9e320 DEBUG   GST_POLL gstpoll.c:980:gst_poll_fd_ctl_write: 0x1ea69e0: fd (fd:0, idx:1), active : 1
0:00:00.021229761  2774 0xfca390 DEBUG   GST_REFCOUNTING gstobject.c:709:gst_object_set_parent: set parent (ref and sink)
0:00:00.016734290  2775 0x1e9e320 LOG   GST_POLL gstpoll.c:994:gst_poll_fd_ctl_write: 0x1ea69e0: pfd->events now 60 (POLLOUT:4)
0:00:00.021237996  2774 0xfca390 TRACE   GST_REFCOUNTING gstobject.c:294:gst_object_ref_sink: 0xfea9b0 ref_sink 1->2
0:00:00.016742257  2775 0x1e9e320 DEBUG   GST_POLL gstpoll.c:980:gst_poll_fd_ctl_write: 0x1ea69e0: fd (fd:0, idx:1), active : 1
0:00:00.021245087  2774 0xfca390 LOG   GST_REGISTRY gstregistry.c:608:gst_registry_add_feature: emitting feature-added for fdsrc
0:00:00.016751746  2775 0x1e9e320 LOG   GST_POLL gstpoll.c:994:gst_poll_fd_ctl_write: 0x1ea69e0: pfd->events now 60 (POLLOUT:4)
0:00:00.021252249  2774 0xfca390 DEBUG   GST_REGISTRY gstregistrychunks.c:742:gst_registry_chunks_load_feature: Added feature fdsrc, plugin 0xfe57b0 coreelements
0:00:00.016759162  2775 0x1e9e320 DEBUG   GST_POLL gstpoll.c:980:gst_poll_fd_ctl_write: 0x1ea69e0: fd (fd:0, idx:1), active : 1
0:00:00.021259196  2774 0xfca390 DEBUG   GST_REGISTRY gstregistrychunks.c:584:gst_registry_chunks_load_feature: Plugin 'coreelements' feature 'fakesink' typename : 'GstElementFactory'
0:00:00.016765116  2775 0x1e9e320 LOG   GST_POLL gstpoll.c:994:gst_poll_fd_ctl_write: 0x1ea69e0: pfd->events now 60 (POLLOUT:4)
0:00:00.016772036  2775 0x1e9e320 DEBUG   GST_POLL gstpoll.c:980:gst_poll_fd_ctl_write: 0x1ea69e0: fd (fd:0, idx:1), active : 1
0:00:00.021270284  2774 0xfca390 TRACE   GST_REFCOUNTING gstobject.c:208:gst_object_init: 0xfea2f0 new
0:00:00.016777331  2775 0x1e9e320 LOG   GST_POLL gstpoll.c:994:gst_poll_fd_ctl_write: 0x1ea69e0: pfd->events now 60 (POLLOUT:4)
0:00:00.021280072  2774 0xfca390 LOG   GST_REGISTRY gstregistrychunks.c:611:gst_registry_chunks_load_feature: Reading/casting for GstRegistryChunkElementFactory at address 0xfe6df8
0:00:00.016783961  2775 0x1e9e320 DEBUG   GST_POLL gstpoll.c:980:gst_poll_fd_ctl_write: 0x1ea69e0: fd (fd:0, idx:1), active : 1
0:00:00.021286949  2774 0xfca390 TRACE   structure gststructure.c:292:gst_structure_new_id_empty_with_size: created structure 0xfeb1d0
0:00:00.016791281  2775 0x1e9e320 LOG   GST_POLL gstpoll.c:994:gst_poll_fd_ctl_write: 0x1ea69e0: pfd->events now 60 (POLLOUT:4)
0:00:00.021293348  2774 0xfca390 DEBUG   structure gststructure.c:2258:gst_structure_parse_field: trying field name 'long-name'
0:00:00.016798867  2775 0x1e9e320 DEBUG   GST_POLL gstpoll.c:980:gst_poll_fd_ctl_write: 0x1ea69e0: fd (fd:0, idx:1), active : 1
0:00:00.021299076  2774 0xfca390 DEBUG   default gstvalue.c:2776:_priv_gst_value_parse_value: trying type name 'string'
0:00:00.016806983  2775 0x1e9e320 LOG   GST_POLL gstpoll.c:994:gst_poll_fd_ctl_write: 0x1ea69e0: pfd->events now 60 (POLLOUT:4)
0:00:00.021306448  2774 0xfca390 DEBUG   structure gststructure.c:2258:gst_structure_parse_field: trying field name 'klass'
0:00:00.016818613  2775 0x1e9e320 DEBUG   GST_POLL gstpoll.c:980:gst_poll_fd_ctl_write: 0x1ea69e0: fd (fd:0, idx:1), active : 1
0:00:00.021317060  2774 0xfca390 DEBUG   default gstvalue.c:2776:_priv_gst_value_parse_value: trying type name 'string'
0:00:00.016824975  2775 0x1e9e320 LOG   GST_POLL gstpoll.c:994:gst_poll_fd_ctl_write: 0x1ea69e0: pfd->events now 60 (POLLOUT:4)
0:00:00.021324356  2774 0xfca390 DEBUG   structure gststructure.c:2258:gst_structure_parse_field: trying field name 'description'
0:00:00.016831510  2775 0x1e9e320 DEBUG   GST_POLL gstpoll.c:980:gst_poll_fd_ctl_write: 0x1ea69e0: fd (fd:0, idx:1), active : 1
0:00:00.021332531  2774 0xfca390 DEBUG   default gstvalue.c:2776:_priv_gst_value_parse_value: trying type name 'string'
0:00:00.016837605  2775 0x1e9e320 LOG   GST_POLL gstpoll.c:994:gst_poll_fd_ctl_write: 0x1ea69e0: pfd->events now 60 (POLLOUT:4)
0:00:00.021340845  2774 0xfca390 DEBUG   structure gststructure.c:2258:gst_structure_parse_field: trying field name 'author'
0:00:00.016844944  2775 0x1e9e320 DEBUG   GST_POLL gstpoll.c:980:gst_poll_fd_ctl_write: 0x1ea69e0: fd (fd:0, idx:1), active : 1
0:00:00.021346816  2774 0xfca390 DEBUG   default gstvalue.c:2776:_priv_gst_value_parse_value: trying type name 'string'
0:00:00.016852135  2775 0x1e9e320 LOG   GST_POLL gstpoll.c:994:gst_poll_fd_ctl_write: 0x1ea69e0: pfd->events now 60 (POLLOUT:4)
0:00:00.016858459  2775 0x1e9e320 DEBUG   GST_POLL gstpoll.c:980:gst_poll_fd_ctl_write: 0x1ea69e0: fd (fd:0, idx:1), active : 1
0:00:00.021356424  2774 0xfca390 DEBUG   GST_REGISTRY gstregistrychunks.c:627:gst_registry_chunks_load_feature: Element factory : npadtemplates=1
0:00:00.016866483  2775 0x1e9e320 LOG   GST_POLL gstpoll.c:994:gst_poll_fd_ctl_write: 0x1ea69e0: pfd->events now 60 (POLLOUT:4)
0:00:00.021363873  2774 0xfca390 DEBUG   GST_REGISTRY gstregistrychunks.c:527:gst_registry_chunks_load_pad_template: Reading/casting for GstRegistryChunkPadTemplate at address 0xfe6f20
0:00:00.016873856  2775 0x1e9e320 DEBUG   GST_POLL gstpoll.c:980:gst_poll_fd_ctl_write: 0x1ea69e0: fd (fd:0, idx:1), active : 1
0:00:00.021372214  2774 0xfca390 DEBUG   GST_REGISTRY gstregistrychunks.c:540:gst_registry_chunks_load_pad_template: Added pad_template sink
0:00:00.016879980  2775 0x1e9e320 LOG   GST_POLL gstpoll.c:994:gst_poll_fd_ctl_write: 0x1ea69e0: pfd->events now 60 (POLLOUT:4)
0:00:00.021381427  2774 0xfca390 DEBUG   GST_REGISTRY gstregistry.c:590:gst_registry_add_feature: adding feature 0xfea2f0 (fakesink)
0:00:00.016886492  2775 0x1e9e320 DEBUG   GST_POLL gstpoll.c:980:gst_poll_fd_ctl_write: 0x1ea69e0: fd (fd:0, idx:1), active : 1
0:00:00.021388043  2774 0xfca390 DEBUG   GST_REFCOUNTING gstobject.c:709:gst_object_set_parent: set parent (ref and sink)
0:00:00.016892786  2775 0x1e9e320 LOG   GST_POLL gstpoll.c:994:gst_poll_fd_ctl_write: 0x1ea69e0: pfd->events now 60 (POLLOUT:4)
0:00:00.021398449  2774 0xfca390 TRACE   GST_REFCOUNTING gstobject.c:294:gst_object_ref_sink: 0xfea2f0 ref_sink 1->2
0:00:00.016905229  2775 0x1e9e320 DEBUG   GST_POLL gstpoll.c:980:gst_poll_fd_ctl_write: 0x1ea69e0: fd (fd:0, idx:1), active : 1
0:00:00.021406831  2774 0xfca390 LOG   GST_REGISTRY gstregistry.c:608:gst_registry_add_feature: emitting feature-added for fakesink
0:00:00.016911412  2775 0x1e9e320 LOG   GST_POLL gstpoll.c:994:gst_poll_fd_ctl_write: 0x1ea69e0: pfd->events now 60 (POLLOUT:4)
0:00:00.021414381  2774 0xfca390 DEBUG   GST_REGISTRY gstregistrychunks.c:742:gst_registry_chunks_load_feature: Added feature fakesink, plugin 0xfe57b0 coreelements
0:00:00.016918875  2775 0x1e9e320 DEBUG   GST_POLL gstpoll.c:980:gst_poll_fd_ctl_write: 0x1ea69e0: fd (fd:0, idx:1), active : 1
0:00:00.021421729  2774 0xfca390 DEBUG   GST_REGISTRY gstregistrychunks.c:584:gst_registry_chunks_load_feature: Plugin 'coreelements' feature 'fakesrc' typename : 'GstElementFactory'
0:00:00.016927959  2775 0x1e9e320 LOG   GST_POLL gstpoll.c:994:gst_poll_fd_ctl_write: 0x1ea69e0: pfd->events now 60 (POLLOUT:4)
0:00:00.021430509  2774 0xfca390 TRACE   GST_REFCOUNTING gstobject.c:208:gst_object_init: 0xfeae60 new
0:00:00.016935391  2775 0x1e9e320 DEBUG   GST_POLL gstpoll.c:980:gst_poll_fd_ctl_write: 0x1ea69e0: fd (fd:0, idx:1), active : 1
0:00:00.016942675  2775 0x1e9e320 LOG   GST_POLL gstpoll.c:994:gst_poll_fd_ctl_write: 0x1ea69e0: pfd->events now 60 (POLLOUT:4)
0:00:00.021439448  2774 0xfca390 LOG   GST_REGISTRY gstregistrychunks.c:611:gst_registry_chunks_load_feature: Reading/casting for GstRegistryChunkElementFactory at address 0xfe6f50
0:00:00.016948429  2775 0x1e9e320 DEBUG   GST_POLL gstpoll.c:980:gst_poll_fd_ctl_write: 0x1ea69e0: fd (fd:0, idx:1), active : 1
0:00:00.021447441  2774 0xfca390 TRACE   structure gststructure.c:292:gst_structure_new_id_empty_with_size: created structure 0xfeb520
0:00:00.016954301  2775 0x1e9e320 LOG   GST_POLL gstpoll.c:994:gst_poll_fd_ctl_write: 0x1ea69e0: pfd->events now 60 (POLLOUT:4)
0:00:00.021453273  2774 0xfca390 DEBUG   structure gststructure.c:2258:gst_structure_parse_field: trying field name 'long-name'
0:00:00.016960588  2775 0x1e9e320 DEBUG   GST_POLL gstpoll.c:980:gst_poll_fd_ctl_write: 0x1ea69e0: fd (fd:0, idx:1), active : 1
0:00:00.021461083  2774 0xfca390 DEBUG   default gstvalue.c:2776:_priv_gst_value_parse_value: trying type name 'string'
0:00:00.016966529  2775 0x1e9e320 LOG   GST_POLL gstpoll.c:994:gst_poll_fd_ctl_write: 0x1ea69e0: pfd->events now 60 (POLLOUT:4)
0:00:00.021469475  2774 0xfca390 DEBUG   structure gststructure.c:2258:gst_structure_parse_field: trying field name 'klass'
0:00:00.016973707  2775 0x1e9e320 DEBUG   GST_POLL gstpoll.c:980:gst_poll_fd_ctl_write: 0x1ea69e0: fd (fd:0, idx:1), active : 1
0:00:00.021475533  2774 0xfca390 DEBUG   default gstvalue.c:2776:_priv_gst_value_parse_value: trying type name 'string'
0:00:00.016983082  2775 0x1e9e320 LOG   GST_POLL gstpoll.c:994:gst_poll_fd_ctl_write: 0x1ea69e0: pfd->events now 60 (POLLOUT:4)
0:00:00.021482433  2774 0xfca390 DEBUG   structure gststructure.c:2258:gst_structure_parse_field: trying field name 'description'
0:00:00.016995325  2775 0x1e9e320 DEBUG   GST_POLL gstpoll.c:980:gst_poll_fd_ctl_write: 0x1ea69e0: fd (fd:0, idx:1), active : 1
0:00:00.021493469  2774 0xfca390 DEBUG   default gstvalue.c:2776:_priv_gst_value_parse_value: trying type name 'string'
0:00:00.017001678  2775 0x1e9e320 LOG   GST_POLL gstpoll.c:994:gst_poll_fd_ctl_write: 0x1ea69e0: pfd->events now 60 (POLLOUT:4)
0:00:00.021501978  2774 0xfca390 DEBUG   structure gststructure.c:2258:gst_structure_parse_field: trying field name 'author'
0:00:00.017008199  2775 0x1e9e320 DEBUG   GST_POLL gstpoll.c:980:gst_poll_fd_ctl_write: 0x1ea69e0: fd (fd:0, idx:1), active : 1
0:00:00.021508001  2774 0xfca390 DEBUG   default gstvalue.c:2776:_priv_gst_value_parse_value: trying type name 'string'
0:00:00.017014203  2775 0x1e9e320 LOG   GST_POLL gstpoll.c:994:gst_poll_fd_ctl_write: 0x1ea69e0: pfd->events now 60 (POLLOUT:4)
0:00:00.021515801  2774 0xfca390 DEBUG   GST_REGISTRY gstregistrychunks.c:627:gst_registry_chunks_load_feature: Element factory : npadtemplates=1
0:00:00.017022177  2775 0x1e9e320 DEBUG   GST_POLL gstpoll.c:980:gst_poll_fd_ctl_write: 0x1ea69e0: fd (fd:0, idx:1), active : 1
0:00:00.021523879  2774 0xfca390 DEBUG   GST_REGISTRY gstregistrychunks.c:527:gst_registry_chunks_load_pad_template: Reading/casting for GstRegistryChunkPadTemplate at address 0xfe7050
0:00:00.017028339  2775 0x1e9e320 LOG   GST_POLL gstpoll.c:994:gst_poll_fd_ctl_write: 0x1ea69e0: pfd->events now 60 (POLLOUT:4)
0:00:00.021531077  2774 0xfca390 DEBUG   GST_REGISTRY gstregistrychunks.c:540:gst_registry_chunks_load_pad_template: Added pad_template src
0:00:00.017036362  2775 0x1e9e320 DEBUG   GST_POLL gstpoll.c:980:gst_poll_fd_ctl_write: 0x1ea69e0: fd (fd:0, idx:1), active : 1
0:00:00.021539519  2774 0xfca390 DEBUG   GST_REGISTRY gstregistry.c:590:gst_registry_add_feature: adding feature 0xfeae60 (fakesrc)
0:00:00.017044602  2775 0x1e9e320 LOG   GST_POLL gstpoll.c:994:gst_poll_fd_ctl_write: 0x1ea69e0: pfd->events now 60 (POLLOUT:4)
0:00:00.021545701  2774 0xfca390 DEBUG   GST_REFCOUNTING gstobject.c:709:gst_object_set_parent: set parent (ref and sink)
0:00:00.017052024  2775 0x1e9e320 DEBUG   GST_POLL gstpoll.c:980:gst_poll_fd_ctl_write: 0x1ea69e0: fd (fd:0, idx:1), active : 1
0:00:00.021553089  2774 0xfca390 TRACE   GST_REFCOUNTING gstobject.c:294:gst_object_ref_sink: 0xfeae60 ref_sink 1->2
0:00:00.017058297  2775 0x1e9e320 LOG   GST_POLL gstpoll.c:994:gst_poll_fd_ctl_write: 0x1ea69e0: pfd->events now 60 (POLLOUT:4)
0:00:00.021560254  2774 0xfca390 LOG   GST_REGISTRY gstregistry.c:608:gst_registry_add_feature: emitting feature-added for fakesrc
0:00:00.017065212  2775 0x1e9e320 DEBUG   GST_POLL gstpoll.c:980:gst_poll_fd_ctl_write: 0x1ea69e0: fd (fd:0, idx:1), active : 1
0:00:00.021567568  2774 0xfca390 DEBUG   GST_REGISTRY gstregistrychunks.c:742:gst_registry_chunks_load_feature: Added feature fakesrc, plugin 0xfe57b0 coreelements
0:00:00.017076090  2775 0x1e9e320 LOG   GST_POLL gstpoll.c:994:gst_poll_fd_ctl_write: 0x1ea69e0: pfd->events now 60 (POLLOUT:4)
0:00:00.021576107  2774 0xfca390 DEBUG   GST_REGISTRY gstregistrychunks.c:584:gst_registry_chunks_load_feature: Plugin 'coreelements' feature 'downloadbuffer' typename : 'GstElementFactory'
0:00:00.017083106  2775 0x1e9e320 LOG   GST_PLUGIN_LOADING gstpluginloader.c:645:put_chunk: Expanding tx buf from 13209 to 17023 for chunk of size 229
0:00:00.021586921  2774 0xfca390 TRACE   GST_REFCOUNTING gstobject.c:208:gst_object_init: 0xfeb780 new
0:00:00.017093337  2775 0x1e9e320 DEBUG   GST_POLL gstpoll.c:980:gst_poll_fd_ctl_write: 0x1ea69e0: fd (fd:0, idx:1), active : 1
0:00:00.021596513  2774 0xfca390 LOG   GST_REGISTRY gstregistrychunks.c:611:gst_registry_chunks_load_feature: Reading/casting for GstRegistryChunkElementFactory at address 0xfe7088
0:00:00.017101797  2775 0x1e9e320 LOG   GST_POLL gstpoll.c:994:gst_poll_fd_ctl_write: 0x1ea69e0: pfd->events now 60 (POLLOUT:4)
0:00:00.021603609  2774 0xfca390 TRACE   structure gststructure.c:292:gst_structure_new_id_empty_with_size: created structure 0xfeb930
0:00:00.017109226  2775 0x1e9e320 DEBUG   GST_POLL gstpoll.c:980:gst_poll_fd_ctl_write: 0x1ea69e0: fd (fd:0, idx:1), active : 1
0:00:00.021609990  2774 0xfca390 DEBUG   structure gststructure.c:2258:gst_structure_parse_field: trying field name 'long-name'
0:00:00.017115486  2775 0x1e9e320 LOG   GST_POLL gstpoll.c:994:gst_poll_fd_ctl_write: 0x1ea69e0: pfd->events now 60 (POLLOUT:4)
0:00:00.021615714  2774 0xfca390 DEBUG   default gstvalue.c:2776:_priv_gst_value_parse_value: trying type name 'string'
0:00:00.017121964  2775 0x1e9e320 DEBUG   GST_POLL gstpoll.c:980:gst_poll_fd_ctl_write: 0x1ea69e0: fd (fd:0, idx:1), active : 1
0:00:00.021622724  2774 0xfca390 DEBUG   structure gststructure.c:2258:gst_structure_parse_field: trying field name 'klass'
0:00:00.017127936  2775 0x1e9e320 LOG   GST_POLL gstpoll.c:994:gst_poll_fd_ctl_write: 0x1ea69e0: pfd->events now 60 (POLLOUT:4)
0:00:00.021628395  2774 0xfca390 DEBUG   default gstvalue.c:2776:_priv_gst_value_parse_value: trying type name 'string'
0:00:00.017134359  2775 0x1e9e320 DEBUG   GST_POLL gstpoll.c:980:gst_poll_fd_ctl_write: 0x1ea69e0: fd (fd:0, idx:1), active : 1
0:00:00.021634956  2774 0xfca390 DEBUG   structure gststructure.c:2258:gst_structure_parse_field: trying field name 'description'
0:00:00.017140430  2775 0x1e9e320 LOG   GST_POLL gstpoll.c:994:gst_poll_fd_ctl_write: 0x1ea69e0: pfd->events now 60 (POLLOUT:4)
0:00:00.021643177  2774 0xfca390 DEBUG   default gstvalue.c:2776:_priv_gst_value_parse_value: trying type name 'string'
0:00:00.017147665  2775 0x1e9e320 DEBUG   GST_POLL gstpoll.c:980:gst_poll_fd_ctl_write: 0x1ea69e0: fd (fd:0, idx:1), active : 1
0:00:00.021651509  2774 0xfca390 DEBUG   structure gststructure.c:2258:gst_structure_parse_field: trying field name 'author'
0:00:00.021661132  2774 0xfca390 DEBUG   default gstvalue.c:2776:_priv_gst_value_parse_value: trying type name 'string'
0:00:00.017163886  2775 0x1e9e320 LOG   GST_POLL gstpoll.c:994:gst_poll_fd_ctl_write: 0x1ea69e0: pfd->events now 60 (POLLOUT:4)
0:00:00.021668041  2774 0xfca390 DEBUG   GST_REGISTRY gstregistrychunks.c:627:gst_registry_chunks_load_feature: Element factory : npadtemplates=2
0:00:00.017172688  2775 0x1e9e320 DEBUG   GST_POLL gstpoll.c:980:gst_poll_fd_ctl_write: 0x1ea69e0: fd (fd:0, idx:1), active : 1
0:00:00.021673905  2774 0xfca390 DEBUG   GST_REGISTRY gstregistrychunks.c:527:gst_registry_chunks_load_pad_template: Reading/casting for GstRegistryChunkPadTemplate at address 0xfe7150
0:00:00.017184154  2775 0x1e9e320 LOG   GST_POLL gstpoll.c:994:gst_poll_fd_ctl_write: 0x1ea69e0: pfd->events now 60 (POLLOUT:4)
0:00:00.021682566  2774 0xfca390 DEBUG   GST_REGISTRY gstregistrychunks.c:540:gst_registry_chunks_load_pad_template: Added pad_template sink
0:00:00.017190835  2775 0x1e9e320 DEBUG   GST_POLL gstpoll.c:980:gst_poll_fd_ctl_write: 0x1ea69e0: fd (fd:0, idx:1), active : 1
0:00:00.021688960  2774 0xfca390 DEBUG   GST_REGISTRY gstregistrychunks.c:527:gst_registry_chunks_load_pad_template: Reading/casting for GstRegistryChunkPadTemplate at address 0xfe7168
0:00:00.017196679  2775 0x1e9e320 LOG   GST_POLL gstpoll.c:994:gst_poll_fd_ctl_write: 0x1ea69e0: pfd->events now 60 (POLLOUT:4)
0:00:00.021695501  2774 0xfca390 DEBUG   GST_REGISTRY gstregistrychunks.c:540:gst_registry_chunks_load_pad_template: Added pad_template src
0:00:00.017202899  2775 0x1e9e320 DEBUG   GST_POLL gstpoll.c:980:gst_poll_fd_ctl_write: 0x1ea69e0: fd (fd:0, idx:1), active : 1
0:00:00.017208721  2775 0x1e9e320 LOG   GST_POLL gstpoll.c:994:gst_poll_fd_ctl_write: 0x1ea69e0: pfd->events now 60 (POLLOUT:4)
0:00:00.021706018  2774 0xfca390 DEBUG   GST_REGISTRY gstregistry.c:590:gst_registry_add_feature: adding feature 0xfeb780 (downloadbuffer)
0:00:00.017214389  2775 0x1e9e320 DEBUG   GST_POLL gstpoll.c:980:gst_poll_fd_ctl_write: 0x1ea69e0: fd (fd:0, idx:1), active : 1
0:00:00.021713529  2774 0xfca390 DEBUG   GST_REFCOUNTING gstobject.c:709:gst_object_set_parent: set parent (ref and sink)
0:00:00.017222415  2775 0x1e9e320 LOG   GST_POLL gstpoll.c:994:gst_poll_fd_ctl_write: 0x1ea69e0: pfd->events now 60 (POLLOUT:4)
0:00:00.021721523  2774 0xfca390 TRACE   GST_REFCOUNTING gstobject.c:294:gst_object_ref_sink: 0xfeb780 ref_sink 1->2
0:00:00.017229826  2775 0x1e9e320 DEBUG   GST_POLL gstpoll.c:980:gst_poll_fd_ctl_write: 0x1ea69e0: fd (fd:0, idx:1), active : 1
0:00:00.021728547  2774 0xfca390 LOG   GST_REGISTRY gstregistry.c:608:gst_registry_add_feature: emitting feature-added for downloadbuffer
0:00:00.017235903  2775 0x1e9e320 LOG   GST_POLL gstpoll.c:994:gst_poll_fd_ctl_write: 0x1ea69e0: pfd->events now 60 (POLLOUT:4)
0:00:00.021735692  2774 0xfca390 DEBUG   GST_REGISTRY gstregistrychunks.c:742:gst_registry_chunks_load_feature: Added feature downloadbuffer, plugin 0xfe57b0 coreelements
0:00:00.017242257  2775 0x1e9e320 DEBUG   GST_POLL gstpoll.c:980:gst_poll_fd_ctl_write: 0x1ea69e0: fd (fd:0, idx:1), active : 1
0:00:00.017251873  2775 0x1e9e320 LOG   GST_POLL gstpoll.c:994:gst_poll_fd_ctl_write: 0x1ea69e0: pfd->events now 60 (POLLOUT:4)
0:00:00.021752621  2774 0xfca390 DEBUG   GST_REGISTRY gstregistrychunks.c:584:gst_registry_chunks_load_feature: Plugin 'coreelements' feature 'dataurisrc' typename : 'GstElementFactory'
0:00:00.017257456  2775 0x1e9e320 DEBUG   GST_POLL gstpoll.c:980:gst_poll_fd_ctl_write: 0x1ea69e0: fd (fd:0, idx:1), active : 1
0:00:00.017264299  2775 0x1e9e320 LOG   GST_POLL gstpoll.c:994:gst_poll_fd_ctl_write: 0x1ea69e0: pfd->events now 60 (POLLOUT:4)
0:00:00.021761663  2774 0xfca390 TRACE   GST_REFCOUNTING gstobject.c:208:gst_object_init: 0xfeb0c0 new
0:00:00.017270091  2775 0x1e9e320 DEBUG   GST_POLL gstpoll.c:980:gst_poll_fd_ctl_write: 0x1ea69e0: fd (fd:0, idx:1), active : 1
0:00:00.021772833  2774 0xfca390 LOG   GST_REGISTRY gstregistrychunks.c:611:gst_registry_chunks_load_feature: Reading/casting for GstRegistryChunkElementFactory at address 0xfe7198
0:00:00.017278073  2775 0x1e9e320 LOG   GST_POLL gstpoll.c:994:gst_poll_fd_ctl_write: 0x1ea69e0: pfd->events now 60 (POLLOUT:4)
0:00:00.017285786  2775 0x1e9e320 DEBUG   GST_POLL gstpoll.c:980:gst_poll_fd_ctl_write: 0x1ea69e0: fd (fd:0, idx:1), active : 1
0:00:00.021783954  2774 0xfca390 TRACE   structure gststructure.c:292:gst_structure_new_id_empty_with_size: created structure 0xfebe60
0:00:00.017291167  2775 0x1e9e320 LOG   GST_POLL gstpoll.c:994:gst_poll_fd_ctl_write: 0x1ea69e0: pfd->events now 60 (POLLOUT:4)
0:00:00.021790495  2774 0xfca390 DEBUG   structure gststructure.c:2258:gst_structure_parse_field: trying field name 'long-name'
0:00:00.017297399  2775 0x1e9e320 DEBUG   GST_POLL gstpoll.c:980:gst_poll_fd_ctl_write: 0x1ea69e0: fd (fd:0, idx:1), active : 1
0:00:00.021796462  2774 0xfca390 DEBUG   default gstvalue.c:2776:_priv_gst_value_parse_value: trying type name 'string'
0:00:00.017303397  2775 0x1e9e320 LOG   GST_POLL gstpoll.c:994:gst_poll_fd_ctl_write: 0x1ea69e0: pfd->events now 60 (POLLOUT:4)
0:00:00.021803795  2774 0xfca390 DEBUG   structure gststructure.c:2258:gst_structure_parse_field: trying field name 'klass'
0:00:00.017309609  2775 0x1e9e320 DEBUG   GST_POLL gstpoll.c:980:gst_poll_fd_ctl_write: 0x1ea69e0: fd (fd:0, idx:1), active : 1
0:00:00.021822446  2774 0xfca390 DEBUG   default gstvalue.c:2776:_priv_gst_value_parse_value: trying type name 'string'
0:00:00.017330115  2775 0x1e9e320 LOG   GST_POLL gstpoll.c:994:gst_poll_fd_ctl_write: 0x1ea69e0: pfd->events now 60 (POLLOUT:4)
0:00:00.017337983  2775 0x1e9e320 DEBUG   GST_POLL gstpoll.c:980:gst_poll_fd_ctl_write: 0x1ea69e0: fd (fd:0, idx:1), active : 1
0:00:00.021834560  2774 0xfca390 DEBUG   structure gststructure.c:2258:gst_structure_parse_field: trying field name 'description'
0:00:00.017343487  2775 0x1e9e320 LOG   GST_POLL gstpoll.c:994:gst_poll_fd_ctl_write: 0x1ea69e0: pfd->events now 60 (POLLOUT:4)
0:00:00.021850056  2774 0xfca390 DEBUG   default gstvalue.c:2776:_priv_gst_value_parse_value: trying type name 'string'
0:00:00.017355017  2775 0x1e9e320 DEBUG   GST_POLL gstpoll.c:980:gst_poll_fd_ctl_write: 0x1ea69e0: fd (fd:0, idx:1), active : 1
0:00:00.017363851  2775 0x1e9e320 LOG   GST_POLL gstpoll.c:994:gst_poll_fd_ctl_write: 0x1ea69e0: pfd->events now 60 (POLLOUT:4)
0:00:00.021861053  2774 0xfca390 DEBUG   structure gststructure.c:2258:gst_structure_parse_field: trying field name 'author'
0:00:00.017369488  2775 0x1e9e320 DEBUG   GST_POLL gstpoll.c:980:gst_poll_fd_ctl_write: 0x1ea69e0: fd (fd:0, idx:1), active : 1
0:00:00.021870341  2774 0xfca390 DEBUG   default gstvalue.c:2776:_priv_gst_value_parse_value: trying type name 'string'
0:00:00.017375230  2775 0x1e9e320 LOG   GST_POLL gstpoll.c:994:gst_poll_fd_ctl_write: 0x1ea69e0: pfd->events now 60 (POLLOUT:4)
0:00:00.017383554  2775 0x1e9e320 DEBUG   GST_POLL gstpoll.c:980:gst_poll_fd_ctl_write: 0x1ea69e0: fd (fd:0, idx:1), active : 1
0:00:00.021881448  2774 0xfca390 DEBUG   GST_REGISTRY gstregistrychunks.c:627:gst_registry_chunks_load_feature: Element factory : npadtemplates=1
0:00:00.017391587  2775 0x1e9e320 LOG   GST_POLL gstpoll.c:994:gst_poll_fd_ctl_write: 0x1ea69e0: pfd->events now 60 (POLLOUT:4)
