0:00:00.021889115  2774 0xfca390 DEBUG   GST_REGISTRY gstregistrychunks.c:527:gst_registry_chunks_load_pad_template: Reading/casting for GstRegistryChunkPadTemplate at address 0xfe72b0
0:00:00.017399030  2775 0x1e9e320 DEBUG   GST_POLL gstpoll.c:980:gst_poll_fd_ctl_write: 0x1ea69e0: fd (fd:0, idx:1), active : 1
0:00:00.021897996  2774 0xfca390 DEBUG   GST_REGISTRY gstregistrychunks.c:540:gst_registry_chunks_load_pad_template: Added pad_template src
0:00:00.017405233  2775 0x1e9e320 LOG   GST_POLL gstpoll.c:994:gst_poll_fd_ctl_write: 0x1ea69e0: pfd->events now 60 (POLLOUT:4)
0:00:00.021906829  2774 0xfca390 DEBUG   GST_REGISTRY gstregistrychunks.c:640:gst_registry_chunks_load_feature: Reading 1 UriTypes at address 0xfe72c0
0:00:00.017411652  2775 0x1e9e320 DEBUG   GST_POLL gstpoll.c:980:gst_poll_fd_ctl_write: 0x1ea69e0: fd (fd:0, idx:1), active : 1
0:00:00.021915276  2774 0xfca390 DEBUG   GST_REGISTRY gstregistrychunks.c:655:gst_registry_chunks_load_feature: Reading 1 Interfaces at address 0xfe72c9
0:00:00.017419240  2775 0x1e9e320 LOG   GST_POLL gstpoll.c:994:gst_poll_fd_ctl_write: 0x1ea69e0: pfd->events now 60 (POLLOUT:4)
0:00:00.017427128  2775 0x1e9e320 DEBUG   GST_POLL gstpoll.c:980:gst_poll_fd_ctl_write: 0x1ea69e0: fd (fd:0, idx:1), active : 1
0:00:00.021924858  2774 0xfca390 DEBUG   GST_REGISTRY gstregistry.c:590:gst_registry_add_feature: adding feature 0xfeb0c0 (dataurisrc)
0:00:00.017432513  2775 0x1e9e320 LOG   GST_POLL gstpoll.c:994:gst_poll_fd_ctl_write: 0x1ea69e0: pfd->events now 60 (POLLOUT:4)
0:00:00.021931861  2774 0xfca390 DEBUG   GST_REFCOUNTING gstobject.c:709:gst_object_set_parent: set parent (ref and sink)
0:00:00.017443663  2775 0x1e9e320 DEBUG   GST_POLL gstpoll.c:980:gst_poll_fd_ctl_write: 0x1ea69e0: fd (fd:0, idx:1), active : 1
0:00:00.021943493  2774 0xfca390 TRACE   GST_REFCOUNTING gstobject.c:294:gst_object_ref_sink: 0xfeb0c0 ref_sink 1->2
0:00:00.017451977  2775 0x1e9e320 LOG   GST_POLL gstpoll.c:994:gst_poll_fd_ctl_write: 0x1ea69e0: pfd->events now 60 (POLLOUT:4)
0:00:00.021950960  2774 0xfca390 LOG   GST_REGISTRY gstregistry.c:608:gst_registry_add_feature: emitting feature-added for dataurisrc
0:00:00.017459212  2775 0x1e9e320 DEBUG   GST_POLL gstpoll.c:980:gst_poll_fd_ctl_write: 0x1ea69e0: fd (fd:0, idx:1), active : 1
0:00:00.021958689  2774 0xfca390 DEBUG   GST_REGISTRY gstregistrychunks.c:742:gst_registry_chunks_load_feature: Added feature dataurisrc, plugin 0xfe57b0 coreelements
0:00:00.017465214  2775 0x1e9e320 LOG   GST_POLL gstpoll.c:994:gst_poll_fd_ctl_write: 0x1ea69e0: pfd->events now 60 (POLLOUT:4)
0:00:00.021965768  2774 0xfca390 DEBUG   GST_REGISTRY gstregistrychunks.c:584:gst_registry_chunks_load_feature: Plugin 'coreelements' feature 'concat' typename : 'GstElementFactory'
0:00:00.017471532  2775 0x1e9e320 DEBUG   GST_POLL gstpoll.c:980:gst_poll_fd_ctl_write: 0x1ea69e0: fd (fd:0, idx:1), active : 1
0:00:00.017478095  2775 0x1e9e320 LOG   GST_POLL gstpoll.c:994:gst_poll_fd_ctl_write: 0x1ea69e0: pfd->events now 60 (POLLOUT:4)
0:00:00.021977303  2774 0xfca390 TRACE   GST_REFCOUNTING gstobject.c:208:gst_object_init: 0xfebd60 new
0:00:00.017483747  2775 0x1e9e320 DEBUG   GST_POLL gstpoll.c:980:gst_poll_fd_ctl_write: 0x1ea69e0: fd (fd:0, idx:1), active : 1
0:00:00.017490050  2775 0x1e9e320 LOG   GST_POLL gstpoll.c:994:gst_poll_fd_ctl_write: 0x1ea69e0: pfd->events now 60 (POLLOUT:4)
0:00:00.021987276  2774 0xfca390 LOG   GST_REGISTRY gstregistrychunks.c:611:gst_registry_chunks_load_feature: Reading/casting for GstRegistryChunkElementFactory at address 0xfe72f0
0:00:00.017495760  2775 0x1e9e320 DEBUG   GST_POLL gstpoll.c:980:gst_poll_fd_ctl_write: 0x1ea69e0: fd (fd:0, idx:1), active : 1
0:00:00.021995177  2774 0xfca390 TRACE   structure gststructure.c:292:gst_structure_new_id_empty_with_size: created structure 0xfec220
0:00:00.017503819  2775 0x1e9e320 LOG   GST_POLL gstpoll.c:994:gst_poll_fd_ctl_write: 0x1ea69e0: pfd->events now 60 (POLLOUT:4)
0:00:00.022001551  2774 0xfca390 DEBUG   structure gststructure.c:2258:gst_structure_parse_field: trying field name 'long-name'
0:00:00.017511206  2775 0x1e9e320 DEBUG   GST_POLL gstpoll.c:980:gst_poll_fd_ctl_write: 0x1ea69e0: fd (fd:0, idx:1), active : 1
0:00:00.022009270  2774 0xfca390 DEBUG   default gstvalue.c:2776:_priv_gst_value_parse_value: trying type name 'string'
0:00:00.017517657  2775 0x1e9e320 LOG   GST_POLL gstpoll.c:994:gst_poll_fd_ctl_write: 0x1ea69e0: pfd->events now 60 (POLLOUT:4)
0:00:00.022017383  2774 0xfca390 DEBUG   structure gststructure.c:2258:gst_structure_parse_field: trying field name 'klass'
0:00:00.017524107  2775 0x1e9e320 DEBUG   GST_POLL gstpoll.c:980:gst_poll_fd_ctl_write: 0x1ea69e0: fd (fd:0, idx:1), active : 1
0:00:00.022030005  2774 0xfca390 DEBUG   default gstvalue.c:2776:_priv_gst_value_parse_value: trying type name 'string'
0:00:00.017535331  2775 0x1e9e320 LOG   GST_POLL gstpoll.c:994:gst_poll_fd_ctl_write: 0x1ea69e0: pfd->events now 60 (POLLOUT:4)
0:00:00.022037084  2774 0xfca390 DEBUG   structure gststructure.c:2258:gst_structure_parse_field: trying field name 'description'
0:00:00.017541590  2775 0x1e9e320 DEBUG   GST_POLL gstpoll.c:980:gst_poll_fd_ctl_write: 0x1ea69e0: fd (fd:0, idx:1), active : 1
0:00:00.022045113  2774 0xfca390 DEBUG   default gstvalue.c:2776:_priv_gst_value_parse_value: trying type name 'string'
0:00:00.017549369  2775 0x1e9e320 LOG   GST_POLL gstpoll.c:994:gst_poll_fd_ctl_write: 0x1ea69e0: pfd->events now 60 (POLLOUT:4)
0:00:00.022053653  2774 0xfca390 DEBUG   structure gststructure.c:2258:gst_structure_parse_field: trying field name 'author'
0:00:00.017557714  2775 0x1e9e320 DEBUG   GST_POLL gstpoll.c:980:gst_poll_fd_ctl_write: 0x1ea69e0: fd (fd:0, idx:1), active : 1
0:00:00.022059471  2774 0xfca390 DEBUG   default gstvalue.c:2776:_priv_gst_value_parse_value: trying type name 'string'
0:00:00.017566938  2775 0x1e9e320 LOG   GST_POLL gstpoll.c:994:gst_poll_fd_ctl_write: 0x1ea69e0: pfd->events now 60 (POLLOUT:4)
0:00:00.022067153  2774 0xfca390 DEBUG   GST_REGISTRY gstregistrychunks.c:627:gst_registry_chunks_load_feature: Element factory : npadtemplates=2
0:00:00.017574334  2775 0x1e9e320 DEBUG   GST_POLL gstpoll.c:980:gst_poll_fd_ctl_write: 0x1ea69e0: fd (fd:0, idx:1), active : 1
0:00:00.022073016  2774 0xfca390 DEBUG   GST_REGISTRY gstregistrychunks.c:527:gst_registry_chunks_load_pad_template: Reading/casting for GstRegistryChunkPadTemplate at address 0xfe73c8
0:00:00.017580677  2775 0x1e9e320 LOG   GST_POLL gstpoll.c:994:gst_poll_fd_ctl_write: 0x1ea69e0: pfd->events now 60 (POLLOUT:4)
0:00:00.022079498  2774 0xfca390 DEBUG   GST_REGISTRY gstregistrychunks.c:540:gst_registry_chunks_load_pad_template: Added pad_template src
0:00:00.017587102  2775 0x1e9e320 DEBUG   GST_POLL gstpoll.c:980:gst_poll_fd_ctl_write: 0x1ea69e0: fd (fd:0, idx:1), active : 1
0:00:00.022085365  2774 0xfca390 DEBUG   GST_REGISTRY gstregistrychunks.c:527:gst_registry_chunks_load_pad_template: Reading/casting for GstRegistryChunkPadTemplate at address 0xfe73d8
0:00:00.017593063  2775 0x1e9e320 LOG   GST_POLL gstpoll.c:994:gst_poll_fd_ctl_write: 0x1ea69e0: pfd->events now 60 (POLLOUT:4)
0:00:00.022091986  2774 0xfca390 DEBUG   GST_REGISTRY gstregistrychunks.c:540:gst_registry_chunks_load_pad_template: Added pad_template sink_%u
0:00:00.017599262  2775 0x1e9e320 DEBUG   GST_POLL gstpoll.c:980:gst_poll_fd_ctl_write: 0x1ea69e0: fd (fd:0, idx:1), active : 1
0:00:00.017605225  2775 0x1e9e320 LOG   GST_POLL gstpoll.c:994:gst_poll_fd_ctl_write: 0x1ea69e0: pfd->events now 60 (POLLOUT:4)
0:00:00.022102134  2774 0xfca390 DEBUG   GST_REGISTRY gstregistry.c:590:gst_registry_add_feature: adding feature 0xfebd60 (concat)
0:00:00.017615069  2775 0x1e9e320 DEBUG   GST_POLL gstpoll.c:980:gst_poll_fd_ctl_write: 0x1ea69e0: fd (fd:0, idx:1), active : 1
0:00:00.022114330  2774 0xfca390 DEBUG   GST_REFCOUNTING gstobject.c:709:gst_object_set_parent: set parent (ref and sink)
0:00:00.017623465  2775 0x1e9e320 LOG   GST_POLL gstpoll.c:994:gst_poll_fd_ctl_write: 0x1ea69e0: pfd->events now 60 (POLLOUT:4)
0:00:00.022122147  2774 0xfca390 TRACE   GST_REFCOUNTING gstobject.c:294:gst_object_ref_sink: 0xfebd60 ref_sink 1->2
0:00:00.017630764  2775 0x1e9e320 DEBUG   GST_POLL gstpoll.c:980:gst_poll_fd_ctl_write: 0x1ea69e0: fd (fd:0, idx:1), active : 1
0:00:00.022130189  2774 0xfca390 LOG   GST_REGISTRY gstregistry.c:608:gst_registry_add_feature: emitting feature-added for concat
0:00:00.017637163  2775 0x1e9e320 LOG   GST_POLL gstpoll.c:994:gst_poll_fd_ctl_write: 0x1ea69e0: pfd->events now 60 (POLLOUT:4)
0:00:00.022137107  2774 0xfca390 DEBUG   GST_REGISTRY gstregistrychunks.c:742:gst_registry_chunks_load_feature: Added feature concat, plugin 0xfe57b0 coreelements
0:00:00.017643668  2775 0x1e9e320 DEBUG   GST_POLL gstpoll.c:980:gst_poll_fd_ctl_write: 0x1ea69e0: fd (fd:0, idx:1), active : 1
0:00:00.022144196  2774 0xfca390 DEBUG   GST_REGISTRY gstregistrychunks.c:584:gst_registry_chunks_load_feature: Plugin 'coreelements' feature 'clocksync' typename : 'GstElementFactory'
0:00:00.017649674  2775 0x1e9e320 LOG   GST_POLL gstpoll.c:994:gst_poll_fd_ctl_write: 0x1ea69e0: pfd->events now 60 (POLLOUT:4)
0:00:00.017656223  2775 0x1e9e320 DEBUG   GST_POLL gstpoll.c:980:gst_poll_fd_ctl_write: 0x1ea69e0: fd (fd:0, idx:1), active : 1
0:00:00.022152985  2774 0xfca390 TRACE   GST_REFCOUNTING gstobject.c:208:gst_object_init: 0xfebbb0 new
0:00:00.017661591  2775 0x1e9e320 LOG   GST_POLL gstpoll.c:994:gst_poll_fd_ctl_write: 0x1ea69e0: pfd->events now 60 (POLLOUT:4)
0:00:00.022162545  2774 0xfca390 LOG   GST_REGISTRY gstregistrychunks.c:611:gst_registry_chunks_load_feature: Reading/casting for GstRegistryChunkElementFactory at address 0xfe7408
0:00:00.017667947  2775 0x1e9e320 DEBUG   GST_POLL gstpoll.c:980:gst_poll_fd_ctl_write: 0x1ea69e0: fd (fd:0, idx:1), active : 1
0:00:00.022171740  2774 0xfca390 TRACE   structure gststructure.c:292:gst_structure_new_id_empty_with_size: created structure 0xfec6a0
0:00:00.017676825  2775 0x1e9e320 LOG   GST_POLL gstpoll.c:994:gst_poll_fd_ctl_write: 0x1ea69e0: pfd->events now 60 (POLLOUT:4)
0:00:00.022178935  2774 0xfca390 DEBUG   structure gststructure.c:2258:gst_structure_parse_field: trying field name 'long-name'
0:00:00.017684700  2775 0x1e9e320 DEBUG   GST_POLL gstpoll.c:980:gst_poll_fd_ctl_write: 0x1ea69e0: fd (fd:0, idx:1), active : 1
0:00:00.022184755  2774 0xfca390 DEBUG   default gstvalue.c:2776:_priv_gst_value_parse_value: trying type name 'string'
0:00:00.017690853  2775 0x1e9e320 LOG   GST_POLL gstpoll.c:994:gst_poll_fd_ctl_write: 0x1ea69e0: pfd->events now 60 (POLLOUT:4)
0:00:00.022195724  2774 0xfca390 DEBUG   structure gststructure.c:2258:gst_structure_parse_field: trying field name 'klass'
0:00:00.017700618  2775 0x1e9e320 DEBUG   GST_POLL gstpoll.c:980:gst_poll_fd_ctl_write: 0x1ea69e0: fd (fd:0, idx:1), active : 1
0:00:00.022201575  2774 0xfca390 DEBUG   default gstvalue.c:2776:_priv_gst_value_parse_value: trying type name 'string'
0:00:00.017707145  2775 0x1e9e320 LOG   GST_POLL gstpoll.c:994:gst_poll_fd_ctl_write: 0x1ea69e0: pfd->events now 60 (POLLOUT:4)
0:00:00.022208189  2774 0xfca390 DEBUG   structure gststructure.c:2258:gst_structure_parse_field: trying field name 'description'
0:00:00.017713537  2775 0x1e9e320 DEBUG   GST_POLL gstpoll.c:980:gst_poll_fd_ctl_write: 0x1ea69e0: fd (fd:0, idx:1), active : 1
0:00:00.022213818  2774 0xfca390 DEBUG   default gstvalue.c:2776:_priv_gst_value_parse_value: trying type name 'string'
0:00:00.017719502  2775 0x1e9e320 LOG   GST_POLL gstpoll.c:994:gst_poll_fd_ctl_write: 0x1ea69e0: pfd->events now 60 (POLLOUT:4)
0:00:00.022220706  2774 0xfca390 DEBUG   structure gststructure.c:2258:gst_structure_parse_field: trying field name 'author'
0:00:00.017725839  2775 0x1e9e320 DEBUG   GST_POLL gstpoll.c:980:gst_poll_fd_ctl_write: 0x1ea69e0: fd (fd:0, idx:1), active : 1
0:00:00.022228482  2774 0xfca390 DEBUG   default gstvalue.c:2776:_priv_gst_value_parse_value: trying type name 'string'
0:00:00.017734758  2775 0x1e9e320 LOG   GST_POLL gstpoll.c:994:gst_poll_fd_ctl_write: 0x1ea69e0: pfd->events now 60 (POLLOUT:4)
0:00:00.022236808  2774 0xfca390 DEBUG   GST_REGISTRY gstregistrychunks.c:627:gst_registry_chunks_load_feature: Element factory : npadtemplates=2
0:00:00.017742185  2775 0x1e9e320 DEBUG   GST_POLL gstpoll.c:980:gst_poll_fd_ctl_write: 0x1ea69e0: fd (fd:0, idx:1), active : 1
0:00:00.022243072  2774 0xfca390 DEBUG   GST_REGISTRY gstregistrychunks.c:527:gst_registry_chunks_load_pad_template: Reading/casting for GstRegistryChunkPadTemplate at address 0xfe74d8
0:00:00.017748273  2775 0x1e9e320 LOG   GST_POLL gstpoll.c:994:gst_poll_fd_ctl_write: 0x1ea69e0: pfd->events now 60 (POLLOUT:4)
0:00:00.022249356  2774 0xfca390 DEBUG   GST_REGISTRY gstregistrychunks.c:540:gst_registry_chunks_load_pad_template: Added pad_template sink
0:00:00.017754920  2775 0x1e9e320 DEBUG   GST_POLL gstpoll.c:980:gst_poll_fd_ctl_write: 0x1ea69e0: fd (fd:0, idx:1), active : 1
0:00:00.022255077  2774 0xfca390 DEBUG   GST_REGISTRY gstregistrychunks.c:527:gst_registry_chunks_load_pad_template: Reading/casting for GstRegistryChunkPadTemplate at address 0xfe74f0
0:00:00.017760862  2775 0x1e9e320 LOG   GST_POLL gstpoll.c:994:gst_poll_fd_ctl_write: 0x1ea69e0: pfd->events now 60 (POLLOUT:4)
0:00:00.022261373  2774 0xfca390 DEBUG   GST_REGISTRY gstregistrychunks.c:540:gst_registry_chunks_load_pad_template: Added pad_template src
0:00:00.017767201  2775 0x1e9e320 DEBUG   GST_POLL gstpoll.c:980:gst_poll_fd_ctl_write: 0x1ea69e0: fd (fd:0, idx:1), active : 1
0:00:00.022269565  2774 0xfca390 DEBUG   GST_REGISTRY gstregistry.c:590:gst_registry_add_feature: adding feature 0xfebbb0 (clocksync)
0:00:00.017777226  2775 0x1e9e320 LOG   GST_POLL gstpoll.c:994:gst_poll_fd_ctl_write: 0x1ea69e0: pfd->events now 60 (POLLOUT:4)
0:00:00.022276713  2774 0xfca390 DEBUG   GST_REFCOUNTING gstobject.c:709:gst_object_set_parent: set parent (ref and sink)
0:00:00.017783860  2775 0x1e9e320 DEBUG   GST_POLL gstpoll.c:980:gst_poll_fd_ctl_write: 0x1ea69e0: fd (fd:0, idx:1), active : 1
0:00:00.022287175  2774 0xfca390 TRACE   GST_REFCOUNTING gstobject.c:294:gst_object_ref_sink: 0xfebbb0 ref_sink 1->2
0:00:00.017792109  2775 0x1e9e320 LOG   GST_POLL gstpoll.c:994:gst_poll_fd_ctl_write: 0x1ea69e0: pfd->events now 60 (POLLOUT:4)
0:00:00.022295341  2774 0xfca390 LOG   GST_REGISTRY gstregistry.c:608:gst_registry_add_feature: emitting feature-added for clocksync
0:00:00.017800547  2775 0x1e9e320 DEBUG   GST_POLL gstpoll.c:980:gst_poll_fd_ctl_write: 0x1ea69e0: fd (fd:0, idx:1), active : 1
0:00:00.022303344  2774 0xfca390 DEBUG   GST_REGISTRY gstregistrychunks.c:742:gst_registry_chunks_load_feature: Added feature clocksync, plugin 0xfe57b0 coreelements
0:00:00.017807273  2775 0x1e9e320 LOG   GST_POLL gstpoll.c:994:gst_poll_fd_ctl_write: 0x1ea69e0: pfd->events now 60 (POLLOUT:4)
0:00:00.022310386  2774 0xfca390 DEBUG   GST_REGISTRY gstregistrychunks.c:584:gst_registry_chunks_load_feature: Plugin 'coreelements' feature 'capsfilter' typename : 'GstElementFactory'
0:00:00.017815214  2775 0x1e9e320 DEBUG   GST_POLL gstpoll.c:980:gst_poll_fd_ctl_write: 0x1ea69e0: fd (fd:0, idx:1), active : 1
0:00:00.017821452  2775 0x1e9e320 LOG   GST_POLL gstpoll.c:994:gst_poll_fd_ctl_write: 0x1ea69e0: pfd->events now 60 (POLLOUT:4)
0:00:00.022318985  2774 0xfca390 TRACE   GST_REFCOUNTING gstobject.c:208:gst_object_init: 0xfec420 new
0:00:00.017827164  2775 0x1e9e320 DEBUG   GST_POLL gstpoll.c:980:gst_poll_fd_ctl_write: 0x1ea69e0: fd (fd:0, idx:1), active : 1
0:00:00.022327513  2774 0xfca390 LOG   GST_REGISTRY gstregistrychunks.c:611:gst_registry_chunks_load_feature: Reading/casting for GstRegistryChunkElementFactory at address 0xfe7520
0:00:00.017833252  2775 0x1e9e320 LOG   GST_POLL gstpoll.c:994:gst_poll_fd_ctl_write: 0x1ea69e0: pfd->events now 60 (POLLOUT:4)
0:00:00.022334054  2774 0xfca390 TRACE   structure gststructure.c:292:gst_structure_new_id_empty_with_size: created structure 0xfecaf0
0:00:00.017839487  2775 0x1e9e320 DEBUG   GST_POLL gstpoll.c:980:gst_poll_fd_ctl_write: 0x1ea69e0: fd (fd:0, idx:1), active : 1
0:00:00.022340024  2774 0xfca390 DEBUG   structure gststructure.c:2258:gst_structure_parse_field: trying field name 'long-name'
0:00:00.017847707  2775 0x1e9e320 LOG   GST_POLL gstpoll.c:994:gst_poll_fd_ctl_write: 0x1ea69e0: pfd->events now 60 (POLLOUT:4)
0:00:00.022347914  2774 0xfca390 DEBUG   default gstvalue.c:2776:_priv_gst_value_parse_value: trying type name 'string'
0:00:00.017855201  2775 0x1e9e320 DEBUG   GST_POLL gstpoll.c:980:gst_poll_fd_ctl_write: 0x1ea69e0: fd (fd:0, idx:1), active : 1
0:00:00.022360853  2774 0xfca390 DEBUG   structure gststructure.c:2258:gst_structure_parse_field: trying field name 'klass'
0:00:00.017864297  2775 0x1e9e320 LOG   GST_POLL gstpoll.c:994:gst_poll_fd_ctl_write: 0x1ea69e0: pfd->events now 60 (POLLOUT:4)
0:00:00.022367409  2774 0xfca390 DEBUG   default gstvalue.c:2776:_priv_gst_value_parse_value: trying type name 'string'
0:00:00.017873169  2775 0x1e9e320 DEBUG   GST_POLL gstpoll.c:980:gst_poll_fd_ctl_write: 0x1ea69e0: fd (fd:0, idx:1), active : 1
0:00:00.022374165  2774 0xfca390 DEBUG   structure gststructure.c:2258:gst_structure_parse_field: trying field name 'description'
0:00:00.017879059  2775 0x1e9e320 LOG   GST_POLL gstpoll.c:994:gst_poll_fd_ctl_write: 0x1ea69e0: pfd->events now 60 (POLLOUT:4)
0:00:00.022380044  2774 0xfca390 DEBUG   default gstvalue.c:2776:_priv_gst_value_parse_value: trying type name 'string'
0:00:00.022387993  2774 0xfca390 DEBUG   structure gststructure.c:2258:gst_structure_parse_field: trying field name 'author'
0:00:00.017890917  2775 0x1e9e320 TRACE   GST_REFCOUNTING gstobject.c:265:gst_object_unref: 0x1eba810 unref 2->1
0:00:00.022393289  2774 0xfca390 DEBUG   default gstvalue.c:2776:_priv_gst_value_parse_value: trying type name 'string'
0:00:00.017899281  2775 0x1e9e320 DEBUG   GST_POLL gstpoll.c:1241:gst_poll_fd_has_error: 0x1ea69e0: fd (fd:0, idx:1) 0
0:00:00.022400565  2774 0xfca390 DEBUG   GST_REGISTRY gstregistrychunks.c:627:gst_registry_chunks_load_feature: Element factory : npadtemplates=2
0:00:00.017905715  2775 0x1e9e320 DEBUG   GST_POLL gstpoll.c:1335:gst_poll_fd_can_write: 0x1ea69e0: fd (fd:0, idx:1) 1
0:00:00.022408633  2774 0xfca390 DEBUG   GST_REGISTRY gstregistrychunks.c:527:gst_registry_chunks_load_pad_template: Reading/casting for GstRegistryChunkPadTemplate at address 0xfe7600
0:00:00.017914997  2775 0x1e9e320 LOG   GST_PLUGIN_LOADING gstpluginloader.c:689:write_one: Writing packet of size 528 bytes to fd 0
0:00:00.022415874  2774 0xfca390 DEBUG   GST_REGISTRY gstregistrychunks.c:540:gst_registry_chunks_load_pad_template: Added pad_template sink
0:00:00.022421969  2774 0xfca390 DEBUG   GST_REGISTRY gstregistrychunks.c:527:gst_registry_chunks_load_pad_template: Reading/casting for GstRegistryChunkPadTemplate at address 0xfe7618
0:00:00.017926354  2775 0x1e9e320 DEBUG   GST_POLL gstpoll.c:1414:gst_poll_wait: 0x1ea69e0: timeout :0:00:01.000000000
0:00:00.022427501  2774 0xfca390 DEBUG   GST_REGISTRY gstregistrychunks.c:540:gst_registry_chunks_load_pad_template: Added pad_template src
0:00:00.017935825  2775 0x1e9e320 LOG   GST_PLUGIN_LOADING gstpluginloader.c:1027:exchange_packets: Poll res = 2. 6872 bytes pending for write
0:00:00.022435987  2774 0xfca390 DEBUG   GST_REGISTRY gstregistry.c:590:gst_registry_add_feature: adding feature 0xfec420 (capsfilter)
0:00:00.017942668  2775 0x1e9e320 DEBUG   GST_POLL gstpoll.c:1241:gst_poll_fd_has_error: 0x1ea69e0: fd (fd:5, idx:2) 0
0:00:00.022442306  2774 0xfca390 DEBUG   GST_REFCOUNTING gstobject.c:709:gst_object_set_parent: set parent (ref and sink)
0:00:00.017953434  2775 0x1e9e320 DEBUG   GST_POLL gstpoll.c:1266:gst_poll_fd_can_read_unlocked: 0x1ea69e0: fd (fd:5, idx:2) 1
0:00:00.022453192  2774 0xfca390 TRACE   GST_REFCOUNTING gstobject.c:294:gst_object_ref_sink: 0xfec420 ref_sink 1->2
0:00:00.022460497  2774 0xfca390 LOG   GST_REGISTRY gstregistry.c:608:gst_registry_add_feature: emitting feature-added for capsfilter
0:00:00.017962854  2775 0x1e9e320 LOG   GST_PLUGIN_LOADING gstpluginloader.c:1005:read_one: No payload to read for 0 length packet type 1 tag 0
0:00:00.022469504  2774 0xfca390 DEBUG   GST_REGISTRY gstregistrychunks.c:742:gst_registry_chunks_load_feature: Added feature capsfilter, plugin 0xfe57b0 coreelements
0:00:00.017973943  2775 0x1e9e320 DEBUG   GST_POLL gstpoll.c:1015:gst_poll_fd_ctl_read_unlocked: 0x1ea69e0: fd (fd:5, idx:2), active : 0
0:00:00.017982188  2775 0x1e9e320 DEBUG   GST_POLL gstpoll.c:980:gst_poll_fd_ctl_write: 0x1ea69e0: fd (fd:0, idx:1), active : 1
0:00:00.022478841  2774 0xfca390 LOG   GST_PLUGIN_LOADING gstpluginloader.c:888:handle_rx_packet: marking plugin 0xfe57b0 as registered as /home/conan/w/prod/BuildSingleReference/.conan/data/gstreamer/1.19.2/_/_/package/bec7fecef66b28e957582014d79b970659fc2b7f/lib/gstreamer-1.0/libgstcoreelements.so
0:00:00.017987879  2775 0x1e9e320 LOG   GST_POLL gstpoll.c:994:gst_poll_fd_ctl_write: 0x1ea69e0: pfd->events now 60 (POLLOUT:4)
0:00:00.022490266  2774 0xfca390 DEBUG   GST_POLL gstpoll.c:1414:gst_poll_wait: 0xfe3d10: timeout :0:00:01.000000000
0:00:00.017994359  2775 0x1e9e320 DEBUG   GST_POLL gstpoll.c:1241:gst_poll_fd_has_error: 0x1ea69e0: fd (fd:0, idx:1) 0
0:00:00.018001878  2775 0x1e9e320 DEBUG   GST_POLL gstpoll.c:1335:gst_poll_fd_can_write: 0x1ea69e0: fd (fd:0, idx:1) 1
0:00:00.022501210  2774 0xfca390 LOG   GST_PLUGIN_LOADING gstpluginloader.c:1027:exchange_packets: Poll res = 1. 0 bytes pending for write
0:00:00.018007288  2775 0x1e9e320 LOG   GST_PLUGIN_LOADING gstpluginloader.c:689:write_one: Writing packet of size 6872 bytes to fd 0
0:00:00.022509020  2774 0xfca390 DEBUG   GST_POLL gstpoll.c:1241:gst_poll_fd_has_error: 0xfe3d10: fd (fd:8, idx:2) 0
0:00:00.022515904  2774 0xfca390 DEBUG   GST_POLL gstpoll.c:1266:gst_poll_fd_can_read_unlocked: 0xfe3d10: fd (fd:8, idx:2) 1
0:00:00.018019901  2775 0x1e9e320 DEBUG   GST_POLL gstpoll.c:1414:gst_poll_wait: 0x1ea69e0: timeout :0:00:01.000000000
0:00:00.018029925  2775 0x1e9e320 LOG   GST_PLUGIN_LOADING gstpluginloader.c:1027:exchange_packets: Poll res = 1. 12 bytes pending for write
0:00:00.022527430  2774 0xfca390 DEBUG   GST_PLUGIN_LOADING gstpluginloader.c:849:handle_rx_packet: Received plugin details from child w/ tag 2. 516 bytes info
0:00:00.018036645  2775 0x1e9e320 DEBUG   GST_POLL gstpoll.c:1241:gst_poll_fd_has_error: 0x1ea69e0: fd (fd:0, idx:1) 0
0:00:00.022536269  2774 0xfca390 LOG   GST_REGISTRY gstregistrychunks.c:838:_priv_gst_registry_chunks_load_plugin: Reading/casting for GstRegistryChunkPluginElement at address 0xfe5b60
0:00:00.018047108  2775 0x1e9e320 DEBUG   GST_POLL gstpoll.c:1335:gst_poll_fd_can_write: 0x1ea69e0: fd (fd:0, idx:1) 1
0:00:00.022547947  2774 0xfca390 TRACE   GST_REFCOUNTING gstobject.c:208:gst_object_init: 0xfecc80 new
0:00:00.018053190  2775 0x1e9e320 LOG   GST_PLUGIN_LOADING gstpluginloader.c:689:write_one: Writing packet of size 12 bytes to fd 0
0:00:00.018061846  2775 0x1e9e320 DEBUG   GST_POLL gstpoll.c:980:gst_poll_fd_ctl_write: 0x1ea69e0: fd (fd:0, idx:1), active : 0
0:00:00.022560712  2774 0xfca390 LOG   GST_REGISTRY gstregistrychunks.c:859:_priv_gst_registry_chunks_load_plugin: read strings for name='coretracers'
0:00:00.018070065  2775 0x1e9e320 LOG   GST_POLL gstpoll.c:994:gst_poll_fd_ctl_write: 0x1ea69e0: pfd->events now 56 (POLLOUT:4)
0:00:00.022567689  2774 0xfca390 LOG   GST_REGISTRY gstregistrychunks.c:860:_priv_gst_registry_chunks_load_plugin: desc.description='GStreamer core tracers'
0:00:00.022576066  2774 0xfca390 LOG   GST_REGISTRY gstregistrychunks.c:861:_priv_gst_registry_chunks_load_plugin: filename='/home/conan/w/prod/BuildSingleReference/.conan/data/gstreamer/1.19.2/_/_/package/bec7fecef66b28e957582014d79b970659fc2b7f/lib/gstreamer-1.0/libgstcoretracers.so'
0:00:00.022581611  2774 0xfca390 LOG   GST_REGISTRY gstregistrychunks.c:862:_priv_gst_registry_chunks_load_plugin: desc.version='1.19.2'
0:00:00.018086285  2775 0x1e9e320 DEBUG   GST_POLL gstpoll.c:772:gst_poll_free: 0x1ea69e0: freeing
0:00:00.022588960  2774 0xfca390 LOG   GST_REGISTRY gstregistrychunks.c:863:_priv_gst_registry_chunks_load_plugin: desc.license='LGPL'
0:00:00.022595545  2774 0xfca390 LOG   GST_REGISTRY gstregistrychunks.c:864:_priv_gst_registry_chunks_load_plugin: desc.source='gstreamer'
0:00:00.022600866  2774 0xfca390 LOG   GST_REGISTRY gstregistrychunks.c:865:_priv_gst_registry_chunks_load_plugin: desc.package='GStreamer source release'
0:00:00.022606174  2774 0xfca390 LOG   GST_REGISTRY gstregistrychunks.c:866:_priv_gst_registry_chunks_load_plugin: desc.origin='Unknown package origin'
0:00:00.022611121  2774 0xfca390 LOG   GST_REGISTRY gstregistrychunks.c:867:_priv_gst_registry_chunks_load_plugin: desc.datetime=2021-09-23
0:00:00.022620181  2774 0xfca390 DEBUG   GST_REGISTRY gstregistry.c:449:gst_registry_add_plugin: Replacing existing plugin "/home/conan/w/prod/BuildSingleReference/.conan/data/gstreamer/1.19.2/_/_/package/bec7fecef66b28e957582014d79b970659fc2b7f/lib/gstreamer-1.0/libgstcoretracers.so" 0xfe4240 with new plugin 0xfecc80 for filename "/home/conan/w/prod/BuildSingleReference/.conan/data/gstreamer/1.19.2/_/_/package/bec7fecef66b28e957582014d79b970659fc2b7f/lib/gstreamer-1.0/libgstcoretracers.so"
0:00:00.022630669  2774 0xfca390 TRACE   GST_REFCOUNTING gstobject.c:265:gst_object_unref: 0xfe4240 unref 1->0
0:00:00.022638730  2774 0xfca390 TRACE   GST_REFCOUNTING gstobject.c:381:gst_object_dispose: 0xfe4240 dispose
0:00:00.022650658  2774 0xfca390 DEBUG   GST_PLUGIN_LOADING gstplugin.c:132:gst_plugin_finalize: finalizing plugin
0:00:00.022665236  2774 0xfca390 TRACE   GST_REFCOUNTING gstobject.c:423:gst_object_finalize: 0xfe4240 finalize
0:00:00.022680039  2774 0xfca390 DEBUG   GST_REGISTRY gstregistry.c:474:gst_registry_add_plugin: adding plugin 0xfecc80 for filename "/home/conan/w/prod/BuildSingleReference/.conan/data/gstreamer/1.19.2/_/_/package/bec7fecef66b28e957582014d79b970659fc2b7f/lib/gstreamer-1.0/libgstcoretracers.so"
0:00:00.022687802  2774 0xfca390 TRACE   GST_REFCOUNTING gstobject.c:294:gst_object_ref_sink: 0xfecc80 ref_sink 1->2
0:00:00.022694697  2774 0xfca390 LOG   GST_REGISTRY gstregistry.c:487:gst_registry_add_plugin: emitting plugin-added for filename "/home/conan/w/prod/BuildSingleReference/.conan/data/gstreamer/1.19.2/_/_/package/bec7fecef66b28e957582014d79b970659fc2b7f/lib/gstreamer-1.0/libgstcoretracers.so"
0:00:00.022701649  2774 0xfca390 DEBUG   GST_REGISTRY gstregistrychunks.c:888:_priv_gst_registry_chunks_load_plugin: Added plugin 'coretracers' plugin with 6 features from binary registry
0:00:00.022708296  2774 0xfca390 DEBUG   GST_REGISTRY gstregistrychunks.c:584:gst_registry_chunks_load_feature: Plugin 'coretracers' feature 'factories' typename : 'GstTracerFactory'
0:00:00.022716278  2774 0xfca390 TRACE   GST_REFCOUNTING gstobject.c:208:gst_object_init: 0xfe4230 new
0:00:00.022727732  2774 0xfca390 DEBUG   GST_REGISTRY gstregistrychunks.c:719:gst_registry_chunks_load_feature: Reading/casting for GstRegistryChunkPluginFeature at address 0xfe5cb0
0:00:00.022736833  2774 0xfca390 DEBUG   GST_REGISTRY gstregistry.c:581:gst_registry_add_feature: replacing existing feature 0xfe4db0 (factories)
0:00:00.022743937  2774 0xfca390 DEBUG   GST_REGISTRY gstregistry.c:590:gst_registry_add_feature: adding feature 0xfe4230 (factories)
0:00:00.022755646  2774 0xfca390 TRACE   GST_REFCOUNTING gstobject.c:788:gst_object_unparent: unparent
0:00:00.022762607  2774 0xfca390 TRACE   GST_REFCOUNTING gstobject.c:265:gst_object_unref: 0xfe4db0 unref 1->0
0:00:00.022768876  2774 0xfca390 TRACE   GST_REFCOUNTING gstobject.c:381:gst_object_dispose: 0xfe4db0 dispose
0:00:00.022775815  2774 0xfca390 DEBUG   GST_PLUGIN_LOADING gstpluginfeature.c:67:gst_plugin_feature_finalize: finalizing feature 0xfe4db0: 'factories'
0:00:00.022784742  2774 0xfca390 TRACE   GST_REFCOUNTING gstobject.c:423:gst_object_finalize: 0xfe4db0 finalize
0:00:00.022792761  2774 0xfca390 DEBUG   GST_REFCOUNTING gstobject.c:709:gst_object_set_parent: set parent (ref and sink)
0:00:00.022799952  2774 0xfca390 TRACE   GST_REFCOUNTING gstobject.c:294:gst_object_ref_sink: 0xfe4230 ref_sink 1->2
0:00:00.022806516  2774 0xfca390 LOG   GST_REGISTRY gstregistry.c:608:gst_registry_add_feature: emitting feature-added for factories
0:00:00.022831413  2774 0xfca390 DEBUG   GST_REGISTRY gstregistrychunks.c:742:gst_registry_chunks_load_feature: Added feature factories, plugin 0xfecc80 coretracers
0:00:00.022841455  2774 0xfca390 DEBUG   GST_REGISTRY gstregistrychunks.c:584:gst_registry_chunks_load_feature: Plugin 'coretracers' feature 'leaks' typename : 'GstTracerFactory'
0:00:00.022859542  2774 0xfca390 TRACE   GST_REFCOUNTING gstobject.c:208:gst_object_init: 0xfe4db0 new
0:00:00.022871803  2774 0xfca390 DEBUG   GST_REGISTRY gstregistrychunks.c:719:gst_registry_chunks_load_feature: Reading/casting for GstRegistryChunkPluginFeature at address 0xfe5cd0
0:00:00.022880709  2774 0xfca390 DEBUG   GST_REGISTRY gstregistry.c:581:gst_registry_add_feature: replacing existing feature 0xfe4ff0 (leaks)
0:00:00.022887558  2774 0xfca390 DEBUG   GST_REGISTRY gstregistry.c:590:gst_registry_add_feature: adding feature 0xfe4db0 (leaks)
0:00:00.022893016  2774 0xfca390 TRACE   GST_REFCOUNTING gstobject.c:788:gst_object_unparent: unparent
0:00:00.022899765  2774 0xfca390 TRACE   GST_REFCOUNTING gstobject.c:265:gst_object_unref: 0xfe4ff0 unref 1->0
0:00:00.022905929  2774 0xfca390 TRACE   GST_REFCOUNTING gstobject.c:381:gst_object_dispose: 0xfe4ff0 dispose
0:00:00.022913019  2774 0xfca390 DEBUG   GST_PLUGIN_LOADING gstpluginfeature.c:67:gst_plugin_feature_finalize: finalizing feature 0xfe4ff0: 'leaks'
0:00:00.022918925  2774 0xfca390 TRACE   GST_REFCOUNTING gstobject.c:423:gst_object_finalize: 0xfe4ff0 finalize
0:00:00.022928193  2774 0xfca390 DEBUG   GST_REFCOUNTING gstobject.c:709:gst_object_set_parent: set parent (ref and sink)
0:00:00.022936897  2774 0xfca390 TRACE   GST_REFCOUNTING gstobject.c:294:gst_object_ref_sink: 0xfe4db0 ref_sink 1->2
0:00:00.022943669  2774 0xfca390 LOG   GST_REGISTRY gstregistry.c:608:gst_registry_add_feature: emitting feature-added for leaks
0:00:00.022950170  2774 0xfca390 DEBUG   GST_REGISTRY gstregistrychunks.c:742:gst_registry_chunks_load_feature: Added feature leaks, plugin 0xfecc80 coretracers
0:00:00.022956316  2774 0xfca390 DEBUG   GST_REGISTRY gstregistrychunks.c:584:gst_registry_chunks_load_feature: Plugin 'coretracers' feature 'stats' typename : 'GstTracerFactory'
0:00:00.022963878  2774 0xfca390 TRACE   GST_REFCOUNTING gstobject.c:208:gst_object_init: 0xfe4ff0 new
0:00:00.022971576  2774 0xfca390 DEBUG   GST_REGISTRY gstregistrychunks.c:719:gst_registry_chunks_load_feature: Reading/casting for GstRegistryChunkPluginFeature at address 0xfe5cf0
0:00:00.022978588  2774 0xfca390 DEBUG   GST_REGISTRY gstregistry.c:581:gst_registry_add_feature: replacing existing feature 0xfe51b0 (stats)
0:00:00.022988325  2774 0xfca390 DEBUG   GST_REGISTRY gstregistry.c:590:gst_registry_add_feature: adding feature 0xfe4ff0 (stats)
0:00:00.022994865  2774 0xfca390 TRACE   GST_REFCOUNTING gstobject.c:788:gst_object_unparent: unparent
0:00:00.023001813  2774 0xfca390 TRACE   GST_REFCOUNTING gstobject.c:265:gst_object_unref: 0xfe51b0 unref 1->0
0:00:00.023008026  2774 0xfca390 TRACE   GST_REFCOUNTING gstobject.c:381:gst_object_dispose: 0xfe51b0 dispose
0:00:00.023014543  2774 0xfca390 DEBUG   GST_PLUGIN_LOADING gstpluginfeature.c:67:gst_plugin_feature_finalize: finalizing feature 0xfe51b0: 'stats'
0:00:00.023024620  2774 0xfca390 TRACE   GST_REFCOUNTING gstobject.c:423:gst_object_finalize: 0xfe51b0 finalize
0:00:00.023031008  2774 0xfca390 DEBUG   GST_REFCOUNTING gstobject.c:709:gst_object_set_parent: set parent (ref and sink)
0:00:00.023037417  2774 0xfca390 TRACE   GST_REFCOUNTING gstobject.c:294:gst_object_ref_sink: 0xfe4ff0 ref_sink 1->2
0:00:00.023046435  2774 0xfca390 LOG   GST_REGISTRY gstregistry.c:608:gst_registry_add_feature: emitting feature-added for stats
0:00:00.023054024  2774 0xfca390 DEBUG   GST_REGISTRY gstregistrychunks.c:742:gst_registry_chunks_load_feature: Added feature stats, plugin 0xfecc80 coretracers
0:00:00.023060514  2774 0xfca390 DEBUG   GST_REGISTRY gstregistrychunks.c:584:gst_registry_chunks_load_feature: Plugin 'coretracers' feature 'rusage' typename : 'GstTracerFactory'
0:00:00.023068259  2774 0xfca390 TRACE   GST_REFCOUNTING gstobject.c:208:gst_object_init: 0xfe51b0 new
0:00:00.023076175  2774 0xfca390 DEBUG   GST_REGISTRY gstregistrychunks.c:719:gst_registry_chunks_load_feature: Reading/casting for GstRegistryChunkPluginFeature at address 0xfe5d10
0:00:00.023083488  2774 0xfca390 DEBUG   GST_REGISTRY gstregistry.c:581:gst_registry_add_feature: replacing existing feature 0xfe5370 (rusage)
0:00:00.023089971  2774 0xfca390 DEBUG   GST_REGISTRY gstregistry.c:590:gst_registry_add_feature: adding feature 0xfe51b0 (rusage)
0:00:00.023095241  2774 0xfca390 TRACE   GST_REFCOUNTING gstobject.c:788:gst_object_unparent: unparent
0:00:00.023104767  2774 0xfca390 TRACE   GST_REFCOUNTING gstobject.c:265:gst_object_unref: 0xfe5370 unref 1->0
0:00:00.023112229  2774 0xfca390 TRACE   GST_REFCOUNTING gstobject.c:381:gst_object_dispose: 0xfe5370 dispose
0:00:00.023119113  2774 0xfca390 DEBUG   GST_PLUGIN_LOADING gstpluginfeature.c:67:gst_plugin_feature_finalize: finalizing feature 0xfe5370: 'rusage'
0:00:00.023124873  2774 0xfca390 TRACE   GST_REFCOUNTING gstobject.c:423:gst_object_finalize: 0xfe5370 finalize
0:00:00.023131095  2774 0xfca390 DEBUG   GST_REFCOUNTING gstobject.c:709:gst_object_set_parent: set parent (ref and sink)
0:00:00.023137671  2774 0xfca390 TRACE   GST_REFCOUNTING gstobject.c:294:gst_object_ref_sink: 0xfe51b0 ref_sink 1->2
0:00:00.023143705  2774 0xfca390 LOG   GST_REGISTRY gstregistry.c:608:gst_registry_add_feature: emitting feature-added for rusage
0:00:00.023149633  2774 0xfca390 DEBUG   GST_REGISTRY gstregistrychunks.c:742:gst_registry_chunks_load_feature: Added feature rusage, plugin 0xfecc80 coretracers
0:00:00.023158396  2774 0xfca390 DEBUG   GST_REGISTRY gstregistrychunks.c:584:gst_registry_chunks_load_feature: Plugin 'coretracers' feature 'log' typename : 'GstTracerFactory'
0:00:00.023167256  2774 0xfca390 TRACE   GST_REFCOUNTING gstobject.c:208:gst_object_init: 0xfe5370 new
0:00:00.023180306  2774 0xfca390 DEBUG   GST_REGISTRY gstregistrychunks.c:719:gst_registry_chunks_load_feature: Reading/casting for GstRegistryChunkPluginFeature at address 0xfe5d30
0:00:00.023187654  2774 0xfca390 DEBUG   GST_REGISTRY gstregistry.c:581:gst_registry_add_feature: replacing existing feature 0xfe5530 (log)
0:00:00.023193872  2774 0xfca390 DEBUG   GST_REGISTRY gstregistry.c:590:gst_registry_add_feature: adding feature 0xfe5370 (log)
0:00:00.023199133  2774 0xfca390 TRACE   GST_REFCOUNTING gstobject.c:788:gst_object_unparent: unparent
0:00:00.023205895  2774 0xfca390 TRACE   GST_REFCOUNTING gstobject.c:265:gst_object_unref: 0xfe5530 unref 1->0
0:00:00.023212256  2774 0xfca390 TRACE   GST_REFCOUNTING gstobject.c:381:gst_object_dispose: 0xfe5530 dispose
0:00:00.023221789  2774 0xfca390 DEBUG   GST_PLUGIN_LOADING gstpluginfeature.c:67:gst_plugin_feature_finalize: finalizing feature 0xfe5530: 'log'
0:00:00.023229055  2774 0xfca390 TRACE   GST_REFCOUNTING gstobject.c:423:gst_object_finalize: 0xfe5530 finalize
0:00:00.023235809  2774 0xfca390 DEBUG   GST_REFCOUNTING gstobject.c:709:gst_object_set_parent: set parent (ref and sink)
0:00:00.023242795  2774 0xfca390 TRACE   GST_REFCOUNTING gstobject.c:294:gst_object_ref_sink: 0xfe5370 ref_sink 1->2
0:00:00.023249099  2774 0xfca390 LOG   GST_REGISTRY gstregistry.c:608:gst_registry_add_feature: emitting feature-added for log
0:00:00.023255593  2774 0xfca390 DEBUG   GST_REGISTRY gstregistrychunks.c:742:gst_registry_chunks_load_feature: Added feature log, plugin 0xfecc80 coretracers
0:00:00.023262018  2774 0xfca390 DEBUG   GST_REGISTRY gstregistrychunks.c:584:gst_registry_chunks_load_feature: Plugin 'coretracers' feature 'latency' typename : 'GstTracerFactory'
0:00:00.023269424  2774 0xfca390 TRACE   GST_REFCOUNTING gstobject.c:208:gst_object_init: 0xfecdb0 new
0:00:00.023280264  2774 0xfca390 DEBUG   GST_REGISTRY gstregistrychunks.c:719:gst_registry_chunks_load_feature: Reading/casting for GstRegistryChunkPluginFeature at address 0xfe5d58
0:00:00.023289324  2774 0xfca390 DEBUG   GST_REGISTRY gstregistry.c:581:gst_registry_add_feature: replacing existing feature 0xfe58e0 (latency)
0:00:00.023296407  2774 0xfca390 DEBUG   GST_REGISTRY gstregistry.c:590:gst_registry_add_feature: adding feature 0xfecdb0 (latency)
0:00:00.023301978  2774 0xfca390 TRACE   GST_REFCOUNTING gstobject.c:788:gst_object_unparent: unparent
0:00:00.023308761  2774 0xfca390 TRACE   GST_REFCOUNTING gstobject.c:265:gst_object_unref: 0xfe58e0 unref 1->0
0:00:00.023314909  2774 0xfca390 TRACE   GST_REFCOUNTING gstobject.c:381:gst_object_dispose: 0xfe58e0 dispose
0:00:00.023321546  2774 0xfca390 DEBUG   GST_PLUGIN_LOADING gstpluginfeature.c:67:gst_plugin_feature_finalize: finalizing feature 0xfe58e0: 'latency'
0:00:00.023327493  2774 0xfca390 TRACE   GST_REFCOUNTING gstobject.c:423:gst_object_finalize: 0xfe58e0 finalize
0:00:00.023336345  2774 0xfca390 DEBUG   GST_REFCOUNTING gstobject.c:709:gst_object_set_parent: set parent (ref and sink)
0:00:00.023348878  2774 0xfca390 TRACE   GST_REFCOUNTING gstobject.c:294:gst_object_ref_sink: 0xfecdb0 ref_sink 1->2
0:00:00.023355414  2774 0xfca390 LOG   GST_REGISTRY gstregistry.c:608:gst_registry_add_feature: emitting feature-added for latency
0:00:00.023361722  2774 0xfca390 DEBUG   GST_REGISTRY gstregistrychunks.c:742:gst_registry_chunks_load_feature: Added feature latency, plugin 0xfecc80 coretracers
0:00:00.023368974  2774 0xfca390 LOG   GST_PLUGIN_LOADING gstpluginloader.c:888:handle_rx_packet: marking plugin 0xfecc80 as registered as /home/conan/w/prod/BuildSingleReference/.conan/data/gstreamer/1.19.2/_/_/package/bec7fecef66b28e957582014d79b970659fc2b7f/lib/gstreamer-1.0/libgstcoretracers.so
0:00:00.023377706  2774 0xfca390 DEBUG   GST_POLL gstpoll.c:1414:gst_poll_wait: 0xfe3d10: timeout :0:00:01.000000000
0:00:00.023386506  2774 0xfca390 LOG   GST_PLUGIN_LOADING gstpluginloader.c:1027:exchange_packets: Poll res = 2. 0 bytes pending for write
0:00:00.023396167  2774 0xfca390 DEBUG   GST_POLL gstpoll.c:1241:gst_poll_fd_has_error: 0xfe3d10: fd (fd:8, idx:2) 0
0:00:00.023403314  2774 0xfca390 DEBUG   GST_POLL gstpoll.c:1266:gst_poll_fd_can_read_unlocked: 0xfe3d10: fd (fd:8, idx:2) 1
0:00:00.023415465  2774 0xfca390 DEBUG   GST_PLUGIN_LOADING gstpluginloader.c:849:handle_rx_packet: Received plugin details from child w/ tag 3. 6860 bytes info
0:00:00.023421349  2774 0xfca390 LOG   GST_REGISTRY gstregistrychunks.c:838:_priv_gst_registry_chunks_load_plugin: Reading/casting for GstRegistryChunkPluginElement at address 0xfe5b60
0:00:00.023428205  2774 0xfca390 TRACE   GST_REFCOUNTING gstobject.c:208:gst_object_init: 0xfece80 new
0:00:00.023439204  2774 0xfca390 LOG   GST_REGISTRY gstregistrychunks.c:859:_priv_gst_registry_chunks_load_plugin: read strings for name='coreelements'
0:00:00.023447217  2774 0xfca390 LOG   GST_REGISTRY gstregistrychunks.c:860:_priv_gst_registry_chunks_load_plugin: desc.description='GStreamer core elements'
0:00:00.023454279  2774 0xfca390 LOG   GST_REGISTRY gstregistrychunks.c:861:_priv_gst_registry_chunks_load_plugin: filename='/home/conan/w/prod/BuildSingleReference/.conan/data/gstreamer/1.19.2/_/_/package/bec7fecef66b28e957582014d79b970659fc2b7f/lib/gstreamer-1.0/libgstcoreelements.so'
0:00:00.023460006  2774 0xfca390 LOG   GST_REGISTRY gstregistrychunks.c:862:_priv_gst_registry_chunks_load_plugin: desc.version='1.19.2'
0:00:00.023464836  2774 0xfca390 LOG   GST_REGISTRY gstregistrychunks.c:863:_priv_gst_registry_chunks_load_plugin: desc.license='LGPL'
0:00:00.023469670  2774 0xfca390 LOG   GST_REGISTRY gstregistrychunks.c:864:_priv_gst_registry_chunks_load_plugin: desc.source='gstreamer'
0:00:00.023474591  2774 0xfca390 LOG   GST_REGISTRY gstregistrychunks.c:865:_priv_gst_registry_chunks_load_plugin: desc.package='GStreamer source release'
0:00:00.023479558  2774 0xfca390 LOG   GST_REGISTRY gstregistrychunks.c:866:_priv_gst_registry_chunks_load_plugin: desc.origin='Unknown package origin'
0:00:00.023488462  2774 0xfca390 LOG   GST_REGISTRY gstregistrychunks.c:867:_priv_gst_registry_chunks_load_plugin: desc.datetime=2021-09-23
0:00:00.023500611  2774 0xfca390 DEBUG   GST_REGISTRY gstregistry.c:449:gst_registry_add_plugin: Replacing existing plugin "/home/conan/w/prod/BuildSingleReference/.conan/data/gstreamer/1.19.2/_/_/package/bec7fecef66b28e957582014d79b970659fc2b7f/lib/gstreamer-1.0/libgstcoreelements.so" 0xfe57b0 with new plugin 0xfece80 for filename "/home/conan/w/prod/BuildSingleReference/.conan/data/gstreamer/1.19.2/_/_/package/bec7fecef66b28e957582014d79b970659fc2b7f/lib/gstreamer-1.0/libgstcoreelements.so"
0:00:00.023509697  2774 0xfca390 TRACE   GST_REFCOUNTING gstobject.c:265:gst_object_unref: 0xfe57b0 unref 1->0
0:00:00.023516541  2774 0xfca390 TRACE   GST_REFCOUNTING gstobject.c:381:gst_object_dispose: 0xfe57b0 dispose
0:00:00.023524383  2774 0xfca390 DEBUG   GST_PLUGIN_LOADING gstplugin.c:132:gst_plugin_finalize: finalizing plugin
0:00:00.023530403  2774 0xfca390 TRACE   GST_REFCOUNTING gstobject.c:423:gst_object_finalize: 0xfe57b0 finalize
0:00:00.023538594  2774 0xfca390 DEBUG   GST_REGISTRY gstregistry.c:474:gst_registry_add_plugin: adding plugin 0xfece80 for filename "/home/conan/w/prod/BuildSingleReference/.conan/data/gstreamer/1.19.2/_/_/package/bec7fecef66b28e957582014d79b970659fc2b7f/lib/gstreamer-1.0/libgstcoreelements.so"
0:00:00.023545613  2774 0xfca390 TRACE   GST_REFCOUNTING gstobject.c:294:gst_object_ref_sink: 0xfece80 ref_sink 1->2
0:00:00.023552474  2774 0xfca390 LOG   GST_REGISTRY gstregistry.c:487:gst_registry_add_plugin: emitting plugin-added for filename "/home/conan/w/prod/BuildSingleReference/.conan/data/gstreamer/1.19.2/_/_/package/bec7fecef66b28e957582014d79b970659fc2b7f/lib/gstreamer-1.0/libgstcoreelements.so"
0:00:00.023561805  2774 0xfca390 DEBUG   GST_REGISTRY gstregistrychunks.c:888:_priv_gst_registry_chunks_load_plugin: Added plugin 'coreelements' plugin with 22 features from binary registry
0:00:00.023569340  2774 0xfca390 DEBUG   GST_REGISTRY gstregistrychunks.c:584:gst_registry_chunks_load_feature: Plugin 'coreelements' feature 'streamiddemux' typename : 'GstElementFactory'
0:00:00.023578025  2774 0xfca390 TRACE   GST_REFCOUNTING gstobject.c:208:gst_object_init: 0xfe4c50 new
0:00:00.023586553  2774 0xfca390 LOG   GST_REGISTRY gstregistrychunks.c:611:gst_registry_chunks_load_feature: Reading/casting for GstRegistryChunkElementFactory at address 0xfe5cb8
0:00:00.023593129  2774 0xfca390 TRACE   structure gststructure.c:292:gst_structure_new_id_empty_with_size: created structure 0xfec8f0
0:00:00.023598694  2774 0xfca390 DEBUG   structure gststructure.c:2258:gst_structure_parse_field: trying field name 'long-name'
0:00:00.023604125  2774 0xfca390 DEBUG   default gstvalue.c:2776:_priv_gst_value_parse_value: trying type name 'string'
0:00:00.023611343  2774 0xfca390 DEBUG   structure gststructure.c:2258:gst_structure_parse_field: trying field name 'klass'
0:00:00.023619167  2774 0xfca390 DEBUG   default gstvalue.c:2776:_priv_gst_value_parse_value: trying type name 'string'
0:00:00.023626916  2774 0xfca390 DEBUG   structure gststructure.c:2258:gst_structure_parse_field: trying field name 'description'
0:00:00.023637328  2774 0xfca390 DEBUG   default gstvalue.c:2776:_priv_gst_value_parse_value: trying type name 'string'
0:00:00.023644066  2774 0xfca390 DEBUG   structure gststructure.c:2258:gst_structure_parse_field: trying field name 'author'
0:00:00.023649267  2774 0xfca390 DEBUG   default gstvalue.c:2776:_priv_gst_value_parse_value: trying type name 'string'
0:00:00.023655839  2774 0xfca390 DEBUG   GST_REGISTRY gstregistrychunks.c:627:gst_registry_chunks_load_feature: Element factory : npadtemplates=2
0:00:00.023661253  2774 0xfca390 DEBUG   GST_REGISTRY gstregistrychunks.c:527:gst_registry_chunks_load_pad_template: Reading/casting for GstRegistryChunkPadTemplate at address 0xfe5d90
0:00:00.023667033  2774 0xfca390 DEBUG   GST_REGISTRY gstregistrychunks.c:540:gst_registry_chunks_load_pad_template: Added pad_template src_%u
0:00:00.023674907  2774 0xfca390 DEBUG   GST_REGISTRY gstregistrychunks.c:527:gst_registry_chunks_load_pad_template: Reading/casting for GstRegistryChunkPadTemplate at address 0xfe5da8
0:00:00.023681686  2774 0xfca390 DEBUG   GST_REGISTRY gstregistrychunks.c:540:gst_registry_chunks_load_pad_template: Added pad_template sink
0:00:00.023690057  2774 0xfca390 DEBUG   GST_REGISTRY gstregistry.c:581:gst_registry_add_feature: replacing existing feature 0xfe4370 (streamiddemux)
0:00:00.023697202  2774 0xfca390 DEBUG   GST_REGISTRY gstregistry.c:590:gst_registry_add_feature: adding feature 0xfe4c50 (streamiddemux)
0:00:00.023703176  2774 0xfca390 TRACE   GST_REFCOUNTING gstobject.c:788:gst_object_unparent: unparent
0:00:00.023710613  2774 0xfca390 TRACE   GST_REFCOUNTING gstobject.c:265:gst_object_unref: 0xfe4370 unref 1->0
0:00:00.023717051  2774 0xfca390 TRACE   GST_REFCOUNTING gstobject.c:381:gst_object_dispose: 0xfe4370 dispose
0:00:00.023724075  2774 0xfca390 TRACE   structure gststructure.c:547:gst_structure_free: free structure 0xfe4900
0:00:00.023734489  2774 0xfca390 TRACE   GST_REFCOUNTING gstminiobject.c:736:gst_mini_object_replace: replace (nil) (0) with (nil) (0)
0:00:00.023743381  2774 0xfca390 TRACE   GST_REFCOUNTING gstminiobject.c:736:gst_mini_object_replace: replace (nil) (0) with (nil) (0)
0:00:00.023759663  2774 0xfca390 DEBUG   GST_PLUGIN_LOADING gstpluginfeature.c:67:gst_plugin_feature_finalize: finalizing feature 0xfe4370: 'streamiddemux'
0:00:00.023766376  2774 0xfca390 TRACE   GST_REFCOUNTING gstobject.c:423:gst_object_finalize: 0xfe4370 finalize
0:00:00.023773159  2774 0xfca390 DEBUG   GST_REFCOUNTING gstobject.c:709:gst_object_set_parent: set parent (ref and sink)
0:00:00.023782799  2774 0xfca390 TRACE   GST_REFCOUNTING gstobject.c:294:gst_object_ref_sink: 0xfe4c50 ref_sink 1->2
0:00:00.023790024  2774 0xfca390 LOG   GST_REGISTRY gstregistry.c:608:gst_registry_add_feature: emitting feature-added for streamiddemux
0:00:00.023796677  2774 0xfca390 DEBUG   GST_REGISTRY gstregistrychunks.c:742:gst_registry_chunks_load_feature: Added feature streamiddemux, plugin 0xfece80 coreelements
0:00:00.023807637  2774 0xfca390 DEBUG   GST_REGISTRY gstregistrychunks.c:584:gst_registry_chunks_load_feature: Plugin 'coreelements' feature 'valve' typename : 'GstElementFactory'
0:00:00.023826516  2774 0xfca390 TRACE   GST_REFCOUNTING gstobject.c:208:gst_object_init: 0xfe4370 new
0:00:00.023835966  2774 0xfca390 LOG   GST_REGISTRY gstregistrychunks.c:611:gst_registry_chunks_load_feature: Reading/casting for GstRegistryChunkElementFactory at address 0xfe5dd8
0:00:00.023844925  2774 0xfca390 TRACE   structure gststructure.c:292:gst_structure_new_id_empty_with_size: created structure 0xfecfb0
0:00:00.023851768  2774 0xfca390 DEBUG   structure gststructure.c:2258:gst_structure_parse_field: trying field name 'long-name'
0:00:00.023857190  2774 0xfca390 DEBUG   default gstvalue.c:2776:_priv_gst_value_parse_value: trying type name 'string'
0:00:00.023863771  2774 0xfca390 DEBUG   structure gststructure.c:2258:gst_structure_parse_field: trying field name 'klass'
0:00:00.023868656  2774 0xfca390 DEBUG   default gstvalue.c:2776:_priv_gst_value_parse_value: trying type name 'string'
0:00:00.023874638  2774 0xfca390 DEBUG   structure gststructure.c:2258:gst_structure_parse_field: trying field name 'description'
0:00:00.023879554  2774 0xfca390 DEBUG   default gstvalue.c:2776:_priv_gst_value_parse_value: trying type name 'string'
0:00:00.023885941  2774 0xfca390 DEBUG   structure gststructure.c:2258:gst_structure_parse_field: trying field name 'author'
0:00:00.023893738  2774 0xfca390 DEBUG   default gstvalue.c:2776:_priv_gst_value_parse_value: trying type name 'string'
0:00:00.023901953  2774 0xfca390 DEBUG   GST_REGISTRY gstregistrychunks.c:627:gst_registry_chunks_load_feature: Element factory : npadtemplates=2
0:00:00.023907553  2774 0xfca390 DEBUG   GST_REGISTRY gstregistrychunks.c:527:gst_registry_chunks_load_pad_template: Reading/casting for GstRegistryChunkPadTemplate at address 0xfe5ec8
0:00:00.023913360  2774 0xfca390 DEBUG   GST_REGISTRY gstregistrychunks.c:540:gst_registry_chunks_load_pad_template: Added pad_template sink
0:00:00.023918316  2774 0xfca390 DEBUG   GST_REGISTRY gstregistrychunks.c:527:gst_registry_chunks_load_pad_template: Reading/casting for GstRegistryChunkPadTemplate at address 0xfe5ee0
0:00:00.023923584  2774 0xfca390 DEBUG   GST_REGISTRY gstregistrychunks.c:540:gst_registry_chunks_load_pad_template: Added pad_template src
0:00:00.023931305  2774 0xfca390 DEBUG   GST_REGISTRY gstregistry.c:581:gst_registry_add_feature: replacing existing feature 0xfe78b0 (valve)
0:00:00.023937926  2774 0xfca390 DEBUG   GST_REGISTRY gstregistry.c:590:gst_registry_add_feature: adding feature 0xfe4370 (valve)
0:00:00.023945994  2774 0xfca390 TRACE   GST_REFCOUNTING gstobject.c:788:gst_object_unparent: unparent
0:00:00.023954279  2774 0xfca390 TRACE   GST_REFCOUNTING gstobject.c:265:gst_object_unref: 0xfe78b0 unref 1->0
0:00:00.023965399  2774 0xfca390 TRACE   GST_REFCOUNTING gstobject.c:381:gst_object_dispose: 0xfe78b0 dispose
0:00:00.023972325  2774 0xfca390 TRACE   structure gststructure.c:547:gst_structure_free: free structure 0xfe7a80
0:00:00.023978808  2774 0xfca390 TRACE   GST_REFCOUNTING gstminiobject.c:736:gst_mini_object_replace: replace (nil) (0) with (nil) (0)
0:00:00.023985435  2774 0xfca390 TRACE   GST_REFCOUNTING gstminiobject.c:736:gst_mini_object_replace: replace (nil) (0) with (nil) (0)
0:00:00.023991717  2774 0xfca390 DEBUG   GST_PLUGIN_LOADING gstpluginfeature.c:67:gst_plugin_feature_finalize: finalizing feature 0xfe78b0: 'valve'
