0:00:00.012585887  2775 0x1e9e320 DEBUG   GST_POLL gstpoll.c:980:gst_poll_fd_ctl_write: 0x1ea69e0: fd (fd:0, idx:1), active : 1
0:00:00.012591147  2775 0x1e9e320 LOG   GST_POLL gstpoll.c:994:gst_poll_fd_ctl_write: 0x1ea69e0: pfd->events now 60 (POLLOUT:4)
0:00:00.012599745  2775 0x1e9e320 DEBUG   GST_POLL gstpoll.c:980:gst_poll_fd_ctl_write: 0x1ea69e0: fd (fd:0, idx:1), active : 1
0:00:00.012606106  2775 0x1e9e320 LOG   GST_POLL gstpoll.c:994:gst_poll_fd_ctl_write: 0x1ea69e0: pfd->events now 60 (POLLOUT:4)
0:00:00.012612194  2775 0x1e9e320 DEBUG   GST_POLL gstpoll.c:980:gst_poll_fd_ctl_write: 0x1ea69e0: fd (fd:0, idx:1), active : 1
0:00:00.012617538  2775 0x1e9e320 LOG   GST_POLL gstpoll.c:994:gst_poll_fd_ctl_write: 0x1ea69e0: pfd->events now 60 (POLLOUT:4)
0:00:00.012623119  2775 0x1e9e320 DEBUG   GST_POLL gstpoll.c:980:gst_poll_fd_ctl_write: 0x1ea69e0: fd (fd:0, idx:1), active : 1
0:00:00.012628215  2775 0x1e9e320 LOG   GST_POLL gstpoll.c:994:gst_poll_fd_ctl_write: 0x1ea69e0: pfd->events now 60 (POLLOUT:4)
0:00:00.012633955  2775 0x1e9e320 DEBUG   GST_POLL gstpoll.c:980:gst_poll_fd_ctl_write: 0x1ea69e0: fd (fd:0, idx:1), active : 1
0:00:00.012639164  2775 0x1e9e320 LOG   GST_POLL gstpoll.c:994:gst_poll_fd_ctl_write: 0x1ea69e0: pfd->events now 60 (POLLOUT:4)
0:00:00.012647631  2775 0x1e9e320 DEBUG   GST_POLL gstpoll.c:980:gst_poll_fd_ctl_write: 0x1ea69e0: fd (fd:0, idx:1), active : 1
0:00:00.012653963  2775 0x1e9e320 LOG   GST_POLL gstpoll.c:994:gst_poll_fd_ctl_write: 0x1ea69e0: pfd->events now 60 (POLLOUT:4)
0:00:00.012660004  2775 0x1e9e320 DEBUG   GST_POLL gstpoll.c:980:gst_poll_fd_ctl_write: 0x1ea69e0: fd (fd:0, idx:1), active : 1
0:00:00.012665446  2775 0x1e9e320 LOG   GST_POLL gstpoll.c:994:gst_poll_fd_ctl_write: 0x1ea69e0: pfd->events now 60 (POLLOUT:4)
0:00:00.012671061  2775 0x1e9e320 DEBUG   GST_POLL gstpoll.c:980:gst_poll_fd_ctl_write: 0x1ea69e0: fd (fd:0, idx:1), active : 1
0:00:00.012676168  2775 0x1e9e320 LOG   GST_POLL gstpoll.c:994:gst_poll_fd_ctl_write: 0x1ea69e0: pfd->events now 60 (POLLOUT:4)
0:00:00.012681833  2775 0x1e9e320 DEBUG   GST_POLL gstpoll.c:980:gst_poll_fd_ctl_write: 0x1ea69e0: fd (fd:0, idx:1), active : 1
0:00:00.012687155  2775 0x1e9e320 LOG   GST_POLL gstpoll.c:994:gst_poll_fd_ctl_write: 0x1ea69e0: pfd->events now 60 (POLLOUT:4)
0:00:00.012695595  2775 0x1e9e320 DEBUG   GST_POLL gstpoll.c:980:gst_poll_fd_ctl_write: 0x1ea69e0: fd (fd:0, idx:1), active : 1
0:00:00.012701923  2775 0x1e9e320 LOG   GST_POLL gstpoll.c:994:gst_poll_fd_ctl_write: 0x1ea69e0: pfd->events now 60 (POLLOUT:4)
0:00:00.012707944  2775 0x1e9e320 DEBUG   GST_POLL gstpoll.c:980:gst_poll_fd_ctl_write: 0x1ea69e0: fd (fd:0, idx:1), active : 1
0:00:00.012713390  2775 0x1e9e320 LOG   GST_POLL gstpoll.c:994:gst_poll_fd_ctl_write: 0x1ea69e0: pfd->events now 60 (POLLOUT:4)
0:00:00.012724568  2775 0x1e9e320 DEBUG   GST_POLL gstpoll.c:980:gst_poll_fd_ctl_write: 0x1ea69e0: fd (fd:0, idx:1), active : 1
0:00:00.012729894  2775 0x1e9e320 LOG   GST_POLL gstpoll.c:994:gst_poll_fd_ctl_write: 0x1ea69e0: pfd->events now 60 (POLLOUT:4)
0:00:00.012735555  2775 0x1e9e320 DEBUG   GST_POLL gstpoll.c:980:gst_poll_fd_ctl_write: 0x1ea69e0: fd (fd:0, idx:1), active : 1
0:00:00.012740749  2775 0x1e9e320 LOG   GST_POLL gstpoll.c:994:gst_poll_fd_ctl_write: 0x1ea69e0: pfd->events now 60 (POLLOUT:4)
0:00:00.012749119  2775 0x1e9e320 DEBUG   GST_POLL gstpoll.c:980:gst_poll_fd_ctl_write: 0x1ea69e0: fd (fd:0, idx:1), active : 1
0:00:00.012755505  2775 0x1e9e320 LOG   GST_POLL gstpoll.c:994:gst_poll_fd_ctl_write: 0x1ea69e0: pfd->events now 60 (POLLOUT:4)
0:00:00.012761427  2775 0x1e9e320 DEBUG   GST_POLL gstpoll.c:980:gst_poll_fd_ctl_write: 0x1ea69e0: fd (fd:0, idx:1), active : 1
0:00:00.012766782  2775 0x1e9e320 LOG   GST_POLL gstpoll.c:994:gst_poll_fd_ctl_write: 0x1ea69e0: pfd->events now 60 (POLLOUT:4)
0:00:00.012772465  2775 0x1e9e320 DEBUG   GST_POLL gstpoll.c:980:gst_poll_fd_ctl_write: 0x1ea69e0: fd (fd:0, idx:1), active : 1
0:00:00.012777623  2775 0x1e9e320 LOG   GST_POLL gstpoll.c:994:gst_poll_fd_ctl_write: 0x1ea69e0: pfd->events now 60 (POLLOUT:4)
0:00:00.012783230  2775 0x1e9e320 DEBUG   GST_POLL gstpoll.c:980:gst_poll_fd_ctl_write: 0x1ea69e0: fd (fd:0, idx:1), active : 1
0:00:00.012799930  2775 0x1e9e320 LOG   GST_POLL gstpoll.c:994:gst_poll_fd_ctl_write: 0x1ea69e0: pfd->events now 60 (POLLOUT:4)
0:00:00.012806667  2775 0x1e9e320 DEBUG   GST_POLL gstpoll.c:980:gst_poll_fd_ctl_write: 0x1ea69e0: fd (fd:0, idx:1), active : 1
0:00:00.012812130  2775 0x1e9e320 LOG   GST_POLL gstpoll.c:994:gst_poll_fd_ctl_write: 0x1ea69e0: pfd->events now 60 (POLLOUT:4)
0:00:00.012817982  2775 0x1e9e320 DEBUG   GST_POLL gstpoll.c:980:gst_poll_fd_ctl_write: 0x1ea69e0: fd (fd:0, idx:1), active : 1
0:00:00.012823182  2775 0x1e9e320 LOG   GST_POLL gstpoll.c:994:gst_poll_fd_ctl_write: 0x1ea69e0: pfd->events now 60 (POLLOUT:4)
0:00:00.012828899  2775 0x1e9e320 DEBUG   GST_POLL gstpoll.c:980:gst_poll_fd_ctl_write: 0x1ea69e0: fd (fd:0, idx:1), active : 1
0:00:00.012834066  2775 0x1e9e320 LOG   GST_POLL gstpoll.c:994:gst_poll_fd_ctl_write: 0x1ea69e0: pfd->events now 60 (POLLOUT:4)
0:00:00.012839704  2775 0x1e9e320 DEBUG   GST_POLL gstpoll.c:980:gst_poll_fd_ctl_write: 0x1ea69e0: fd (fd:0, idx:1), active : 1
0:00:00.012847609  2775 0x1e9e320 LOG   GST_POLL gstpoll.c:994:gst_poll_fd_ctl_write: 0x1ea69e0: pfd->events now 60 (POLLOUT:4)
0:00:00.012854449  2775 0x1e9e320 DEBUG   GST_POLL gstpoll.c:980:gst_poll_fd_ctl_write: 0x1ea69e0: fd (fd:0, idx:1), active : 1
0:00:00.012860081  2775 0x1e9e320 LOG   GST_POLL gstpoll.c:994:gst_poll_fd_ctl_write: 0x1ea69e0: pfd->events now 60 (POLLOUT:4)
0:00:00.012865878  2775 0x1e9e320 DEBUG   GST_POLL gstpoll.c:980:gst_poll_fd_ctl_write: 0x1ea69e0: fd (fd:0, idx:1), active : 1
0:00:00.012875344  2775 0x1e9e320 LOG   GST_POLL gstpoll.c:994:gst_poll_fd_ctl_write: 0x1ea69e0: pfd->events now 60 (POLLOUT:4)
0:00:00.012881095  2775 0x1e9e320 DEBUG   GST_POLL gstpoll.c:980:gst_poll_fd_ctl_write: 0x1ea69e0: fd (fd:0, idx:1), active : 1
0:00:00.012886472  2775 0x1e9e320 LOG   GST_POLL gstpoll.c:994:gst_poll_fd_ctl_write: 0x1ea69e0: pfd->events now 60 (POLLOUT:4)
0:00:00.012892212  2775 0x1e9e320 DEBUG   GST_POLL gstpoll.c:980:gst_poll_fd_ctl_write: 0x1ea69e0: fd (fd:0, idx:1), active : 1
0:00:00.012900280  2775 0x1e9e320 LOG   GST_POLL gstpoll.c:994:gst_poll_fd_ctl_write: 0x1ea69e0: pfd->events now 60 (POLLOUT:4)
0:00:00.012907083  2775 0x1e9e320 DEBUG   GST_POLL gstpoll.c:980:gst_poll_fd_ctl_write: 0x1ea69e0: fd (fd:0, idx:1), active : 1
0:00:00.012912608  2775 0x1e9e320 LOG   GST_POLL gstpoll.c:994:gst_poll_fd_ctl_write: 0x1ea69e0: pfd->events now 60 (POLLOUT:4)
0:00:00.012918201  2775 0x1e9e320 DEBUG   GST_POLL gstpoll.c:980:gst_poll_fd_ctl_write: 0x1ea69e0: fd (fd:0, idx:1), active : 1
0:00:00.012923466  2775 0x1e9e320 LOG   GST_POLL gstpoll.c:994:gst_poll_fd_ctl_write: 0x1ea69e0: pfd->events now 60 (POLLOUT:4)
0:00:00.012929160  2775 0x1e9e320 DEBUG   GST_POLL gstpoll.c:980:gst_poll_fd_ctl_write: 0x1ea69e0: fd (fd:0, idx:1), active : 1
0:00:00.012934723  2775 0x1e9e320 LOG   GST_POLL gstpoll.c:994:gst_poll_fd_ctl_write: 0x1ea69e0: pfd->events now 60 (POLLOUT:4)
0:00:00.012940377  2775 0x1e9e320 DEBUG   GST_POLL gstpoll.c:980:gst_poll_fd_ctl_write: 0x1ea69e0: fd (fd:0, idx:1), active : 1
0:00:00.012948337  2775 0x1e9e320 LOG   GST_POLL gstpoll.c:994:gst_poll_fd_ctl_write: 0x1ea69e0: pfd->events now 60 (POLLOUT:4)
0:00:00.012955263  2775 0x1e9e320 DEBUG   GST_POLL gstpoll.c:980:gst_poll_fd_ctl_write: 0x1ea69e0: fd (fd:0, idx:1), active : 1
0:00:00.012960907  2775 0x1e9e320 LOG   GST_POLL gstpoll.c:994:gst_poll_fd_ctl_write: 0x1ea69e0: pfd->events now 60 (POLLOUT:4)
0:00:00.012966979  2775 0x1e9e320 DEBUG   GST_POLL gstpoll.c:980:gst_poll_fd_ctl_write: 0x1ea69e0: fd (fd:0, idx:1), active : 1
0:00:00.012972181  2775 0x1e9e320 LOG   GST_POLL gstpoll.c:994:gst_poll_fd_ctl_write: 0x1ea69e0: pfd->events now 60 (POLLOUT:4)
0:00:00.012977843  2775 0x1e9e320 DEBUG   GST_POLL gstpoll.c:980:gst_poll_fd_ctl_write: 0x1ea69e0: fd (fd:0, idx:1), active : 1
0:00:00.012983151  2775 0x1e9e320 LOG   GST_POLL gstpoll.c:994:gst_poll_fd_ctl_write: 0x1ea69e0: pfd->events now 60 (POLLOUT:4)
0:00:00.012989021  2775 0x1e9e320 DEBUG   GST_POLL gstpoll.c:980:gst_poll_fd_ctl_write: 0x1ea69e0: fd (fd:0, idx:1), active : 1
0:00:00.012996973  2775 0x1e9e320 LOG   GST_POLL gstpoll.c:994:gst_poll_fd_ctl_write: 0x1ea69e0: pfd->events now 60 (POLLOUT:4)
0:00:00.013003725  2775 0x1e9e320 DEBUG   GST_POLL gstpoll.c:980:gst_poll_fd_ctl_write: 0x1ea69e0: fd (fd:0, idx:1), active : 1
0:00:00.013009325  2775 0x1e9e320 LOG   GST_POLL gstpoll.c:994:gst_poll_fd_ctl_write: 0x1ea69e0: pfd->events now 60 (POLLOUT:4)
0:00:00.013019327  2775 0x1e9e320 DEBUG   GST_POLL gstpoll.c:980:gst_poll_fd_ctl_write: 0x1ea69e0: fd (fd:0, idx:1), active : 1
0:00:00.013024718  2775 0x1e9e320 LOG   GST_POLL gstpoll.c:994:gst_poll_fd_ctl_write: 0x1ea69e0: pfd->events now 60 (POLLOUT:4)
0:00:00.013030355  2775 0x1e9e320 DEBUG   GST_POLL gstpoll.c:980:gst_poll_fd_ctl_write: 0x1ea69e0: fd (fd:0, idx:1), active : 1
0:00:00.013035569  2775 0x1e9e320 LOG   GST_POLL gstpoll.c:994:gst_poll_fd_ctl_write: 0x1ea69e0: pfd->events now 60 (POLLOUT:4)
0:00:00.013041155  2775 0x1e9e320 DEBUG   GST_POLL gstpoll.c:980:gst_poll_fd_ctl_write: 0x1ea69e0: fd (fd:0, idx:1), active : 1
0:00:00.013049461  2775 0x1e9e320 LOG   GST_POLL gstpoll.c:994:gst_poll_fd_ctl_write: 0x1ea69e0: pfd->events now 60 (POLLOUT:4)
0:00:00.013060910  2775 0x1e9e320 TRACE   GST_REFCOUNTING gstobject.c:265:gst_object_unref: 0x1eba810 unref 2->1
0:00:00.013068181  2775 0x1e9e320 DEBUG   GST_POLL gstpoll.c:1241:gst_poll_fd_has_error: 0x1ea69e0: fd (fd:0, idx:1) 0
0:00:00.013074097  2775 0x1e9e320 DEBUG   GST_POLL gstpoll.c:1335:gst_poll_fd_can_write: 0x1ea69e0: fd (fd:0, idx:1) 1
0:00:00.013079598  2775 0x1e9e320 LOG   GST_PLUGIN_LOADING gstpluginloader.c:689:write_one: Writing packet of size 528 bytes to fd 0
0:00:00.013099086  2775 0x1e9e320 DEBUG   GST_POLL gstpoll.c:1414:gst_poll_wait: 0x1ea69e0: timeout :0:00:01.000000000
0:00:00.013110674  2775 0x1e9e320 LOG   GST_PLUGIN_LOADING gstpluginloader.c:1027:exchange_packets: Poll res = 2. 6872 bytes pending for write
0:00:00.013119443  2775 0x1e9e320 DEBUG   GST_POLL gstpoll.c:1241:gst_poll_fd_has_error: 0x1ea69e0: fd (fd:5, idx:2) 0
0:00:00.013125684  2775 0x1e9e320 DEBUG   GST_POLL gstpoll.c:1266:gst_poll_fd_can_read_unlocked: 0x1ea69e0: fd (fd:5, idx:2) 1
0:00:00.017620410  2774 0xfca390 LOG   GST_PLUGIN_LOADING gstpluginloader.c:1027:exchange_packets: Poll res = 1. 0 bytes pending for write
0:00:00.013135898  2775 0x1e9e320 DEBUG   GST_PLUGIN_LOADING gstpluginloader.c:721:do_plugin_load: Plugin scanner loading file /home/conan/w/prod/BuildSingleReference/.conan/data/gstreamer/1.19.2/_/_/package/bec7fecef66b28e957582014d79b970659fc2b7f/lib/gstreamer-1.0/libgstcoretracers.so. tag 2
0:00:00.017639052  2774 0xfca390 DEBUG   GST_POLL gstpoll.c:1241:gst_poll_fd_has_error: 0xfe3d10: fd (fd:8, idx:2) 0
0:00:00.013145295  2775 0x1e9e320 TRACE   GST_REFCOUNTING gstobject.c:238:gst_object_ref: 0x1eb7ec0 ref 1->2
0:00:00.017646042  2774 0xfca390 DEBUG   GST_POLL gstpoll.c:1266:gst_poll_fd_can_read_unlocked: 0xfe3d10: fd (fd:8, idx:2) 1
0:00:00.013153859  2775 0x1e9e320 TRACE   GST_REFCOUNTING gstobject.c:238:gst_object_ref: 0x1eb9140 ref 1->2
0:00:00.017654957  2774 0xfca390 LOG   GST_PLUGIN_LOADING gstpluginloader.c:985:read_one: Expanding rx buf from 512 to 1040
0:00:00.013163470  2775 0x1e9e320 TRACE   GST_REFCOUNTING gstobject.c:238:gst_object_ref: 0x1eb8ea0 ref 1->2
0:00:00.017666402  2774 0xfca390 DEBUG   GST_PLUGIN_LOADING gstpluginloader.c:849:handle_rx_packet: Received plugin details from child w/ tag 0. 516 bytes info
0:00:00.013171439  2775 0x1e9e320 TRACE   GST_REFCOUNTING gstobject.c:238:gst_object_ref: 0x1eb8c50 ref 1->2
0:00:00.017682954  2774 0xfca390 LOG   GST_REGISTRY gstregistrychunks.c:838:_priv_gst_registry_chunks_load_plugin: Reading/casting for GstRegistryChunkPluginElement at address 0xfe4840
0:00:00.013187559  2775 0x1e9e320 TRACE   GST_REFCOUNTING gstobject.c:238:gst_object_ref: 0x1eb8980 ref 1->2
0:00:00.013195779  2775 0x1e9e320 TRACE   GST_REFCOUNTING gstobject.c:238:gst_object_ref: 0x1eb8770 ref 1->2
0:00:00.013201943  2775 0x1e9e320 TRACE   GST_REFCOUNTING gstobject.c:238:gst_object_ref: 0x1eb8280 ref 1->2
0:00:00.017701840  2774 0xfca390 TRACE   GST_REFCOUNTING gstobject.c:208:gst_object_init: 0xfe4240 new
0:00:00.013212092  2775 0x1e9e320 TRACE   GST_REFCOUNTING gstobject.c:265:gst_object_unref: 0x1eb8280 unref 2->1
0:00:00.013219020  2775 0x1e9e320 TRACE   GST_REFCOUNTING gstobject.c:265:gst_object_unref: 0x1eb8770 unref 2->1
0:00:00.013225006  2775 0x1e9e320 TRACE   GST_REFCOUNTING gstobject.c:265:gst_object_unref: 0x1eb8980 unref 2->1
0:00:00.013234123  2775 0x1e9e320 TRACE   GST_REFCOUNTING gstobject.c:265:gst_object_unref: 0x1eb8c50 unref 2->1
0:00:00.013241171  2775 0x1e9e320 TRACE   GST_REFCOUNTING gstobject.c:265:gst_object_unref: 0x1eb8ea0 unref 2->1
0:00:00.017738191  2774 0xfca390 LOG   GST_REGISTRY gstregistrychunks.c:859:_priv_gst_registry_chunks_load_plugin: read strings for name='coretracers'
0:00:00.013247569  2775 0x1e9e320 TRACE   GST_REFCOUNTING gstobject.c:265:gst_object_unref: 0x1eb9140 unref 2->1
0:00:00.013256028  2775 0x1e9e320 DEBUG   GST_REGISTRY gstregistrychunks.c:499:_priv_gst_registry_chunks_save_plugin: Found 6 features in plugin 0x1eb7ec0 (coretracers)
0:00:00.017753640  2774 0xfca390 LOG   GST_REGISTRY gstregistrychunks.c:860:_priv_gst_registry_chunks_load_plugin: desc.description='GStreamer core tracers'
0:00:00.013262470  2775 0x1e9e320 DEBUG   GST_POLL gstpoll.c:980:gst_poll_fd_ctl_write: 0x1ea69e0: fd (fd:0, idx:1), active : 1
0:00:00.017763009  2774 0xfca390 LOG   GST_REGISTRY gstregistrychunks.c:861:_priv_gst_registry_chunks_load_plugin: filename='/home/conan/w/prod/BuildSingleReference/.conan/data/gstreamer/1.19.2/_/_/package/bec7fecef66b28e957582014d79b970659fc2b7f/lib/gstreamer-1.0/libgstcoretracers.so'
0:00:00.013268730  2775 0x1e9e320 LOG   GST_POLL gstpoll.c:994:gst_poll_fd_ctl_write: 0x1ea69e0: pfd->events now 60 (POLLOUT:4)
0:00:00.017770251  2774 0xfca390 LOG   GST_REGISTRY gstregistrychunks.c:862:_priv_gst_registry_chunks_load_plugin: desc.version='1.19.2'
0:00:00.013275670  2775 0x1e9e320 DEBUG   GST_POLL gstpoll.c:980:gst_poll_fd_ctl_write: 0x1ea69e0: fd (fd:0, idx:1), active : 1
0:00:00.017775951  2774 0xfca390 LOG   GST_REGISTRY gstregistrychunks.c:863:_priv_gst_registry_chunks_load_plugin: desc.license='LGPL'
0:00:00.013281809  2775 0x1e9e320 LOG   GST_POLL gstpoll.c:994:gst_poll_fd_ctl_write: 0x1ea69e0: pfd->events now 60 (POLLOUT:4)
0:00:00.017781629  2774 0xfca390 LOG   GST_REGISTRY gstregistrychunks.c:864:_priv_gst_registry_chunks_load_plugin: desc.source='gstreamer'
0:00:00.017791240  2774 0xfca390 LOG   GST_REGISTRY gstregistrychunks.c:865:_priv_gst_registry_chunks_load_plugin: desc.package='GStreamer source release'
0:00:00.013294115  2775 0x1e9e320 DEBUG   GST_POLL gstpoll.c:980:gst_poll_fd_ctl_write: 0x1ea69e0: fd (fd:0, idx:1), active : 1
0:00:00.017796484  2774 0xfca390 LOG   GST_REGISTRY gstregistrychunks.c:866:_priv_gst_registry_chunks_load_plugin: desc.origin='Unknown package origin'
0:00:00.013302292  2775 0x1e9e320 LOG   GST_POLL gstpoll.c:994:gst_poll_fd_ctl_write: 0x1ea69e0: pfd->events now 60 (POLLOUT:4)
0:00:00.017802250  2774 0xfca390 LOG   GST_REGISTRY gstregistrychunks.c:867:_priv_gst_registry_chunks_load_plugin: desc.datetime=2021-09-23
0:00:00.013308738  2775 0x1e9e320 DEBUG   GST_POLL gstpoll.c:980:gst_poll_fd_ctl_write: 0x1ea69e0: fd (fd:0, idx:1), active : 1
0:00:00.013323882  2775 0x1e9e320 LOG   GST_POLL gstpoll.c:994:gst_poll_fd_ctl_write: 0x1ea69e0: pfd->events now 60 (POLLOUT:4)
0:00:00.013330619  2775 0x1e9e320 DEBUG   GST_POLL gstpoll.c:980:gst_poll_fd_ctl_write: 0x1ea69e0: fd (fd:0, idx:1), active : 1
0:00:00.013335799  2775 0x1e9e320 LOG   GST_POLL gstpoll.c:994:gst_poll_fd_ctl_write: 0x1ea69e0: pfd->events now 60 (POLLOUT:4)
0:00:00.013341458  2775 0x1e9e320 DEBUG   GST_POLL gstpoll.c:980:gst_poll_fd_ctl_write: 0x1ea69e0: fd (fd:0, idx:1), active : 1
0:00:00.017839716  2774 0xfca390 DEBUG   GST_REGISTRY gstregistry.c:474:gst_registry_add_plugin: adding plugin 0xfe4240 for filename "/home/conan/w/prod/BuildSingleReference/.conan/data/gstreamer/1.19.2/_/_/package/bec7fecef66b28e957582014d79b970659fc2b7f/lib/gstreamer-1.0/libgstcoretracers.so"
0:00:00.013349429  2775 0x1e9e320 LOG   GST_POLL gstpoll.c:994:gst_poll_fd_ctl_write: 0x1ea69e0: pfd->events now 60 (POLLOUT:4)
0:00:00.013356706  2775 0x1e9e320 DEBUG   GST_POLL gstpoll.c:980:gst_poll_fd_ctl_write: 0x1ea69e0: fd (fd:0, idx:1), active : 1
0:00:00.013362229  2775 0x1e9e320 LOG   GST_POLL gstpoll.c:994:gst_poll_fd_ctl_write: 0x1ea69e0: pfd->events now 60 (POLLOUT:4)
0:00:00.017856834  2774 0xfca390 TRACE   GST_REFCOUNTING gstobject.c:294:gst_object_ref_sink: 0xfe4240 ref_sink 1->2
0:00:00.013367955  2775 0x1e9e320 DEBUG   GST_POLL gstpoll.c:980:gst_poll_fd_ctl_write: 0x1ea69e0: fd (fd:0, idx:1), active : 1
0:00:00.017868761  2774 0xfca390 LOG   GST_REGISTRY gstregistry.c:487:gst_registry_add_plugin: emitting plugin-added for filename "/home/conan/w/prod/BuildSingleReference/.conan/data/gstreamer/1.19.2/_/_/package/bec7fecef66b28e957582014d79b970659fc2b7f/lib/gstreamer-1.0/libgstcoretracers.so"
0:00:00.013373920  2775 0x1e9e320 LOG   GST_POLL gstpoll.c:994:gst_poll_fd_ctl_write: 0x1ea69e0: pfd->events now 60 (POLLOUT:4)
0:00:00.017877057  2774 0xfca390 DEBUG   GST_REGISTRY gstregistrychunks.c:888:_priv_gst_registry_chunks_load_plugin: Added plugin 'coretracers' plugin with 6 features from binary registry
0:00:00.013380947  2775 0x1e9e320 DEBUG   GST_POLL gstpoll.c:980:gst_poll_fd_ctl_write: 0x1ea69e0: fd (fd:0, idx:1), active : 1
0:00:00.017890574  2774 0xfca390 DEBUG   GST_REGISTRY gstregistrychunks.c:584:gst_registry_chunks_load_feature: Plugin 'coretracers' feature 'factories' typename : 'GstTracerFactory'
0:00:00.013394369  2775 0x1e9e320 LOG   GST_POLL gstpoll.c:994:gst_poll_fd_ctl_write: 0x1ea69e0: pfd->events now 60 (POLLOUT:4)
0:00:00.013402332  2775 0x1e9e320 DEBUG   GST_POLL gstpoll.c:980:gst_poll_fd_ctl_write: 0x1ea69e0: fd (fd:0, idx:1), active : 1
0:00:00.013410440  2775 0x1e9e320 LOG   GST_POLL gstpoll.c:994:gst_poll_fd_ctl_write: 0x1ea69e0: pfd->events now 60 (POLLOUT:4)
0:00:00.013417425  2775 0x1e9e320 LOG   GST_PLUGIN_LOADING gstpluginloader.c:645:put_chunk: Expanding tx buf from 7717 to 10158 for chunk of size 11
0:00:00.017911463  2774 0xfca390 TRACE   GST_REFCOUNTING gstobject.c:208:gst_object_init: 0xfe4db0 new
0:00:00.013423979  2775 0x1e9e320 DEBUG   GST_POLL gstpoll.c:980:gst_poll_fd_ctl_write: 0x1ea69e0: fd (fd:0, idx:1), active : 1
0:00:00.013430072  2775 0x1e9e320 LOG   GST_POLL gstpoll.c:994:gst_poll_fd_ctl_write: 0x1ea69e0: pfd->events now 60 (POLLOUT:4)
0:00:00.017928590  2774 0xfca390 DEBUG   GST_REGISTRY gstregistrychunks.c:719:gst_registry_chunks_load_feature: Reading/casting for GstRegistryChunkPluginFeature at address 0xfe4990
0:00:00.013435685  2775 0x1e9e320 DEBUG   GST_POLL gstpoll.c:980:gst_poll_fd_ctl_write: 0x1ea69e0: fd (fd:0, idx:1), active : 1
0:00:00.017937707  2774 0xfca390 DEBUG   GST_REGISTRY gstregistry.c:590:gst_registry_add_feature: adding feature 0xfe4db0 (factories)
0:00:00.013446299  2775 0x1e9e320 LOG   GST_POLL gstpoll.c:994:gst_poll_fd_ctl_write: 0x1ea69e0: pfd->events now 60 (POLLOUT:4)
0:00:00.017945591  2774 0xfca390 DEBUG   GST_REFCOUNTING gstobject.c:709:gst_object_set_parent: set parent (ref and sink)
0:00:00.013452570  2775 0x1e9e320 DEBUG   GST_POLL gstpoll.c:980:gst_poll_fd_ctl_write: 0x1ea69e0: fd (fd:0, idx:1), active : 1
0:00:00.017953198  2774 0xfca390 TRACE   GST_REFCOUNTING gstobject.c:294:gst_object_ref_sink: 0xfe4db0 ref_sink 1->2
0:00:00.013458399  2775 0x1e9e320 LOG   GST_POLL gstpoll.c:994:gst_poll_fd_ctl_write: 0x1ea69e0: pfd->events now 60 (POLLOUT:4)
0:00:00.017962615  2774 0xfca390 LOG   GST_REGISTRY gstregistry.c:608:gst_registry_add_feature: emitting feature-added for factories
0:00:00.013468320  2775 0x1e9e320 DEBUG   GST_POLL gstpoll.c:980:gst_poll_fd_ctl_write: 0x1ea69e0: fd (fd:0, idx:1), active : 1
0:00:00.017970942  2774 0xfca390 DEBUG   GST_REGISTRY gstregistrychunks.c:742:gst_registry_chunks_load_feature: Added feature factories, plugin 0xfe4240 coretracers
0:00:00.013475178  2775 0x1e9e320 LOG   GST_POLL gstpoll.c:994:gst_poll_fd_ctl_write: 0x1ea69e0: pfd->events now 60 (POLLOUT:4)
0:00:00.017978166  2774 0xfca390 DEBUG   GST_REGISTRY gstregistrychunks.c:584:gst_registry_chunks_load_feature: Plugin 'coretracers' feature 'leaks' typename : 'GstTracerFactory'
0:00:00.013482810  2775 0x1e9e320 DEBUG   GST_POLL gstpoll.c:980:gst_poll_fd_ctl_write: 0x1ea69e0: fd (fd:0, idx:1), active : 1
0:00:00.013495388  2775 0x1e9e320 LOG   GST_POLL gstpoll.c:994:gst_poll_fd_ctl_write: 0x1ea69e0: pfd->events now 60 (POLLOUT:4)
0:00:00.017992682  2774 0xfca390 TRACE   GST_REFCOUNTING gstobject.c:208:gst_object_init: 0xfe4ff0 new
0:00:00.013501069  2775 0x1e9e320 DEBUG   GST_POLL gstpoll.c:980:gst_poll_fd_ctl_write: 0x1ea69e0: fd (fd:0, idx:1), active : 1
0:00:00.018001961  2774 0xfca390 DEBUG   GST_REGISTRY gstregistrychunks.c:719:gst_registry_chunks_load_feature: Reading/casting for GstRegistryChunkPluginFeature at address 0xfe49b0
0:00:00.013506925  2775 0x1e9e320 LOG   GST_POLL gstpoll.c:994:gst_poll_fd_ctl_write: 0x1ea69e0: pfd->events now 60 (POLLOUT:4)
0:00:00.018009842  2774 0xfca390 DEBUG   GST_REGISTRY gstregistry.c:590:gst_registry_add_feature: adding feature 0xfe4ff0 (leaks)
0:00:00.013513540  2775 0x1e9e320 DEBUG   GST_POLL gstpoll.c:980:gst_poll_fd_ctl_write: 0x1ea69e0: fd (fd:0, idx:1), active : 1
0:00:00.018016305  2774 0xfca390 DEBUG   GST_REFCOUNTING gstobject.c:709:gst_object_set_parent: set parent (ref and sink)
0:00:00.013521178  2775 0x1e9e320 LOG   GST_POLL gstpoll.c:994:gst_poll_fd_ctl_write: 0x1ea69e0: pfd->events now 60 (POLLOUT:4)
0:00:00.018023656  2774 0xfca390 TRACE   GST_REFCOUNTING gstobject.c:294:gst_object_ref_sink: 0xfe4ff0 ref_sink 1->2
0:00:00.013530538  2775 0x1e9e320 DEBUG   GST_POLL gstpoll.c:980:gst_poll_fd_ctl_write: 0x1ea69e0: fd (fd:0, idx:1), active : 1
0:00:00.018032940  2774 0xfca390 LOG   GST_REGISTRY gstregistry.c:608:gst_registry_add_feature: emitting feature-added for leaks
0:00:00.013537454  2775 0x1e9e320 LOG   GST_POLL gstpoll.c:994:gst_poll_fd_ctl_write: 0x1ea69e0: pfd->events now 60 (POLLOUT:4)
0:00:00.018040969  2774 0xfca390 DEBUG   GST_REGISTRY gstregistrychunks.c:742:gst_registry_chunks_load_feature: Added feature leaks, plugin 0xfe4240 coretracers
0:00:00.013545586  2775 0x1e9e320 DEBUG   GST_POLL gstpoll.c:980:gst_poll_fd_ctl_write: 0x1ea69e0: fd (fd:0, idx:1), active : 1
0:00:00.018047667  2774 0xfca390 DEBUG   GST_REGISTRY gstregistrychunks.c:584:gst_registry_chunks_load_feature: Plugin 'coretracers' feature 'stats' typename : 'GstTracerFactory'
0:00:00.013552120  2775 0x1e9e320 LOG   GST_POLL gstpoll.c:994:gst_poll_fd_ctl_write: 0x1ea69e0: pfd->events now 60 (POLLOUT:4)
0:00:00.013558965  2775 0x1e9e320 DEBUG   GST_POLL gstpoll.c:980:gst_poll_fd_ctl_write: 0x1ea69e0: fd (fd:0, idx:1), active : 1
0:00:00.018055904  2774 0xfca390 TRACE   GST_REFCOUNTING gstobject.c:208:gst_object_init: 0xfe51b0 new
0:00:00.013564255  2775 0x1e9e320 LOG   GST_POLL gstpoll.c:994:gst_poll_fd_ctl_write: 0x1ea69e0: pfd->events now 60 (POLLOUT:4)
0:00:00.018065133  2774 0xfca390 DEBUG   GST_REGISTRY gstregistrychunks.c:719:gst_registry_chunks_load_feature: Reading/casting for GstRegistryChunkPluginFeature at address 0xfe49d0
0:00:00.013570503  2775 0x1e9e320 DEBUG   GST_POLL gstpoll.c:980:gst_poll_fd_ctl_write: 0x1ea69e0: fd (fd:0, idx:1), active : 1
0:00:00.018077241  2774 0xfca390 DEBUG   GST_REGISTRY gstregistry.c:590:gst_registry_add_feature: adding feature 0xfe51b0 (stats)
0:00:00.013581287  2775 0x1e9e320 LOG   GST_POLL gstpoll.c:994:gst_poll_fd_ctl_write: 0x1ea69e0: pfd->events now 60 (POLLOUT:4)
0:00:00.018083736  2774 0xfca390 DEBUG   GST_REFCOUNTING gstobject.c:709:gst_object_set_parent: set parent (ref and sink)
0:00:00.013591194  2775 0x1e9e320 DEBUG   GST_POLL gstpoll.c:980:gst_poll_fd_ctl_write: 0x1ea69e0: fd (fd:0, idx:1), active : 1
0:00:00.018090728  2774 0xfca390 TRACE   GST_REFCOUNTING gstobject.c:294:gst_object_ref_sink: 0xfe51b0 ref_sink 1->2
0:00:00.013598049  2775 0x1e9e320 LOG   GST_POLL gstpoll.c:994:gst_poll_fd_ctl_write: 0x1ea69e0: pfd->events now 60 (POLLOUT:4)
0:00:00.018099989  2774 0xfca390 LOG   GST_REGISTRY gstregistry.c:608:gst_registry_add_feature: emitting feature-added for stats
0:00:00.013604749  2775 0x1e9e320 DEBUG   GST_POLL gstpoll.c:980:gst_poll_fd_ctl_write: 0x1ea69e0: fd (fd:0, idx:1), active : 1
0:00:00.018108082  2774 0xfca390 DEBUG   GST_REGISTRY gstregistrychunks.c:742:gst_registry_chunks_load_feature: Added feature stats, plugin 0xfe4240 coretracers
0:00:00.013612336  2775 0x1e9e320 LOG   GST_POLL gstpoll.c:994:gst_poll_fd_ctl_write: 0x1ea69e0: pfd->events now 60 (POLLOUT:4)
0:00:00.018114821  2774 0xfca390 DEBUG   GST_REGISTRY gstregistrychunks.c:584:gst_registry_chunks_load_feature: Plugin 'coretracers' feature 'rusage' typename : 'GstTracerFactory'
0:00:00.013619765  2775 0x1e9e320 DEBUG   GST_POLL gstpoll.c:980:gst_poll_fd_ctl_write: 0x1ea69e0: fd (fd:0, idx:1), active : 1
0:00:00.013626136  2775 0x1e9e320 LOG   GST_POLL gstpoll.c:994:gst_poll_fd_ctl_write: 0x1ea69e0: pfd->events now 60 (POLLOUT:4)
0:00:00.018123056  2774 0xfca390 TRACE   GST_REFCOUNTING gstobject.c:208:gst_object_init: 0xfe5370 new
0:00:00.013631862  2775 0x1e9e320 DEBUG   GST_POLL gstpoll.c:980:gst_poll_fd_ctl_write: 0x1ea69e0: fd (fd:0, idx:1), active : 1
0:00:00.018132429  2774 0xfca390 DEBUG   GST_REGISTRY gstregistrychunks.c:719:gst_registry_chunks_load_feature: Reading/casting for GstRegistryChunkPluginFeature at address 0xfe49f0
0:00:00.013637792  2775 0x1e9e320 LOG   GST_POLL gstpoll.c:994:gst_poll_fd_ctl_write: 0x1ea69e0: pfd->events now 60 (POLLOUT:4)
0:00:00.018140013  2774 0xfca390 DEBUG   GST_REGISTRY gstregistry.c:590:gst_registry_add_feature: adding feature 0xfe5370 (rusage)
0:00:00.013646335  2775 0x1e9e320 DEBUG   GST_POLL gstpoll.c:980:gst_poll_fd_ctl_write: 0x1ea69e0: fd (fd:0, idx:1), active : 1
0:00:00.018146458  2774 0xfca390 DEBUG   GST_REFCOUNTING gstobject.c:709:gst_object_set_parent: set parent (ref and sink)
0:00:00.013653257  2775 0x1e9e320 LOG   GST_POLL gstpoll.c:994:gst_poll_fd_ctl_write: 0x1ea69e0: pfd->events now 60 (POLLOUT:4)
0:00:00.018153555  2774 0xfca390 TRACE   GST_REFCOUNTING gstobject.c:294:gst_object_ref_sink: 0xfe5370 ref_sink 1->2
0:00:00.013664742  2775 0x1e9e320 DEBUG   GST_POLL gstpoll.c:980:gst_poll_fd_ctl_write: 0x1ea69e0: fd (fd:0, idx:1), active : 1
0:00:00.018165958  2774 0xfca390 LOG   GST_REGISTRY gstregistry.c:608:gst_registry_add_feature: emitting feature-added for rusage
0:00:00.013670964  2775 0x1e9e320 LOG   GST_POLL gstpoll.c:994:gst_poll_fd_ctl_write: 0x1ea69e0: pfd->events now 60 (POLLOUT:4)
0:00:00.018173907  2774 0xfca390 DEBUG   GST_REGISTRY gstregistrychunks.c:742:gst_registry_chunks_load_feature: Added feature rusage, plugin 0xfe4240 coretracers
0:00:00.013678491  2775 0x1e9e320 DEBUG   GST_POLL gstpoll.c:980:gst_poll_fd_ctl_write: 0x1ea69e0: fd (fd:0, idx:1), active : 1
0:00:00.018180858  2774 0xfca390 DEBUG   GST_REGISTRY gstregistrychunks.c:584:gst_registry_chunks_load_feature: Plugin 'coretracers' feature 'log' typename : 'GstTracerFactory'
0:00:00.013685187  2775 0x1e9e320 LOG   GST_POLL gstpoll.c:994:gst_poll_fd_ctl_write: 0x1ea69e0: pfd->events now 60 (POLLOUT:4)
0:00:00.013692644  2775 0x1e9e320 DEBUG   GST_POLL gstpoll.c:980:gst_poll_fd_ctl_write: 0x1ea69e0: fd (fd:0, idx:1), active : 1
0:00:00.018189604  2774 0xfca390 TRACE   GST_REFCOUNTING gstobject.c:208:gst_object_init: 0xfe5530 new
0:00:00.013697978  2775 0x1e9e320 LOG   GST_POLL gstpoll.c:994:gst_poll_fd_ctl_write: 0x1ea69e0: pfd->events now 60 (POLLOUT:4)
0:00:00.018198919  2774 0xfca390 DEBUG   GST_REGISTRY gstregistrychunks.c:719:gst_registry_chunks_load_feature: Reading/casting for GstRegistryChunkPluginFeature at address 0xfe4a10
0:00:00.013706599  2775 0x1e9e320 DEBUG   GST_POLL gstpoll.c:980:gst_poll_fd_ctl_write: 0x1ea69e0: fd (fd:0, idx:1), active : 1
0:00:00.018206793  2774 0xfca390 DEBUG   GST_REGISTRY gstregistry.c:590:gst_registry_add_feature: adding feature 0xfe5530 (log)
0:00:00.013713298  2775 0x1e9e320 LOG   GST_POLL gstpoll.c:994:gst_poll_fd_ctl_write: 0x1ea69e0: pfd->events now 60 (POLLOUT:4)
0:00:00.018213107  2774 0xfca390 DEBUG   GST_REFCOUNTING gstobject.c:709:gst_object_set_parent: set parent (ref and sink)
0:00:00.013721121  2775 0x1e9e320 TRACE   GST_REFCOUNTING gstobject.c:265:gst_object_unref: 0x1eb7ec0 unref 2->1
0:00:00.018220476  2774 0xfca390 TRACE   GST_REFCOUNTING gstobject.c:294:gst_object_ref_sink: 0xfe5530 ref_sink 1->2
0:00:00.013728448  2775 0x1e9e320 DEBUG   GST_POLL gstpoll.c:1241:gst_poll_fd_has_error: 0x1ea69e0: fd (fd:0, idx:1) 0
0:00:00.018229939  2774 0xfca390 LOG   GST_REGISTRY gstregistry.c:608:gst_registry_add_feature: emitting feature-added for log
0:00:00.013734927  2775 0x1e9e320 DEBUG   GST_POLL gstpoll.c:1335:gst_poll_fd_can_write: 0x1ea69e0: fd (fd:0, idx:1) 1
0:00:00.018238062  2774 0xfca390 DEBUG   GST_REGISTRY gstregistrychunks.c:742:gst_registry_chunks_load_feature: Added feature log, plugin 0xfe4240 coretracers
0:00:00.013742062  2775 0x1e9e320 LOG   GST_PLUGIN_LOADING gstpluginloader.c:689:write_one: Writing packet of size 6872 bytes to fd 0
0:00:00.018249718  2774 0xfca390 DEBUG   GST_REGISTRY gstregistrychunks.c:584:gst_registry_chunks_load_feature: Plugin 'coretracers' feature 'latency' typename : 'GstTracerFactory'
0:00:00.013759636  2775 0x1e9e320 DEBUG   GST_POLL gstpoll.c:1414:gst_poll_wait: 0x1ea69e0: timeout :0:00:01.000000000
0:00:00.018258162  2774 0xfca390 TRACE   GST_REFCOUNTING gstobject.c:208:gst_object_init: 0xfe58e0 new
0:00:00.018267751  2774 0xfca390 DEBUG   GST_REGISTRY gstregistrychunks.c:719:gst_registry_chunks_load_feature: Reading/casting for GstRegistryChunkPluginFeature at address 0xfe4a38
0:00:00.013770427  2775 0x1e9e320 LOG   GST_PLUGIN_LOADING gstpluginloader.c:1027:exchange_packets: Poll res = 2. 528 bytes pending for write
0:00:00.013779367  2775 0x1e9e320 DEBUG   GST_POLL gstpoll.c:1241:gst_poll_fd_has_error: 0x1ea69e0: fd (fd:5, idx:2) 0
0:00:00.018276269  2774 0xfca390 DEBUG   GST_REGISTRY gstregistry.c:590:gst_registry_add_feature: adding feature 0xfe58e0 (latency)
0:00:00.013785495  2775 0x1e9e320 DEBUG   GST_POLL gstpoll.c:1266:gst_poll_fd_can_read_unlocked: 0x1ea69e0: fd (fd:5, idx:2) 1
0:00:00.018286105  2774 0xfca390 DEBUG   GST_REFCOUNTING gstobject.c:709:gst_object_set_parent: set parent (ref and sink)
0:00:00.013795139  2775 0x1e9e320 DEBUG   GST_PLUGIN_LOADING gstpluginloader.c:721:do_plugin_load: Plugin scanner loading file /home/conan/w/prod/BuildSingleReference/.conan/data/gstreamer/1.19.2/_/_/package/bec7fecef66b28e957582014d79b970659fc2b7f/lib/gstreamer-1.0/libgstcoreelements.so. tag 3
0:00:00.018293673  2774 0xfca390 TRACE   GST_REFCOUNTING gstobject.c:294:gst_object_ref_sink: 0xfe58e0 ref_sink 1->2
0:00:00.013803275  2775 0x1e9e320 TRACE   GST_REFCOUNTING gstobject.c:238:gst_object_ref: 0x1eba810 ref 1->2
0:00:00.018303265  2774 0xfca390 LOG   GST_REGISTRY gstregistry.c:608:gst_registry_add_feature: emitting feature-added for latency
0:00:00.018311273  2774 0xfca390 DEBUG   GST_REGISTRY gstregistrychunks.c:742:gst_registry_chunks_load_feature: Added feature latency, plugin 0xfe4240 coretracers
0:00:00.013813482  2775 0x1e9e320 TRACE   GST_REFCOUNTING gstobject.c:238:gst_object_ref: 0x1ed5c60 ref 1->2
0:00:00.018319314  2774 0xfca390 LOG   GST_PLUGIN_LOADING gstpluginloader.c:888:handle_rx_packet: marking plugin 0xfe4240 as registered as /home/conan/w/prod/BuildSingleReference/.conan/data/gstreamer/1.19.2/_/_/package/bec7fecef66b28e957582014d79b970659fc2b7f/lib/gstreamer-1.0/libgstcoretracers.so
0:00:00.013823071  2775 0x1e9e320 TRACE   GST_REFCOUNTING gstobject.c:238:gst_object_ref: 0x1ed4d70 ref 1->2
0:00:00.013832199  2775 0x1e9e320 TRACE   GST_REFCOUNTING gstobject.c:238:gst_object_ref: 0x1ed35c0 ref 1->2
0:00:00.018331878  2774 0xfca390 DEBUG   GST_POLL gstpoll.c:1414:gst_poll_wait: 0xfe3d10: timeout :0:00:01.000000000
0:00:00.013838349  2775 0x1e9e320 TRACE   GST_REFCOUNTING gstobject.c:238:gst_object_ref: 0x1ed27f0 ref 1->2
0:00:00.018342491  2774 0xfca390 LOG   GST_PLUGIN_LOADING gstpluginloader.c:1027:exchange_packets: Poll res = 1. 0 bytes pending for write
0:00:00.013849470  2775 0x1e9e320 TRACE   GST_REFCOUNTING gstobject.c:238:gst_object_ref: 0x1ed15e0 ref 1->2
0:00:00.018350515  2774 0xfca390 DEBUG   GST_POLL gstpoll.c:1241:gst_poll_fd_has_error: 0xfe3d10: fd (fd:8, idx:2) 0
0:00:00.013856346  2775 0x1e9e320 TRACE   GST_REFCOUNTING gstobject.c:238:gst_object_ref: 0x1ed04e0 ref 1->2
0:00:00.018357280  2774 0xfca390 DEBUG   GST_POLL gstpoll.c:1266:gst_poll_fd_can_read_unlocked: 0xfe3d10: fd (fd:8, idx:2) 1
0:00:00.013863120  2775 0x1e9e320 TRACE   GST_REFCOUNTING gstobject.c:238:gst_object_ref: 0x1eceb30 ref 1->2
0:00:00.013869878  2775 0x1e9e320 TRACE   GST_REFCOUNTING gstobject.c:238:gst_object_ref: 0x1ecd0b0 ref 1->2
0:00:00.018367785  2774 0xfca390 LOG   GST_PLUGIN_LOADING gstpluginloader.c:985:read_one: Expanding rx buf from 1040 to 7384
0:00:00.013879004  2775 0x1e9e320 TRACE   GST_REFCOUNTING gstobject.c:238:gst_object_ref: 0x1ecbfa0 ref 1->2
0:00:00.013886861  2775 0x1e9e320 TRACE   GST_REFCOUNTING gstobject.c:238:gst_object_ref: 0x1ecad30 ref 1->2
0:00:00.018388777  2774 0xfca390 DEBUG   GST_PLUGIN_LOADING gstpluginloader.c:849:handle_rx_packet: Received plugin details from child w/ tag 1. 6860 bytes info
0:00:00.013893247  2775 0x1e9e320 TRACE   GST_REFCOUNTING gstobject.c:238:gst_object_ref: 0x1ec9700 ref 1->2
0:00:00.018395659  2774 0xfca390 LOG   GST_REGISTRY gstregistrychunks.c:838:_priv_gst_registry_chunks_load_plugin: Reading/casting for GstRegistryChunkPluginElement at address 0xfe5b60
0:00:00.013901243  2775 0x1e9e320 TRACE   GST_REFCOUNTING gstobject.c:238:gst_object_ref: 0x1ec8a30 ref 1->2
0:00:00.018403671  2774 0xfca390 TRACE   GST_REFCOUNTING gstobject.c:208:gst_object_init: 0xfe57b0 new
0:00:00.013907955  2775 0x1e9e320 TRACE   GST_REFCOUNTING gstobject.c:238:gst_object_ref: 0x1ec7ce0 ref 1->2
0:00:00.013917122  2775 0x1e9e320 TRACE   GST_REFCOUNTING gstobject.c:238:gst_object_ref: 0x1ebf490 ref 1->2
0:00:00.013923135  2775 0x1e9e320 TRACE   GST_REFCOUNTING gstobject.c:238:gst_object_ref: 0x1ec5220 ref 1->2
0:00:00.018420658  2774 0xfca390 LOG   GST_REGISTRY gstregistrychunks.c:859:_priv_gst_registry_chunks_load_plugin: read strings for name='coreelements'
0:00:00.013929395  2775 0x1e9e320 TRACE   GST_REFCOUNTING gstobject.c:238:gst_object_ref: 0x1ec2bd0 ref 1->2
0:00:00.018428390  2774 0xfca390 LOG   GST_REGISTRY gstregistrychunks.c:860:_priv_gst_registry_chunks_load_plugin: desc.description='GStreamer core elements'
0:00:00.018436050  2774 0xfca390 LOG   GST_REGISTRY gstregistrychunks.c:861:_priv_gst_registry_chunks_load_plugin: filename='/home/conan/w/prod/BuildSingleReference/.conan/data/gstreamer/1.19.2/_/_/package/bec7fecef66b28e957582014d79b970659fc2b7f/lib/gstreamer-1.0/libgstcoreelements.so'
0:00:00.013938703  2775 0x1e9e320 TRACE   GST_REFCOUNTING gstobject.c:238:gst_object_ref: 0x1ec1080 ref 1->2
0:00:00.018446721  2774 0xfca390 LOG   GST_REGISTRY gstregistrychunks.c:862:_priv_gst_registry_chunks_load_plugin: desc.version='1.19.2'
0:00:00.013953447  2775 0x1e9e320 TRACE   GST_REFCOUNTING gstobject.c:238:gst_object_ref: 0x1ec0040 ref 1->2
0:00:00.018452599  2774 0xfca390 LOG   GST_REGISTRY gstregistrychunks.c:863:_priv_gst_registry_chunks_load_plugin: desc.license='LGPL'
0:00:00.013960509  2775 0x1e9e320 TRACE   GST_REFCOUNTING gstobject.c:238:gst_object_ref: 0x1ebe590 ref 1->2
0:00:00.018458558  2774 0xfca390 LOG   GST_REGISTRY gstregistrychunks.c:864:_priv_gst_registry_chunks_load_plugin: desc.source='gstreamer'
0:00:00.013967569  2775 0x1e9e320 TRACE   GST_REFCOUNTING gstobject.c:238:gst_object_ref: 0x1ebd690 ref 1->2
0:00:00.018465622  2774 0xfca390 LOG   GST_REGISTRY gstregistrychunks.c:865:_priv_gst_registry_chunks_load_plugin: desc.package='GStreamer source release'
0:00:00.013974641  2775 0x1e9e320 TRACE   GST_REFCOUNTING gstobject.c:238:gst_object_ref: 0x1ebc8a0 ref 1->2
0:00:00.018474905  2774 0xfca390 LOG   GST_REGISTRY gstregistrychunks.c:866:_priv_gst_registry_chunks_load_plugin: desc.origin='Unknown package origin'
0:00:00.013981382  2775 0x1e9e320 TRACE   GST_REFCOUNTING gstobject.c:238:gst_object_ref: 0x1ebac10 ref 1->2
0:00:00.018481442  2774 0xfca390 LOG   GST_REGISTRY gstregistrychunks.c:867:_priv_gst_registry_chunks_load_plugin: desc.datetime=2021-09-23
0:00:00.013989055  2775 0x1e9e320 DEBUG   GST_REGISTRY gstregistrychunks.c:266:gst_registry_chunks_save_feature: saved 0 interfaces 0 pad templates
0:00:00.018490333  2774 0xfca390 DEBUG   GST_REGISTRY gstregistry.c:474:gst_registry_add_plugin: adding plugin 0xfe57b0 for filename "/home/conan/w/prod/BuildSingleReference/.conan/data/gstreamer/1.19.2/_/_/package/bec7fecef66b28e957582014d79b970659fc2b7f/lib/gstreamer-1.0/libgstcoreelements.so"
0:00:00.014000973  2775 0x1e9e320 DEBUG   GST_REGISTRY gstregistrychunks.c:266:gst_registry_chunks_save_feature: saved 0 interfaces 0 pad templates
0:00:00.018498385  2774 0xfca390 TRACE   GST_REFCOUNTING gstobject.c:294:gst_object_ref_sink: 0xfe57b0 ref_sink 1->2
0:00:00.018508549  2774 0xfca390 LOG   GST_REGISTRY gstregistry.c:487:gst_registry_add_plugin: emitting plugin-added for filename "/home/conan/w/prod/BuildSingleReference/.conan/data/gstreamer/1.19.2/_/_/package/bec7fecef66b28e957582014d79b970659fc2b7f/lib/gstreamer-1.0/libgstcoreelements.so"
0:00:00.014014402  2775 0x1e9e320 DEBUG   GST_REGISTRY gstregistrychunks.c:266:gst_registry_chunks_save_feature: saved 0 interfaces 0 pad templates
0:00:00.018515310  2774 0xfca390 DEBUG   GST_REGISTRY gstregistrychunks.c:888:_priv_gst_registry_chunks_load_plugin: Added plugin 'coreelements' plugin with 22 features from binary registry
0:00:00.018522145  2774 0xfca390 DEBUG   GST_REGISTRY gstregistrychunks.c:584:gst_registry_chunks_load_feature: Plugin 'coreelements' feature 'streamiddemux' typename : 'GstElementFactory'
0:00:00.014025739  2775 0x1e9e320 DEBUG   GST_REGISTRY gstregistrychunks.c:266:gst_registry_chunks_save_feature: saved 1 interfaces 0 pad templates
0:00:00.014037629  2775 0x1e9e320 DEBUG   GST_REGISTRY gstregistrychunks.c:285:gst_registry_chunks_save_feature: Saved 1 UriTypes
0:00:00.018537365  2774 0xfca390 TRACE   GST_REFCOUNTING gstobject.c:208:gst_object_init: 0xfe4370 new
0:00:00.014047686  2775 0x1e9e320 DEBUG   GST_REGISTRY gstregistrychunks.c:266:gst_registry_chunks_save_feature: saved 0 interfaces 0 pad templates
0:00:00.018547961  2774 0xfca390 LOG   GST_REGISTRY gstregistrychunks.c:611:gst_registry_chunks_load_feature: Reading/casting for GstRegistryChunkElementFactory at address 0xfe5cb8
0:00:00.014057226  2775 0x1e9e320 DEBUG   GST_REGISTRY gstregistrychunks.c:266:gst_registry_chunks_save_feature: saved 0 interfaces 0 pad templates
0:00:00.018556732  2774 0xfca390 TRACE   structure gststructure.c:292:gst_structure_new_id_empty_with_size: created structure 0xfe4900
0:00:00.014067488  2775 0x1e9e320 DEBUG   GST_REGISTRY gstregistrychunks.c:266:gst_registry_chunks_save_feature: saved 0 interfaces 0 pad templates
0:00:00.018564934  2774 0xfca390 DEBUG   structure gststructure.c:2258:gst_structure_parse_field: trying field name 'long-name'
0:00:00.014078172  2775 0x1e9e320 DEBUG   GST_REGISTRY gstregistrychunks.c:266:gst_registry_chunks_save_feature: saved 1 interfaces 0 pad templates
0:00:00.018578729  2774 0xfca390 DEBUG   default gstvalue.c:2776:_priv_gst_value_parse_value: trying type name 'string'
0:00:00.014084464  2775 0x1e9e320 DEBUG   GST_REGISTRY gstregistrychunks.c:285:gst_registry_chunks_save_feature: Saved 1 UriTypes
0:00:00.018589611  2774 0xfca390 DEBUG   structure gststructure.c:2258:gst_structure_parse_field: trying field name 'klass'
0:00:00.014097528  2775 0x1e9e320 DEBUG   GST_REGISTRY gstregistrychunks.c:266:gst_registry_chunks_save_feature: saved 1 interfaces 0 pad templates
0:00:00.018597867  2774 0xfca390 DEBUG   default gstvalue.c:2776:_priv_gst_value_parse_value: trying type name 'string'
0:00:00.014104515  2775 0x1e9e320 DEBUG   GST_REGISTRY gstregistrychunks.c:285:gst_registry_chunks_save_feature: Saved 1 UriTypes
0:00:00.018606361  2774 0xfca390 DEBUG   structure gststructure.c:2258:gst_structure_parse_field: trying field name 'description'
0:00:00.014114297  2775 0x1e9e320 DEBUG   GST_REGISTRY gstregistrychunks.c:266:gst_registry_chunks_save_feature: saved 1 interfaces 0 pad templates
0:00:00.018612432  2774 0xfca390 DEBUG   default gstvalue.c:2776:_priv_gst_value_parse_value: trying type name 'string'
0:00:00.014120438  2775 0x1e9e320 DEBUG   GST_REGISTRY gstregistrychunks.c:285:gst_registry_chunks_save_feature: Saved 1 UriTypes
0:00:00.018620974  2774 0xfca390 DEBUG   structure gststructure.c:2258:gst_structure_parse_field: trying field name 'author'
0:00:00.018626530  2774 0xfca390 DEBUG   default gstvalue.c:2776:_priv_gst_value_parse_value: trying type name 'string'
0:00:00.014129645  2775 0x1e9e320 DEBUG   GST_REGISTRY gstregistrychunks.c:266:gst_registry_chunks_save_feature: saved 0 interfaces 0 pad templates
0:00:00.018637610  2774 0xfca390 DEBUG   GST_REGISTRY gstregistrychunks.c:627:gst_registry_chunks_load_feature: Element factory : npadtemplates=2
0:00:00.014145039  2775 0x1e9e320 DEBUG   GST_REGISTRY gstregistrychunks.c:266:gst_registry_chunks_save_feature: saved 0 interfaces 0 pad templates
0:00:00.018643878  2774 0xfca390 DEBUG   GST_REGISTRY gstregistrychunks.c:527:gst_registry_chunks_load_pad_template: Reading/casting for GstRegistryChunkPadTemplate at address 0xfe5d90
0:00:00.018651125  2774 0xfca390 DEBUG   GST_REGISTRY gstregistrychunks.c:540:gst_registry_chunks_load_pad_template: Added pad_template src_%u
0:00:00.014154543  2775 0x1e9e320 DEBUG   GST_REGISTRY gstregistrychunks.c:266:gst_registry_chunks_save_feature: saved 0 interfaces 0 pad templates
0:00:00.018659272  2774 0xfca390 DEBUG   GST_REGISTRY gstregistrychunks.c:527:gst_registry_chunks_load_pad_template: Reading/casting for GstRegistryChunkPadTemplate at address 0xfe5da8
0:00:00.014168479  2775 0x1e9e320 DEBUG   GST_REGISTRY gstregistrychunks.c:266:gst_registry_chunks_save_feature: saved 0 interfaces 0 pad templates
0:00:00.018667001  2774 0xfca390 DEBUG   GST_REGISTRY gstregistrychunks.c:540:gst_registry_chunks_load_pad_template: Added pad_template sink
0:00:00.018677504  2774 0xfca390 DEBUG   GST_REGISTRY gstregistry.c:590:gst_registry_add_feature: adding feature 0xfe4370 (streamiddemux)
0:00:00.018683633  2774 0xfca390 DEBUG   GST_REFCOUNTING gstobject.c:709:gst_object_set_parent: set parent (ref and sink)
0:00:00.014187003  2775 0x1e9e320 DEBUG   GST_REGISTRY gstregistrychunks.c:266:gst_registry_chunks_save_feature: saved 0 interfaces 0 pad templates
0:00:00.018691160  2774 0xfca390 TRACE   GST_REFCOUNTING gstobject.c:294:gst_object_ref_sink: 0xfe4370 ref_sink 1->2
0:00:00.014198590  2775 0x1e9e320 DEBUG   GST_REGISTRY gstregistrychunks.c:266:gst_registry_chunks_save_feature: saved 0 interfaces 0 pad templates
0:00:00.018698197  2774 0xfca390 LOG   GST_REGISTRY gstregistry.c:608:gst_registry_add_feature: emitting feature-added for streamiddemux
0:00:00.014208324  2775 0x1e9e320 DEBUG   GST_REGISTRY gstregistrychunks.c:266:gst_registry_chunks_save_feature: saved 1 interfaces 0 pad templates
0:00:00.018705584  2774 0xfca390 DEBUG   GST_REGISTRY gstregistrychunks.c:742:gst_registry_chunks_load_feature: Added feature streamiddemux, plugin 0xfe57b0 coreelements
0:00:00.014214501  2775 0x1e9e320 DEBUG   GST_REGISTRY gstregistrychunks.c:285:gst_registry_chunks_save_feature: Saved 1 UriTypes
0:00:00.018714354  2774 0xfca390 DEBUG   GST_REGISTRY gstregistrychunks.c:584:gst_registry_chunks_load_feature: Plugin 'coreelements' feature 'valve' typename : 'GstElementFactory'
0:00:00.014223917  2775 0x1e9e320 DEBUG   GST_REGISTRY gstregistrychunks.c:266:gst_registry_chunks_save_feature: saved 0 interfaces 0 pad templates
0:00:00.018725252  2774 0xfca390 TRACE   GST_REFCOUNTING gstobject.c:208:gst_object_init: 0xfe78b0 new
0:00:00.014238129  2775 0x1e9e320 DEBUG   GST_REGISTRY gstregistrychunks.c:266:gst_registry_chunks_save_feature: saved 0 interfaces 0 pad templates
0:00:00.018735989  2774 0xfca390 LOG   GST_REGISTRY gstregistrychunks.c:611:gst_registry_chunks_load_feature: Reading/casting for GstRegistryChunkElementFactory at address 0xfe5dd8
0:00:00.014248570  2775 0x1e9e320 DEBUG   GST_REGISTRY gstregistrychunks.c:266:gst_registry_chunks_save_feature: saved 0 interfaces 0 pad templates
0:00:00.018744311  2774 0xfca390 TRACE   structure gststructure.c:292:gst_structure_new_id_empty_with_size: created structure 0xfe7a80
0:00:00.014264315  2775 0x1e9e320 DEBUG   GST_REGISTRY gstregistrychunks.c:266:gst_registry_chunks_save_feature: saved 0 interfaces 0 pad templates
0:00:00.018765395  2774 0xfca390 DEBUG   structure gststructure.c:2258:gst_structure_parse_field: trying field name 'long-name'
0:00:00.018771197  2774 0xfca390 DEBUG   default gstvalue.c:2776:_priv_gst_value_parse_value: trying type name 'string'
0:00:00.014278130  2775 0x1e9e320 DEBUG   GST_REGISTRY gstregistrychunks.c:266:gst_registry_chunks_save_feature: saved 0 interfaces 0 pad templates
0:00:00.018777841  2774 0xfca390 DEBUG   structure gststructure.c:2258:gst_structure_parse_field: trying field name 'klass'
0:00:00.018785777  2774 0xfca390 DEBUG   default gstvalue.c:2776:_priv_gst_value_parse_value: trying type name 'string'
0:00:00.014289505  2775 0x1e9e320 TRACE   GST_REFCOUNTING gstobject.c:265:gst_object_unref: 0x1ebac10 unref 2->1
0:00:00.018793543  2774 0xfca390 DEBUG   structure gststructure.c:2258:gst_structure_parse_field: trying field name 'description'
0:00:00.014298691  2775 0x1e9e320 TRACE   GST_REFCOUNTING gstobject.c:265:gst_object_unref: 0x1ebc8a0 unref 2->1
0:00:00.018799637  2774 0xfca390 DEBUG   default gstvalue.c:2776:_priv_gst_value_parse_value: trying type name 'string'
0:00:00.014305919  2775 0x1e9e320 TRACE   GST_REFCOUNTING gstobject.c:265:gst_object_unref: 0x1ebd690 unref 2->1
0:00:00.018807002  2774 0xfca390 DEBUG   structure gststructure.c:2258:gst_structure_parse_field: trying field name 'author'
0:00:00.014326046  2775 0x1e9e320 TRACE   GST_REFCOUNTING gstobject.c:265:gst_object_unref: 0x1ebe590 unref 2->1
0:00:00.018827978  2774 0xfca390 DEBUG   default gstvalue.c:2776:_priv_gst_value_parse_value: trying type name 'string'
0:00:00.014336167  2775 0x1e9e320 TRACE   GST_REFCOUNTING gstobject.c:265:gst_object_unref: 0x1ec0040 unref 2->1
0:00:00.018838872  2774 0xfca390 DEBUG   GST_REGISTRY gstregistrychunks.c:627:gst_registry_chunks_load_feature: Element factory : npadtemplates=2
0:00:00.014344230  2775 0x1e9e320 TRACE   GST_REFCOUNTING gstobject.c:265:gst_object_unref: 0x1ec1080 unref 2->1
0:00:00.014353920  2775 0x1e9e320 TRACE   GST_REFCOUNTING gstobject.c:265:gst_object_unref: 0x1ec2bd0 unref 2->1
0:00:00.018850396  2774 0xfca390 DEBUG   GST_REGISTRY gstregistrychunks.c:527:gst_registry_chunks_load_pad_template: Reading/casting for GstRegistryChunkPadTemplate at address 0xfe5ec8
0:00:00.014367451  2775 0x1e9e320 TRACE   GST_REFCOUNTING gstobject.c:265:gst_object_unref: 0x1ec5220 unref 2->1
0:00:00.018867313  2774 0xfca390 DEBUG   GST_REGISTRY gstregistrychunks.c:540:gst_registry_chunks_load_pad_template: Added pad_template sink
0:00:00.014374339  2775 0x1e9e320 TRACE   GST_REFCOUNTING gstobject.c:265:gst_object_unref: 0x1ebf490 unref 2->1
0:00:00.018873222  2774 0xfca390 DEBUG   GST_REGISTRY gstregistrychunks.c:527:gst_registry_chunks_load_pad_template: Reading/casting for GstRegistryChunkPadTemplate at address 0xfe5ee0
0:00:00.014381320  2775 0x1e9e320 TRACE   GST_REFCOUNTING gstobject.c:265:gst_object_unref: 0x1ec7ce0 unref 2->1
0:00:00.018880164  2774 0xfca390 DEBUG   GST_REGISTRY gstregistrychunks.c:540:gst_registry_chunks_load_pad_template: Added pad_template src
0:00:00.014388399  2775 0x1e9e320 TRACE   GST_REFCOUNTING gstobject.c:265:gst_object_unref: 0x1ec8a30 unref 2->1
0:00:00.018889202  2774 0xfca390 DEBUG   GST_REGISTRY gstregistry.c:590:gst_registry_add_feature: adding feature 0xfe78b0 (valve)
0:00:00.014395429  2775 0x1e9e320 TRACE   GST_REFCOUNTING gstobject.c:265:gst_object_unref: 0x1ec9700 unref 2->1
0:00:00.018895910  2774 0xfca390 DEBUG   GST_REFCOUNTING gstobject.c:709:gst_object_set_parent: set parent (ref and sink)
0:00:00.014404726  2775 0x1e9e320 TRACE   GST_REFCOUNTING gstobject.c:265:gst_object_unref: 0x1ecad30 unref 2->1
0:00:00.018903781  2774 0xfca390 TRACE   GST_REFCOUNTING gstobject.c:294:gst_object_ref_sink: 0xfe78b0 ref_sink 1->2
0:00:00.014412599  2775 0x1e9e320 TRACE   GST_REFCOUNTING gstobject.c:265:gst_object_unref: 0x1ecbfa0 unref 2->1
0:00:00.018911191  2774 0xfca390 LOG   GST_REGISTRY gstregistry.c:608:gst_registry_add_feature: emitting feature-added for valve
0:00:00.014419926  2775 0x1e9e320 TRACE   GST_REFCOUNTING gstobject.c:265:gst_object_unref: 0x1ecd0b0 unref 2->1
0:00:00.018921471  2774 0xfca390 DEBUG   GST_REGISTRY gstregistrychunks.c:742:gst_registry_chunks_load_feature: Added feature valve, plugin 0xfe57b0 coreelements
0:00:00.014426955  2775 0x1e9e320 TRACE   GST_REFCOUNTING gstobject.c:265:gst_object_unref: 0x1eceb30 unref 2->1
0:00:00.018929575  2774 0xfca390 DEBUG   GST_REGISTRY gstregistrychunks.c:584:gst_registry_chunks_load_feature: Plugin 'coreelements' feature 'multiqueue' typename : 'GstElementFactory'
0:00:00.014434197  2775 0x1e9e320 TRACE   GST_REFCOUNTING gstobject.c:265:gst_object_unref: 0x1ed04e0 unref 2->1
