0:00:00.014441636  2775 0x1e9e320 TRACE   GST_REFCOUNTING gstobject.c:265:gst_object_unref: 0x1ed15e0 unref 2->1
0:00:00.018939029  2774 0xfca390 TRACE   GST_REFCOUNTING gstobject.c:208:gst_object_init: 0xfe7bb0 new
0:00:00.014448009  2775 0x1e9e320 TRACE   GST_REFCOUNTING gstobject.c:265:gst_object_unref: 0x1ed27f0 unref 2->1
0:00:00.018953654  2774 0xfca390 LOG   GST_REGISTRY gstregistrychunks.c:611:gst_registry_chunks_load_feature: Reading/casting for GstRegistryChunkElementFactory at address 0xfe5f10
0:00:00.014457227  2775 0x1e9e320 TRACE   GST_REFCOUNTING gstobject.c:265:gst_object_unref: 0x1ed35c0 unref 2->1
0:00:00.018961398  2774 0xfca390 TRACE   structure gststructure.c:292:gst_structure_new_id_empty_with_size: created structure 0xfe7ca0
0:00:00.014468330  2775 0x1e9e320 TRACE   GST_REFCOUNTING gstobject.c:265:gst_object_unref: 0x1ed4d70 unref 2->1
0:00:00.018967798  2774 0xfca390 DEBUG   structure gststructure.c:2258:gst_structure_parse_field: trying field name 'long-name'
0:00:00.014476223  2775 0x1e9e320 TRACE   GST_REFCOUNTING gstobject.c:265:gst_object_unref: 0x1ed5c60 unref 2->1
0:00:00.018974410  2774 0xfca390 DEBUG   default gstvalue.c:2776:_priv_gst_value_parse_value: trying type name 'string'
0:00:00.018982799  2774 0xfca390 DEBUG   structure gststructure.c:2258:gst_structure_parse_field: trying field name 'klass'
0:00:00.014485635  2775 0x1e9e320 DEBUG   GST_REGISTRY gstregistrychunks.c:499:_priv_gst_registry_chunks_save_plugin: Found 22 features in plugin 0x1eba810 (coreelements)
0:00:00.018990852  2774 0xfca390 DEBUG   default gstvalue.c:2776:_priv_gst_value_parse_value: trying type name 'string'
0:00:00.014498996  2775 0x1e9e320 DEBUG   GST_POLL gstpoll.c:980:gst_poll_fd_ctl_write: 0x1ea69e0: fd (fd:0, idx:1), active : 1
0:00:00.018999140  2774 0xfca390 DEBUG   structure gststructure.c:2258:gst_structure_parse_field: trying field name 'description'
0:00:00.014505691  2775 0x1e9e320 LOG   GST_POLL gstpoll.c:994:gst_poll_fd_ctl_write: 0x1ea69e0: pfd->events now 60 (POLLOUT:4)
0:00:00.019005221  2774 0xfca390 DEBUG   default gstvalue.c:2776:_priv_gst_value_parse_value: trying type name 'string'
0:00:00.014512356  2775 0x1e9e320 DEBUG   GST_POLL gstpoll.c:980:gst_poll_fd_ctl_write: 0x1ea69e0: fd (fd:0, idx:1), active : 1
0:00:00.019012475  2774 0xfca390 DEBUG   structure gststructure.c:2258:gst_structure_parse_field: trying field name 'author'
0:00:00.014518562  2775 0x1e9e320 LOG   GST_POLL gstpoll.c:994:gst_poll_fd_ctl_write: 0x1ea69e0: pfd->events now 60 (POLLOUT:4)
0:00:00.019018241  2774 0xfca390 DEBUG   default gstvalue.c:2776:_priv_gst_value_parse_value: trying type name 'string'
0:00:00.014527569  2775 0x1e9e320 DEBUG   GST_POLL gstpoll.c:980:gst_poll_fd_ctl_write: 0x1ea69e0: fd (fd:0, idx:1), active : 1
0:00:00.019025938  2774 0xfca390 DEBUG   GST_REGISTRY gstregistrychunks.c:627:gst_registry_chunks_load_feature: Element factory : npadtemplates=2
0:00:00.014534788  2775 0x1e9e320 LOG   GST_POLL gstpoll.c:994:gst_poll_fd_ctl_write: 0x1ea69e0: pfd->events now 60 (POLLOUT:4)
0:00:00.019033045  2774 0xfca390 DEBUG   GST_REGISTRY gstregistrychunks.c:527:gst_registry_chunks_load_pad_template: Reading/casting for GstRegistryChunkPadTemplate at address 0xfe5fd0
0:00:00.014541706  2775 0x1e9e320 DEBUG   GST_POLL gstpoll.c:980:gst_poll_fd_ctl_write: 0x1ea69e0: fd (fd:0, idx:1), active : 1
0:00:00.019044885  2774 0xfca390 DEBUG   GST_REGISTRY gstregistrychunks.c:540:gst_registry_chunks_load_pad_template: Added pad_template src_%u
0:00:00.014549803  2775 0x1e9e320 LOG   GST_POLL gstpoll.c:994:gst_poll_fd_ctl_write: 0x1ea69e0: pfd->events now 60 (POLLOUT:4)
0:00:00.019053175  2774 0xfca390 DEBUG   GST_REGISTRY gstregistrychunks.c:527:gst_registry_chunks_load_pad_template: Reading/casting for GstRegistryChunkPadTemplate at address 0xfe5fe8
0:00:00.014557797  2775 0x1e9e320 DEBUG   GST_POLL gstpoll.c:980:gst_poll_fd_ctl_write: 0x1ea69e0: fd (fd:0, idx:1), active : 1
0:00:00.019061177  2774 0xfca390 DEBUG   GST_REGISTRY gstregistrychunks.c:540:gst_registry_chunks_load_pad_template: Added pad_template sink_%u
0:00:00.014565395  2775 0x1e9e320 LOG   GST_POLL gstpoll.c:994:gst_poll_fd_ctl_write: 0x1ea69e0: pfd->events now 60 (POLLOUT:4)
0:00:00.014572759  2775 0x1e9e320 DEBUG   GST_POLL gstpoll.c:980:gst_poll_fd_ctl_write: 0x1ea69e0: fd (fd:0, idx:1), active : 1
0:00:00.019069825  2774 0xfca390 DEBUG   GST_REGISTRY gstregistry.c:590:gst_registry_add_feature: adding feature 0xfe7bb0 (multiqueue)
0:00:00.014578536  2775 0x1e9e320 LOG   GST_POLL gstpoll.c:994:gst_poll_fd_ctl_write: 0x1ea69e0: pfd->events now 60 (POLLOUT:4)
0:00:00.019077874  2774 0xfca390 DEBUG   GST_REFCOUNTING gstobject.c:709:gst_object_set_parent: set parent (ref and sink)
0:00:00.014587514  2775 0x1e9e320 DEBUG   GST_POLL gstpoll.c:980:gst_poll_fd_ctl_write: 0x1ea69e0: fd (fd:0, idx:1), active : 1
0:00:00.019085884  2774 0xfca390 TRACE   GST_REFCOUNTING gstobject.c:294:gst_object_ref_sink: 0xfe7bb0 ref_sink 1->2
0:00:00.014594511  2775 0x1e9e320 LOG   GST_POLL gstpoll.c:994:gst_poll_fd_ctl_write: 0x1ea69e0: pfd->events now 60 (POLLOUT:4)
0:00:00.019093823  2774 0xfca390 LOG   GST_REGISTRY gstregistry.c:608:gst_registry_add_feature: emitting feature-added for multiqueue
0:00:00.014601159  2775 0x1e9e320 DEBUG   GST_POLL gstpoll.c:980:gst_poll_fd_ctl_write: 0x1ea69e0: fd (fd:0, idx:1), active : 1
0:00:00.019101029  2774 0xfca390 DEBUG   GST_REGISTRY gstregistrychunks.c:742:gst_registry_chunks_load_feature: Added feature multiqueue, plugin 0xfe57b0 coreelements
0:00:00.014607211  2775 0x1e9e320 LOG   GST_POLL gstpoll.c:994:gst_poll_fd_ctl_write: 0x1ea69e0: pfd->events now 60 (POLLOUT:4)
0:00:00.019108345  2774 0xfca390 DEBUG   GST_REGISTRY gstregistrychunks.c:584:gst_registry_chunks_load_feature: Plugin 'coreelements' feature 'typefind' typename : 'GstElementFactory'
0:00:00.014613621  2775 0x1e9e320 DEBUG   GST_POLL gstpoll.c:980:gst_poll_fd_ctl_write: 0x1ea69e0: fd (fd:0, idx:1), active : 1
0:00:00.014620804  2775 0x1e9e320 LOG   GST_POLL gstpoll.c:994:gst_poll_fd_ctl_write: 0x1ea69e0: pfd->events now 60 (POLLOUT:4)
0:00:00.019119637  2774 0xfca390 TRACE   GST_REFCOUNTING gstobject.c:208:gst_object_init: 0xfe7e20 new
0:00:00.014626500  2775 0x1e9e320 DEBUG   GST_POLL gstpoll.c:980:gst_poll_fd_ctl_write: 0x1ea69e0: fd (fd:0, idx:1), active : 1
0:00:00.014636888  2775 0x1e9e320 LOG   GST_POLL gstpoll.c:994:gst_poll_fd_ctl_write: 0x1ea69e0: pfd->events now 60 (POLLOUT:4)
0:00:00.019133901  2774 0xfca390 LOG   GST_REGISTRY gstregistrychunks.c:611:gst_registry_chunks_load_feature: Reading/casting for GstRegistryChunkElementFactory at address 0xfe6018
0:00:00.014645421  2775 0x1e9e320 DEBUG   GST_POLL gstpoll.c:980:gst_poll_fd_ctl_write: 0x1ea69e0: fd (fd:0, idx:1), active : 1
0:00:00.019148157  2774 0xfca390 TRACE   structure gststructure.c:292:gst_structure_new_id_empty_with_size: created structure 0xfe7fe0
0:00:00.014652617  2775 0x1e9e320 LOG   GST_POLL gstpoll.c:994:gst_poll_fd_ctl_write: 0x1ea69e0: pfd->events now 60 (POLLOUT:4)
0:00:00.019154854  2774 0xfca390 DEBUG   structure gststructure.c:2258:gst_structure_parse_field: trying field name 'long-name'
0:00:00.014660089  2775 0x1e9e320 DEBUG   GST_POLL gstpoll.c:980:gst_poll_fd_ctl_write: 0x1ea69e0: fd (fd:0, idx:1), active : 1
0:00:00.019161224  2774 0xfca390 DEBUG   default gstvalue.c:2776:_priv_gst_value_parse_value: trying type name 'string'
0:00:00.014666302  2775 0x1e9e320 LOG   GST_POLL gstpoll.c:994:gst_poll_fd_ctl_write: 0x1ea69e0: pfd->events now 60 (POLLOUT:4)
0:00:00.019168455  2774 0xfca390 DEBUG   structure gststructure.c:2258:gst_structure_parse_field: trying field name 'klass'
0:00:00.014672771  2775 0x1e9e320 DEBUG   GST_POLL gstpoll.c:980:gst_poll_fd_ctl_write: 0x1ea69e0: fd (fd:0, idx:1), active : 1
0:00:00.019174236  2774 0xfca390 DEBUG   default gstvalue.c:2776:_priv_gst_value_parse_value: trying type name 'string'
0:00:00.014679552  2775 0x1e9e320 LOG   GST_POLL gstpoll.c:994:gst_poll_fd_ctl_write: 0x1ea69e0: pfd->events now 60 (POLLOUT:4)
0:00:00.014686900  2775 0x1e9e320 DEBUG   GST_POLL gstpoll.c:980:gst_poll_fd_ctl_write: 0x1ea69e0: fd (fd:0, idx:1), active : 1
0:00:00.019183476  2774 0xfca390 DEBUG   structure gststructure.c:2258:gst_structure_parse_field: trying field name 'description'
0:00:00.014692707  2775 0x1e9e320 LOG   GST_POLL gstpoll.c:994:gst_poll_fd_ctl_write: 0x1ea69e0: pfd->events now 60 (POLLOUT:4)
0:00:00.019191893  2774 0xfca390 DEBUG   default gstvalue.c:2776:_priv_gst_value_parse_value: trying type name 'string'
0:00:00.014701467  2775 0x1e9e320 DEBUG   GST_POLL gstpoll.c:980:gst_poll_fd_ctl_write: 0x1ea69e0: fd (fd:0, idx:1), active : 1
0:00:00.019200216  2774 0xfca390 DEBUG   structure gststructure.c:2258:gst_structure_parse_field: trying field name 'author'
0:00:00.014708439  2775 0x1e9e320 LOG   GST_POLL gstpoll.c:994:gst_poll_fd_ctl_write: 0x1ea69e0: pfd->events now 60 (POLLOUT:4)
0:00:00.019207053  2774 0xfca390 DEBUG   default gstvalue.c:2776:_priv_gst_value_parse_value: trying type name 'string'
0:00:00.014715119  2775 0x1e9e320 DEBUG   GST_POLL gstpoll.c:980:gst_poll_fd_ctl_write: 0x1ea69e0: fd (fd:0, idx:1), active : 1
0:00:00.019215126  2774 0xfca390 DEBUG   GST_REGISTRY gstregistrychunks.c:627:gst_registry_chunks_load_feature: Element factory : npadtemplates=2
0:00:00.014731559  2775 0x1e9e320 LOG   GST_POLL gstpoll.c:994:gst_poll_fd_ctl_write: 0x1ea69e0: pfd->events now 60 (POLLOUT:4)
0:00:00.019230309  2774 0xfca390 DEBUG   GST_REGISTRY gstregistrychunks.c:527:gst_registry_chunks_load_pad_template: Reading/casting for GstRegistryChunkPadTemplate at address 0xfe60f0
0:00:00.014738238  2775 0x1e9e320 DEBUG   GST_POLL gstpoll.c:980:gst_poll_fd_ctl_write: 0x1ea69e0: fd (fd:0, idx:1), active : 1
0:00:00.019236994  2774 0xfca390 DEBUG   GST_REGISTRY gstregistrychunks.c:540:gst_registry_chunks_load_pad_template: Added pad_template sink
0:00:00.014744210  2775 0x1e9e320 LOG   GST_POLL gstpoll.c:994:gst_poll_fd_ctl_write: 0x1ea69e0: pfd->events now 60 (POLLOUT:4)
0:00:00.019242735  2774 0xfca390 DEBUG   GST_REGISTRY gstregistrychunks.c:527:gst_registry_chunks_load_pad_template: Reading/casting for GstRegistryChunkPadTemplate at address 0xfe6108
0:00:00.014750580  2775 0x1e9e320 DEBUG   GST_POLL gstpoll.c:980:gst_poll_fd_ctl_write: 0x1ea69e0: fd (fd:0, idx:1), active : 1
0:00:00.019251044  2774 0xfca390 DEBUG   GST_REGISTRY gstregistrychunks.c:540:gst_registry_chunks_load_pad_template: Added pad_template src
0:00:00.014756723  2775 0x1e9e320 LOG   GST_POLL gstpoll.c:994:gst_poll_fd_ctl_write: 0x1ea69e0: pfd->events now 60 (POLLOUT:4)
0:00:00.019260654  2774 0xfca390 DEBUG   GST_REGISTRY gstregistry.c:590:gst_registry_add_feature: adding feature 0xfe7e20 (typefind)
0:00:00.014765719  2775 0x1e9e320 DEBUG   GST_POLL gstpoll.c:980:gst_poll_fd_ctl_write: 0x1ea69e0: fd (fd:0, idx:1), active : 1
0:00:00.019267405  2774 0xfca390 DEBUG   GST_REFCOUNTING gstobject.c:709:gst_object_set_parent: set parent (ref and sink)
0:00:00.014772707  2775 0x1e9e320 LOG   GST_POLL gstpoll.c:994:gst_poll_fd_ctl_write: 0x1ea69e0: pfd->events now 60 (POLLOUT:4)
0:00:00.019275349  2774 0xfca390 TRACE   GST_REFCOUNTING gstobject.c:294:gst_object_ref_sink: 0xfe7e20 ref_sink 1->2
0:00:00.014779859  2775 0x1e9e320 DEBUG   GST_POLL gstpoll.c:980:gst_poll_fd_ctl_write: 0x1ea69e0: fd (fd:0, idx:1), active : 1
0:00:00.019282537  2774 0xfca390 LOG   GST_REGISTRY gstregistry.c:608:gst_registry_add_feature: emitting feature-added for typefind
0:00:00.014787413  2775 0x1e9e320 LOG   GST_POLL gstpoll.c:994:gst_poll_fd_ctl_write: 0x1ea69e0: pfd->events now 60 (POLLOUT:4)
0:00:00.019289816  2774 0xfca390 DEBUG   GST_REGISTRY gstregistrychunks.c:742:gst_registry_chunks_load_feature: Added feature typefind, plugin 0xfe57b0 coreelements
0:00:00.014794453  2775 0x1e9e320 DEBUG   GST_POLL gstpoll.c:980:gst_poll_fd_ctl_write: 0x1ea69e0: fd (fd:0, idx:1), active : 1
0:00:00.019297317  2774 0xfca390 DEBUG   GST_REGISTRY gstregistrychunks.c:584:gst_registry_chunks_load_feature: Plugin 'coreelements' feature 'tee' typename : 'GstElementFactory'
0:00:00.014801479  2775 0x1e9e320 LOG   GST_POLL gstpoll.c:994:gst_poll_fd_ctl_write: 0x1ea69e0: pfd->events now 60 (POLLOUT:4)
0:00:00.014814268  2775 0x1e9e320 DEBUG   GST_POLL gstpoll.c:980:gst_poll_fd_ctl_write: 0x1ea69e0: fd (fd:0, idx:1), active : 1
0:00:00.019311319  2774 0xfca390 TRACE   GST_REFCOUNTING gstobject.c:208:gst_object_init: 0xfe8160 new
0:00:00.014819765  2775 0x1e9e320 LOG   GST_POLL gstpoll.c:994:gst_poll_fd_ctl_write: 0x1ea69e0: pfd->events now 60 (POLLOUT:4)
0:00:00.019322917  2774 0xfca390 LOG   GST_REGISTRY gstregistrychunks.c:611:gst_registry_chunks_load_feature: Reading/casting for GstRegistryChunkElementFactory at address 0xfe6130
0:00:00.014828597  2775 0x1e9e320 DEBUG   GST_POLL gstpoll.c:980:gst_poll_fd_ctl_write: 0x1ea69e0: fd (fd:0, idx:1), active : 1
0:00:00.019330830  2774 0xfca390 TRACE   structure gststructure.c:292:gst_structure_new_id_empty_with_size: created structure 0xfe83c0
0:00:00.014835653  2775 0x1e9e320 LOG   GST_POLL gstpoll.c:994:gst_poll_fd_ctl_write: 0x1ea69e0: pfd->events now 60 (POLLOUT:4)
0:00:00.019337266  2774 0xfca390 DEBUG   structure gststructure.c:2258:gst_structure_parse_field: trying field name 'long-name'
0:00:00.014842920  2775 0x1e9e320 DEBUG   GST_POLL gstpoll.c:980:gst_poll_fd_ctl_write: 0x1ea69e0: fd (fd:0, idx:1), active : 1
0:00:00.019343230  2774 0xfca390 DEBUG   default gstvalue.c:2776:_priv_gst_value_parse_value: trying type name 'string'
0:00:00.014849160  2775 0x1e9e320 LOG   GST_POLL gstpoll.c:994:gst_poll_fd_ctl_write: 0x1ea69e0: pfd->events now 60 (POLLOUT:4)
0:00:00.019350416  2774 0xfca390 DEBUG   structure gststructure.c:2258:gst_structure_parse_field: trying field name 'klass'
0:00:00.014855407  2775 0x1e9e320 DEBUG   GST_POLL gstpoll.c:980:gst_poll_fd_ctl_write: 0x1ea69e0: fd (fd:0, idx:1), active : 1
0:00:00.019356308  2774 0xfca390 DEBUG   default gstvalue.c:2776:_priv_gst_value_parse_value: trying type name 'string'
0:00:00.014861759  2775 0x1e9e320 LOG   GST_POLL gstpoll.c:994:gst_poll_fd_ctl_write: 0x1ea69e0: pfd->events now 60 (POLLOUT:4)
0:00:00.019362836  2774 0xfca390 DEBUG   structure gststructure.c:2258:gst_structure_parse_field: trying field name 'description'
0:00:00.014868226  2775 0x1e9e320 DEBUG   GST_POLL gstpoll.c:980:gst_poll_fd_ctl_write: 0x1ea69e0: fd (fd:0, idx:1), active : 1
0:00:00.019368651  2774 0xfca390 DEBUG   default gstvalue.c:2776:_priv_gst_value_parse_value: trying type name 'string'
0:00:00.014889002  2775 0x1e9e320 LOG   GST_POLL gstpoll.c:994:gst_poll_fd_ctl_write: 0x1ea69e0: pfd->events now 60 (POLLOUT:4)
0:00:00.019391769  2774 0xfca390 DEBUG   structure gststructure.c:2258:gst_structure_parse_field: trying field name 'author'
0:00:00.014898688  2775 0x1e9e320 DEBUG   GST_POLL gstpoll.c:980:gst_poll_fd_ctl_write: 0x1ea69e0: fd (fd:0, idx:1), active : 1
0:00:00.019399044  2774 0xfca390 DEBUG   default gstvalue.c:2776:_priv_gst_value_parse_value: trying type name 'string'
0:00:00.014905343  2775 0x1e9e320 LOG   GST_POLL gstpoll.c:994:gst_poll_fd_ctl_write: 0x1ea69e0: pfd->events now 60 (POLLOUT:4)
0:00:00.019412220  2774 0xfca390 DEBUG   GST_REGISTRY gstregistrychunks.c:627:gst_registry_chunks_load_feature: Element factory : npadtemplates=2
0:00:00.014915982  2775 0x1e9e320 DEBUG   GST_POLL gstpoll.c:980:gst_poll_fd_ctl_write: 0x1ea69e0: fd (fd:0, idx:1), active : 1
0:00:00.019418610  2774 0xfca390 DEBUG   GST_REGISTRY gstregistrychunks.c:527:gst_registry_chunks_load_pad_template: Reading/casting for GstRegistryChunkPadTemplate at address 0xfe6220
0:00:00.014923922  2775 0x1e9e320 LOG   GST_POLL gstpoll.c:994:gst_poll_fd_ctl_write: 0x1ea69e0: pfd->events now 60 (POLLOUT:4)
0:00:00.019424862  2774 0xfca390 DEBUG   GST_REGISTRY gstregistrychunks.c:540:gst_registry_chunks_load_pad_template: Added pad_template src_%u
0:00:00.014930309  2775 0x1e9e320 DEBUG   GST_POLL gstpoll.c:980:gst_poll_fd_ctl_write: 0x1ea69e0: fd (fd:0, idx:1), active : 1
0:00:00.019430609  2774 0xfca390 DEBUG   GST_REGISTRY gstregistrychunks.c:527:gst_registry_chunks_load_pad_template: Reading/casting for GstRegistryChunkPadTemplate at address 0xfe6238
0:00:00.014936314  2775 0x1e9e320 LOG   GST_POLL gstpoll.c:994:gst_poll_fd_ctl_write: 0x1ea69e0: pfd->events now 60 (POLLOUT:4)
0:00:00.019436400  2774 0xfca390 DEBUG   GST_REGISTRY gstregistrychunks.c:540:gst_registry_chunks_load_pad_template: Added pad_template sink
0:00:00.014942832  2775 0x1e9e320 DEBUG   GST_POLL gstpoll.c:980:gst_poll_fd_ctl_write: 0x1ea69e0: fd (fd:0, idx:1), active : 1
0:00:00.019447111  2774 0xfca390 DEBUG   GST_REGISTRY gstregistry.c:590:gst_registry_add_feature: adding feature 0xfe8160 (tee)
0:00:00.014951280  2775 0x1e9e320 LOG   GST_POLL gstpoll.c:994:gst_poll_fd_ctl_write: 0x1ea69e0: pfd->events now 60 (POLLOUT:4)
0:00:00.019455028  2774 0xfca390 DEBUG   GST_REFCOUNTING gstobject.c:709:gst_object_set_parent: set parent (ref and sink)
0:00:00.014960643  2775 0x1e9e320 DEBUG   GST_POLL gstpoll.c:980:gst_poll_fd_ctl_write: 0x1ea69e0: fd (fd:0, idx:1), active : 1
0:00:00.019463335  2774 0xfca390 TRACE   GST_REFCOUNTING gstobject.c:294:gst_object_ref_sink: 0xfe8160 ref_sink 1->2
0:00:00.014967215  2775 0x1e9e320 LOG   GST_POLL gstpoll.c:994:gst_poll_fd_ctl_write: 0x1ea69e0: pfd->events now 60 (POLLOUT:4)
0:00:00.019470916  2774 0xfca390 LOG   GST_REGISTRY gstregistry.c:608:gst_registry_add_feature: emitting feature-added for tee
0:00:00.014975670  2775 0x1e9e320 DEBUG   GST_POLL gstpoll.c:980:gst_poll_fd_ctl_write: 0x1ea69e0: fd (fd:0, idx:1), active : 1
0:00:00.019478050  2774 0xfca390 DEBUG   GST_REGISTRY gstregistrychunks.c:742:gst_registry_chunks_load_feature: Added feature tee, plugin 0xfe57b0 coreelements
0:00:00.014982153  2775 0x1e9e320 LOG   GST_POLL gstpoll.c:994:gst_poll_fd_ctl_write: 0x1ea69e0: pfd->events now 60 (POLLOUT:4)
0:00:00.019485084  2774 0xfca390 DEBUG   GST_REGISTRY gstregistrychunks.c:584:gst_registry_chunks_load_feature: Plugin 'coreelements' feature 'filesink' typename : 'GstElementFactory'
0:00:00.014989579  2775 0x1e9e320 DEBUG   GST_POLL gstpoll.c:980:gst_poll_fd_ctl_write: 0x1ea69e0: fd (fd:0, idx:1), active : 1
0:00:00.015001242  2775 0x1e9e320 LOG   GST_POLL gstpoll.c:994:gst_poll_fd_ctl_write: 0x1ea69e0: pfd->events now 60 (POLLOUT:4)
0:00:00.019498380  2774 0xfca390 TRACE   GST_REFCOUNTING gstobject.c:208:gst_object_init: 0xfe84f0 new
0:00:00.015007381  2775 0x1e9e320 DEBUG   GST_POLL gstpoll.c:980:gst_poll_fd_ctl_write: 0x1ea69e0: fd (fd:0, idx:1), active : 1
0:00:00.019507601  2774 0xfca390 LOG   GST_REGISTRY gstregistrychunks.c:611:gst_registry_chunks_load_feature: Reading/casting for GstRegistryChunkElementFactory at address 0xfe6268
0:00:00.015015630  2775 0x1e9e320 LOG   GST_POLL gstpoll.c:994:gst_poll_fd_ctl_write: 0x1ea69e0: pfd->events now 60 (POLLOUT:4)
0:00:00.019516677  2774 0xfca390 TRACE   structure gststructure.c:292:gst_structure_new_id_empty_with_size: created structure 0xfe88c0
0:00:00.015023102  2775 0x1e9e320 DEBUG   GST_POLL gstpoll.c:980:gst_poll_fd_ctl_write: 0x1ea69e0: fd (fd:0, idx:1), active : 1
0:00:00.019523821  2774 0xfca390 DEBUG   structure gststructure.c:2258:gst_structure_parse_field: trying field name 'long-name'
0:00:00.015029332  2775 0x1e9e320 LOG   GST_POLL gstpoll.c:994:gst_poll_fd_ctl_write: 0x1ea69e0: pfd->events now 60 (POLLOUT:4)
0:00:00.019529495  2774 0xfca390 DEBUG   default gstvalue.c:2776:_priv_gst_value_parse_value: trying type name 'string'
0:00:00.015035949  2775 0x1e9e320 DEBUG   GST_POLL gstpoll.c:980:gst_poll_fd_ctl_write: 0x1ea69e0: fd (fd:0, idx:1), active : 1
0:00:00.019536716  2774 0xfca390 DEBUG   structure gststructure.c:2258:gst_structure_parse_field: trying field name 'klass'
0:00:00.015041941  2775 0x1e9e320 LOG   GST_POLL gstpoll.c:994:gst_poll_fd_ctl_write: 0x1ea69e0: pfd->events now 60 (POLLOUT:4)
0:00:00.019542264  2774 0xfca390 DEBUG   default gstvalue.c:2776:_priv_gst_value_parse_value: trying type name 'string'
0:00:00.015048775  2775 0x1e9e320 DEBUG   GST_POLL gstpoll.c:980:gst_poll_fd_ctl_write: 0x1ea69e0: fd (fd:0, idx:1), active : 1
0:00:00.019548900  2774 0xfca390 DEBUG   structure gststructure.c:2258:gst_structure_parse_field: trying field name 'description'
0:00:00.015055072  2775 0x1e9e320 LOG   GST_POLL gstpoll.c:994:gst_poll_fd_ctl_write: 0x1ea69e0: pfd->events now 60 (POLLOUT:4)
0:00:00.019554597  2774 0xfca390 DEBUG   default gstvalue.c:2776:_priv_gst_value_parse_value: trying type name 'string'
0:00:00.015061859  2775 0x1e9e320 DEBUG   GST_POLL gstpoll.c:980:gst_poll_fd_ctl_write: 0x1ea69e0: fd (fd:0, idx:1), active : 1
0:00:00.019561224  2774 0xfca390 DEBUG   structure gststructure.c:2258:gst_structure_parse_field: trying field name 'author'
0:00:00.015070135  2775 0x1e9e320 LOG   GST_POLL gstpoll.c:994:gst_poll_fd_ctl_write: 0x1ea69e0: pfd->events now 60 (POLLOUT:4)
0:00:00.019569428  2774 0xfca390 DEBUG   default gstvalue.c:2776:_priv_gst_value_parse_value: trying type name 'string'
0:00:00.015077783  2775 0x1e9e320 DEBUG   GST_POLL gstpoll.c:980:gst_poll_fd_ctl_write: 0x1ea69e0: fd (fd:0, idx:1), active : 1
0:00:00.015086182  2775 0x1e9e320 LOG   GST_POLL gstpoll.c:994:gst_poll_fd_ctl_write: 0x1ea69e0: pfd->events now 60 (POLLOUT:4)
0:00:00.019582993  2774 0xfca390 DEBUG   GST_REGISTRY gstregistrychunks.c:627:gst_registry_chunks_load_feature: Element factory : npadtemplates=1
0:00:00.015092579  2775 0x1e9e320 DEBUG   GST_POLL gstpoll.c:980:gst_poll_fd_ctl_write: 0x1ea69e0: fd (fd:0, idx:1), active : 1
0:00:00.019590933  2774 0xfca390 DEBUG   GST_REGISTRY gstregistrychunks.c:527:gst_registry_chunks_load_pad_template: Reading/casting for GstRegistryChunkPadTemplate at address 0xfe6348
0:00:00.015098570  2775 0x1e9e320 LOG   GST_POLL gstpoll.c:994:gst_poll_fd_ctl_write: 0x1ea69e0: pfd->events now 60 (POLLOUT:4)
0:00:00.019597513  2774 0xfca390 DEBUG   GST_REGISTRY gstregistrychunks.c:540:gst_registry_chunks_load_pad_template: Added pad_template sink
0:00:00.015105191  2775 0x1e9e320 DEBUG   GST_POLL gstpoll.c:980:gst_poll_fd_ctl_write: 0x1ea69e0: fd (fd:0, idx:1), active : 1
0:00:00.019604509  2774 0xfca390 DEBUG   GST_REGISTRY gstregistrychunks.c:640:gst_registry_chunks_load_feature: Reading 1 UriTypes at address 0xfe6359
0:00:00.015111208  2775 0x1e9e320 LOG   GST_POLL gstpoll.c:994:gst_poll_fd_ctl_write: 0x1ea69e0: pfd->events now 60 (POLLOUT:4)
0:00:00.019611492  2774 0xfca390 DEBUG   GST_REGISTRY gstregistrychunks.c:655:gst_registry_chunks_load_feature: Reading 1 Interfaces at address 0xfe6369
0:00:00.015117719  2775 0x1e9e320 DEBUG   GST_POLL gstpoll.c:980:gst_poll_fd_ctl_write: 0x1ea69e0: fd (fd:0, idx:1), active : 1
0:00:00.019620462  2774 0xfca390 DEBUG   GST_REGISTRY gstregistry.c:590:gst_registry_add_feature: adding feature 0xfe84f0 (filesink)
0:00:00.015125977  2775 0x1e9e320 LOG   GST_POLL gstpoll.c:994:gst_poll_fd_ctl_write: 0x1ea69e0: pfd->events now 60 (POLLOUT:4)
0:00:00.019626574  2774 0xfca390 DEBUG   GST_REFCOUNTING gstobject.c:709:gst_object_set_parent: set parent (ref and sink)
0:00:00.015133496  2775 0x1e9e320 DEBUG   GST_POLL gstpoll.c:980:gst_poll_fd_ctl_write: 0x1ea69e0: fd (fd:0, idx:1), active : 1
0:00:00.015139622  2775 0x1e9e320 LOG   GST_POLL gstpoll.c:994:gst_poll_fd_ctl_write: 0x1ea69e0: pfd->events now 60 (POLLOUT:4)
0:00:00.019636961  2774 0xfca390 TRACE   GST_REFCOUNTING gstobject.c:294:gst_object_ref_sink: 0xfe84f0 ref_sink 1->2
0:00:00.015145343  2775 0x1e9e320 DEBUG   GST_POLL gstpoll.c:980:gst_poll_fd_ctl_write: 0x1ea69e0: fd (fd:0, idx:1), active : 1
0:00:00.019645208  2774 0xfca390 LOG   GST_REGISTRY gstregistry.c:608:gst_registry_add_feature: emitting feature-added for filesink
0:00:00.015151482  2775 0x1e9e320 LOG   GST_POLL gstpoll.c:994:gst_poll_fd_ctl_write: 0x1ea69e0: pfd->events now 60 (POLLOUT:4)
0:00:00.019652504  2774 0xfca390 DEBUG   GST_REGISTRY gstregistrychunks.c:742:gst_registry_chunks_load_feature: Added feature filesink, plugin 0xfe57b0 coreelements
0:00:00.015158190  2775 0x1e9e320 DEBUG   GST_POLL gstpoll.c:980:gst_poll_fd_ctl_write: 0x1ea69e0: fd (fd:0, idx:1), active : 1
0:00:00.019663567  2774 0xfca390 DEBUG   GST_REGISTRY gstregistrychunks.c:584:gst_registry_chunks_load_feature: Plugin 'coreelements' feature 'queue2' typename : 'GstElementFactory'
0:00:00.015168198  2775 0x1e9e320 LOG   GST_POLL gstpoll.c:994:gst_poll_fd_ctl_write: 0x1ea69e0: pfd->events now 60 (POLLOUT:4)
0:00:00.019672600  2774 0xfca390 TRACE   GST_REFCOUNTING gstobject.c:208:gst_object_init: 0xfe8700 new
0:00:00.015175617  2775 0x1e9e320 DEBUG   GST_POLL gstpoll.c:980:gst_poll_fd_ctl_write: 0x1ea69e0: fd (fd:0, idx:1), active : 1
0:00:00.019681469  2774 0xfca390 LOG   GST_REGISTRY gstregistrychunks.c:611:gst_registry_chunks_load_feature: Reading/casting for GstRegistryChunkElementFactory at address 0xfe6390
0:00:00.015188695  2775 0x1e9e320 LOG   GST_POLL gstpoll.c:994:gst_poll_fd_ctl_write: 0x1ea69e0: pfd->events now 60 (POLLOUT:4)
0:00:00.019688162  2774 0xfca390 TRACE   structure gststructure.c:292:gst_structure_new_id_empty_with_size: created structure 0xfe8bb0
0:00:00.015196163  2775 0x1e9e320 DEBUG   GST_POLL gstpoll.c:980:gst_poll_fd_ctl_write: 0x1ea69e0: fd (fd:0, idx:1), active : 1
0:00:00.019694157  2774 0xfca390 DEBUG   structure gststructure.c:2258:gst_structure_parse_field: trying field name 'long-name'
0:00:00.015202447  2775 0x1e9e320 LOG   GST_POLL gstpoll.c:994:gst_poll_fd_ctl_write: 0x1ea69e0: pfd->events now 60 (POLLOUT:4)
0:00:00.019702803  2774 0xfca390 DEBUG   default gstvalue.c:2776:_priv_gst_value_parse_value: trying type name 'string'
0:00:00.015208991  2775 0x1e9e320 DEBUG   GST_POLL gstpoll.c:980:gst_poll_fd_ctl_write: 0x1ea69e0: fd (fd:0, idx:1), active : 1
0:00:00.019710949  2774 0xfca390 DEBUG   structure gststructure.c:2258:gst_structure_parse_field: trying field name 'klass'
0:00:00.015214865  2775 0x1e9e320 LOG   GST_POLL gstpoll.c:994:gst_poll_fd_ctl_write: 0x1ea69e0: pfd->events now 60 (POLLOUT:4)
0:00:00.019716948  2774 0xfca390 DEBUG   default gstvalue.c:2776:_priv_gst_value_parse_value: trying type name 'string'
0:00:00.015222715  2775 0x1e9e320 DEBUG   GST_POLL gstpoll.c:980:gst_poll_fd_ctl_write: 0x1ea69e0: fd (fd:0, idx:1), active : 1
0:00:00.019723722  2774 0xfca390 DEBUG   structure gststructure.c:2258:gst_structure_parse_field: trying field name 'description'
0:00:00.015228438  2775 0x1e9e320 LOG   GST_POLL gstpoll.c:994:gst_poll_fd_ctl_write: 0x1ea69e0: pfd->events now 60 (POLLOUT:4)
0:00:00.019729495  2774 0xfca390 DEBUG   default gstvalue.c:2776:_priv_gst_value_parse_value: trying type name 'string'
0:00:00.015237707  2775 0x1e9e320 DEBUG   GST_POLL gstpoll.c:980:gst_poll_fd_ctl_write: 0x1ea69e0: fd (fd:0, idx:1), active : 1
0:00:00.019736167  2774 0xfca390 DEBUG   structure gststructure.c:2258:gst_structure_parse_field: trying field name 'author'
0:00:00.015244752  2775 0x1e9e320 LOG   GST_POLL gstpoll.c:994:gst_poll_fd_ctl_write: 0x1ea69e0: pfd->events now 60 (POLLOUT:4)
0:00:00.019742870  2774 0xfca390 DEBUG   default gstvalue.c:2776:_priv_gst_value_parse_value: trying type name 'string'
0:00:00.015256483  2775 0x1e9e320 DEBUG   GST_POLL gstpoll.c:980:gst_poll_fd_ctl_write: 0x1ea69e0: fd (fd:0, idx:1), active : 1
0:00:00.019757334  2774 0xfca390 DEBUG   GST_REGISTRY gstregistrychunks.c:627:gst_registry_chunks_load_feature: Element factory : npadtemplates=2
0:00:00.015262736  2775 0x1e9e320 LOG   GST_POLL gstpoll.c:994:gst_poll_fd_ctl_write: 0x1ea69e0: pfd->events now 60 (POLLOUT:4)
0:00:00.019765656  2774 0xfca390 DEBUG   GST_REGISTRY gstregistrychunks.c:527:gst_registry_chunks_load_pad_template: Reading/casting for GstRegistryChunkPadTemplate at address 0xfe6480
0:00:00.015270377  2775 0x1e9e320 DEBUG   GST_POLL gstpoll.c:980:gst_poll_fd_ctl_write: 0x1ea69e0: fd (fd:0, idx:1), active : 1
0:00:00.019772729  2774 0xfca390 DEBUG   GST_REGISTRY gstregistrychunks.c:540:gst_registry_chunks_load_pad_template: Added pad_template sink
0:00:00.015277492  2775 0x1e9e320 LOG   GST_POLL gstpoll.c:994:gst_poll_fd_ctl_write: 0x1ea69e0: pfd->events now 60 (POLLOUT:4)
0:00:00.019778605  2774 0xfca390 DEBUG   GST_REGISTRY gstregistrychunks.c:527:gst_registry_chunks_load_pad_template: Reading/casting for GstRegistryChunkPadTemplate at address 0xfe6498
0:00:00.015284496  2775 0x1e9e320 DEBUG   GST_POLL gstpoll.c:980:gst_poll_fd_ctl_write: 0x1ea69e0: fd (fd:0, idx:1), active : 1
0:00:00.019784809  2774 0xfca390 DEBUG   GST_REGISTRY gstregistrychunks.c:540:gst_registry_chunks_load_pad_template: Added pad_template src
0:00:00.015290655  2775 0x1e9e320 LOG   GST_POLL gstpoll.c:994:gst_poll_fd_ctl_write: 0x1ea69e0: pfd->events now 60 (POLLOUT:4)
0:00:00.019792989  2774 0xfca390 DEBUG   GST_REGISTRY gstregistry.c:590:gst_registry_add_feature: adding feature 0xfe8700 (queue2)
0:00:00.015299412  2775 0x1e9e320 DEBUG   GST_POLL gstpoll.c:980:gst_poll_fd_ctl_write: 0x1ea69e0: fd (fd:0, idx:1), active : 1
0:00:00.019799200  2774 0xfca390 DEBUG   GST_REFCOUNTING gstobject.c:709:gst_object_set_parent: set parent (ref and sink)
0:00:00.015306301  2775 0x1e9e320 LOG   GST_POLL gstpoll.c:994:gst_poll_fd_ctl_write: 0x1ea69e0: pfd->events now 60 (POLLOUT:4)
0:00:00.019806727  2774 0xfca390 TRACE   GST_REFCOUNTING gstobject.c:294:gst_object_ref_sink: 0xfe8700 ref_sink 1->2
0:00:00.015322565  2775 0x1e9e320 DEBUG   GST_POLL gstpoll.c:980:gst_poll_fd_ctl_write: 0x1ea69e0: fd (fd:0, idx:1), active : 1
0:00:00.015331758  2775 0x1e9e320 LOG   GST_POLL gstpoll.c:994:gst_poll_fd_ctl_write: 0x1ea69e0: pfd->events now 60 (POLLOUT:4)
0:00:00.019828685  2774 0xfca390 LOG   GST_REGISTRY gstregistry.c:608:gst_registry_add_feature: emitting feature-added for queue2
0:00:00.015337723  2775 0x1e9e320 DEBUG   GST_POLL gstpoll.c:980:gst_poll_fd_ctl_write: 0x1ea69e0: fd (fd:0, idx:1), active : 1
0:00:00.019837364  2774 0xfca390 DEBUG   GST_REGISTRY gstregistrychunks.c:742:gst_registry_chunks_load_feature: Added feature queue2, plugin 0xfe57b0 coreelements
0:00:00.015343671  2775 0x1e9e320 LOG   GST_POLL gstpoll.c:994:gst_poll_fd_ctl_write: 0x1ea69e0: pfd->events now 60 (POLLOUT:4)
0:00:00.019849927  2774 0xfca390 DEBUG   GST_REGISTRY gstregistrychunks.c:584:gst_registry_chunks_load_feature: Plugin 'coreelements' feature 'queue' typename : 'GstElementFactory'
0:00:00.015356881  2775 0x1e9e320 DEBUG   GST_POLL gstpoll.c:980:gst_poll_fd_ctl_write: 0x1ea69e0: fd (fd:0, idx:1), active : 1
0:00:00.019859025  2774 0xfca390 TRACE   GST_REFCOUNTING gstobject.c:208:gst_object_init: 0xfe8db0 new
0:00:00.015363650  2775 0x1e9e320 LOG   GST_POLL gstpoll.c:994:gst_poll_fd_ctl_write: 0x1ea69e0: pfd->events now 60 (POLLOUT:4)
0:00:00.019868029  2774 0xfca390 LOG   GST_REGISTRY gstregistrychunks.c:611:gst_registry_chunks_load_feature: Reading/casting for GstRegistryChunkElementFactory at address 0xfe64c0
0:00:00.015371438  2775 0x1e9e320 DEBUG   GST_POLL gstpoll.c:980:gst_poll_fd_ctl_write: 0x1ea69e0: fd (fd:0, idx:1), active : 1
0:00:00.015379324  2775 0x1e9e320 LOG   GST_POLL gstpoll.c:994:gst_poll_fd_ctl_write: 0x1ea69e0: pfd->events now 60 (POLLOUT:4)
0:00:00.019878213  2774 0xfca390 TRACE   structure gststructure.c:292:gst_structure_new_id_empty_with_size: created structure 0xfe8f50
0:00:00.015384976  2775 0x1e9e320 DEBUG   GST_POLL gstpoll.c:980:gst_poll_fd_ctl_write: 0x1ea69e0: fd (fd:0, idx:1), active : 1
0:00:00.015390785  2775 0x1e9e320 LOG   GST_POLL gstpoll.c:994:gst_poll_fd_ctl_write: 0x1ea69e0: pfd->events now 60 (POLLOUT:4)
0:00:00.019887027  2774 0xfca390 DEBUG   structure gststructure.c:2258:gst_structure_parse_field: trying field name 'long-name'
0:00:00.015396820  2775 0x1e9e320 DEBUG   GST_POLL gstpoll.c:980:gst_poll_fd_ctl_write: 0x1ea69e0: fd (fd:0, idx:1), active : 1
0:00:00.019895697  2774 0xfca390 DEBUG   default gstvalue.c:2776:_priv_gst_value_parse_value: trying type name 'string'
0:00:00.015402569  2775 0x1e9e320 LOG   GST_POLL gstpoll.c:994:gst_poll_fd_ctl_write: 0x1ea69e0: pfd->events now 60 (POLLOUT:4)
0:00:00.019903233  2774 0xfca390 DEBUG   structure gststructure.c:2258:gst_structure_parse_field: trying field name 'klass'
0:00:00.019909051  2774 0xfca390 DEBUG   default gstvalue.c:2776:_priv_gst_value_parse_value: trying type name 'string'
0:00:00.015411611  2775 0x1e9e320 DEBUG   GST_POLL gstpoll.c:980:gst_poll_fd_ctl_write: 0x1ea69e0: fd (fd:0, idx:1), active : 1
0:00:00.019915009  2774 0xfca390 DEBUG   structure gststructure.c:2258:gst_structure_parse_field: trying field name 'description'
0:00:00.015419883  2775 0x1e9e320 LOG   GST_POLL gstpoll.c:994:gst_poll_fd_ctl_write: 0x1ea69e0: pfd->events now 60 (POLLOUT:4)
0:00:00.019920749  2774 0xfca390 DEBUG   default gstvalue.c:2776:_priv_gst_value_parse_value: trying type name 'string'
0:00:00.015426971  2775 0x1e9e320 DEBUG   GST_POLL gstpoll.c:980:gst_poll_fd_ctl_write: 0x1ea69e0: fd (fd:0, idx:1), active : 1
0:00:00.019927793  2774 0xfca390 DEBUG   structure gststructure.c:2258:gst_structure_parse_field: trying field name 'author'
0:00:00.015433187  2775 0x1e9e320 LOG   GST_POLL gstpoll.c:994:gst_poll_fd_ctl_write: 0x1ea69e0: pfd->events now 60 (POLLOUT:4)
0:00:00.019941005  2774 0xfca390 DEBUG   default gstvalue.c:2776:_priv_gst_value_parse_value: trying type name 'string'
0:00:00.015447000  2775 0x1e9e320 DEBUG   GST_POLL gstpoll.c:980:gst_poll_fd_ctl_write: 0x1ea69e0: fd (fd:0, idx:1), active : 1
0:00:00.015453377  2775 0x1e9e320 LOG   GST_POLL gstpoll.c:994:gst_poll_fd_ctl_write: 0x1ea69e0: pfd->events now 60 (POLLOUT:4)
0:00:00.019950957  2774 0xfca390 DEBUG   GST_REGISTRY gstregistrychunks.c:627:gst_registry_chunks_load_feature: Element factory : npadtemplates=2
0:00:00.015459171  2775 0x1e9e320 DEBUG   GST_POLL gstpoll.c:980:gst_poll_fd_ctl_write: 0x1ea69e0: fd (fd:0, idx:1), active : 1
0:00:00.019958113  2774 0xfca390 DEBUG   GST_REGISTRY gstregistrychunks.c:527:gst_registry_chunks_load_pad_template: Reading/casting for GstRegistryChunkPadTemplate at address 0xfe6578
0:00:00.015465167  2775 0x1e9e320 LOG   GST_POLL gstpoll.c:994:gst_poll_fd_ctl_write: 0x1ea69e0: pfd->events now 60 (POLLOUT:4)
0:00:00.019964724  2774 0xfca390 DEBUG   GST_REGISTRY gstregistrychunks.c:540:gst_registry_chunks_load_pad_template: Added pad_template sink
0:00:00.019970741  2774 0xfca390 DEBUG   GST_REGISTRY gstregistrychunks.c:527:gst_registry_chunks_load_pad_template: Reading/casting for GstRegistryChunkPadTemplate at address 0xfe6590
0:00:00.015473988  2775 0x1e9e320 DEBUG   GST_POLL gstpoll.c:980:gst_poll_fd_ctl_write: 0x1ea69e0: fd (fd:0, idx:1), active : 1
0:00:00.019976070  2774 0xfca390 DEBUG   GST_REGISTRY gstregistrychunks.c:540:gst_registry_chunks_load_pad_template: Added pad_template src
0:00:00.015481511  2775 0x1e9e320 LOG   GST_POLL gstpoll.c:994:gst_poll_fd_ctl_write: 0x1ea69e0: pfd->events now 60 (POLLOUT:4)
0:00:00.019984442  2774 0xfca390 DEBUG   GST_REGISTRY gstregistry.c:590:gst_registry_add_feature: adding feature 0xfe8db0 (queue)
0:00:00.015488199  2775 0x1e9e320 DEBUG   GST_POLL gstpoll.c:980:gst_poll_fd_ctl_write: 0x1ea69e0: fd (fd:0, idx:1), active : 1
0:00:00.015495515  2775 0x1e9e320 LOG   GST_POLL gstpoll.c:994:gst_poll_fd_ctl_write: 0x1ea69e0: pfd->events now 60 (POLLOUT:4)
0:00:00.019993156  2774 0xfca390 DEBUG   GST_REFCOUNTING gstobject.c:709:gst_object_set_parent: set parent (ref and sink)
0:00:00.015501592  2775 0x1e9e320 DEBUG   GST_POLL gstpoll.c:980:gst_poll_fd_ctl_write: 0x1ea69e0: fd (fd:0, idx:1), active : 1
0:00:00.020001067  2774 0xfca390 TRACE   GST_REFCOUNTING gstobject.c:294:gst_object_ref_sink: 0xfe8db0 ref_sink 1->2
0:00:00.015507513  2775 0x1e9e320 LOG   GST_POLL gstpoll.c:994:gst_poll_fd_ctl_write: 0x1ea69e0: pfd->events now 60 (POLLOUT:4)
0:00:00.015514200  2775 0x1e9e320 DEBUG   GST_POLL gstpoll.c:980:gst_poll_fd_ctl_write: 0x1ea69e0: fd (fd:0, idx:1), active : 1
0:00:00.020010589  2774 0xfca390 LOG   GST_REGISTRY gstregistry.c:608:gst_registry_add_feature: emitting feature-added for queue
0:00:00.015519638  2775 0x1e9e320 LOG   GST_POLL gstpoll.c:994:gst_poll_fd_ctl_write: 0x1ea69e0: pfd->events now 60 (POLLOUT:4)
0:00:00.020023980  2774 0xfca390 DEBUG   GST_REGISTRY gstregistrychunks.c:742:gst_registry_chunks_load_feature: Added feature queue, plugin 0xfe57b0 coreelements
0:00:00.015530684  2775 0x1e9e320 DEBUG   GST_POLL gstpoll.c:980:gst_poll_fd_ctl_write: 0x1ea69e0: fd (fd:0, idx:1), active : 1
0:00:00.020031245  2774 0xfca390 DEBUG   GST_REGISTRY gstregistrychunks.c:584:gst_registry_chunks_load_feature: Plugin 'coreelements' feature 'output-selector' typename : 'GstElementFactory'
0:00:00.015537547  2775 0x1e9e320 LOG   GST_POLL gstpoll.c:994:gst_poll_fd_ctl_write: 0x1ea69e0: pfd->events now 60 (POLLOUT:4)
0:00:00.020040491  2774 0xfca390 TRACE   GST_REFCOUNTING gstobject.c:208:gst_object_init: 0xfe9280 new
0:00:00.015544379  2775 0x1e9e320 DEBUG   GST_POLL gstpoll.c:980:gst_poll_fd_ctl_write: 0x1ea69e0: fd (fd:0, idx:1), active : 1
0:00:00.015552544  2775 0x1e9e320 LOG   GST_POLL gstpoll.c:994:gst_poll_fd_ctl_write: 0x1ea69e0: pfd->events now 60 (POLLOUT:4)
0:00:00.020049689  2774 0xfca390 LOG   GST_REGISTRY gstregistrychunks.c:611:gst_registry_chunks_load_feature: Reading/casting for GstRegistryChunkElementFactory at address 0xfe65c8
0:00:00.015558458  2775 0x1e9e320 DEBUG   GST_POLL gstpoll.c:980:gst_poll_fd_ctl_write: 0x1ea69e0: fd (fd:0, idx:1), active : 1
0:00:00.020057513  2774 0xfca390 TRACE   structure gststructure.c:292:gst_structure_new_id_empty_with_size: created structure 0xfe9580
0:00:00.015564453  2775 0x1e9e320 LOG   GST_POLL gstpoll.c:994:gst_poll_fd_ctl_write: 0x1ea69e0: pfd->events now 60 (POLLOUT:4)
0:00:00.020063613  2774 0xfca390 DEBUG   structure gststructure.c:2258:gst_structure_parse_field: trying field name 'long-name'
0:00:00.015570818  2775 0x1e9e320 DEBUG   GST_POLL gstpoll.c:980:gst_poll_fd_ctl_write: 0x1ea69e0: fd (fd:0, idx:1), active : 1
0:00:00.020069337  2774 0xfca390 DEBUG   default gstvalue.c:2776:_priv_gst_value_parse_value: trying type name 'string'
0:00:00.015576807  2775 0x1e9e320 LOG   GST_POLL gstpoll.c:994:gst_poll_fd_ctl_write: 0x1ea69e0: pfd->events now 60 (POLLOUT:4)
0:00:00.020079002  2774 0xfca390 DEBUG   structure gststructure.c:2258:gst_structure_parse_field: trying field name 'klass'
0:00:00.015585591  2775 0x1e9e320 DEBUG   GST_POLL gstpoll.c:980:gst_poll_fd_ctl_write: 0x1ea69e0: fd (fd:0, idx:1), active : 1
0:00:00.020085949  2774 0xfca390 DEBUG   default gstvalue.c:2776:_priv_gst_value_parse_value: trying type name 'string'
0:00:00.015592526  2775 0x1e9e320 LOG   GST_POLL gstpoll.c:994:gst_poll_fd_ctl_write: 0x1ea69e0: pfd->events now 60 (POLLOUT:4)
0:00:00.020092943  2774 0xfca390 DEBUG   structure gststructure.c:2258:gst_structure_parse_field: trying field name 'description'
0:00:00.015599039  2775 0x1e9e320 DEBUG   GST_POLL gstpoll.c:980:gst_poll_fd_ctl_write: 0x1ea69e0: fd (fd:0, idx:1), active : 1
0:00:00.020098676  2774 0xfca390 DEBUG   default gstvalue.c:2776:_priv_gst_value_parse_value: trying type name 'string'
0:00:00.015610935  2775 0x1e9e320 LOG   GST_POLL gstpoll.c:994:gst_poll_fd_ctl_write: 0x1ea69e0: pfd->events now 60 (POLLOUT:4)
0:00:00.020110738  2774 0xfca390 DEBUG   structure gststructure.c:2258:gst_structure_parse_field: trying field name 'author'
0:00:00.015617648  2775 0x1e9e320 DEBUG   GST_POLL gstpoll.c:980:gst_poll_fd_ctl_write: 0x1ea69e0: fd (fd:0, idx:1), active : 1
0:00:00.020116380  2774 0xfca390 DEBUG   default gstvalue.c:2776:_priv_gst_value_parse_value: trying type name 'string'
0:00:00.015623870  2775 0x1e9e320 LOG   GST_POLL gstpoll.c:994:gst_poll_fd_ctl_write: 0x1ea69e0: pfd->events now 60 (POLLOUT:4)
0:00:00.020123867  2774 0xfca390 DEBUG   GST_REGISTRY gstregistrychunks.c:627:gst_registry_chunks_load_feature: Element factory : npadtemplates=2
0:00:00.015630935  2775 0x1e9e320 LOG   GST_PLUGIN_LOADING gstpluginloader.c:645:put_chunk: Expanding tx buf from 10158 to 13209 for chunk of size 209
0:00:00.020129960  2774 0xfca390 DEBUG   GST_REGISTRY gstregistrychunks.c:527:gst_registry_chunks_load_pad_template: Reading/casting for GstRegistryChunkPadTemplate at address 0xfe66a0
0:00:00.015638263  2775 0x1e9e320 DEBUG   GST_POLL gstpoll.c:980:gst_poll_fd_ctl_write: 0x1ea69e0: fd (fd:0, idx:1), active : 1
0:00:00.020138675  2774 0xfca390 DEBUG   GST_REGISTRY gstregistrychunks.c:540:gst_registry_chunks_load_pad_template: Added pad_template src_%u
0:00:00.015646490  2775 0x1e9e320 LOG   GST_POLL gstpoll.c:994:gst_poll_fd_ctl_write: 0x1ea69e0: pfd->events now 60 (POLLOUT:4)
0:00:00.020145631  2774 0xfca390 DEBUG   GST_REGISTRY gstregistrychunks.c:527:gst_registry_chunks_load_pad_template: Reading/casting for GstRegistryChunkPadTemplate at address 0xfe66b8
0:00:00.015653944  2775 0x1e9e320 DEBUG   GST_POLL gstpoll.c:980:gst_poll_fd_ctl_write: 0x1ea69e0: fd (fd:0, idx:1), active : 1
0:00:00.020152266  2774 0xfca390 DEBUG   GST_REGISTRY gstregistrychunks.c:540:gst_registry_chunks_load_pad_template: Added pad_template sink
0:00:00.015660070  2775 0x1e9e320 LOG   GST_POLL gstpoll.c:994:gst_poll_fd_ctl_write: 0x1ea69e0: pfd->events now 60 (POLLOUT:4)
0:00:00.020161221  2774 0xfca390 DEBUG   GST_REGISTRY gstregistry.c:590:gst_registry_add_feature: adding feature 0xfe9280 (output-selector)
0:00:00.015666807  2775 0x1e9e320 DEBUG   GST_POLL gstpoll.c:980:gst_poll_fd_ctl_write: 0x1ea69e0: fd (fd:0, idx:1), active : 1
0:00:00.020167852  2774 0xfca390 DEBUG   GST_REFCOUNTING gstobject.c:709:gst_object_set_parent: set parent (ref and sink)
0:00:00.015672792  2775 0x1e9e320 LOG   GST_POLL gstpoll.c:994:gst_poll_fd_ctl_write: 0x1ea69e0: pfd->events now 60 (POLLOUT:4)
0:00:00.020175692  2774 0xfca390 TRACE   GST_REFCOUNTING gstobject.c:294:gst_object_ref_sink: 0xfe9280 ref_sink 1->2
0:00:00.015680003  2775 0x1e9e320 DEBUG   GST_POLL gstpoll.c:980:gst_poll_fd_ctl_write: 0x1ea69e0: fd (fd:0, idx:1), active : 1
0:00:00.020182833  2774 0xfca390 LOG   GST_REGISTRY gstregistry.c:608:gst_registry_add_feature: emitting feature-added for output-selector
0:00:00.015687248  2775 0x1e9e320 LOG   GST_POLL gstpoll.c:994:gst_poll_fd_ctl_write: 0x1ea69e0: pfd->events now 60 (POLLOUT:4)
0:00:00.020194896  2774 0xfca390 DEBUG   GST_REGISTRY gstregistrychunks.c:742:gst_registry_chunks_load_feature: Added feature output-selector, plugin 0xfe57b0 coreelements
0:00:00.015699552  2775 0x1e9e320 DEBUG   GST_POLL gstpoll.c:980:gst_poll_fd_ctl_write: 0x1ea69e0: fd (fd:0, idx:1), active : 1
0:00:00.020204266  2774 0xfca390 DEBUG   GST_REGISTRY gstregistrychunks.c:584:gst_registry_chunks_load_feature: Plugin 'coreelements' feature 'input-selector' typename : 'GstElementFactory'
0:00:00.015709344  2775 0x1e9e320 LOG   GST_POLL gstpoll.c:994:gst_poll_fd_ctl_write: 0x1ea69e0: pfd->events now 60 (POLLOUT:4)
0:00:00.015717577  2775 0x1e9e320 DEBUG   GST_POLL gstpoll.c:980:gst_poll_fd_ctl_write: 0x1ea69e0: fd (fd:0, idx:1), active : 1
0:00:00.020214303  2774 0xfca390 TRACE   GST_REFCOUNTING gstobject.c:208:gst_object_init: 0xfe9700 new
0:00:00.015723047  2775 0x1e9e320 LOG   GST_POLL gstpoll.c:994:gst_poll_fd_ctl_write: 0x1ea69e0: pfd->events now 60 (POLLOUT:4)
0:00:00.020224348  2774 0xfca390 LOG   GST_REGISTRY gstregistrychunks.c:611:gst_registry_chunks_load_feature: Reading/casting for GstRegistryChunkElementFactory at address 0xfe66f0
0:00:00.015729551  2775 0x1e9e320 DEBUG   GST_POLL gstpoll.c:980:gst_poll_fd_ctl_write: 0x1ea69e0: fd (fd:0, idx:1), active : 1
0:00:00.020231459  2774 0xfca390 TRACE   structure gststructure.c:292:gst_structure_new_id_empty_with_size: created structure 0xfe9910
0:00:00.015735563  2775 0x1e9e320 LOG   GST_POLL gstpoll.c:994:gst_poll_fd_ctl_write: 0x1ea69e0: pfd->events now 60 (POLLOUT:4)
0:00:00.020237533  2774 0xfca390 DEBUG   structure gststructure.c:2258:gst_structure_parse_field: trying field name 'long-name'
0:00:00.015743068  2775 0x1e9e320 DEBUG   GST_POLL gstpoll.c:980:gst_poll_fd_ctl_write: 0x1ea69e0: fd (fd:0, idx:1), active : 1
0:00:00.020243355  2774 0xfca390 DEBUG   default gstvalue.c:2776:_priv_gst_value_parse_value: trying type name 'string'
0:00:00.015749054  2775 0x1e9e320 LOG   GST_POLL gstpoll.c:994:gst_poll_fd_ctl_write: 0x1ea69e0: pfd->events now 60 (POLLOUT:4)
0:00:00.020250347  2774 0xfca390 DEBUG   structure gststructure.c:2258:gst_structure_parse_field: trying field name 'klass'
0:00:00.015755483  2775 0x1e9e320 DEBUG   GST_POLL gstpoll.c:980:gst_poll_fd_ctl_write: 0x1ea69e0: fd (fd:0, idx:1), active : 1
0:00:00.020256103  2774 0xfca390 DEBUG   default gstvalue.c:2776:_priv_gst_value_parse_value: trying type name 'string'
0:00:00.015763635  2775 0x1e9e320 LOG   GST_POLL gstpoll.c:994:gst_poll_fd_ctl_write: 0x1ea69e0: pfd->events now 60 (POLLOUT:4)
0:00:00.020265027  2774 0xfca390 DEBUG   structure gststructure.c:2258:gst_structure_parse_field: trying field name 'description'
0:00:00.015771185  2775 0x1e9e320 DEBUG   GST_POLL gstpoll.c:980:gst_poll_fd_ctl_write: 0x1ea69e0: fd (fd:0, idx:1), active : 1
0:00:00.020271797  2774 0xfca390 DEBUG   default gstvalue.c:2776:_priv_gst_value_parse_value: trying type name 'string'
0:00:00.015782497  2775 0x1e9e320 LOG   GST_POLL gstpoll.c:994:gst_poll_fd_ctl_write: 0x1ea69e0: pfd->events now 60 (POLLOUT:4)
0:00:00.020282315  2774 0xfca390 DEBUG   structure gststructure.c:2258:gst_structure_parse_field: trying field name 'author'
0:00:00.015789201  2775 0x1e9e320 DEBUG   GST_POLL gstpoll.c:980:gst_poll_fd_ctl_write: 0x1ea69e0: fd (fd:0, idx:1), active : 1
0:00:00.020288055  2774 0xfca390 DEBUG   default gstvalue.c:2776:_priv_gst_value_parse_value: trying type name 'string'
0:00:00.015795278  2775 0x1e9e320 LOG   GST_POLL gstpoll.c:994:gst_poll_fd_ctl_write: 0x1ea69e0: pfd->events now 60 (POLLOUT:4)
0:00:00.020297176  2774 0xfca390 DEBUG   GST_REGISTRY gstregistrychunks.c:627:gst_registry_chunks_load_feature: Element factory : npadtemplates=2
0:00:00.015801882  2775 0x1e9e320 DEBUG   GST_POLL gstpoll.c:980:gst_poll_fd_ctl_write: 0x1ea69e0: fd (fd:0, idx:1), active : 1
0:00:00.020303090  2774 0xfca390 DEBUG   GST_REGISTRY gstregistrychunks.c:527:gst_registry_chunks_load_pad_template: Reading/casting for GstRegistryChunkPadTemplate at address 0xfe6820
0:00:00.015808177  2775 0x1e9e320 LOG   GST_POLL gstpoll.c:994:gst_poll_fd_ctl_write: 0x1ea69e0: pfd->events now 60 (POLLOUT:4)
0:00:00.020308914  2774 0xfca390 DEBUG   GST_REGISTRY gstregistrychunks.c:540:gst_registry_chunks_load_pad_template: Added pad_template src
0:00:00.015814737  2775 0x1e9e320 DEBUG   GST_POLL gstpoll.c:980:gst_poll_fd_ctl_write: 0x1ea69e0: fd (fd:0, idx:1), active : 1
0:00:00.020314721  2774 0xfca390 DEBUG   GST_REGISTRY gstregistrychunks.c:527:gst_registry_chunks_load_pad_template: Reading/casting for GstRegistryChunkPadTemplate at address 0xfe6830
0:00:00.015822843  2775 0x1e9e320 LOG   GST_POLL gstpoll.c:994:gst_poll_fd_ctl_write: 0x1ea69e0: pfd->events now 60 (POLLOUT:4)
0:00:00.020322876  2774 0xfca390 DEBUG   GST_REGISTRY gstregistrychunks.c:540:gst_registry_chunks_load_pad_template: Added pad_template sink_%u
0:00:00.015830309  2775 0x1e9e320 DEBUG   GST_POLL gstpoll.c:980:gst_poll_fd_ctl_write: 0x1ea69e0: fd (fd:0, idx:1), active : 1
0:00:00.020332340  2774 0xfca390 DEBUG   GST_REGISTRY gstregistry.c:590:gst_registry_add_feature: adding feature 0xfe9700 (input-selector)
0:00:00.015836492  2775 0x1e9e320 LOG   GST_POLL gstpoll.c:994:gst_poll_fd_ctl_write: 0x1ea69e0: pfd->events now 60 (POLLOUT:4)
0:00:00.020338937  2774 0xfca390 DEBUG   GST_REFCOUNTING gstobject.c:709:gst_object_set_parent: set parent (ref and sink)
0:00:00.015844276  2775 0x1e9e320 DEBUG   GST_POLL gstpoll.c:980:gst_poll_fd_ctl_write: 0x1ea69e0: fd (fd:0, idx:1), active : 1
0:00:00.015850618  2775 0x1e9e320 LOG   GST_POLL gstpoll.c:994:gst_poll_fd_ctl_write: 0x1ea69e0: pfd->events now 60 (POLLOUT:4)
0:00:00.020346789  2774 0xfca390 TRACE   GST_REFCOUNTING gstobject.c:294:gst_object_ref_sink: 0xfe9700 ref_sink 1->2
0:00:00.015856578  2775 0x1e9e320 DEBUG   GST_POLL gstpoll.c:980:gst_poll_fd_ctl_write: 0x1ea69e0: fd (fd:0, idx:1), active : 1
0:00:00.020360004  2774 0xfca390 LOG   GST_REGISTRY gstregistry.c:608:gst_registry_add_feature: emitting feature-added for input-selector
0:00:00.015864825  2775 0x1e9e320 LOG   GST_POLL gstpoll.c:994:gst_poll_fd_ctl_write: 0x1ea69e0: pfd->events now 60 (POLLOUT:4)
0:00:00.020367348  2774 0xfca390 DEBUG   GST_REGISTRY gstregistrychunks.c:742:gst_registry_chunks_load_feature: Added feature input-selector, plugin 0xfe57b0 coreelements
0:00:00.015871656  2775 0x1e9e320 DEBUG   GST_POLL gstpoll.c:980:gst_poll_fd_ctl_write: 0x1ea69e0: fd (fd:0, idx:1), active : 1
0:00:00.020374393  2774 0xfca390 DEBUG   GST_REGISTRY gstregistrychunks.c:584:gst_registry_chunks_load_feature: Plugin 'coreelements' feature 'identity' typename : 'GstElementFactory'
0:00:00.015880561  2775 0x1e9e320 LOG   GST_POLL gstpoll.c:994:gst_poll_fd_ctl_write: 0x1ea69e0: pfd->events now 60 (POLLOUT:4)
0:00:00.020382805  2774 0xfca390 TRACE   GST_REFCOUNTING gstobject.c:208:gst_object_init: 0xfe9b90 new
0:00:00.015888101  2775 0x1e9e320 DEBUG   GST_POLL gstpoll.c:980:gst_poll_fd_ctl_write: 0x1ea69e0: fd (fd:0, idx:1), active : 1
0:00:00.015895776  2775 0x1e9e320 LOG   GST_POLL gstpoll.c:994:gst_poll_fd_ctl_write: 0x1ea69e0: pfd->events now 60 (POLLOUT:4)
0:00:00.020393969  2774 0xfca390 LOG   GST_REGISTRY gstregistrychunks.c:611:gst_registry_chunks_load_feature: Reading/casting for GstRegistryChunkElementFactory at address 0xfe6860
0:00:00.015901822  2775 0x1e9e320 DEBUG   GST_POLL gstpoll.c:980:gst_poll_fd_ctl_write: 0x1ea69e0: fd (fd:0, idx:1), active : 1
0:00:00.020401753  2774 0xfca390 TRACE   structure gststructure.c:292:gst_structure_new_id_empty_with_size: created structure 0xfe9c80
0:00:00.015907619  2775 0x1e9e320 LOG   GST_POLL gstpoll.c:994:gst_poll_fd_ctl_write: 0x1ea69e0: pfd->events now 60 (POLLOUT:4)
0:00:00.020407980  2774 0xfca390 DEBUG   structure gststructure.c:2258:gst_structure_parse_field: trying field name 'long-name'
