0:00:00.018842980  2724 0x5583eca35320 DEBUG   structure gststructure.c:2258:gst_structure_parse_field: trying field name 'description'
0:00:00.014514032  2725 0x55dacc471320 DEBUG   GST_POLL gstpoll.c:980:gst_poll_fd_ctl_write: 0x55dacc495cf0: fd (fd:0, idx:1), active : 1
0:00:00.018849077  2724 0x5583eca35320 DEBUG   default gstvalue.c:2776:_priv_gst_value_parse_value: trying type name 'string'
0:00:00.014520294  2725 0x55dacc471320 LOG   GST_POLL gstpoll.c:994:gst_poll_fd_ctl_write: 0x55dacc495cf0: pfd->events now 60 (POLLOUT:4)
0:00:00.018856219  2724 0x5583eca35320 DEBUG   structure gststructure.c:2258:gst_structure_parse_field: trying field name 'author'
0:00:00.014527051  2725 0x55dacc471320 DEBUG   GST_POLL gstpoll.c:980:gst_poll_fd_ctl_write: 0x55dacc495cf0: fd (fd:0, idx:1), active : 1
0:00:00.018862663  2724 0x5583eca35320 DEBUG   default gstvalue.c:2776:_priv_gst_value_parse_value: trying type name 'string'
0:00:00.014533586  2725 0x55dacc471320 LOG   GST_POLL gstpoll.c:994:gst_poll_fd_ctl_write: 0x55dacc495cf0: pfd->events now 60 (POLLOUT:4)
0:00:00.018869731  2724 0x5583eca35320 DEBUG   GST_REGISTRY gstregistrychunks.c:627:gst_registry_chunks_load_feature: Element factory : npadtemplates=2
0:00:00.014540154  2725 0x55dacc471320 DEBUG   GST_POLL gstpoll.c:980:gst_poll_fd_ctl_write: 0x55dacc495cf0: fd (fd:0, idx:1), active : 1
0:00:00.018875711  2724 0x5583eca35320 DEBUG   GST_REGISTRY gstregistrychunks.c:527:gst_registry_chunks_load_pad_template: Reading/casting for GstRegistryChunkPadTemplate at address 0x5583eca5c548
0:00:00.014546545  2725 0x55dacc471320 LOG   GST_POLL gstpoll.c:994:gst_poll_fd_ctl_write: 0x55dacc495cf0: pfd->events now 60 (POLLOUT:4)
0:00:00.018886285  2724 0x5583eca35320 DEBUG   GST_REGISTRY gstregistrychunks.c:540:gst_registry_chunks_load_pad_template: Added pad_template sink
0:00:00.014555958  2725 0x55dacc471320 DEBUG   GST_POLL gstpoll.c:980:gst_poll_fd_ctl_write: 0x55dacc495cf0: fd (fd:0, idx:1), active : 1
0:00:00.014562459  2725 0x55dacc471320 LOG   GST_POLL gstpoll.c:994:gst_poll_fd_ctl_write: 0x55dacc495cf0: pfd->events now 60 (POLLOUT:4)
0:00:00.018896019  2724 0x5583eca35320 DEBUG   GST_REGISTRY gstregistrychunks.c:527:gst_registry_chunks_load_pad_template: Reading/casting for GstRegistryChunkPadTemplate at address 0x5583eca5c560
0:00:00.014568563  2725 0x55dacc471320 DEBUG   GST_POLL gstpoll.c:980:gst_poll_fd_ctl_write: 0x55dacc495cf0: fd (fd:0, idx:1), active : 1
0:00:00.018903811  2724 0x5583eca35320 DEBUG   GST_REGISTRY gstregistrychunks.c:540:gst_registry_chunks_load_pad_template: Added pad_template src
0:00:00.014575058  2725 0x55dacc471320 LOG   GST_POLL gstpoll.c:994:gst_poll_fd_ctl_write: 0x55dacc495cf0: pfd->events now 60 (POLLOUT:4)
0:00:00.018911895  2724 0x5583eca35320 DEBUG   GST_REGISTRY gstregistry.c:590:gst_registry_add_feature: adding feature 0x5583eca5fa10 (queue)
0:00:00.014581729  2725 0x55dacc471320 DEBUG   GST_POLL gstpoll.c:980:gst_poll_fd_ctl_write: 0x55dacc495cf0: fd (fd:0, idx:1), active : 1
0:00:00.018919611  2724 0x5583eca35320 DEBUG   GST_REFCOUNTING gstobject.c:709:gst_object_set_parent: set parent (ref and sink)
0:00:00.014588349  2725 0x55dacc471320 LOG   GST_POLL gstpoll.c:994:gst_poll_fd_ctl_write: 0x55dacc495cf0: pfd->events now 60 (POLLOUT:4)
0:00:00.018927429  2724 0x5583eca35320 TRACE   GST_REFCOUNTING gstobject.c:294:gst_object_ref_sink: 0x5583eca5fa10 ref_sink 1->2
0:00:00.014596115  2725 0x55dacc471320 DEBUG   GST_POLL gstpoll.c:980:gst_poll_fd_ctl_write: 0x55dacc495cf0: fd (fd:0, idx:1), active : 1
0:00:00.018934362  2724 0x5583eca35320 LOG   GST_REGISTRY gstregistry.c:608:gst_registry_add_feature: emitting feature-added for queue
0:00:00.014603509  2725 0x55dacc471320 LOG   GST_POLL gstpoll.c:994:gst_poll_fd_ctl_write: 0x55dacc495cf0: pfd->events now 60 (POLLOUT:4)
0:00:00.018941327  2724 0x5583eca35320 DEBUG   GST_REGISTRY gstregistrychunks.c:742:gst_registry_chunks_load_feature: Added feature queue, plugin 0x5583eca5acc0 coreelements
0:00:00.014610221  2725 0x55dacc471320 DEBUG   GST_POLL gstpoll.c:980:gst_poll_fd_ctl_write: 0x55dacc495cf0: fd (fd:0, idx:1), active : 1
0:00:00.018948034  2724 0x5583eca35320 DEBUG   GST_REGISTRY gstregistrychunks.c:584:gst_registry_chunks_load_feature: Plugin 'coreelements' feature 'output-selector' typename : 'GstElementFactory'
0:00:00.014616459  2725 0x55dacc471320 LOG   GST_POLL gstpoll.c:994:gst_poll_fd_ctl_write: 0x55dacc495cf0: pfd->events now 60 (POLLOUT:4)
0:00:00.018955418  2724 0x5583eca35320 TRACE   GST_REFCOUNTING gstobject.c:208:gst_object_init: 0x5583eca60340 new
0:00:00.014623680  2725 0x55dacc471320 DEBUG   GST_POLL gstpoll.c:980:gst_poll_fd_ctl_write: 0x55dacc495cf0: fd (fd:0, idx:1), active : 1
0:00:00.018967020  2724 0x5583eca35320 LOG   GST_REGISTRY gstregistrychunks.c:611:gst_registry_chunks_load_feature: Reading/casting for GstRegistryChunkElementFactory at address 0x5583eca5c598
0:00:00.014635658  2725 0x55dacc471320 LOG   GST_POLL gstpoll.c:994:gst_poll_fd_ctl_write: 0x55dacc495cf0: pfd->events now 60 (POLLOUT:4)
0:00:00.018973898  2724 0x5583eca35320 TRACE   structure gststructure.c:292:gst_structure_new_id_empty_with_size: created structure 0x5583eca604c0
0:00:00.014643043  2725 0x55dacc471320 DEBUG   GST_POLL gstpoll.c:980:gst_poll_fd_ctl_write: 0x55dacc495cf0: fd (fd:0, idx:1), active : 1
0:00:00.018980053  2724 0x5583eca35320 DEBUG   structure gststructure.c:2258:gst_structure_parse_field: trying field name 'long-name'
0:00:00.014649323  2725 0x55dacc471320 LOG   GST_POLL gstpoll.c:994:gst_poll_fd_ctl_write: 0x55dacc495cf0: pfd->events now 60 (POLLOUT:4)
0:00:00.018986490  2724 0x5583eca35320 DEBUG   default gstvalue.c:2776:_priv_gst_value_parse_value: trying type name 'string'
0:00:00.014656275  2725 0x55dacc471320 DEBUG   GST_POLL gstpoll.c:980:gst_poll_fd_ctl_write: 0x55dacc495cf0: fd (fd:0, idx:1), active : 1
0:00:00.018993512  2724 0x5583eca35320 DEBUG   structure gststructure.c:2258:gst_structure_parse_field: trying field name 'klass'
0:00:00.014662677  2725 0x55dacc471320 LOG   GST_POLL gstpoll.c:994:gst_poll_fd_ctl_write: 0x55dacc495cf0: pfd->events now 60 (POLLOUT:4)
0:00:00.018999992  2724 0x5583eca35320 DEBUG   default gstvalue.c:2776:_priv_gst_value_parse_value: trying type name 'string'
0:00:00.014669505  2725 0x55dacc471320 DEBUG   GST_POLL gstpoll.c:980:gst_poll_fd_ctl_write: 0x55dacc495cf0: fd (fd:0, idx:1), active : 1
0:00:00.019006656  2724 0x5583eca35320 DEBUG   structure gststructure.c:2258:gst_structure_parse_field: trying field name 'description'
0:00:00.014675878  2725 0x55dacc471320 LOG   GST_POLL gstpoll.c:994:gst_poll_fd_ctl_write: 0x55dacc495cf0: pfd->events now 60 (POLLOUT:4)
0:00:00.019012710  2724 0x5583eca35320 DEBUG   default gstvalue.c:2776:_priv_gst_value_parse_value: trying type name 'string'
0:00:00.014682434  2725 0x55dacc471320 DEBUG   GST_POLL gstpoll.c:980:gst_poll_fd_ctl_write: 0x55dacc495cf0: fd (fd:0, idx:1), active : 1
0:00:00.019019643  2724 0x5583eca35320 DEBUG   structure gststructure.c:2258:gst_structure_parse_field: trying field name 'author'
0:00:00.014688738  2725 0x55dacc471320 LOG   GST_POLL gstpoll.c:994:gst_poll_fd_ctl_write: 0x55dacc495cf0: pfd->events now 60 (POLLOUT:4)
0:00:00.019025997  2724 0x5583eca35320 DEBUG   default gstvalue.c:2776:_priv_gst_value_parse_value: trying type name 'string'
0:00:00.014695335  2725 0x55dacc471320 DEBUG   GST_POLL gstpoll.c:980:gst_poll_fd_ctl_write: 0x55dacc495cf0: fd (fd:0, idx:1), active : 1
0:00:00.019032761  2724 0x5583eca35320 DEBUG   GST_REGISTRY gstregistrychunks.c:627:gst_registry_chunks_load_feature: Element factory : npadtemplates=2
0:00:00.014701676  2725 0x55dacc471320 LOG   GST_POLL gstpoll.c:994:gst_poll_fd_ctl_write: 0x55dacc495cf0: pfd->events now 60 (POLLOUT:4)
0:00:00.019038599  2724 0x5583eca35320 DEBUG   GST_REGISTRY gstregistrychunks.c:527:gst_registry_chunks_load_pad_template: Reading/casting for GstRegistryChunkPadTemplate at address 0x5583eca5c670
0:00:00.014715326  2725 0x55dacc471320 DEBUG   GST_POLL gstpoll.c:980:gst_poll_fd_ctl_write: 0x55dacc495cf0: fd (fd:0, idx:1), active : 1
0:00:00.019050441  2724 0x5583eca35320 DEBUG   GST_REGISTRY gstregistrychunks.c:540:gst_registry_chunks_load_pad_template: Added pad_template src_%u
0:00:00.014721917  2725 0x55dacc471320 LOG   GST_POLL gstpoll.c:994:gst_poll_fd_ctl_write: 0x55dacc495cf0: pfd->events now 60 (POLLOUT:4)
0:00:00.019056788  2724 0x5583eca35320 DEBUG   GST_REGISTRY gstregistrychunks.c:527:gst_registry_chunks_load_pad_template: Reading/casting for GstRegistryChunkPadTemplate at address 0x5583eca5c688
0:00:00.014728511  2725 0x55dacc471320 DEBUG   GST_POLL gstpoll.c:980:gst_poll_fd_ctl_write: 0x55dacc495cf0: fd (fd:0, idx:1), active : 1
0:00:00.019063391  2724 0x5583eca35320 DEBUG   GST_REGISTRY gstregistrychunks.c:540:gst_registry_chunks_load_pad_template: Added pad_template sink
0:00:00.014734752  2725 0x55dacc471320 LOG   GST_POLL gstpoll.c:994:gst_poll_fd_ctl_write: 0x55dacc495cf0: pfd->events now 60 (POLLOUT:4)
0:00:00.019071430  2724 0x5583eca35320 DEBUG   GST_REGISTRY gstregistry.c:590:gst_registry_add_feature: adding feature 0x5583eca60340 (output-selector)
0:00:00.014741123  2725 0x55dacc471320 DEBUG   GST_POLL gstpoll.c:980:gst_poll_fd_ctl_write: 0x55dacc495cf0: fd (fd:0, idx:1), active : 1
0:00:00.019077779  2724 0x5583eca35320 DEBUG   GST_REFCOUNTING gstobject.c:709:gst_object_set_parent: set parent (ref and sink)
0:00:00.014747385  2725 0x55dacc471320 LOG   GST_POLL gstpoll.c:994:gst_poll_fd_ctl_write: 0x55dacc495cf0: pfd->events now 60 (POLLOUT:4)
0:00:00.019085234  2724 0x5583eca35320 TRACE   GST_REFCOUNTING gstobject.c:294:gst_object_ref_sink: 0x5583eca60340 ref_sink 1->2
0:00:00.014753888  2725 0x55dacc471320 DEBUG   GST_POLL gstpoll.c:980:gst_poll_fd_ctl_write: 0x55dacc495cf0: fd (fd:0, idx:1), active : 1
0:00:00.019091865  2724 0x5583eca35320 LOG   GST_REGISTRY gstregistry.c:608:gst_registry_add_feature: emitting feature-added for output-selector
0:00:00.014760692  2725 0x55dacc471320 LOG   GST_POLL gstpoll.c:994:gst_poll_fd_ctl_write: 0x55dacc495cf0: pfd->events now 60 (POLLOUT:4)
0:00:00.019099143  2724 0x5583eca35320 DEBUG   GST_REGISTRY gstregistrychunks.c:742:gst_registry_chunks_load_feature: Added feature output-selector, plugin 0x5583eca5acc0 coreelements
0:00:00.014768015  2725 0x55dacc471320 DEBUG   GST_POLL gstpoll.c:980:gst_poll_fd_ctl_write: 0x55dacc495cf0: fd (fd:0, idx:1), active : 1
0:00:00.019106162  2724 0x5583eca35320 DEBUG   GST_REGISTRY gstregistrychunks.c:584:gst_registry_chunks_load_feature: Plugin 'coreelements' feature 'input-selector' typename : 'GstElementFactory'
0:00:00.014774610  2725 0x55dacc471320 LOG   GST_POLL gstpoll.c:994:gst_poll_fd_ctl_write: 0x55dacc495cf0: pfd->events now 60 (POLLOUT:4)
0:00:00.019113579  2724 0x5583eca35320 TRACE   GST_REFCOUNTING gstobject.c:208:gst_object_init: 0x5583eca60900 new
0:00:00.014782228  2725 0x55dacc471320 LOG   GST_PLUGIN_LOADING gstpluginloader.c:645:put_chunk: Expanding tx buf from 10158 to 13209 for chunk of size 209
0:00:00.019128096  2724 0x5583eca35320 LOG   GST_REGISTRY gstregistrychunks.c:611:gst_registry_chunks_load_feature: Reading/casting for GstRegistryChunkElementFactory at address 0x5583eca5c6c0
0:00:00.019136985  2724 0x5583eca35320 TRACE   structure gststructure.c:292:gst_structure_new_id_empty_with_size: created structure 0x5583eca60c10
0:00:00.014809009  2725 0x55dacc471320 DEBUG   GST_POLL gstpoll.c:980:gst_poll_fd_ctl_write: 0x55dacc495cf0: fd (fd:0, idx:1), active : 1
0:00:00.019142962  2724 0x5583eca35320 DEBUG   structure gststructure.c:2258:gst_structure_parse_field: trying field name 'long-name'
0:00:00.014816598  2725 0x55dacc471320 LOG   GST_POLL gstpoll.c:994:gst_poll_fd_ctl_write: 0x55dacc495cf0: pfd->events now 60 (POLLOUT:4)
0:00:00.019151359  2724 0x5583eca35320 DEBUG   default gstvalue.c:2776:_priv_gst_value_parse_value: trying type name 'string'
0:00:00.014823632  2725 0x55dacc471320 DEBUG   GST_POLL gstpoll.c:980:gst_poll_fd_ctl_write: 0x55dacc495cf0: fd (fd:0, idx:1), active : 1
0:00:00.019159060  2724 0x5583eca35320 DEBUG   structure gststructure.c:2258:gst_structure_parse_field: trying field name 'klass'
0:00:00.014830210  2725 0x55dacc471320 LOG   GST_POLL gstpoll.c:994:gst_poll_fd_ctl_write: 0x55dacc495cf0: pfd->events now 60 (POLLOUT:4)
0:00:00.019165559  2724 0x5583eca35320 DEBUG   default gstvalue.c:2776:_priv_gst_value_parse_value: trying type name 'string'
0:00:00.014836895  2725 0x55dacc471320 DEBUG   GST_POLL gstpoll.c:980:gst_poll_fd_ctl_write: 0x55dacc495cf0: fd (fd:0, idx:1), active : 1
0:00:00.019172006  2724 0x5583eca35320 DEBUG   structure gststructure.c:2258:gst_structure_parse_field: trying field name 'description'
0:00:00.014843213  2725 0x55dacc471320 LOG   GST_POLL gstpoll.c:994:gst_poll_fd_ctl_write: 0x55dacc495cf0: pfd->events now 60 (POLLOUT:4)
0:00:00.019178227  2724 0x5583eca35320 DEBUG   default gstvalue.c:2776:_priv_gst_value_parse_value: trying type name 'string'
0:00:00.014849604  2725 0x55dacc471320 DEBUG   GST_POLL gstpoll.c:980:gst_poll_fd_ctl_write: 0x55dacc495cf0: fd (fd:0, idx:1), active : 1
0:00:00.019185058  2724 0x5583eca35320 DEBUG   structure gststructure.c:2258:gst_structure_parse_field: trying field name 'author'
0:00:00.014855911  2725 0x55dacc471320 LOG   GST_POLL gstpoll.c:994:gst_poll_fd_ctl_write: 0x55dacc495cf0: pfd->events now 60 (POLLOUT:4)
0:00:00.019190981  2724 0x5583eca35320 DEBUG   default gstvalue.c:2776:_priv_gst_value_parse_value: trying type name 'string'
0:00:00.014862585  2725 0x55dacc471320 DEBUG   GST_POLL gstpoll.c:980:gst_poll_fd_ctl_write: 0x55dacc495cf0: fd (fd:0, idx:1), active : 1
0:00:00.019198925  2724 0x5583eca35320 DEBUG   GST_REGISTRY gstregistrychunks.c:627:gst_registry_chunks_load_feature: Element factory : npadtemplates=2
0:00:00.014869353  2725 0x55dacc471320 LOG   GST_POLL gstpoll.c:994:gst_poll_fd_ctl_write: 0x55dacc495cf0: pfd->events now 60 (POLLOUT:4)
0:00:00.019204829  2724 0x5583eca35320 DEBUG   GST_REGISTRY gstregistrychunks.c:527:gst_registry_chunks_load_pad_template: Reading/casting for GstRegistryChunkPadTemplate at address 0x5583eca5c7f0
0:00:00.014880158  2725 0x55dacc471320 DEBUG   GST_POLL gstpoll.c:980:gst_poll_fd_ctl_write: 0x55dacc495cf0: fd (fd:0, idx:1), active : 1
0:00:00.019215188  2724 0x5583eca35320 DEBUG   GST_REGISTRY gstregistrychunks.c:540:gst_registry_chunks_load_pad_template: Added pad_template src
0:00:00.014886772  2725 0x55dacc471320 LOG   GST_POLL gstpoll.c:994:gst_poll_fd_ctl_write: 0x55dacc495cf0: pfd->events now 60 (POLLOUT:4)
0:00:00.019225031  2724 0x5583eca35320 DEBUG   GST_REGISTRY gstregistrychunks.c:527:gst_registry_chunks_load_pad_template: Reading/casting for GstRegistryChunkPadTemplate at address 0x5583eca5c800
0:00:00.014893456  2725 0x55dacc471320 DEBUG   GST_POLL gstpoll.c:980:gst_poll_fd_ctl_write: 0x55dacc495cf0: fd (fd:0, idx:1), active : 1
0:00:00.019231423  2724 0x5583eca35320 DEBUG   GST_REGISTRY gstregistrychunks.c:540:gst_registry_chunks_load_pad_template: Added pad_template sink_%u
0:00:00.014900508  2725 0x55dacc471320 LOG   GST_POLL gstpoll.c:994:gst_poll_fd_ctl_write: 0x55dacc495cf0: pfd->events now 60 (POLLOUT:4)
0:00:00.019239321  2724 0x5583eca35320 DEBUG   GST_REGISTRY gstregistry.c:590:gst_registry_add_feature: adding feature 0x5583eca60900 (input-selector)
0:00:00.014907289  2725 0x55dacc471320 DEBUG   GST_POLL gstpoll.c:980:gst_poll_fd_ctl_write: 0x55dacc495cf0: fd (fd:0, idx:1), active : 1
0:00:00.019245466  2724 0x5583eca35320 DEBUG   GST_REFCOUNTING gstobject.c:709:gst_object_set_parent: set parent (ref and sink)
0:00:00.014914722  2725 0x55dacc471320 LOG   GST_POLL gstpoll.c:994:gst_poll_fd_ctl_write: 0x55dacc495cf0: pfd->events now 60 (POLLOUT:4)
0:00:00.019253160  2724 0x5583eca35320 TRACE   GST_REFCOUNTING gstobject.c:294:gst_object_ref_sink: 0x5583eca60900 ref_sink 1->2
0:00:00.014921782  2725 0x55dacc471320 DEBUG   GST_POLL gstpoll.c:980:gst_poll_fd_ctl_write: 0x55dacc495cf0: fd (fd:0, idx:1), active : 1
0:00:00.019259822  2724 0x5583eca35320 LOG   GST_REGISTRY gstregistry.c:608:gst_registry_add_feature: emitting feature-added for input-selector
0:00:00.014928991  2725 0x55dacc471320 LOG   GST_POLL gstpoll.c:994:gst_poll_fd_ctl_write: 0x55dacc495cf0: pfd->events now 60 (POLLOUT:4)
0:00:00.019266820  2724 0x5583eca35320 DEBUG   GST_REGISTRY gstregistrychunks.c:742:gst_registry_chunks_load_feature: Added feature input-selector, plugin 0x5583eca5acc0 coreelements
0:00:00.014935402  2725 0x55dacc471320 DEBUG   GST_POLL gstpoll.c:980:gst_poll_fd_ctl_write: 0x55dacc495cf0: fd (fd:0, idx:1), active : 1
0:00:00.019273382  2724 0x5583eca35320 DEBUG   GST_REGISTRY gstregistrychunks.c:584:gst_registry_chunks_load_feature: Plugin 'coreelements' feature 'identity' typename : 'GstElementFactory'
0:00:00.014942215  2725 0x55dacc471320 LOG   GST_POLL gstpoll.c:994:gst_poll_fd_ctl_write: 0x55dacc495cf0: pfd->events now 60 (POLLOUT:4)
0:00:00.019281234  2724 0x5583eca35320 TRACE   GST_REFCOUNTING gstobject.c:208:gst_object_init: 0x5583eca610c0 new
0:00:00.014949562  2725 0x55dacc471320 DEBUG   GST_POLL gstpoll.c:980:gst_poll_fd_ctl_write: 0x55dacc495cf0: fd (fd:0, idx:1), active : 1
0:00:00.019293188  2724 0x5583eca35320 LOG   GST_REGISTRY gstregistrychunks.c:611:gst_registry_chunks_load_feature: Reading/casting for GstRegistryChunkElementFactory at address 0x5583eca5c830
0:00:00.014961782  2725 0x55dacc471320 LOG   GST_POLL gstpoll.c:994:gst_poll_fd_ctl_write: 0x55dacc495cf0: pfd->events now 60 (POLLOUT:4)
0:00:00.019300146  2724 0x5583eca35320 TRACE   structure gststructure.c:292:gst_structure_new_id_empty_with_size: created structure 0x5583eca612f0
0:00:00.014969485  2725 0x55dacc471320 DEBUG   GST_POLL gstpoll.c:980:gst_poll_fd_ctl_write: 0x55dacc495cf0: fd (fd:0, idx:1), active : 1
0:00:00.019306494  2724 0x5583eca35320 DEBUG   structure gststructure.c:2258:gst_structure_parse_field: trying field name 'long-name'
0:00:00.014976026  2725 0x55dacc471320 LOG   GST_POLL gstpoll.c:994:gst_poll_fd_ctl_write: 0x55dacc495cf0: pfd->events now 60 (POLLOUT:4)
0:00:00.019313017  2724 0x5583eca35320 DEBUG   default gstvalue.c:2776:_priv_gst_value_parse_value: trying type name 'string'
0:00:00.014982463  2725 0x55dacc471320 DEBUG   GST_POLL gstpoll.c:980:gst_poll_fd_ctl_write: 0x55dacc495cf0: fd (fd:0, idx:1), active : 1
0:00:00.019319689  2724 0x5583eca35320 DEBUG   structure gststructure.c:2258:gst_structure_parse_field: trying field name 'klass'
0:00:00.014988922  2725 0x55dacc471320 LOG   GST_POLL gstpoll.c:994:gst_poll_fd_ctl_write: 0x55dacc495cf0: pfd->events now 60 (POLLOUT:4)
0:00:00.019325921  2724 0x5583eca35320 DEBUG   default gstvalue.c:2776:_priv_gst_value_parse_value: trying type name 'string'
0:00:00.014995566  2725 0x55dacc471320 DEBUG   GST_POLL gstpoll.c:980:gst_poll_fd_ctl_write: 0x55dacc495cf0: fd (fd:0, idx:1), active : 1
0:00:00.019332647  2724 0x5583eca35320 DEBUG   structure gststructure.c:2258:gst_structure_parse_field: trying field name 'description'
0:00:00.015002090  2725 0x55dacc471320 LOG   GST_POLL gstpoll.c:994:gst_poll_fd_ctl_write: 0x55dacc495cf0: pfd->events now 60 (POLLOUT:4)
0:00:00.019338741  2724 0x5583eca35320 DEBUG   default gstvalue.c:2776:_priv_gst_value_parse_value: trying type name 'string'
0:00:00.015008448  2725 0x55dacc471320 DEBUG   GST_POLL gstpoll.c:980:gst_poll_fd_ctl_write: 0x55dacc495cf0: fd (fd:0, idx:1), active : 1
0:00:00.019345404  2724 0x5583eca35320 DEBUG   structure gststructure.c:2258:gst_structure_parse_field: trying field name 'author'
0:00:00.015014671  2725 0x55dacc471320 LOG   GST_POLL gstpoll.c:994:gst_poll_fd_ctl_write: 0x55dacc495cf0: pfd->events now 60 (POLLOUT:4)
0:00:00.019351624  2724 0x5583eca35320 DEBUG   default gstvalue.c:2776:_priv_gst_value_parse_value: trying type name 'string'
0:00:00.015021170  2725 0x55dacc471320 DEBUG   GST_POLL gstpoll.c:980:gst_poll_fd_ctl_write: 0x55dacc495cf0: fd (fd:0, idx:1), active : 1
0:00:00.019358392  2724 0x5583eca35320 DEBUG   GST_REGISTRY gstregistrychunks.c:627:gst_registry_chunks_load_feature: Element factory : npadtemplates=2
0:00:00.015027484  2725 0x55dacc471320 LOG   GST_POLL gstpoll.c:994:gst_poll_fd_ctl_write: 0x55dacc495cf0: pfd->events now 60 (POLLOUT:4)
0:00:00.019364175  2724 0x5583eca35320 DEBUG   GST_REGISTRY gstregistrychunks.c:527:gst_registry_chunks_load_pad_template: Reading/casting for GstRegistryChunkPadTemplate at address 0x5583eca5c900
0:00:00.015037798  2725 0x55dacc471320 DEBUG   GST_POLL gstpoll.c:980:gst_poll_fd_ctl_write: 0x55dacc495cf0: fd (fd:0, idx:1), active : 1
0:00:00.019372828  2724 0x5583eca35320 DEBUG   GST_REGISTRY gstregistrychunks.c:540:gst_registry_chunks_load_pad_template: Added pad_template sink
0:00:00.015044218  2725 0x55dacc471320 LOG   GST_POLL gstpoll.c:994:gst_poll_fd_ctl_write: 0x55dacc495cf0: pfd->events now 60 (POLLOUT:4)
0:00:00.019379097  2724 0x5583eca35320 DEBUG   GST_REGISTRY gstregistrychunks.c:527:gst_registry_chunks_load_pad_template: Reading/casting for GstRegistryChunkPadTemplate at address 0x5583eca5c918
0:00:00.015051081  2725 0x55dacc471320 DEBUG   GST_POLL gstpoll.c:980:gst_poll_fd_ctl_write: 0x55dacc495cf0: fd (fd:0, idx:1), active : 1
0:00:00.019385727  2724 0x5583eca35320 DEBUG   GST_REGISTRY gstregistrychunks.c:540:gst_registry_chunks_load_pad_template: Added pad_template src
0:00:00.015057651  2725 0x55dacc471320 LOG   GST_POLL gstpoll.c:994:gst_poll_fd_ctl_write: 0x55dacc495cf0: pfd->events now 60 (POLLOUT:4)
0:00:00.019393946  2724 0x5583eca35320 DEBUG   GST_REGISTRY gstregistry.c:590:gst_registry_add_feature: adding feature 0x5583eca610c0 (identity)
0:00:00.015064138  2725 0x55dacc471320 DEBUG   GST_POLL gstpoll.c:980:gst_poll_fd_ctl_write: 0x55dacc495cf0: fd (fd:0, idx:1), active : 1
0:00:00.019400121  2724 0x5583eca35320 DEBUG   GST_REFCOUNTING gstobject.c:709:gst_object_set_parent: set parent (ref and sink)
0:00:00.015070286  2725 0x55dacc471320 LOG   GST_POLL gstpoll.c:994:gst_poll_fd_ctl_write: 0x55dacc495cf0: pfd->events now 60 (POLLOUT:4)
0:00:00.019407708  2724 0x5583eca35320 TRACE   GST_REFCOUNTING gstobject.c:294:gst_object_ref_sink: 0x5583eca610c0 ref_sink 1->2
0:00:00.015076701  2725 0x55dacc471320 DEBUG   GST_POLL gstpoll.c:980:gst_poll_fd_ctl_write: 0x55dacc495cf0: fd (fd:0, idx:1), active : 1
0:00:00.019414440  2724 0x5583eca35320 LOG   GST_REGISTRY gstregistry.c:608:gst_registry_add_feature: emitting feature-added for identity
0:00:00.015083565  2725 0x55dacc471320 LOG   GST_POLL gstpoll.c:994:gst_poll_fd_ctl_write: 0x55dacc495cf0: pfd->events now 60 (POLLOUT:4)
0:00:00.019421405  2724 0x5583eca35320 DEBUG   GST_REGISTRY gstregistrychunks.c:742:gst_registry_chunks_load_feature: Added feature identity, plugin 0x5583eca5acc0 coreelements
0:00:00.015090056  2725 0x55dacc471320 DEBUG   GST_POLL gstpoll.c:980:gst_poll_fd_ctl_write: 0x55dacc495cf0: fd (fd:0, idx:1), active : 1
0:00:00.019428089  2724 0x5583eca35320 DEBUG   GST_REGISTRY gstregistrychunks.c:584:gst_registry_chunks_load_feature: Plugin 'coreelements' feature 'funnel' typename : 'GstElementFactory'
0:00:00.015096738  2725 0x55dacc471320 LOG   GST_POLL gstpoll.c:994:gst_poll_fd_ctl_write: 0x55dacc495cf0: pfd->events now 60 (POLLOUT:4)
0:00:00.015117459  2725 0x55dacc471320 DEBUG   GST_POLL gstpoll.c:980:gst_poll_fd_ctl_write: 0x55dacc495cf0: fd (fd:0, idx:1), active : 1
0:00:00.019452814  2724 0x5583eca35320 TRACE   GST_REFCOUNTING gstobject.c:208:gst_object_init: 0x5583eca61730 new
0:00:00.015128722  2725 0x55dacc471320 LOG   GST_POLL gstpoll.c:994:gst_poll_fd_ctl_write: 0x55dacc495cf0: pfd->events now 60 (POLLOUT:4)
0:00:00.015135211  2725 0x55dacc471320 DEBUG   GST_POLL gstpoll.c:980:gst_poll_fd_ctl_write: 0x55dacc495cf0: fd (fd:0, idx:1), active : 1
0:00:00.019469588  2724 0x5583eca35320 LOG   GST_REGISTRY gstregistrychunks.c:611:gst_registry_chunks_load_feature: Reading/casting for GstRegistryChunkElementFactory at address 0x5583eca5c948
0:00:00.015141044  2725 0x55dacc471320 LOG   GST_POLL gstpoll.c:994:gst_poll_fd_ctl_write: 0x55dacc495cf0: pfd->events now 60 (POLLOUT:4)
0:00:00.019481318  2724 0x5583eca35320 TRACE   structure gststructure.c:292:gst_structure_new_id_empty_with_size: created structure 0x5583eca61a30
0:00:00.015149373  2725 0x55dacc471320 DEBUG   GST_POLL gstpoll.c:980:gst_poll_fd_ctl_write: 0x55dacc495cf0: fd (fd:0, idx:1), active : 1
0:00:00.019489157  2724 0x5583eca35320 DEBUG   structure gststructure.c:2258:gst_structure_parse_field: trying field name 'long-name'
0:00:00.015158076  2725 0x55dacc471320 LOG   GST_POLL gstpoll.c:994:gst_poll_fd_ctl_write: 0x55dacc495cf0: pfd->events now 60 (POLLOUT:4)
0:00:00.019495192  2724 0x5583eca35320 DEBUG   default gstvalue.c:2776:_priv_gst_value_parse_value: trying type name 'string'
0:00:00.015164600  2725 0x55dacc471320 DEBUG   GST_POLL gstpoll.c:980:gst_poll_fd_ctl_write: 0x55dacc495cf0: fd (fd:0, idx:1), active : 1
0:00:00.019501963  2724 0x5583eca35320 DEBUG   structure gststructure.c:2258:gst_structure_parse_field: trying field name 'klass'
0:00:00.015170808  2725 0x55dacc471320 LOG   GST_POLL gstpoll.c:994:gst_poll_fd_ctl_write: 0x55dacc495cf0: pfd->events now 60 (POLLOUT:4)
0:00:00.019508098  2724 0x5583eca35320 DEBUG   default gstvalue.c:2776:_priv_gst_value_parse_value: trying type name 'string'
0:00:00.015177539  2725 0x55dacc471320 DEBUG   GST_POLL gstpoll.c:980:gst_poll_fd_ctl_write: 0x55dacc495cf0: fd (fd:0, idx:1), active : 1
0:00:00.019514715  2724 0x5583eca35320 DEBUG   structure gststructure.c:2258:gst_structure_parse_field: trying field name 'description'
0:00:00.015183674  2725 0x55dacc471320 LOG   GST_POLL gstpoll.c:994:gst_poll_fd_ctl_write: 0x55dacc495cf0: pfd->events now 60 (POLLOUT:4)
0:00:00.019521036  2724 0x5583eca35320 DEBUG   default gstvalue.c:2776:_priv_gst_value_parse_value: trying type name 'string'
0:00:00.015190392  2725 0x55dacc471320 DEBUG   GST_POLL gstpoll.c:980:gst_poll_fd_ctl_write: 0x55dacc495cf0: fd (fd:0, idx:1), active : 1
0:00:00.019527673  2724 0x5583eca35320 DEBUG   structure gststructure.c:2258:gst_structure_parse_field: trying field name 'author'
0:00:00.015200875  2725 0x55dacc471320 LOG   GST_POLL gstpoll.c:994:gst_poll_fd_ctl_write: 0x55dacc495cf0: pfd->events now 60 (POLLOUT:4)
0:00:00.019536282  2724 0x5583eca35320 DEBUG   default gstvalue.c:2776:_priv_gst_value_parse_value: trying type name 'string'
0:00:00.015207353  2725 0x55dacc471320 DEBUG   GST_POLL gstpoll.c:980:gst_poll_fd_ctl_write: 0x55dacc495cf0: fd (fd:0, idx:1), active : 1
0:00:00.019543227  2724 0x5583eca35320 DEBUG   GST_REGISTRY gstregistrychunks.c:627:gst_registry_chunks_load_feature: Element factory : npadtemplates=2
0:00:00.015217990  2725 0x55dacc471320 LOG   GST_POLL gstpoll.c:994:gst_poll_fd_ctl_write: 0x55dacc495cf0: pfd->events now 60 (POLLOUT:4)
0:00:00.019553238  2724 0x5583eca35320 DEBUG   GST_REGISTRY gstregistrychunks.c:527:gst_registry_chunks_load_pad_template: Reading/casting for GstRegistryChunkPadTemplate at address 0x5583eca5ca20
0:00:00.015224621  2725 0x55dacc471320 DEBUG   GST_POLL gstpoll.c:980:gst_poll_fd_ctl_write: 0x55dacc495cf0: fd (fd:0, idx:1), active : 1
0:00:00.019559572  2724 0x5583eca35320 DEBUG   GST_REGISTRY gstregistrychunks.c:540:gst_registry_chunks_load_pad_template: Added pad_template src
0:00:00.015230865  2725 0x55dacc471320 LOG   GST_POLL gstpoll.c:994:gst_poll_fd_ctl_write: 0x55dacc495cf0: pfd->events now 60 (POLLOUT:4)
0:00:00.019565733  2724 0x5583eca35320 DEBUG   GST_REGISTRY gstregistrychunks.c:527:gst_registry_chunks_load_pad_template: Reading/casting for GstRegistryChunkPadTemplate at address 0x5583eca5ca30
0:00:00.015237269  2725 0x55dacc471320 DEBUG   GST_POLL gstpoll.c:980:gst_poll_fd_ctl_write: 0x55dacc495cf0: fd (fd:0, idx:1), active : 1
0:00:00.019572174  2724 0x5583eca35320 DEBUG   GST_REGISTRY gstregistrychunks.c:540:gst_registry_chunks_load_pad_template: Added pad_template sink_%u
0:00:00.015243654  2725 0x55dacc471320 LOG   GST_POLL gstpoll.c:994:gst_poll_fd_ctl_write: 0x55dacc495cf0: pfd->events now 60 (POLLOUT:4)
0:00:00.019580500  2724 0x5583eca35320 DEBUG   GST_REGISTRY gstregistry.c:590:gst_registry_add_feature: adding feature 0x5583eca61730 (funnel)
0:00:00.015250265  2725 0x55dacc471320 DEBUG   GST_POLL gstpoll.c:980:gst_poll_fd_ctl_write: 0x55dacc495cf0: fd (fd:0, idx:1), active : 1
0:00:00.019586934  2724 0x5583eca35320 DEBUG   GST_REFCOUNTING gstobject.c:709:gst_object_set_parent: set parent (ref and sink)
0:00:00.015256573  2725 0x55dacc471320 LOG   GST_POLL gstpoll.c:994:gst_poll_fd_ctl_write: 0x55dacc495cf0: pfd->events now 60 (POLLOUT:4)
0:00:00.019594395  2724 0x5583eca35320 TRACE   GST_REFCOUNTING gstobject.c:294:gst_object_ref_sink: 0x5583eca61730 ref_sink 1->2
0:00:00.015263160  2725 0x55dacc471320 DEBUG   GST_POLL gstpoll.c:980:gst_poll_fd_ctl_write: 0x55dacc495cf0: fd (fd:0, idx:1), active : 1
0:00:00.019601120  2724 0x5583eca35320 LOG   GST_REGISTRY gstregistry.c:608:gst_registry_add_feature: emitting feature-added for funnel
0:00:00.015270076  2725 0x55dacc471320 LOG   GST_POLL gstpoll.c:994:gst_poll_fd_ctl_write: 0x55dacc495cf0: pfd->events now 60 (POLLOUT:4)
0:00:00.019608304  2724 0x5583eca35320 DEBUG   GST_REGISTRY gstregistrychunks.c:742:gst_registry_chunks_load_feature: Added feature funnel, plugin 0x5583eca5acc0 coreelements
0:00:00.015276817  2725 0x55dacc471320 DEBUG   GST_POLL gstpoll.c:980:gst_poll_fd_ctl_write: 0x55dacc495cf0: fd (fd:0, idx:1), active : 1
0:00:00.019614875  2724 0x5583eca35320 DEBUG   GST_REGISTRY gstregistrychunks.c:584:gst_registry_chunks_load_feature: Plugin 'coreelements' feature 'filesrc' typename : 'GstElementFactory'
0:00:00.015283540  2725 0x55dacc471320 LOG   GST_POLL gstpoll.c:994:gst_poll_fd_ctl_write: 0x55dacc495cf0: pfd->events now 60 (POLLOUT:4)
0:00:00.019630190  2724 0x5583eca35320 TRACE   GST_REFCOUNTING gstobject.c:208:gst_object_init: 0x5583eca61e50 new
0:00:00.015298138  2725 0x55dacc471320 DEBUG   GST_POLL gstpoll.c:980:gst_poll_fd_ctl_write: 0x55dacc495cf0: fd (fd:0, idx:1), active : 1
0:00:00.019638015  2724 0x5583eca35320 LOG   GST_REGISTRY gstregistrychunks.c:611:gst_registry_chunks_load_feature: Reading/casting for GstRegistryChunkElementFactory at address 0x5583eca5ca60
0:00:00.015306566  2725 0x55dacc471320 LOG   GST_POLL gstpoll.c:994:gst_poll_fd_ctl_write: 0x55dacc495cf0: pfd->events now 60 (POLLOUT:4)
0:00:00.019645097  2724 0x5583eca35320 TRACE   structure gststructure.c:292:gst_structure_new_id_empty_with_size: created structure 0x5583eca62150
0:00:00.015314028  2725 0x55dacc471320 DEBUG   GST_POLL gstpoll.c:980:gst_poll_fd_ctl_write: 0x55dacc495cf0: fd (fd:0, idx:1), active : 1
0:00:00.019651250  2724 0x5583eca35320 DEBUG   structure gststructure.c:2258:gst_structure_parse_field: trying field name 'long-name'
0:00:00.015320345  2725 0x55dacc471320 LOG   GST_POLL gstpoll.c:994:gst_poll_fd_ctl_write: 0x55dacc495cf0: pfd->events now 60 (POLLOUT:4)
0:00:00.019657265  2724 0x5583eca35320 DEBUG   default gstvalue.c:2776:_priv_gst_value_parse_value: trying type name 'string'
0:00:00.015326793  2725 0x55dacc471320 DEBUG   GST_POLL gstpoll.c:980:gst_poll_fd_ctl_write: 0x55dacc495cf0: fd (fd:0, idx:1), active : 1
0:00:00.019663779  2724 0x5583eca35320 DEBUG   structure gststructure.c:2258:gst_structure_parse_field: trying field name 'klass'
0:00:00.015333074  2725 0x55dacc471320 LOG   GST_POLL gstpoll.c:994:gst_poll_fd_ctl_write: 0x55dacc495cf0: pfd->events now 60 (POLLOUT:4)
0:00:00.019669886  2724 0x5583eca35320 DEBUG   default gstvalue.c:2776:_priv_gst_value_parse_value: trying type name 'string'
0:00:00.015339552  2725 0x55dacc471320 DEBUG   GST_POLL gstpoll.c:980:gst_poll_fd_ctl_write: 0x55dacc495cf0: fd (fd:0, idx:1), active : 1
0:00:00.019676264  2724 0x5583eca35320 DEBUG   structure gststructure.c:2258:gst_structure_parse_field: trying field name 'description'
0:00:00.015345693  2725 0x55dacc471320 LOG   GST_POLL gstpoll.c:994:gst_poll_fd_ctl_write: 0x55dacc495cf0: pfd->events now 60 (POLLOUT:4)
0:00:00.019682398  2724 0x5583eca35320 DEBUG   default gstvalue.c:2776:_priv_gst_value_parse_value: trying type name 'string'
0:00:00.015352081  2725 0x55dacc471320 DEBUG   GST_POLL gstpoll.c:980:gst_poll_fd_ctl_write: 0x55dacc495cf0: fd (fd:0, idx:1), active : 1
0:00:00.019689166  2724 0x5583eca35320 DEBUG   structure gststructure.c:2258:gst_structure_parse_field: trying field name 'author'
0:00:00.015358231  2725 0x55dacc471320 LOG   GST_POLL gstpoll.c:994:gst_poll_fd_ctl_write: 0x55dacc495cf0: pfd->events now 60 (POLLOUT:4)
0:00:00.015364802  2725 0x55dacc471320 DEBUG   GST_POLL gstpoll.c:980:gst_poll_fd_ctl_write: 0x55dacc495cf0: fd (fd:0, idx:1), active : 1
0:00:00.019695285  2724 0x5583eca35320 DEBUG   default gstvalue.c:2776:_priv_gst_value_parse_value: trying type name 'string'
0:00:00.015374780  2725 0x55dacc471320 LOG   GST_POLL gstpoll.c:994:gst_poll_fd_ctl_write: 0x55dacc495cf0: pfd->events now 60 (POLLOUT:4)
0:00:00.019711081  2724 0x5583eca35320 DEBUG   GST_REGISTRY gstregistrychunks.c:627:gst_registry_chunks_load_feature: Element factory : npadtemplates=1
0:00:00.015381498  2725 0x55dacc471320 DEBUG   GST_POLL gstpoll.c:980:gst_poll_fd_ctl_write: 0x55dacc495cf0: fd (fd:0, idx:1), active : 1
0:00:00.019717063  2724 0x5583eca35320 DEBUG   GST_REGISTRY gstregistrychunks.c:527:gst_registry_chunks_load_pad_template: Reading/casting for GstRegistryChunkPadTemplate at address 0x5583eca5cb40
0:00:00.015387762  2725 0x55dacc471320 LOG   GST_POLL gstpoll.c:994:gst_poll_fd_ctl_write: 0x55dacc495cf0: pfd->events now 60 (POLLOUT:4)
0:00:00.019723197  2724 0x5583eca35320 DEBUG   GST_REGISTRY gstregistrychunks.c:540:gst_registry_chunks_load_pad_template: Added pad_template src
0:00:00.015394282  2725 0x55dacc471320 DEBUG   GST_POLL gstpoll.c:980:gst_poll_fd_ctl_write: 0x55dacc495cf0: fd (fd:0, idx:1), active : 1
0:00:00.019730302  2724 0x5583eca35320 DEBUG   GST_REGISTRY gstregistrychunks.c:640:gst_registry_chunks_load_feature: Reading 1 UriTypes at address 0x5583eca5cb50
0:00:00.015400540  2725 0x55dacc471320 LOG   GST_POLL gstpoll.c:994:gst_poll_fd_ctl_write: 0x55dacc495cf0: pfd->events now 60 (POLLOUT:4)
0:00:00.019737296  2724 0x5583eca35320 DEBUG   GST_REGISTRY gstregistrychunks.c:655:gst_registry_chunks_load_feature: Reading 1 Interfaces at address 0x5583eca5cb59
0:00:00.015406928  2725 0x55dacc471320 DEBUG   GST_POLL gstpoll.c:980:gst_poll_fd_ctl_write: 0x55dacc495cf0: fd (fd:0, idx:1), active : 1
0:00:00.019745191  2724 0x5583eca35320 DEBUG   GST_REGISTRY gstregistry.c:590:gst_registry_add_feature: adding feature 0x5583eca61e50 (filesrc)
0:00:00.015413155  2725 0x55dacc471320 LOG   GST_POLL gstpoll.c:994:gst_poll_fd_ctl_write: 0x55dacc495cf0: pfd->events now 60 (POLLOUT:4)
0:00:00.019751518  2724 0x5583eca35320 DEBUG   GST_REFCOUNTING gstobject.c:709:gst_object_set_parent: set parent (ref and sink)
0:00:00.015420954  2725 0x55dacc471320 DEBUG   GST_POLL gstpoll.c:980:gst_poll_fd_ctl_write: 0x55dacc495cf0: fd (fd:0, idx:1), active : 1
0:00:00.019758987  2724 0x5583eca35320 TRACE   GST_REFCOUNTING gstobject.c:294:gst_object_ref_sink: 0x5583eca61e50 ref_sink 1->2
0:00:00.015427275  2725 0x55dacc471320 LOG   GST_POLL gstpoll.c:994:gst_poll_fd_ctl_write: 0x55dacc495cf0: pfd->events now 60 (POLLOUT:4)
0:00:00.019765801  2724 0x5583eca35320 LOG   GST_REGISTRY gstregistry.c:608:gst_registry_add_feature: emitting feature-added for filesrc
0:00:00.015435073  2725 0x55dacc471320 DEBUG   GST_POLL gstpoll.c:980:gst_poll_fd_ctl_write: 0x55dacc495cf0: fd (fd:0, idx:1), active : 1
0:00:00.019772759  2724 0x5583eca35320 DEBUG   GST_REGISTRY gstregistrychunks.c:742:gst_registry_chunks_load_feature: Added feature filesrc, plugin 0x5583eca5acc0 coreelements
0:00:00.015441238  2725 0x55dacc471320 LOG   GST_POLL gstpoll.c:994:gst_poll_fd_ctl_write: 0x55dacc495cf0: pfd->events now 60 (POLLOUT:4)
0:00:00.019779471  2724 0x5583eca35320 DEBUG   GST_REGISTRY gstregistrychunks.c:584:gst_registry_chunks_load_feature: Plugin 'coreelements' feature 'fdsink' typename : 'GstElementFactory'
0:00:00.015452283  2725 0x55dacc471320 DEBUG   GST_POLL gstpoll.c:980:gst_poll_fd_ctl_write: 0x55dacc495cf0: fd (fd:0, idx:1), active : 1
0:00:00.019788854  2724 0x5583eca35320 TRACE   GST_REFCOUNTING gstobject.c:208:gst_object_init: 0x5583eca62600 new
0:00:00.015458576  2725 0x55dacc471320 LOG   GST_POLL gstpoll.c:994:gst_poll_fd_ctl_write: 0x55dacc495cf0: pfd->events now 60 (POLLOUT:4)
0:00:00.019796093  2724 0x5583eca35320 LOG   GST_REGISTRY gstregistrychunks.c:611:gst_registry_chunks_load_feature: Reading/casting for GstRegistryChunkElementFactory at address 0x5583eca5cb80
0:00:00.015464964  2725 0x55dacc471320 DEBUG   GST_POLL gstpoll.c:980:gst_poll_fd_ctl_write: 0x55dacc495cf0: fd (fd:0, idx:1), active : 1
0:00:00.019803023  2724 0x5583eca35320 TRACE   structure gststructure.c:292:gst_structure_new_id_empty_with_size: created structure 0x5583eca62980
0:00:00.015471890  2725 0x55dacc471320 LOG   GST_POLL gstpoll.c:994:gst_poll_fd_ctl_write: 0x55dacc495cf0: pfd->events now 60 (POLLOUT:4)
0:00:00.019809079  2724 0x5583eca35320 DEBUG   structure gststructure.c:2258:gst_structure_parse_field: trying field name 'long-name'
0:00:00.015478526  2725 0x55dacc471320 DEBUG   GST_POLL gstpoll.c:980:gst_poll_fd_ctl_write: 0x55dacc495cf0: fd (fd:0, idx:1), active : 1
0:00:00.019815105  2724 0x5583eca35320 DEBUG   default gstvalue.c:2776:_priv_gst_value_parse_value: trying type name 'string'
0:00:00.015484757  2725 0x55dacc471320 LOG   GST_POLL gstpoll.c:994:gst_poll_fd_ctl_write: 0x55dacc495cf0: pfd->events now 60 (POLLOUT:4)
0:00:00.019821666  2724 0x5583eca35320 DEBUG   structure gststructure.c:2258:gst_structure_parse_field: trying field name 'klass'
0:00:00.015491118  2725 0x55dacc471320 DEBUG   GST_POLL gstpoll.c:980:gst_poll_fd_ctl_write: 0x55dacc495cf0: fd (fd:0, idx:1), active : 1
0:00:00.019827790  2724 0x5583eca35320 DEBUG   default gstvalue.c:2776:_priv_gst_value_parse_value: trying type name 'string'
0:00:00.015497330  2725 0x55dacc471320 LOG   GST_POLL gstpoll.c:994:gst_poll_fd_ctl_write: 0x55dacc495cf0: pfd->events now 60 (POLLOUT:4)
0:00:00.019834415  2724 0x5583eca35320 DEBUG   structure gststructure.c:2258:gst_structure_parse_field: trying field name 'description'
0:00:00.015504055  2725 0x55dacc471320 DEBUG   GST_POLL gstpoll.c:980:gst_poll_fd_ctl_write: 0x55dacc495cf0: fd (fd:0, idx:1), active : 1
0:00:00.019840773  2724 0x5583eca35320 DEBUG   default gstvalue.c:2776:_priv_gst_value_parse_value: trying type name 'string'
0:00:00.015510165  2725 0x55dacc471320 LOG   GST_POLL gstpoll.c:994:gst_poll_fd_ctl_write: 0x55dacc495cf0: pfd->events now 60 (POLLOUT:4)
0:00:00.019847724  2724 0x5583eca35320 DEBUG   structure gststructure.c:2258:gst_structure_parse_field: trying field name 'author'
0:00:00.015516650  2725 0x55dacc471320 DEBUG   GST_POLL gstpoll.c:980:gst_poll_fd_ctl_write: 0x55dacc495cf0: fd (fd:0, idx:1), active : 1
0:00:00.019853996  2724 0x5583eca35320 DEBUG   default gstvalue.c:2776:_priv_gst_value_parse_value: trying type name 'string'
0:00:00.015526820  2725 0x55dacc471320 LOG   GST_POLL gstpoll.c:994:gst_poll_fd_ctl_write: 0x55dacc495cf0: pfd->events now 60 (POLLOUT:4)
0:00:00.019862665  2724 0x5583eca35320 DEBUG   GST_REGISTRY gstregistrychunks.c:627:gst_registry_chunks_load_feature: Element factory : npadtemplates=1
0:00:00.015533454  2725 0x55dacc471320 DEBUG   GST_POLL gstpoll.c:980:gst_poll_fd_ctl_write: 0x55dacc495cf0: fd (fd:0, idx:1), active : 1
0:00:00.019868601  2724 0x5583eca35320 DEBUG   GST_REGISTRY gstregistrychunks.c:527:gst_registry_chunks_load_pad_template: Reading/casting for GstRegistryChunkPadTemplate at address 0x5583eca5cc60
0:00:00.015539589  2725 0x55dacc471320 LOG   GST_POLL gstpoll.c:994:gst_poll_fd_ctl_write: 0x55dacc495cf0: pfd->events now 60 (POLLOUT:4)
0:00:00.019874525  2724 0x5583eca35320 DEBUG   GST_REGISTRY gstregistrychunks.c:540:gst_registry_chunks_load_pad_template: Added pad_template sink
0:00:00.015546125  2725 0x55dacc471320 DEBUG   GST_POLL gstpoll.c:980:gst_poll_fd_ctl_write: 0x55dacc495cf0: fd (fd:0, idx:1), active : 1
0:00:00.019881358  2724 0x5583eca35320 DEBUG   GST_REGISTRY gstregistrychunks.c:640:gst_registry_chunks_load_feature: Reading 1 UriTypes at address 0x5583eca5cc71
0:00:00.015552319  2725 0x55dacc471320 LOG   GST_POLL gstpoll.c:994:gst_poll_fd_ctl_write: 0x55dacc495cf0: pfd->events now 60 (POLLOUT:4)
0:00:00.019888239  2724 0x5583eca35320 DEBUG   GST_REGISTRY gstregistrychunks.c:655:gst_registry_chunks_load_feature: Reading 1 Interfaces at address 0x5583eca5cc7f
0:00:00.015558884  2725 0x55dacc471320 DEBUG   GST_POLL gstpoll.c:980:gst_poll_fd_ctl_write: 0x55dacc495cf0: fd (fd:0, idx:1), active : 1
0:00:00.019895944  2724 0x5583eca35320 DEBUG   GST_REGISTRY gstregistry.c:590:gst_registry_add_feature: adding feature 0x5583eca62600 (fdsink)
0:00:00.015565025  2725 0x55dacc471320 LOG   GST_POLL gstpoll.c:994:gst_poll_fd_ctl_write: 0x55dacc495cf0: pfd->events now 60 (POLLOUT:4)
0:00:00.019902137  2724 0x5583eca35320 DEBUG   GST_REFCOUNTING gstobject.c:709:gst_object_set_parent: set parent (ref and sink)
0:00:00.015571679  2725 0x55dacc471320 DEBUG   GST_POLL gstpoll.c:980:gst_poll_fd_ctl_write: 0x55dacc495cf0: fd (fd:0, idx:1), active : 1
0:00:00.019909382  2724 0x5583eca35320 TRACE   GST_REFCOUNTING gstobject.c:294:gst_object_ref_sink: 0x5583eca62600 ref_sink 1->2
0:00:00.015577764  2725 0x55dacc471320 LOG   GST_POLL gstpoll.c:994:gst_poll_fd_ctl_write: 0x55dacc495cf0: pfd->events now 60 (POLLOUT:4)
0:00:00.019916004  2724 0x5583eca35320 LOG   GST_REGISTRY gstregistry.c:608:gst_registry_add_feature: emitting feature-added for fdsink
0:00:00.015585370  2725 0x55dacc471320 DEBUG   GST_POLL gstpoll.c:980:gst_poll_fd_ctl_write: 0x55dacc495cf0: fd (fd:0, idx:1), active : 1
0:00:00.019923014  2724 0x5583eca35320 DEBUG   GST_REGISTRY gstregistrychunks.c:742:gst_registry_chunks_load_feature: Added feature fdsink, plugin 0x5583eca5acc0 coreelements
0:00:00.015591453  2725 0x55dacc471320 LOG   GST_POLL gstpoll.c:994:gst_poll_fd_ctl_write: 0x55dacc495cf0: pfd->events now 60 (POLLOUT:4)
0:00:00.019929612  2724 0x5583eca35320 DEBUG   GST_REGISTRY gstregistrychunks.c:584:gst_registry_chunks_load_feature: Plugin 'coreelements' feature 'fdsrc' typename : 'GstElementFactory'
0:00:00.015602280  2725 0x55dacc471320 DEBUG   GST_POLL gstpoll.c:980:gst_poll_fd_ctl_write: 0x55dacc495cf0: fd (fd:0, idx:1), active : 1
0:00:00.019938458  2724 0x5583eca35320 TRACE   GST_REFCOUNTING gstobject.c:208:gst_object_init: 0x5583eca668f0 new
0:00:00.015608494  2725 0x55dacc471320 LOG   GST_POLL gstpoll.c:994:gst_poll_fd_ctl_write: 0x55dacc495cf0: pfd->events now 60 (POLLOUT:4)
0:00:00.019945774  2724 0x5583eca35320 LOG   GST_REGISTRY gstregistrychunks.c:611:gst_registry_chunks_load_feature: Reading/casting for GstRegistryChunkElementFactory at address 0x5583eca5cca8
0:00:00.015615002  2725 0x55dacc471320 DEBUG   GST_POLL gstpoll.c:980:gst_poll_fd_ctl_write: 0x55dacc495cf0: fd (fd:0, idx:1), active : 1
0:00:00.019952364  2724 0x5583eca35320 TRACE   structure gststructure.c:292:gst_structure_new_id_empty_with_size: created structure 0x5583eca66b20
0:00:00.015621193  2725 0x55dacc471320 LOG   GST_POLL gstpoll.c:994:gst_poll_fd_ctl_write: 0x55dacc495cf0: pfd->events now 60 (POLLOUT:4)
0:00:00.019958292  2724 0x5583eca35320 DEBUG   structure gststructure.c:2258:gst_structure_parse_field: trying field name 'long-name'
0:00:00.015628019  2725 0x55dacc471320 DEBUG   GST_POLL gstpoll.c:980:gst_poll_fd_ctl_write: 0x55dacc495cf0: fd (fd:0, idx:1), active : 1
0:00:00.019964366  2724 0x5583eca35320 DEBUG   default gstvalue.c:2776:_priv_gst_value_parse_value: trying type name 'string'
0:00:00.015634365  2725 0x55dacc471320 LOG   GST_POLL gstpoll.c:994:gst_poll_fd_ctl_write: 0x55dacc495cf0: pfd->events now 60 (POLLOUT:4)
0:00:00.019970980  2724 0x5583eca35320 DEBUG   structure gststructure.c:2258:gst_structure_parse_field: trying field name 'klass'
0:00:00.015640749  2725 0x55dacc471320 DEBUG   GST_POLL gstpoll.c:980:gst_poll_fd_ctl_write: 0x55dacc495cf0: fd (fd:0, idx:1), active : 1
0:00:00.019976926  2724 0x5583eca35320 DEBUG   default gstvalue.c:2776:_priv_gst_value_parse_value: trying type name 'string'
0:00:00.015646907  2725 0x55dacc471320 LOG   GST_POLL gstpoll.c:994:gst_poll_fd_ctl_write: 0x55dacc495cf0: pfd->events now 60 (POLLOUT:4)
0:00:00.019983376  2724 0x5583eca35320 DEBUG   structure gststructure.c:2258:gst_structure_parse_field: trying field name 'description'
0:00:00.015653314  2725 0x55dacc471320 DEBUG   GST_POLL gstpoll.c:980:gst_poll_fd_ctl_write: 0x55dacc495cf0: fd (fd:0, idx:1), active : 1
0:00:00.019989273  2724 0x5583eca35320 DEBUG   default gstvalue.c:2776:_priv_gst_value_parse_value: trying type name 'string'
0:00:00.015659657  2725 0x55dacc471320 LOG   GST_POLL gstpoll.c:994:gst_poll_fd_ctl_write: 0x55dacc495cf0: pfd->events now 60 (POLLOUT:4)
0:00:00.019995872  2724 0x5583eca35320 DEBUG   structure gststructure.c:2258:gst_structure_parse_field: trying field name 'author'
0:00:00.015666061  2725 0x55dacc471320 DEBUG   GST_POLL gstpoll.c:980:gst_poll_fd_ctl_write: 0x55dacc495cf0: fd (fd:0, idx:1), active : 1
0:00:00.020001751  2724 0x5583eca35320 DEBUG   default gstvalue.c:2776:_priv_gst_value_parse_value: trying type name 'string'
0:00:00.015675921  2725 0x55dacc471320 LOG   GST_POLL gstpoll.c:994:gst_poll_fd_ctl_write: 0x55dacc495cf0: pfd->events now 60 (POLLOUT:4)
0:00:00.020011614  2724 0x5583eca35320 DEBUG   GST_REGISTRY gstregistrychunks.c:627:gst_registry_chunks_load_feature: Element factory : npadtemplates=1
0:00:00.015682389  2725 0x55dacc471320 DEBUG   GST_POLL gstpoll.c:980:gst_poll_fd_ctl_write: 0x55dacc495cf0: fd (fd:0, idx:1), active : 1
0:00:00.020017450  2724 0x5583eca35320 DEBUG   GST_REGISTRY gstregistrychunks.c:527:gst_registry_chunks_load_pad_template: Reading/casting for GstRegistryChunkPadTemplate at address 0x5583eca5cd88
0:00:00.015688559  2725 0x55dacc471320 LOG   GST_POLL gstpoll.c:994:gst_poll_fd_ctl_write: 0x55dacc495cf0: pfd->events now 60 (POLLOUT:4)
0:00:00.020023483  2724 0x5583eca35320 DEBUG   GST_REGISTRY gstregistrychunks.c:540:gst_registry_chunks_load_pad_template: Added pad_template src
0:00:00.015695166  2725 0x55dacc471320 DEBUG   GST_POLL gstpoll.c:980:gst_poll_fd_ctl_write: 0x55dacc495cf0: fd (fd:0, idx:1), active : 1
0:00:00.020030177  2724 0x5583eca35320 DEBUG   GST_REGISTRY gstregistrychunks.c:640:gst_registry_chunks_load_feature: Reading 1 UriTypes at address 0x5583eca5cd98
0:00:00.015701331  2725 0x55dacc471320 LOG   GST_POLL gstpoll.c:994:gst_poll_fd_ctl_write: 0x55dacc495cf0: pfd->events now 60 (POLLOUT:4)
0:00:00.020036895  2724 0x5583eca35320 DEBUG   GST_REGISTRY gstregistrychunks.c:655:gst_registry_chunks_load_feature: Reading 1 Interfaces at address 0x5583eca5cd9f
0:00:00.015707710  2725 0x55dacc471320 DEBUG   GST_POLL gstpoll.c:980:gst_poll_fd_ctl_write: 0x55dacc495cf0: fd (fd:0, idx:1), active : 1
0:00:00.020044046  2724 0x5583eca35320 DEBUG   GST_REGISTRY gstregistry.c:590:gst_registry_add_feature: adding feature 0x5583eca668f0 (fdsrc)
0:00:00.015713842  2725 0x55dacc471320 LOG   GST_POLL gstpoll.c:994:gst_poll_fd_ctl_write: 0x55dacc495cf0: pfd->events now 60 (POLLOUT:4)
0:00:00.020050007  2724 0x5583eca35320 DEBUG   GST_REFCOUNTING gstobject.c:709:gst_object_set_parent: set parent (ref and sink)
0:00:00.015720118  2725 0x55dacc471320 DEBUG   GST_POLL gstpoll.c:980:gst_poll_fd_ctl_write: 0x55dacc495cf0: fd (fd:0, idx:1), active : 1
0:00:00.015726155  2725 0x55dacc471320 LOG   GST_POLL gstpoll.c:994:gst_poll_fd_ctl_write: 0x55dacc495cf0: pfd->events now 60 (POLLOUT:4)
0:00:00.020061575  2724 0x5583eca35320 TRACE   GST_REFCOUNTING gstobject.c:294:gst_object_ref_sink: 0x5583eca668f0 ref_sink 1->2
0:00:00.015732081  2725 0x55dacc471320 DEBUG   GST_POLL gstpoll.c:980:gst_poll_fd_ctl_write: 0x55dacc495cf0: fd (fd:0, idx:1), active : 1
0:00:00.020068437  2724 0x5583eca35320 LOG   GST_REGISTRY gstregistry.c:608:gst_registry_add_feature: emitting feature-added for fdsrc
0:00:00.015738145  2725 0x55dacc471320 LOG   GST_POLL gstpoll.c:994:gst_poll_fd_ctl_write: 0x55dacc495cf0: pfd->events now 60 (POLLOUT:4)
0:00:00.020075014  2724 0x5583eca35320 DEBUG   GST_REGISTRY gstregistrychunks.c:742:gst_registry_chunks_load_feature: Added feature fdsrc, plugin 0x5583eca5acc0 coreelements
0:00:00.015744460  2725 0x55dacc471320 DEBUG   GST_POLL gstpoll.c:980:gst_poll_fd_ctl_write: 0x55dacc495cf0: fd (fd:0, idx:1), active : 1
0:00:00.020086619  2724 0x5583eca35320 DEBUG   GST_REGISTRY gstregistrychunks.c:584:gst_registry_chunks_load_feature: Plugin 'coreelements' feature 'fakesink' typename : 'GstElementFactory'
0:00:00.015755195  2725 0x55dacc471320 LOG   GST_POLL gstpoll.c:994:gst_poll_fd_ctl_write: 0x55dacc495cf0: pfd->events now 60 (POLLOUT:4)
0:00:00.020094157  2724 0x5583eca35320 TRACE   GST_REFCOUNTING gstobject.c:208:gst_object_init: 0x5583eca66fa0 new
0:00:00.015762615  2725 0x55dacc471320 DEBUG   GST_POLL gstpoll.c:980:gst_poll_fd_ctl_write: 0x55dacc495cf0: fd (fd:0, idx:1), active : 1
0:00:00.020101714  2724 0x5583eca35320 LOG   GST_REGISTRY gstregistrychunks.c:611:gst_registry_chunks_load_feature: Reading/casting for GstRegistryChunkElementFactory at address 0x5583eca5cdc8
0:00:00.015770571  2725 0x55dacc471320 LOG   GST_POLL gstpoll.c:994:gst_poll_fd_ctl_write: 0x55dacc495cf0: pfd->events now 60 (POLLOUT:4)
0:00:00.020108085  2724 0x5583eca35320 TRACE   structure gststructure.c:292:gst_structure_new_id_empty_with_size: created structure 0x5583eca671d0
0:00:00.015777350  2725 0x55dacc471320 DEBUG   GST_POLL gstpoll.c:980:gst_poll_fd_ctl_write: 0x55dacc495cf0: fd (fd:0, idx:1), active : 1
0:00:00.020114287  2724 0x5583eca35320 DEBUG   structure gststructure.c:2258:gst_structure_parse_field: trying field name 'long-name'
0:00:00.015783539  2725 0x55dacc471320 LOG   GST_POLL gstpoll.c:994:gst_poll_fd_ctl_write: 0x55dacc495cf0: pfd->events now 60 (POLLOUT:4)
