0:00:00.013161671  2725 0x55dacc471320 TRACE   GST_REFCOUNTING gstobject.c:238:gst_object_ref: 0x55dacc4ad920 ref 1->2
0:00:00.017496862  2724 0x5583eca35320 LOG   GST_REGISTRY gstregistrychunks.c:861:_priv_gst_registry_chunks_load_plugin: filename='/home/conan/w/prod/BuildSingleReference/.conan/data/gstreamer/1.19.2/_/_/package/d5d34cb95e58eb395d954c026f8b3b95a47b8905/lib/gstreamer-1.0/libgstcoreelements.so'
0:00:00.013169160  2725 0x55dacc471320 TRACE   GST_REFCOUNTING gstobject.c:238:gst_object_ref: 0x55dacc4ac6e0 ref 1->2
0:00:00.017503865  2724 0x5583eca35320 LOG   GST_REGISTRY gstregistrychunks.c:862:_priv_gst_registry_chunks_load_plugin: desc.version='1.19.2'
0:00:00.013175995  2725 0x55dacc471320 TRACE   GST_REFCOUNTING gstobject.c:238:gst_object_ref: 0x55dacc4ab1a0 ref 1->2
0:00:00.017510763  2724 0x5583eca35320 LOG   GST_REGISTRY gstregistrychunks.c:863:_priv_gst_registry_chunks_load_plugin: desc.license='LGPL'
0:00:00.013183131  2725 0x55dacc471320 TRACE   GST_REFCOUNTING gstobject.c:238:gst_object_ref: 0x55dacc4aa430 ref 1->2
0:00:00.017517818  2724 0x5583eca35320 LOG   GST_REGISTRY gstregistrychunks.c:864:_priv_gst_registry_chunks_load_plugin: desc.source='gstreamer'
0:00:00.013189920  2725 0x55dacc471320 TRACE   GST_REFCOUNTING gstobject.c:238:gst_object_ref: 0x55dacc4a9650 ref 1->2
0:00:00.017524806  2724 0x5583eca35320 LOG   GST_REGISTRY gstregistrychunks.c:865:_priv_gst_registry_chunks_load_plugin: desc.package='GStreamer source release'
0:00:00.013201724  2725 0x55dacc471320 TRACE   GST_REFCOUNTING gstobject.c:238:gst_object_ref: 0x55dacc4a89a0 ref 1->2
0:00:00.017536490  2724 0x5583eca35320 LOG   GST_REGISTRY gstregistrychunks.c:866:_priv_gst_registry_chunks_load_plugin: desc.origin='Unknown package origin'
0:00:00.013208860  2725 0x55dacc471320 TRACE   GST_REFCOUNTING gstobject.c:238:gst_object_ref: 0x55dacc4a6490 ref 1->2
0:00:00.017547887  2724 0x5583eca35320 LOG   GST_REGISTRY gstregistrychunks.c:867:_priv_gst_registry_chunks_load_plugin: desc.datetime=2021-09-23
0:00:00.013217665  2725 0x55dacc471320 TRACE   GST_REFCOUNTING gstobject.c:238:gst_object_ref: 0x55dacc4a3e50 ref 1->2
0:00:00.017556043  2724 0x5583eca35320 DEBUG   GST_REGISTRY gstregistry.c:474:gst_registry_add_plugin: adding plugin 0x5583eca5acc0 for filename "/home/conan/w/prod/BuildSingleReference/.conan/data/gstreamer/1.19.2/_/_/package/d5d34cb95e58eb395d954c026f8b3b95a47b8905/lib/gstreamer-1.0/libgstcoreelements.so"
0:00:00.013224850  2725 0x55dacc471320 TRACE   GST_REFCOUNTING gstobject.c:238:gst_object_ref: 0x55dacc4a21f0 ref 1->2
0:00:00.017564487  2724 0x5583eca35320 TRACE   GST_REFCOUNTING gstobject.c:294:gst_object_ref_sink: 0x5583eca5acc0 ref_sink 1->2
0:00:00.013232557  2725 0x55dacc471320 TRACE   GST_REFCOUNTING gstobject.c:238:gst_object_ref: 0x55dacc4a10f0 ref 1->2
0:00:00.017571920  2724 0x5583eca35320 LOG   GST_REGISTRY gstregistry.c:487:gst_registry_add_plugin: emitting plugin-added for filename "/home/conan/w/prod/BuildSingleReference/.conan/data/gstreamer/1.19.2/_/_/package/d5d34cb95e58eb395d954c026f8b3b95a47b8905/lib/gstreamer-1.0/libgstcoreelements.so"
0:00:00.013240682  2725 0x55dacc471320 TRACE   GST_REFCOUNTING gstobject.c:238:gst_object_ref: 0x55dacc49f330 ref 1->2
0:00:00.017578986  2724 0x5583eca35320 DEBUG   GST_REGISTRY gstregistrychunks.c:888:_priv_gst_registry_chunks_load_plugin: Added plugin 'coreelements' plugin with 22 features from binary registry
0:00:00.013247453  2725 0x55dacc471320 TRACE   GST_REFCOUNTING gstobject.c:238:gst_object_ref: 0x55dacc49e450 ref 1->2
0:00:00.017586152  2724 0x5583eca35320 DEBUG   GST_REGISTRY gstregistrychunks.c:584:gst_registry_chunks_load_feature: Plugin 'coreelements' feature 'streamiddemux' typename : 'GstElementFactory'
0:00:00.013254689  2725 0x55dacc471320 TRACE   GST_REFCOUNTING gstobject.c:238:gst_object_ref: 0x55dacc49d710 ref 1->2
0:00:00.013261943  2725 0x55dacc471320 TRACE   GST_REFCOUNTING gstobject.c:238:gst_object_ref: 0x55dacc49b9d0 ref 1->2
0:00:00.017595892  2724 0x5583eca35320 TRACE   GST_REFCOUNTING gstobject.c:208:gst_object_init: 0x5583eca5b890 new
0:00:00.013268886  2725 0x55dacc471320 DEBUG   GST_REGISTRY gstregistrychunks.c:266:gst_registry_chunks_save_feature: saved 0 interfaces 0 pad templates
0:00:00.017604703  2724 0x5583eca35320 LOG   GST_REGISTRY gstregistrychunks.c:611:gst_registry_chunks_load_feature: Reading/casting for GstRegistryChunkElementFactory at address 0x5583eca5bc88
0:00:00.013279675  2725 0x55dacc471320 DEBUG   GST_REGISTRY gstregistrychunks.c:266:gst_registry_chunks_save_feature: saved 0 interfaces 0 pad templates
0:00:00.017613036  2724 0x5583eca35320 TRACE   structure gststructure.c:292:gst_structure_new_id_empty_with_size: created structure 0x5583eca5af60
0:00:00.013288675  2725 0x55dacc471320 DEBUG   GST_REGISTRY gstregistrychunks.c:266:gst_registry_chunks_save_feature: saved 0 interfaces 0 pad templates
0:00:00.017622047  2724 0x5583eca35320 DEBUG   structure gststructure.c:2258:gst_structure_parse_field: trying field name 'long-name'
0:00:00.013302658  2725 0x55dacc471320 DEBUG   GST_REGISTRY gstregistrychunks.c:266:gst_registry_chunks_save_feature: saved 1 interfaces 0 pad templates
0:00:00.017641582  2724 0x5583eca35320 DEBUG   default gstvalue.c:2776:_priv_gst_value_parse_value: trying type name 'string'
0:00:00.013309843  2725 0x55dacc471320 DEBUG   GST_REGISTRY gstregistrychunks.c:285:gst_registry_chunks_save_feature: Saved 1 UriTypes
0:00:00.017653750  2724 0x5583eca35320 DEBUG   structure gststructure.c:2258:gst_structure_parse_field: trying field name 'klass'
0:00:00.013321446  2725 0x55dacc471320 DEBUG   GST_REGISTRY gstregistrychunks.c:266:gst_registry_chunks_save_feature: saved 0 interfaces 0 pad templates
0:00:00.017660466  2724 0x5583eca35320 DEBUG   default gstvalue.c:2776:_priv_gst_value_parse_value: trying type name 'string'
0:00:00.013331670  2725 0x55dacc471320 DEBUG   GST_REGISTRY gstregistrychunks.c:266:gst_registry_chunks_save_feature: saved 0 interfaces 0 pad templates
0:00:00.017667486  2724 0x5583eca35320 DEBUG   structure gststructure.c:2258:gst_structure_parse_field: trying field name 'description'
0:00:00.017673801  2724 0x5583eca35320 DEBUG   default gstvalue.c:2776:_priv_gst_value_parse_value: trying type name 'string'
0:00:00.013340633  2725 0x55dacc471320 DEBUG   GST_REGISTRY gstregistrychunks.c:266:gst_registry_chunks_save_feature: saved 0 interfaces 0 pad templates
0:00:00.017680683  2724 0x5583eca35320 DEBUG   structure gststructure.c:2258:gst_structure_parse_field: trying field name 'author'
0:00:00.013351351  2725 0x55dacc471320 DEBUG   GST_REGISTRY gstregistrychunks.c:266:gst_registry_chunks_save_feature: saved 1 interfaces 0 pad templates
0:00:00.017687089  2724 0x5583eca35320 DEBUG   default gstvalue.c:2776:_priv_gst_value_parse_value: trying type name 'string'
0:00:00.013357580  2725 0x55dacc471320 DEBUG   GST_REGISTRY gstregistrychunks.c:285:gst_registry_chunks_save_feature: Saved 1 UriTypes
0:00:00.013366198  2725 0x55dacc471320 DEBUG   GST_REGISTRY gstregistrychunks.c:266:gst_registry_chunks_save_feature: saved 1 interfaces 0 pad templates
0:00:00.017694483  2724 0x5583eca35320 DEBUG   GST_REGISTRY gstregistrychunks.c:627:gst_registry_chunks_load_feature: Element factory : npadtemplates=2
0:00:00.013372056  2725 0x55dacc471320 DEBUG   GST_REGISTRY gstregistrychunks.c:285:gst_registry_chunks_save_feature: Saved 1 UriTypes
0:00:00.017709826  2724 0x5583eca35320 DEBUG   GST_REGISTRY gstregistrychunks.c:527:gst_registry_chunks_load_pad_template: Reading/casting for GstRegistryChunkPadTemplate at address 0x5583eca5bd60
0:00:00.013381395  2725 0x55dacc471320 DEBUG   GST_REGISTRY gstregistrychunks.c:266:gst_registry_chunks_save_feature: saved 1 interfaces 0 pad templates
0:00:00.017716939  2724 0x5583eca35320 DEBUG   GST_REGISTRY gstregistrychunks.c:540:gst_registry_chunks_load_pad_template: Added pad_template src_%u
0:00:00.013388015  2725 0x55dacc471320 DEBUG   GST_REGISTRY gstregistrychunks.c:285:gst_registry_chunks_save_feature: Saved 1 UriTypes
0:00:00.017723096  2724 0x5583eca35320 DEBUG   GST_REGISTRY gstregistrychunks.c:527:gst_registry_chunks_load_pad_template: Reading/casting for GstRegistryChunkPadTemplate at address 0x5583eca5bd78
0:00:00.013400947  2725 0x55dacc471320 DEBUG   GST_REGISTRY gstregistrychunks.c:266:gst_registry_chunks_save_feature: saved 0 interfaces 0 pad templates
0:00:00.017734415  2724 0x5583eca35320 DEBUG   GST_REGISTRY gstregistrychunks.c:540:gst_registry_chunks_load_pad_template: Added pad_template sink
0:00:00.013410031  2725 0x55dacc471320 DEBUG   GST_REGISTRY gstregistrychunks.c:266:gst_registry_chunks_save_feature: saved 0 interfaces 0 pad templates
0:00:00.017744178  2724 0x5583eca35320 DEBUG   GST_REGISTRY gstregistry.c:590:gst_registry_add_feature: adding feature 0x5583eca5b890 (streamiddemux)
0:00:00.013418266  2725 0x55dacc471320 DEBUG   GST_REGISTRY gstregistrychunks.c:266:gst_registry_chunks_save_feature: saved 0 interfaces 0 pad templates
0:00:00.017751910  2724 0x5583eca35320 DEBUG   GST_REFCOUNTING gstobject.c:709:gst_object_set_parent: set parent (ref and sink)
0:00:00.013427726  2725 0x55dacc471320 DEBUG   GST_REGISTRY gstregistrychunks.c:266:gst_registry_chunks_save_feature: saved 0 interfaces 0 pad templates
0:00:00.017760804  2724 0x5583eca35320 TRACE   GST_REFCOUNTING gstobject.c:294:gst_object_ref_sink: 0x5583eca5b890 ref_sink 1->2
0:00:00.013436398  2725 0x55dacc471320 DEBUG   GST_REGISTRY gstregistrychunks.c:266:gst_registry_chunks_save_feature: saved 0 interfaces 0 pad templates
0:00:00.017769849  2724 0x5583eca35320 LOG   GST_REGISTRY gstregistry.c:608:gst_registry_add_feature: emitting feature-added for streamiddemux
0:00:00.013445148  2725 0x55dacc471320 DEBUG   GST_REGISTRY gstregistrychunks.c:266:gst_registry_chunks_save_feature: saved 0 interfaces 0 pad templates
0:00:00.017779291  2724 0x5583eca35320 DEBUG   GST_REGISTRY gstregistrychunks.c:742:gst_registry_chunks_load_feature: Added feature streamiddemux, plugin 0x5583eca5acc0 coreelements
0:00:00.013454002  2725 0x55dacc471320 DEBUG   GST_REGISTRY gstregistrychunks.c:266:gst_registry_chunks_save_feature: saved 1 interfaces 0 pad templates
0:00:00.017787681  2724 0x5583eca35320 DEBUG   GST_REGISTRY gstregistrychunks.c:584:gst_registry_chunks_load_feature: Plugin 'coreelements' feature 'valve' typename : 'GstElementFactory'
0:00:00.013460545  2725 0x55dacc471320 DEBUG   GST_REGISTRY gstregistrychunks.c:285:gst_registry_chunks_save_feature: Saved 1 UriTypes
0:00:00.017797194  2724 0x5583eca35320 TRACE   GST_REFCOUNTING gstobject.c:208:gst_object_init: 0x5583eca5d9b0 new
0:00:00.013469207  2725 0x55dacc471320 DEBUG   GST_REGISTRY gstregistrychunks.c:266:gst_registry_chunks_save_feature: saved 0 interfaces 0 pad templates
0:00:00.017804931  2724 0x5583eca35320 LOG   GST_REGISTRY gstregistrychunks.c:611:gst_registry_chunks_load_feature: Reading/casting for GstRegistryChunkElementFactory at address 0x5583eca5bda8
0:00:00.013477600  2725 0x55dacc471320 DEBUG   GST_REGISTRY gstregistrychunks.c:266:gst_registry_chunks_save_feature: saved 0 interfaces 0 pad templates
0:00:00.017811889  2724 0x5583eca35320 TRACE   structure gststructure.c:292:gst_structure_new_id_empty_with_size: created structure 0x5583eca5dbe0
0:00:00.017823080  2724 0x5583eca35320 DEBUG   structure gststructure.c:2258:gst_structure_parse_field: trying field name 'long-name'
0:00:00.013489830  2725 0x55dacc471320 DEBUG   GST_REGISTRY gstregistrychunks.c:266:gst_registry_chunks_save_feature: saved 0 interfaces 0 pad templates
0:00:00.017829002  2724 0x5583eca35320 DEBUG   default gstvalue.c:2776:_priv_gst_value_parse_value: trying type name 'string'
0:00:00.013500583  2725 0x55dacc471320 DEBUG   GST_REGISTRY gstregistrychunks.c:266:gst_registry_chunks_save_feature: saved 0 interfaces 0 pad templates
0:00:00.017836057  2724 0x5583eca35320 DEBUG   structure gststructure.c:2258:gst_structure_parse_field: trying field name 'klass'
0:00:00.017842271  2724 0x5583eca35320 DEBUG   default gstvalue.c:2776:_priv_gst_value_parse_value: trying type name 'string'
0:00:00.013509809  2725 0x55dacc471320 DEBUG   GST_REGISTRY gstregistrychunks.c:266:gst_registry_chunks_save_feature: saved 0 interfaces 0 pad templates
0:00:00.017848999  2724 0x5583eca35320 DEBUG   structure gststructure.c:2258:gst_structure_parse_field: trying field name 'description'
0:00:00.017855167  2724 0x5583eca35320 DEBUG   default gstvalue.c:2776:_priv_gst_value_parse_value: trying type name 'string'
0:00:00.013525412  2725 0x55dacc471320 TRACE   GST_REFCOUNTING gstobject.c:265:gst_object_unref: 0x55dacc49b9d0 unref 2->1
0:00:00.017861759  2724 0x5583eca35320 DEBUG   structure gststructure.c:2258:gst_structure_parse_field: trying field name 'author'
0:00:00.013532944  2725 0x55dacc471320 TRACE   GST_REFCOUNTING gstobject.c:265:gst_object_unref: 0x55dacc49d710 unref 2->1
0:00:00.017867852  2724 0x5583eca35320 DEBUG   default gstvalue.c:2776:_priv_gst_value_parse_value: trying type name 'string'
0:00:00.013540088  2725 0x55dacc471320 TRACE   GST_REFCOUNTING gstobject.c:265:gst_object_unref: 0x55dacc49e450 unref 2->1
0:00:00.017875969  2724 0x5583eca35320 DEBUG   GST_REGISTRY gstregistrychunks.c:627:gst_registry_chunks_load_feature: Element factory : npadtemplates=2
0:00:00.013547066  2725 0x55dacc471320 TRACE   GST_REFCOUNTING gstobject.c:265:gst_object_unref: 0x55dacc49f330 unref 2->1
0:00:00.017882437  2724 0x5583eca35320 DEBUG   GST_REGISTRY gstregistrychunks.c:527:gst_registry_chunks_load_pad_template: Reading/casting for GstRegistryChunkPadTemplate at address 0x5583eca5be98
0:00:00.013554097  2725 0x55dacc471320 TRACE   GST_REFCOUNTING gstobject.c:265:gst_object_unref: 0x55dacc4a10f0 unref 2->1
0:00:00.017889142  2724 0x5583eca35320 DEBUG   GST_REGISTRY gstregistrychunks.c:540:gst_registry_chunks_load_pad_template: Added pad_template sink
0:00:00.013560942  2725 0x55dacc471320 TRACE   GST_REFCOUNTING gstobject.c:265:gst_object_unref: 0x55dacc4a21f0 unref 2->1
0:00:00.017895717  2724 0x5583eca35320 DEBUG   GST_REGISTRY gstregistrychunks.c:527:gst_registry_chunks_load_pad_template: Reading/casting for GstRegistryChunkPadTemplate at address 0x5583eca5beb0
0:00:00.013567994  2725 0x55dacc471320 TRACE   GST_REFCOUNTING gstobject.c:265:gst_object_unref: 0x55dacc4a3e50 unref 2->1
0:00:00.017907975  2724 0x5583eca35320 DEBUG   GST_REGISTRY gstregistrychunks.c:540:gst_registry_chunks_load_pad_template: Added pad_template src
0:00:00.013577223  2725 0x55dacc471320 TRACE   GST_REFCOUNTING gstobject.c:265:gst_object_unref: 0x55dacc4a6490 unref 2->1
0:00:00.017915609  2724 0x5583eca35320 DEBUG   GST_REGISTRY gstregistry.c:590:gst_registry_add_feature: adding feature 0x5583eca5d9b0 (valve)
0:00:00.013584044  2725 0x55dacc471320 TRACE   GST_REFCOUNTING gstobject.c:265:gst_object_unref: 0x55dacc4a89a0 unref 2->1
0:00:00.017921790  2724 0x5583eca35320 DEBUG   GST_REFCOUNTING gstobject.c:709:gst_object_set_parent: set parent (ref and sink)
0:00:00.013591220  2725 0x55dacc471320 TRACE   GST_REFCOUNTING gstobject.c:265:gst_object_unref: 0x55dacc4a9650 unref 2->1
0:00:00.017929150  2724 0x5583eca35320 TRACE   GST_REFCOUNTING gstobject.c:294:gst_object_ref_sink: 0x5583eca5d9b0 ref_sink 1->2
0:00:00.013598157  2725 0x55dacc471320 TRACE   GST_REFCOUNTING gstobject.c:265:gst_object_unref: 0x55dacc4aa430 unref 2->1
0:00:00.017935858  2724 0x5583eca35320 LOG   GST_REGISTRY gstregistry.c:608:gst_registry_add_feature: emitting feature-added for valve
0:00:00.013605028  2725 0x55dacc471320 TRACE   GST_REFCOUNTING gstobject.c:265:gst_object_unref: 0x55dacc4ab1a0 unref 2->1
0:00:00.017942712  2724 0x5583eca35320 DEBUG   GST_REGISTRY gstregistrychunks.c:742:gst_registry_chunks_load_feature: Added feature valve, plugin 0x5583eca5acc0 coreelements
0:00:00.013611843  2725 0x55dacc471320 TRACE   GST_REFCOUNTING gstobject.c:265:gst_object_unref: 0x55dacc4ac6e0 unref 2->1
0:00:00.017949690  2724 0x5583eca35320 DEBUG   GST_REGISTRY gstregistrychunks.c:584:gst_registry_chunks_load_feature: Plugin 'coreelements' feature 'multiqueue' typename : 'GstElementFactory'
0:00:00.013618605  2725 0x55dacc471320 TRACE   GST_REFCOUNTING gstobject.c:265:gst_object_unref: 0x55dacc4ad920 unref 2->1
0:00:00.017957212  2724 0x5583eca35320 TRACE   GST_REFCOUNTING gstobject.c:208:gst_object_init: 0x5583eca5de30 new
0:00:00.013625534  2725 0x55dacc471320 TRACE   GST_REFCOUNTING gstobject.c:265:gst_object_unref: 0x55dacc4aeae0 unref 2->1
0:00:00.013633476  2725 0x55dacc471320 TRACE   GST_REFCOUNTING gstobject.c:265:gst_object_unref: 0x55dacc4b0dc0 unref 2->1
0:00:00.017967935  2724 0x5583eca35320 LOG   GST_REGISTRY gstregistrychunks.c:611:gst_registry_chunks_load_feature: Reading/casting for GstRegistryChunkElementFactory at address 0x5583eca5bee0
0:00:00.013639932  2725 0x55dacc471320 TRACE   GST_REFCOUNTING gstobject.c:265:gst_object_unref: 0x55dacc4b2660 unref 2->1
0:00:00.017975788  2724 0x5583eca35320 TRACE   structure gststructure.c:292:gst_structure_new_id_empty_with_size: created structure 0x5583eca5e060
0:00:00.013646640  2725 0x55dacc471320 TRACE   GST_REFCOUNTING gstobject.c:265:gst_object_unref: 0x55dacc4b3ae0 unref 2->1
0:00:00.017982004  2724 0x5583eca35320 DEBUG   structure gststructure.c:2258:gst_structure_parse_field: trying field name 'long-name'
0:00:00.013657571  2725 0x55dacc471320 TRACE   GST_REFCOUNTING gstobject.c:265:gst_object_unref: 0x55dacc4b4ec0 unref 2->1
0:00:00.017992615  2724 0x5583eca35320 DEBUG   default gstvalue.c:2776:_priv_gst_value_parse_value: trying type name 'string'
0:00:00.013664682  2725 0x55dacc471320 TRACE   GST_REFCOUNTING gstobject.c:265:gst_object_unref: 0x55dacc4b5eb0 unref 2->1
0:00:00.018000190  2724 0x5583eca35320 DEBUG   structure gststructure.c:2258:gst_structure_parse_field: trying field name 'klass'
0:00:00.013671500  2725 0x55dacc471320 TRACE   GST_REFCOUNTING gstobject.c:265:gst_object_unref: 0x55dacc4b7990 unref 2->1
0:00:00.018006389  2724 0x5583eca35320 DEBUG   default gstvalue.c:2776:_priv_gst_value_parse_value: trying type name 'string'
0:00:00.013678282  2725 0x55dacc471320 TRACE   GST_REFCOUNTING gstobject.c:265:gst_object_unref: 0x55dacc4b8b90 unref 2->1
0:00:00.018013704  2724 0x5583eca35320 DEBUG   structure gststructure.c:2258:gst_structure_parse_field: trying field name 'description'
0:00:00.013686815  2725 0x55dacc471320 DEBUG   GST_REGISTRY gstregistrychunks.c:499:_priv_gst_registry_chunks_save_plugin: Found 22 features in plugin 0x55dacc49b2e0 (coreelements)
0:00:00.018020622  2724 0x5583eca35320 DEBUG   default gstvalue.c:2776:_priv_gst_value_parse_value: trying type name 'string'
0:00:00.013694186  2725 0x55dacc471320 DEBUG   GST_POLL gstpoll.c:980:gst_poll_fd_ctl_write: 0x55dacc495cf0: fd (fd:0, idx:1), active : 1
0:00:00.018029575  2724 0x5583eca35320 DEBUG   structure gststructure.c:2258:gst_structure_parse_field: trying field name 'author'
0:00:00.013701252  2725 0x55dacc471320 LOG   GST_POLL gstpoll.c:994:gst_poll_fd_ctl_write: 0x55dacc495cf0: pfd->events now 60 (POLLOUT:4)
0:00:00.018036219  2724 0x5583eca35320 DEBUG   default gstvalue.c:2776:_priv_gst_value_parse_value: trying type name 'string'
0:00:00.013708048  2725 0x55dacc471320 DEBUG   GST_POLL gstpoll.c:980:gst_poll_fd_ctl_write: 0x55dacc495cf0: fd (fd:0, idx:1), active : 1
0:00:00.018043638  2724 0x5583eca35320 DEBUG   GST_REGISTRY gstregistrychunks.c:627:gst_registry_chunks_load_feature: Element factory : npadtemplates=2
0:00:00.013714517  2725 0x55dacc471320 LOG   GST_POLL gstpoll.c:994:gst_poll_fd_ctl_write: 0x55dacc495cf0: pfd->events now 60 (POLLOUT:4)
0:00:00.018049921  2724 0x5583eca35320 DEBUG   GST_REGISTRY gstregistrychunks.c:527:gst_registry_chunks_load_pad_template: Reading/casting for GstRegistryChunkPadTemplate at address 0x5583eca5bfa0
0:00:00.013721509  2725 0x55dacc471320 DEBUG   GST_POLL gstpoll.c:980:gst_poll_fd_ctl_write: 0x55dacc495cf0: fd (fd:0, idx:1), active : 1
0:00:00.018056493  2724 0x5583eca35320 DEBUG   GST_REGISTRY gstregistrychunks.c:540:gst_registry_chunks_load_pad_template: Added pad_template src_%u
0:00:00.013728037  2725 0x55dacc471320 LOG   GST_POLL gstpoll.c:994:gst_poll_fd_ctl_write: 0x55dacc495cf0: pfd->events now 60 (POLLOUT:4)
0:00:00.018063029  2724 0x5583eca35320 DEBUG   GST_REGISTRY gstregistrychunks.c:527:gst_registry_chunks_load_pad_template: Reading/casting for GstRegistryChunkPadTemplate at address 0x5583eca5bfb8
0:00:00.013738399  2725 0x55dacc471320 DEBUG   GST_POLL gstpoll.c:980:gst_poll_fd_ctl_write: 0x55dacc495cf0: fd (fd:0, idx:1), active : 1
0:00:00.018073463  2724 0x5583eca35320 DEBUG   GST_REGISTRY gstregistrychunks.c:540:gst_registry_chunks_load_pad_template: Added pad_template sink_%u
0:00:00.013744867  2725 0x55dacc471320 LOG   GST_POLL gstpoll.c:994:gst_poll_fd_ctl_write: 0x55dacc495cf0: pfd->events now 60 (POLLOUT:4)
0:00:00.018081540  2724 0x5583eca35320 DEBUG   GST_REGISTRY gstregistry.c:590:gst_registry_add_feature: adding feature 0x5583eca5de30 (multiqueue)
0:00:00.013751646  2725 0x55dacc471320 DEBUG   GST_POLL gstpoll.c:980:gst_poll_fd_ctl_write: 0x55dacc495cf0: fd (fd:0, idx:1), active : 1
0:00:00.018088014  2724 0x5583eca35320 DEBUG   GST_REFCOUNTING gstobject.c:709:gst_object_set_parent: set parent (ref and sink)
0:00:00.013758053  2725 0x55dacc471320 LOG   GST_POLL gstpoll.c:994:gst_poll_fd_ctl_write: 0x55dacc495cf0: pfd->events now 60 (POLLOUT:4)
0:00:00.018095292  2724 0x5583eca35320 TRACE   GST_REFCOUNTING gstobject.c:294:gst_object_ref_sink: 0x5583eca5de30 ref_sink 1->2
0:00:00.013764618  2725 0x55dacc471320 DEBUG   GST_POLL gstpoll.c:980:gst_poll_fd_ctl_write: 0x55dacc495cf0: fd (fd:0, idx:1), active : 1
0:00:00.018102173  2724 0x5583eca35320 LOG   GST_REGISTRY gstregistry.c:608:gst_registry_add_feature: emitting feature-added for multiqueue
0:00:00.013771016  2725 0x55dacc471320 LOG   GST_POLL gstpoll.c:994:gst_poll_fd_ctl_write: 0x55dacc495cf0: pfd->events now 60 (POLLOUT:4)
0:00:00.018109185  2724 0x5583eca35320 DEBUG   GST_REGISTRY gstregistrychunks.c:742:gst_registry_chunks_load_feature: Added feature multiqueue, plugin 0x5583eca5acc0 coreelements
0:00:00.013777692  2725 0x55dacc471320 DEBUG   GST_POLL gstpoll.c:980:gst_poll_fd_ctl_write: 0x55dacc495cf0: fd (fd:0, idx:1), active : 1
0:00:00.018115879  2724 0x5583eca35320 DEBUG   GST_REGISTRY gstregistrychunks.c:584:gst_registry_chunks_load_feature: Plugin 'coreelements' feature 'typefind' typename : 'GstElementFactory'
0:00:00.013784775  2725 0x55dacc471320 LOG   GST_POLL gstpoll.c:994:gst_poll_fd_ctl_write: 0x55dacc495cf0: pfd->events now 60 (POLLOUT:4)
0:00:00.018123512  2724 0x5583eca35320 TRACE   GST_REFCOUNTING gstobject.c:208:gst_object_init: 0x5583eca5e270 new
0:00:00.013791815  2725 0x55dacc471320 DEBUG   GST_POLL gstpoll.c:980:gst_poll_fd_ctl_write: 0x55dacc495cf0: fd (fd:0, idx:1), active : 1
0:00:00.018131362  2724 0x5583eca35320 LOG   GST_REGISTRY gstregistrychunks.c:611:gst_registry_chunks_load_feature: Reading/casting for GstRegistryChunkElementFactory at address 0x5583eca5bfe8
0:00:00.013799752  2725 0x55dacc471320 LOG   GST_POLL gstpoll.c:994:gst_poll_fd_ctl_write: 0x55dacc495cf0: pfd->events now 60 (POLLOUT:4)
0:00:00.018138102  2724 0x5583eca35320 TRACE   structure gststructure.c:292:gst_structure_new_id_empty_with_size: created structure 0x5583eca5e580
0:00:00.013807023  2725 0x55dacc471320 DEBUG   GST_POLL gstpoll.c:980:gst_poll_fd_ctl_write: 0x55dacc495cf0: fd (fd:0, idx:1), active : 1
0:00:00.018144306  2724 0x5583eca35320 DEBUG   structure gststructure.c:2258:gst_structure_parse_field: trying field name 'long-name'
0:00:00.013815835  2725 0x55dacc471320 LOG   GST_POLL gstpoll.c:994:gst_poll_fd_ctl_write: 0x55dacc495cf0: pfd->events now 60 (POLLOUT:4)
0:00:00.018151182  2724 0x5583eca35320 DEBUG   default gstvalue.c:2776:_priv_gst_value_parse_value: trying type name 'string'
0:00:00.013822774  2725 0x55dacc471320 DEBUG   GST_POLL gstpoll.c:980:gst_poll_fd_ctl_write: 0x55dacc495cf0: fd (fd:0, idx:1), active : 1
0:00:00.018158138  2724 0x5583eca35320 DEBUG   structure gststructure.c:2258:gst_structure_parse_field: trying field name 'klass'
0:00:00.013829362  2725 0x55dacc471320 LOG   GST_POLL gstpoll.c:994:gst_poll_fd_ctl_write: 0x55dacc495cf0: pfd->events now 60 (POLLOUT:4)
0:00:00.018164343  2724 0x5583eca35320 DEBUG   default gstvalue.c:2776:_priv_gst_value_parse_value: trying type name 'string'
0:00:00.013835993  2725 0x55dacc471320 DEBUG   GST_POLL gstpoll.c:980:gst_poll_fd_ctl_write: 0x55dacc495cf0: fd (fd:0, idx:1), active : 1
0:00:00.018171374  2724 0x5583eca35320 DEBUG   structure gststructure.c:2258:gst_structure_parse_field: trying field name 'description'
0:00:00.013842711  2725 0x55dacc471320 LOG   GST_POLL gstpoll.c:994:gst_poll_fd_ctl_write: 0x55dacc495cf0: pfd->events now 60 (POLLOUT:4)
0:00:00.018178318  2724 0x5583eca35320 DEBUG   default gstvalue.c:2776:_priv_gst_value_parse_value: trying type name 'string'
0:00:00.013849141  2725 0x55dacc471320 DEBUG   GST_POLL gstpoll.c:980:gst_poll_fd_ctl_write: 0x55dacc495cf0: fd (fd:0, idx:1), active : 1
0:00:00.018185193  2724 0x5583eca35320 DEBUG   structure gststructure.c:2258:gst_structure_parse_field: trying field name 'author'
0:00:00.013855465  2725 0x55dacc471320 LOG   GST_POLL gstpoll.c:994:gst_poll_fd_ctl_write: 0x55dacc495cf0: pfd->events now 60 (POLLOUT:4)
0:00:00.018191598  2724 0x5583eca35320 DEBUG   default gstvalue.c:2776:_priv_gst_value_parse_value: trying type name 'string'
0:00:00.013862047  2725 0x55dacc471320 DEBUG   GST_POLL gstpoll.c:980:gst_poll_fd_ctl_write: 0x55dacc495cf0: fd (fd:0, idx:1), active : 1
0:00:00.018198731  2724 0x5583eca35320 DEBUG   GST_REGISTRY gstregistrychunks.c:627:gst_registry_chunks_load_feature: Element factory : npadtemplates=2
0:00:00.013868270  2725 0x55dacc471320 LOG   GST_POLL gstpoll.c:994:gst_poll_fd_ctl_write: 0x55dacc495cf0: pfd->events now 60 (POLLOUT:4)
0:00:00.018204755  2724 0x5583eca35320 DEBUG   GST_REGISTRY gstregistrychunks.c:527:gst_registry_chunks_load_pad_template: Reading/casting for GstRegistryChunkPadTemplate at address 0x5583eca5c0c0
0:00:00.013874661  2725 0x55dacc471320 DEBUG   GST_POLL gstpoll.c:980:gst_poll_fd_ctl_write: 0x55dacc495cf0: fd (fd:0, idx:1), active : 1
0:00:00.018210900  2724 0x5583eca35320 DEBUG   GST_REGISTRY gstregistrychunks.c:540:gst_registry_chunks_load_pad_template: Added pad_template sink
0:00:00.013880827  2725 0x55dacc471320 LOG   GST_POLL gstpoll.c:994:gst_poll_fd_ctl_write: 0x55dacc495cf0: pfd->events now 60 (POLLOUT:4)
0:00:00.018216882  2724 0x5583eca35320 DEBUG   GST_REGISTRY gstregistrychunks.c:527:gst_registry_chunks_load_pad_template: Reading/casting for GstRegistryChunkPadTemplate at address 0x5583eca5c0d8
0:00:00.013894249  2725 0x55dacc471320 DEBUG   GST_POLL gstpoll.c:980:gst_poll_fd_ctl_write: 0x55dacc495cf0: fd (fd:0, idx:1), active : 1
0:00:00.018229420  2724 0x5583eca35320 DEBUG   GST_REGISTRY gstregistrychunks.c:540:gst_registry_chunks_load_pad_template: Added pad_template src
0:00:00.013900623  2725 0x55dacc471320 LOG   GST_POLL gstpoll.c:994:gst_poll_fd_ctl_write: 0x55dacc495cf0: pfd->events now 60 (POLLOUT:4)
0:00:00.018237169  2724 0x5583eca35320 DEBUG   GST_REGISTRY gstregistry.c:590:gst_registry_add_feature: adding feature 0x5583eca5e270 (typefind)
0:00:00.013907140  2725 0x55dacc471320 DEBUG   GST_POLL gstpoll.c:980:gst_poll_fd_ctl_write: 0x55dacc495cf0: fd (fd:0, idx:1), active : 1
0:00:00.018243209  2724 0x5583eca35320 DEBUG   GST_REFCOUNTING gstobject.c:709:gst_object_set_parent: set parent (ref and sink)
0:00:00.013913369  2725 0x55dacc471320 LOG   GST_POLL gstpoll.c:994:gst_poll_fd_ctl_write: 0x55dacc495cf0: pfd->events now 60 (POLLOUT:4)
0:00:00.018250611  2724 0x5583eca35320 TRACE   GST_REFCOUNTING gstobject.c:294:gst_object_ref_sink: 0x5583eca5e270 ref_sink 1->2
0:00:00.013919982  2725 0x55dacc471320 DEBUG   GST_POLL gstpoll.c:980:gst_poll_fd_ctl_write: 0x55dacc495cf0: fd (fd:0, idx:1), active : 1
0:00:00.018257339  2724 0x5583eca35320 LOG   GST_REGISTRY gstregistry.c:608:gst_registry_add_feature: emitting feature-added for typefind
0:00:00.013926266  2725 0x55dacc471320 LOG   GST_POLL gstpoll.c:994:gst_poll_fd_ctl_write: 0x55dacc495cf0: pfd->events now 60 (POLLOUT:4)
0:00:00.018264127  2724 0x5583eca35320 DEBUG   GST_REGISTRY gstregistrychunks.c:742:gst_registry_chunks_load_feature: Added feature typefind, plugin 0x5583eca5acc0 coreelements
0:00:00.013933029  2725 0x55dacc471320 DEBUG   GST_POLL gstpoll.c:980:gst_poll_fd_ctl_write: 0x55dacc495cf0: fd (fd:0, idx:1), active : 1
0:00:00.018270881  2724 0x5583eca35320 DEBUG   GST_REGISTRY gstregistrychunks.c:584:gst_registry_chunks_load_feature: Plugin 'coreelements' feature 'tee' typename : 'GstElementFactory'
0:00:00.013939445  2725 0x55dacc471320 LOG   GST_POLL gstpoll.c:994:gst_poll_fd_ctl_write: 0x55dacc495cf0: pfd->events now 60 (POLLOUT:4)
0:00:00.018278152  2724 0x5583eca35320 TRACE   GST_REFCOUNTING gstobject.c:208:gst_object_init: 0x5583eca5e7d0 new
0:00:00.013946511  2725 0x55dacc471320 DEBUG   GST_POLL gstpoll.c:980:gst_poll_fd_ctl_write: 0x55dacc495cf0: fd (fd:0, idx:1), active : 1
0:00:00.018285571  2724 0x5583eca35320 LOG   GST_REGISTRY gstregistrychunks.c:611:gst_registry_chunks_load_feature: Reading/casting for GstRegistryChunkElementFactory at address 0x5583eca5c100
0:00:00.013954116  2725 0x55dacc471320 LOG   GST_POLL gstpoll.c:994:gst_poll_fd_ctl_write: 0x55dacc495cf0: pfd->events now 60 (POLLOUT:4)
0:00:00.018292192  2724 0x5583eca35320 TRACE   structure gststructure.c:292:gst_structure_new_id_empty_with_size: created structure 0x5583eca5ea10
0:00:00.013961411  2725 0x55dacc471320 DEBUG   GST_POLL gstpoll.c:980:gst_poll_fd_ctl_write: 0x55dacc495cf0: fd (fd:0, idx:1), active : 1
0:00:00.018303183  2724 0x5583eca35320 DEBUG   structure gststructure.c:2258:gst_structure_parse_field: trying field name 'long-name'
0:00:00.013972796  2725 0x55dacc471320 LOG   GST_POLL gstpoll.c:994:gst_poll_fd_ctl_write: 0x55dacc495cf0: pfd->events now 60 (POLLOUT:4)
0:00:00.018309386  2724 0x5583eca35320 DEBUG   default gstvalue.c:2776:_priv_gst_value_parse_value: trying type name 'string'
0:00:00.013979466  2725 0x55dacc471320 DEBUG   GST_POLL gstpoll.c:980:gst_poll_fd_ctl_write: 0x55dacc495cf0: fd (fd:0, idx:1), active : 1
0:00:00.018316235  2724 0x5583eca35320 DEBUG   structure gststructure.c:2258:gst_structure_parse_field: trying field name 'klass'
0:00:00.013985828  2725 0x55dacc471320 LOG   GST_POLL gstpoll.c:994:gst_poll_fd_ctl_write: 0x55dacc495cf0: pfd->events now 60 (POLLOUT:4)
0:00:00.018322386  2724 0x5583eca35320 DEBUG   default gstvalue.c:2776:_priv_gst_value_parse_value: trying type name 'string'
0:00:00.013992256  2725 0x55dacc471320 DEBUG   GST_POLL gstpoll.c:980:gst_poll_fd_ctl_write: 0x55dacc495cf0: fd (fd:0, idx:1), active : 1
0:00:00.018328556  2724 0x5583eca35320 DEBUG   structure gststructure.c:2258:gst_structure_parse_field: trying field name 'description'
0:00:00.013998627  2725 0x55dacc471320 LOG   GST_POLL gstpoll.c:994:gst_poll_fd_ctl_write: 0x55dacc495cf0: pfd->events now 60 (POLLOUT:4)
0:00:00.018334698  2724 0x5583eca35320 DEBUG   default gstvalue.c:2776:_priv_gst_value_parse_value: trying type name 'string'
0:00:00.014005007  2725 0x55dacc471320 DEBUG   GST_POLL gstpoll.c:980:gst_poll_fd_ctl_write: 0x55dacc495cf0: fd (fd:0, idx:1), active : 1
0:00:00.018341319  2724 0x5583eca35320 DEBUG   structure gststructure.c:2258:gst_structure_parse_field: trying field name 'author'
0:00:00.014011308  2725 0x55dacc471320 LOG   GST_POLL gstpoll.c:994:gst_poll_fd_ctl_write: 0x55dacc495cf0: pfd->events now 60 (POLLOUT:4)
0:00:00.018347443  2724 0x5583eca35320 DEBUG   default gstvalue.c:2776:_priv_gst_value_parse_value: trying type name 'string'
0:00:00.014017789  2725 0x55dacc471320 DEBUG   GST_POLL gstpoll.c:980:gst_poll_fd_ctl_write: 0x55dacc495cf0: fd (fd:0, idx:1), active : 1
0:00:00.018354968  2724 0x5583eca35320 DEBUG   GST_REGISTRY gstregistrychunks.c:627:gst_registry_chunks_load_feature: Element factory : npadtemplates=2
0:00:00.014024001  2725 0x55dacc471320 LOG   GST_POLL gstpoll.c:994:gst_poll_fd_ctl_write: 0x55dacc495cf0: pfd->events now 60 (POLLOUT:4)
0:00:00.018361013  2724 0x5583eca35320 DEBUG   GST_REGISTRY gstregistrychunks.c:527:gst_registry_chunks_load_pad_template: Reading/casting for GstRegistryChunkPadTemplate at address 0x5583eca5c1f0
0:00:00.014030542  2725 0x55dacc471320 DEBUG   GST_POLL gstpoll.c:980:gst_poll_fd_ctl_write: 0x55dacc495cf0: fd (fd:0, idx:1), active : 1
0:00:00.018367152  2724 0x5583eca35320 DEBUG   GST_REGISTRY gstregistrychunks.c:540:gst_registry_chunks_load_pad_template: Added pad_template src_%u
0:00:00.014036662  2725 0x55dacc471320 LOG   GST_POLL gstpoll.c:994:gst_poll_fd_ctl_write: 0x55dacc495cf0: pfd->events now 60 (POLLOUT:4)
0:00:00.018373000  2724 0x5583eca35320 DEBUG   GST_REGISTRY gstregistrychunks.c:527:gst_registry_chunks_load_pad_template: Reading/casting for GstRegistryChunkPadTemplate at address 0x5583eca5c208
0:00:00.014047378  2725 0x55dacc471320 DEBUG   GST_POLL gstpoll.c:980:gst_poll_fd_ctl_write: 0x55dacc495cf0: fd (fd:0, idx:1), active : 1
0:00:00.018382217  2724 0x5583eca35320 DEBUG   GST_REGISTRY gstregistrychunks.c:540:gst_registry_chunks_load_pad_template: Added pad_template sink
0:00:00.014053769  2725 0x55dacc471320 LOG   GST_POLL gstpoll.c:994:gst_poll_fd_ctl_write: 0x55dacc495cf0: pfd->events now 60 (POLLOUT:4)
0:00:00.018390139  2724 0x5583eca35320 DEBUG   GST_REGISTRY gstregistry.c:590:gst_registry_add_feature: adding feature 0x5583eca5e7d0 (tee)
0:00:00.014060557  2725 0x55dacc471320 DEBUG   GST_POLL gstpoll.c:980:gst_poll_fd_ctl_write: 0x55dacc495cf0: fd (fd:0, idx:1), active : 1
0:00:00.018396450  2724 0x5583eca35320 DEBUG   GST_REFCOUNTING gstobject.c:709:gst_object_set_parent: set parent (ref and sink)
0:00:00.014067163  2725 0x55dacc471320 LOG   GST_POLL gstpoll.c:994:gst_poll_fd_ctl_write: 0x55dacc495cf0: pfd->events now 60 (POLLOUT:4)
0:00:00.018403885  2724 0x5583eca35320 TRACE   GST_REFCOUNTING gstobject.c:294:gst_object_ref_sink: 0x5583eca5e7d0 ref_sink 1->2
0:00:00.014073977  2725 0x55dacc471320 DEBUG   GST_POLL gstpoll.c:980:gst_poll_fd_ctl_write: 0x55dacc495cf0: fd (fd:0, idx:1), active : 1
0:00:00.018410676  2724 0x5583eca35320 LOG   GST_REGISTRY gstregistry.c:608:gst_registry_add_feature: emitting feature-added for tee
0:00:00.014080327  2725 0x55dacc471320 LOG   GST_POLL gstpoll.c:994:gst_poll_fd_ctl_write: 0x55dacc495cf0: pfd->events now 60 (POLLOUT:4)
0:00:00.018417536  2724 0x5583eca35320 DEBUG   GST_REGISTRY gstregistrychunks.c:742:gst_registry_chunks_load_feature: Added feature tee, plugin 0x5583eca5acc0 coreelements
0:00:00.014086947  2725 0x55dacc471320 DEBUG   GST_POLL gstpoll.c:980:gst_poll_fd_ctl_write: 0x55dacc495cf0: fd (fd:0, idx:1), active : 1
0:00:00.018424315  2724 0x5583eca35320 DEBUG   GST_REGISTRY gstregistrychunks.c:584:gst_registry_chunks_load_feature: Plugin 'coreelements' feature 'filesink' typename : 'GstElementFactory'
0:00:00.014093277  2725 0x55dacc471320 LOG   GST_POLL gstpoll.c:994:gst_poll_fd_ctl_write: 0x55dacc495cf0: pfd->events now 60 (POLLOUT:4)
0:00:00.018431690  2724 0x5583eca35320 TRACE   GST_REFCOUNTING gstobject.c:208:gst_object_init: 0x5583eca5ed40 new
0:00:00.014100057  2725 0x55dacc471320 DEBUG   GST_POLL gstpoll.c:980:gst_poll_fd_ctl_write: 0x55dacc495cf0: fd (fd:0, idx:1), active : 1
0:00:00.014122140  2725 0x55dacc471320 LOG   GST_POLL gstpoll.c:994:gst_poll_fd_ctl_write: 0x55dacc495cf0: pfd->events now 60 (POLLOUT:4)
0:00:00.018456887  2724 0x5583eca35320 LOG   GST_REGISTRY gstregistrychunks.c:611:gst_registry_chunks_load_feature: Reading/casting for GstRegistryChunkElementFactory at address 0x5583eca5c238
0:00:00.014128343  2725 0x55dacc471320 DEBUG   GST_POLL gstpoll.c:980:gst_poll_fd_ctl_write: 0x55dacc495cf0: fd (fd:0, idx:1), active : 1
0:00:00.018467404  2724 0x5583eca35320 TRACE   structure gststructure.c:292:gst_structure_new_id_empty_with_size: created structure 0x5583eca5f040
0:00:00.014138668  2725 0x55dacc471320 LOG   GST_POLL gstpoll.c:994:gst_poll_fd_ctl_write: 0x55dacc495cf0: pfd->events now 60 (POLLOUT:4)
0:00:00.014148233  2725 0x55dacc471320 DEBUG   GST_POLL gstpoll.c:980:gst_poll_fd_ctl_write: 0x55dacc495cf0: fd (fd:0, idx:1), active : 1
0:00:00.018480260  2724 0x5583eca35320 DEBUG   structure gststructure.c:2258:gst_structure_parse_field: trying field name 'long-name'
0:00:00.014154244  2725 0x55dacc471320 LOG   GST_POLL gstpoll.c:994:gst_poll_fd_ctl_write: 0x55dacc495cf0: pfd->events now 60 (POLLOUT:4)
0:00:00.018491557  2724 0x5583eca35320 DEBUG   default gstvalue.c:2776:_priv_gst_value_parse_value: trying type name 'string'
0:00:00.014161226  2725 0x55dacc471320 DEBUG   GST_POLL gstpoll.c:980:gst_poll_fd_ctl_write: 0x55dacc495cf0: fd (fd:0, idx:1), active : 1
0:00:00.018502375  2724 0x5583eca35320 DEBUG   structure gststructure.c:2258:gst_structure_parse_field: trying field name 'klass'
0:00:00.014170383  2725 0x55dacc471320 LOG   GST_POLL gstpoll.c:994:gst_poll_fd_ctl_write: 0x55dacc495cf0: pfd->events now 60 (POLLOUT:4)
0:00:00.018508890  2724 0x5583eca35320 DEBUG   default gstvalue.c:2776:_priv_gst_value_parse_value: trying type name 'string'
0:00:00.014178402  2725 0x55dacc471320 DEBUG   GST_POLL gstpoll.c:980:gst_poll_fd_ctl_write: 0x55dacc495cf0: fd (fd:0, idx:1), active : 1
0:00:00.018515774  2724 0x5583eca35320 DEBUG   structure gststructure.c:2258:gst_structure_parse_field: trying field name 'description'
0:00:00.014184999  2725 0x55dacc471320 LOG   GST_POLL gstpoll.c:994:gst_poll_fd_ctl_write: 0x55dacc495cf0: pfd->events now 60 (POLLOUT:4)
0:00:00.018522058  2724 0x5583eca35320 DEBUG   default gstvalue.c:2776:_priv_gst_value_parse_value: trying type name 'string'
0:00:00.014191791  2725 0x55dacc471320 DEBUG   GST_POLL gstpoll.c:980:gst_poll_fd_ctl_write: 0x55dacc495cf0: fd (fd:0, idx:1), active : 1
0:00:00.018529129  2724 0x5583eca35320 DEBUG   structure gststructure.c:2258:gst_structure_parse_field: trying field name 'author'
0:00:00.014202742  2725 0x55dacc471320 LOG   GST_POLL gstpoll.c:994:gst_poll_fd_ctl_write: 0x55dacc495cf0: pfd->events now 60 (POLLOUT:4)
0:00:00.018537839  2724 0x5583eca35320 DEBUG   default gstvalue.c:2776:_priv_gst_value_parse_value: trying type name 'string'
0:00:00.014209588  2725 0x55dacc471320 DEBUG   GST_POLL gstpoll.c:980:gst_poll_fd_ctl_write: 0x55dacc495cf0: fd (fd:0, idx:1), active : 1
0:00:00.018547758  2724 0x5583eca35320 DEBUG   GST_REGISTRY gstregistrychunks.c:627:gst_registry_chunks_load_feature: Element factory : npadtemplates=1
0:00:00.014215930  2725 0x55dacc471320 LOG   GST_POLL gstpoll.c:994:gst_poll_fd_ctl_write: 0x55dacc495cf0: pfd->events now 60 (POLLOUT:4)
0:00:00.018554152  2724 0x5583eca35320 DEBUG   GST_REGISTRY gstregistrychunks.c:527:gst_registry_chunks_load_pad_template: Reading/casting for GstRegistryChunkPadTemplate at address 0x5583eca5c318
0:00:00.014223826  2725 0x55dacc471320 DEBUG   GST_POLL gstpoll.c:980:gst_poll_fd_ctl_write: 0x55dacc495cf0: fd (fd:0, idx:1), active : 1
0:00:00.018560802  2724 0x5583eca35320 DEBUG   GST_REGISTRY gstregistrychunks.c:540:gst_registry_chunks_load_pad_template: Added pad_template sink
0:00:00.014234530  2725 0x55dacc471320 LOG   GST_POLL gstpoll.c:994:gst_poll_fd_ctl_write: 0x55dacc495cf0: pfd->events now 60 (POLLOUT:4)
0:00:00.018570785  2724 0x5583eca35320 DEBUG   GST_REGISTRY gstregistrychunks.c:640:gst_registry_chunks_load_feature: Reading 1 UriTypes at address 0x5583eca5c329
0:00:00.014241151  2725 0x55dacc471320 DEBUG   GST_POLL gstpoll.c:980:gst_poll_fd_ctl_write: 0x55dacc495cf0: fd (fd:0, idx:1), active : 1
0:00:00.018579628  2724 0x5583eca35320 DEBUG   GST_REGISTRY gstregistrychunks.c:655:gst_registry_chunks_load_feature: Reading 1 Interfaces at address 0x5583eca5c339
0:00:00.014248235  2725 0x55dacc471320 LOG   GST_POLL gstpoll.c:994:gst_poll_fd_ctl_write: 0x55dacc495cf0: pfd->events now 60 (POLLOUT:4)
0:00:00.018588771  2724 0x5583eca35320 DEBUG   GST_REGISTRY gstregistry.c:590:gst_registry_add_feature: adding feature 0x5583eca5ed40 (filesink)
0:00:00.014255907  2725 0x55dacc471320 DEBUG   GST_POLL gstpoll.c:980:gst_poll_fd_ctl_write: 0x55dacc495cf0: fd (fd:0, idx:1), active : 1
0:00:00.018595407  2724 0x5583eca35320 DEBUG   GST_REFCOUNTING gstobject.c:709:gst_object_set_parent: set parent (ref and sink)
0:00:00.014264432  2725 0x55dacc471320 LOG   GST_POLL gstpoll.c:994:gst_poll_fd_ctl_write: 0x55dacc495cf0: pfd->events now 60 (POLLOUT:4)
0:00:00.018603331  2724 0x5583eca35320 TRACE   GST_REFCOUNTING gstobject.c:294:gst_object_ref_sink: 0x5583eca5ed40 ref_sink 1->2
0:00:00.014271732  2725 0x55dacc471320 DEBUG   GST_POLL gstpoll.c:980:gst_poll_fd_ctl_write: 0x55dacc495cf0: fd (fd:0, idx:1), active : 1
0:00:00.018610051  2724 0x5583eca35320 LOG   GST_REGISTRY gstregistry.c:608:gst_registry_add_feature: emitting feature-added for filesink
0:00:00.014278937  2725 0x55dacc471320 LOG   GST_POLL gstpoll.c:994:gst_poll_fd_ctl_write: 0x55dacc495cf0: pfd->events now 60 (POLLOUT:4)
0:00:00.018617237  2724 0x5583eca35320 DEBUG   GST_REGISTRY gstregistrychunks.c:742:gst_registry_chunks_load_feature: Added feature filesink, plugin 0x5583eca5acc0 coreelements
0:00:00.014285684  2725 0x55dacc471320 DEBUG   GST_POLL gstpoll.c:980:gst_poll_fd_ctl_write: 0x55dacc495cf0: fd (fd:0, idx:1), active : 1
0:00:00.018623947  2724 0x5583eca35320 DEBUG   GST_REGISTRY gstregistrychunks.c:584:gst_registry_chunks_load_feature: Plugin 'coreelements' feature 'queue2' typename : 'GstElementFactory'
0:00:00.014292389  2725 0x55dacc471320 LOG   GST_POLL gstpoll.c:994:gst_poll_fd_ctl_write: 0x55dacc495cf0: pfd->events now 60 (POLLOUT:4)
0:00:00.018631852  2724 0x5583eca35320 TRACE   GST_REFCOUNTING gstobject.c:208:gst_object_init: 0x5583eca5f550 new
0:00:00.014299530  2725 0x55dacc471320 DEBUG   GST_POLL gstpoll.c:980:gst_poll_fd_ctl_write: 0x55dacc495cf0: fd (fd:0, idx:1), active : 1
0:00:00.018639545  2724 0x5583eca35320 LOG   GST_REGISTRY gstregistrychunks.c:611:gst_registry_chunks_load_feature: Reading/casting for GstRegistryChunkElementFactory at address 0x5583eca5c360
0:00:00.014307699  2725 0x55dacc471320 LOG   GST_POLL gstpoll.c:994:gst_poll_fd_ctl_write: 0x55dacc495cf0: pfd->events now 60 (POLLOUT:4)
0:00:00.018652142  2724 0x5583eca35320 TRACE   structure gststructure.c:292:gst_structure_new_id_empty_with_size: created structure 0x5583eca5f780
0:00:00.014321232  2725 0x55dacc471320 DEBUG   GST_POLL gstpoll.c:980:gst_poll_fd_ctl_write: 0x55dacc495cf0: fd (fd:0, idx:1), active : 1
0:00:00.018658744  2724 0x5583eca35320 DEBUG   structure gststructure.c:2258:gst_structure_parse_field: trying field name 'long-name'
0:00:00.014327993  2725 0x55dacc471320 LOG   GST_POLL gstpoll.c:994:gst_poll_fd_ctl_write: 0x55dacc495cf0: pfd->events now 60 (POLLOUT:4)
0:00:00.018664602  2724 0x5583eca35320 DEBUG   default gstvalue.c:2776:_priv_gst_value_parse_value: trying type name 'string'
0:00:00.014334705  2725 0x55dacc471320 DEBUG   GST_POLL gstpoll.c:980:gst_poll_fd_ctl_write: 0x55dacc495cf0: fd (fd:0, idx:1), active : 1
0:00:00.018671215  2724 0x5583eca35320 DEBUG   structure gststructure.c:2258:gst_structure_parse_field: trying field name 'klass'
0:00:00.014341125  2725 0x55dacc471320 LOG   GST_POLL gstpoll.c:994:gst_poll_fd_ctl_write: 0x55dacc495cf0: pfd->events now 60 (POLLOUT:4)
0:00:00.018677608  2724 0x5583eca35320 DEBUG   default gstvalue.c:2776:_priv_gst_value_parse_value: trying type name 'string'
0:00:00.014347687  2725 0x55dacc471320 DEBUG   GST_POLL gstpoll.c:980:gst_poll_fd_ctl_write: 0x55dacc495cf0: fd (fd:0, idx:1), active : 1
0:00:00.018684189  2724 0x5583eca35320 DEBUG   structure gststructure.c:2258:gst_structure_parse_field: trying field name 'description'
0:00:00.014354091  2725 0x55dacc471320 LOG   GST_POLL gstpoll.c:994:gst_poll_fd_ctl_write: 0x55dacc495cf0: pfd->events now 60 (POLLOUT:4)
0:00:00.018690359  2724 0x5583eca35320 DEBUG   default gstvalue.c:2776:_priv_gst_value_parse_value: trying type name 'string'
0:00:00.014360851  2725 0x55dacc471320 DEBUG   GST_POLL gstpoll.c:980:gst_poll_fd_ctl_write: 0x55dacc495cf0: fd (fd:0, idx:1), active : 1
0:00:00.014366997  2725 0x55dacc471320 LOG   GST_POLL gstpoll.c:994:gst_poll_fd_ctl_write: 0x55dacc495cf0: pfd->events now 60 (POLLOUT:4)
0:00:00.018701931  2724 0x5583eca35320 DEBUG   structure gststructure.c:2258:gst_structure_parse_field: trying field name 'author'
0:00:00.014372974  2725 0x55dacc471320 DEBUG   GST_POLL gstpoll.c:980:gst_poll_fd_ctl_write: 0x55dacc495cf0: fd (fd:0, idx:1), active : 1
0:00:00.018708452  2724 0x5583eca35320 DEBUG   default gstvalue.c:2776:_priv_gst_value_parse_value: trying type name 'string'
0:00:00.014379221  2725 0x55dacc471320 LOG   GST_POLL gstpoll.c:994:gst_poll_fd_ctl_write: 0x55dacc495cf0: pfd->events now 60 (POLLOUT:4)
0:00:00.018716192  2724 0x5583eca35320 DEBUG   GST_REGISTRY gstregistrychunks.c:627:gst_registry_chunks_load_feature: Element factory : npadtemplates=2
0:00:00.014385793  2725 0x55dacc471320 DEBUG   GST_POLL gstpoll.c:980:gst_poll_fd_ctl_write: 0x55dacc495cf0: fd (fd:0, idx:1), active : 1
0:00:00.018722230  2724 0x5583eca35320 DEBUG   GST_REGISTRY gstregistrychunks.c:527:gst_registry_chunks_load_pad_template: Reading/casting for GstRegistryChunkPadTemplate at address 0x5583eca5c450
0:00:00.014392027  2725 0x55dacc471320 LOG   GST_POLL gstpoll.c:994:gst_poll_fd_ctl_write: 0x55dacc495cf0: pfd->events now 60 (POLLOUT:4)
0:00:00.018732938  2724 0x5583eca35320 DEBUG   GST_REGISTRY gstregistrychunks.c:540:gst_registry_chunks_load_pad_template: Added pad_template sink
0:00:00.014402470  2725 0x55dacc471320 DEBUG   GST_POLL gstpoll.c:980:gst_poll_fd_ctl_write: 0x55dacc495cf0: fd (fd:0, idx:1), active : 1
0:00:00.018738992  2724 0x5583eca35320 DEBUG   GST_REGISTRY gstregistrychunks.c:527:gst_registry_chunks_load_pad_template: Reading/casting for GstRegistryChunkPadTemplate at address 0x5583eca5c468
0:00:00.014408611  2725 0x55dacc471320 LOG   GST_POLL gstpoll.c:994:gst_poll_fd_ctl_write: 0x55dacc495cf0: pfd->events now 60 (POLLOUT:4)
0:00:00.018744995  2724 0x5583eca35320 DEBUG   GST_REGISTRY gstregistrychunks.c:540:gst_registry_chunks_load_pad_template: Added pad_template src
0:00:00.014415079  2725 0x55dacc471320 DEBUG   GST_POLL gstpoll.c:980:gst_poll_fd_ctl_write: 0x55dacc495cf0: fd (fd:0, idx:1), active : 1
0:00:00.018752298  2724 0x5583eca35320 DEBUG   GST_REGISTRY gstregistry.c:590:gst_registry_add_feature: adding feature 0x5583eca5f550 (queue2)
0:00:00.014421476  2725 0x55dacc471320 LOG   GST_POLL gstpoll.c:994:gst_poll_fd_ctl_write: 0x55dacc495cf0: pfd->events now 60 (POLLOUT:4)
0:00:00.018758448  2724 0x5583eca35320 DEBUG   GST_REFCOUNTING gstobject.c:709:gst_object_set_parent: set parent (ref and sink)
0:00:00.014428024  2725 0x55dacc471320 DEBUG   GST_POLL gstpoll.c:980:gst_poll_fd_ctl_write: 0x55dacc495cf0: fd (fd:0, idx:1), active : 1
0:00:00.018766040  2724 0x5583eca35320 TRACE   GST_REFCOUNTING gstobject.c:294:gst_object_ref_sink: 0x5583eca5f550 ref_sink 1->2
0:00:00.014434332  2725 0x55dacc471320 LOG   GST_POLL gstpoll.c:994:gst_poll_fd_ctl_write: 0x55dacc495cf0: pfd->events now 60 (POLLOUT:4)
0:00:00.018772876  2724 0x5583eca35320 LOG   GST_REGISTRY gstregistry.c:608:gst_registry_add_feature: emitting feature-added for queue2
0:00:00.014442188  2725 0x55dacc471320 DEBUG   GST_POLL gstpoll.c:980:gst_poll_fd_ctl_write: 0x55dacc495cf0: fd (fd:0, idx:1), active : 1
0:00:00.018779589  2724 0x5583eca35320 DEBUG   GST_REGISTRY gstregistrychunks.c:742:gst_registry_chunks_load_feature: Added feature queue2, plugin 0x5583eca5acc0 coreelements
0:00:00.014448377  2725 0x55dacc471320 LOG   GST_POLL gstpoll.c:994:gst_poll_fd_ctl_write: 0x55dacc495cf0: pfd->events now 60 (POLLOUT:4)
0:00:00.018786137  2724 0x5583eca35320 DEBUG   GST_REGISTRY gstregistrychunks.c:584:gst_registry_chunks_load_feature: Plugin 'coreelements' feature 'queue' typename : 'GstElementFactory'
0:00:00.014455115  2725 0x55dacc471320 DEBUG   GST_POLL gstpoll.c:980:gst_poll_fd_ctl_write: 0x55dacc495cf0: fd (fd:0, idx:1), active : 1
0:00:00.018794063  2724 0x5583eca35320 TRACE   GST_REFCOUNTING gstobject.c:208:gst_object_init: 0x5583eca5fa10 new
0:00:00.014461847  2725 0x55dacc471320 LOG   GST_POLL gstpoll.c:994:gst_poll_fd_ctl_write: 0x55dacc495cf0: pfd->events now 60 (POLLOUT:4)
0:00:00.018801540  2724 0x5583eca35320 LOG   GST_REGISTRY gstregistrychunks.c:611:gst_registry_chunks_load_feature: Reading/casting for GstRegistryChunkElementFactory at address 0x5583eca5c490
0:00:00.014474736  2725 0x55dacc471320 DEBUG   GST_POLL gstpoll.c:980:gst_poll_fd_ctl_write: 0x55dacc495cf0: fd (fd:0, idx:1), active : 1
0:00:00.018810191  2724 0x5583eca35320 TRACE   structure gststructure.c:292:gst_structure_new_id_empty_with_size: created structure 0x5583eca5fc40
0:00:00.014481487  2725 0x55dacc471320 LOG   GST_POLL gstpoll.c:994:gst_poll_fd_ctl_write: 0x55dacc495cf0: pfd->events now 60 (POLLOUT:4)
0:00:00.018816648  2724 0x5583eca35320 DEBUG   structure gststructure.c:2258:gst_structure_parse_field: trying field name 'long-name'
0:00:00.014488245  2725 0x55dacc471320 DEBUG   GST_POLL gstpoll.c:980:gst_poll_fd_ctl_write: 0x55dacc495cf0: fd (fd:0, idx:1), active : 1
0:00:00.018823520  2724 0x5583eca35320 DEBUG   default gstvalue.c:2776:_priv_gst_value_parse_value: trying type name 'string'
0:00:00.014494562  2725 0x55dacc471320 LOG   GST_POLL gstpoll.c:994:gst_poll_fd_ctl_write: 0x55dacc495cf0: pfd->events now 60 (POLLOUT:4)
0:00:00.018830246  2724 0x5583eca35320 DEBUG   structure gststructure.c:2258:gst_structure_parse_field: trying field name 'klass'
0:00:00.014501197  2725 0x55dacc471320 DEBUG   GST_POLL gstpoll.c:980:gst_poll_fd_ctl_write: 0x55dacc495cf0: fd (fd:0, idx:1), active : 1
0:00:00.018836315  2724 0x5583eca35320 DEBUG   default gstvalue.c:2776:_priv_gst_value_parse_value: trying type name 'string'
0:00:00.014507449  2725 0x55dacc471320 LOG   GST_POLL gstpoll.c:994:gst_poll_fd_ctl_write: 0x55dacc495cf0: pfd->events now 60 (POLLOUT:4)
