0:00:00.020120205  2724 0x5583eca35320 DEBUG   default gstvalue.c:2776:_priv_gst_value_parse_value: trying type name 'string'
0:00:00.015789874  2725 0x55dacc471320 DEBUG   GST_POLL gstpoll.c:980:gst_poll_fd_ctl_write: 0x55dacc495cf0: fd (fd:0, idx:1), active : 1
0:00:00.020126737  2724 0x5583eca35320 DEBUG   structure gststructure.c:2258:gst_structure_parse_field: trying field name 'klass'
0:00:00.015796093  2725 0x55dacc471320 LOG   GST_POLL gstpoll.c:994:gst_poll_fd_ctl_write: 0x55dacc495cf0: pfd->events now 60 (POLLOUT:4)
0:00:00.020132774  2724 0x5583eca35320 DEBUG   default gstvalue.c:2776:_priv_gst_value_parse_value: trying type name 'string'
0:00:00.015802526  2725 0x55dacc471320 DEBUG   GST_POLL gstpoll.c:980:gst_poll_fd_ctl_write: 0x55dacc495cf0: fd (fd:0, idx:1), active : 1
0:00:00.020139134  2724 0x5583eca35320 DEBUG   structure gststructure.c:2258:gst_structure_parse_field: trying field name 'description'
0:00:00.015808500  2725 0x55dacc471320 LOG   GST_POLL gstpoll.c:994:gst_poll_fd_ctl_write: 0x55dacc495cf0: pfd->events now 60 (POLLOUT:4)
0:00:00.020145018  2724 0x5583eca35320 DEBUG   default gstvalue.c:2776:_priv_gst_value_parse_value: trying type name 'string'
0:00:00.015814927  2725 0x55dacc471320 DEBUG   GST_POLL gstpoll.c:980:gst_poll_fd_ctl_write: 0x55dacc495cf0: fd (fd:0, idx:1), active : 1
0:00:00.020151424  2724 0x5583eca35320 DEBUG   structure gststructure.c:2258:gst_structure_parse_field: trying field name 'author'
0:00:00.015820998  2725 0x55dacc471320 LOG   GST_POLL gstpoll.c:994:gst_poll_fd_ctl_write: 0x55dacc495cf0: pfd->events now 60 (POLLOUT:4)
0:00:00.020161754  2724 0x5583eca35320 DEBUG   default gstvalue.c:2776:_priv_gst_value_parse_value: trying type name 'string'
0:00:00.015831019  2725 0x55dacc471320 DEBUG   GST_POLL gstpoll.c:980:gst_poll_fd_ctl_write: 0x55dacc495cf0: fd (fd:0, idx:1), active : 1
0:00:00.020169273  2724 0x5583eca35320 DEBUG   GST_REGISTRY gstregistrychunks.c:627:gst_registry_chunks_load_feature: Element factory : npadtemplates=1
0:00:00.015837266  2725 0x55dacc471320 LOG   GST_POLL gstpoll.c:994:gst_poll_fd_ctl_write: 0x55dacc495cf0: pfd->events now 60 (POLLOUT:4)
0:00:00.020175129  2724 0x5583eca35320 DEBUG   GST_REGISTRY gstregistrychunks.c:527:gst_registry_chunks_load_pad_template: Reading/casting for GstRegistryChunkPadTemplate at address 0x5583eca5cef0
0:00:00.015844726  2725 0x55dacc471320 DEBUG   GST_POLL gstpoll.c:980:gst_poll_fd_ctl_write: 0x55dacc495cf0: fd (fd:0, idx:1), active : 1
0:00:00.020180964  2724 0x5583eca35320 DEBUG   GST_REGISTRY gstregistrychunks.c:540:gst_registry_chunks_load_pad_template: Added pad_template sink
0:00:00.015850903  2725 0x55dacc471320 LOG   GST_POLL gstpoll.c:994:gst_poll_fd_ctl_write: 0x55dacc495cf0: pfd->events now 60 (POLLOUT:4)
0:00:00.020188301  2724 0x5583eca35320 DEBUG   GST_REGISTRY gstregistry.c:590:gst_registry_add_feature: adding feature 0x5583eca66fa0 (fakesink)
0:00:00.015857414  2725 0x55dacc471320 DEBUG   GST_POLL gstpoll.c:980:gst_poll_fd_ctl_write: 0x55dacc495cf0: fd (fd:0, idx:1), active : 1
0:00:00.020194375  2724 0x5583eca35320 DEBUG   GST_REFCOUNTING gstobject.c:709:gst_object_set_parent: set parent (ref and sink)
0:00:00.015863552  2725 0x55dacc471320 LOG   GST_POLL gstpoll.c:994:gst_poll_fd_ctl_write: 0x55dacc495cf0: pfd->events now 60 (POLLOUT:4)
0:00:00.020201651  2724 0x5583eca35320 TRACE   GST_REFCOUNTING gstobject.c:294:gst_object_ref_sink: 0x5583eca66fa0 ref_sink 1->2
0:00:00.015870390  2725 0x55dacc471320 DEBUG   GST_POLL gstpoll.c:980:gst_poll_fd_ctl_write: 0x55dacc495cf0: fd (fd:0, idx:1), active : 1
0:00:00.020208332  2724 0x5583eca35320 LOG   GST_REGISTRY gstregistry.c:608:gst_registry_add_feature: emitting feature-added for fakesink
0:00:00.015877616  2725 0x55dacc471320 LOG   GST_POLL gstpoll.c:994:gst_poll_fd_ctl_write: 0x55dacc495cf0: pfd->events now 60 (POLLOUT:4)
0:00:00.020215460  2724 0x5583eca35320 DEBUG   GST_REGISTRY gstregistrychunks.c:742:gst_registry_chunks_load_feature: Added feature fakesink, plugin 0x5583eca5acc0 coreelements
0:00:00.015884162  2725 0x55dacc471320 DEBUG   GST_POLL gstpoll.c:980:gst_poll_fd_ctl_write: 0x55dacc495cf0: fd (fd:0, idx:1), active : 1
0:00:00.020221915  2724 0x5583eca35320 DEBUG   GST_REGISTRY gstregistrychunks.c:584:gst_registry_chunks_load_feature: Plugin 'coreelements' feature 'fakesrc' typename : 'GstElementFactory'
0:00:00.015890614  2725 0x55dacc471320 LOG   GST_POLL gstpoll.c:994:gst_poll_fd_ctl_write: 0x55dacc495cf0: pfd->events now 60 (POLLOUT:4)
0:00:00.020229122  2724 0x5583eca35320 TRACE   GST_REFCOUNTING gstobject.c:208:gst_object_init: 0x5583eca67530 new
0:00:00.015897502  2725 0x55dacc471320 DEBUG   GST_POLL gstpoll.c:980:gst_poll_fd_ctl_write: 0x55dacc495cf0: fd (fd:0, idx:1), active : 1
0:00:00.020240610  2724 0x5583eca35320 LOG   GST_REGISTRY gstregistrychunks.c:611:gst_registry_chunks_load_feature: Reading/casting for GstRegistryChunkElementFactory at address 0x5583eca5cf20
0:00:00.015909362  2725 0x55dacc471320 LOG   GST_POLL gstpoll.c:994:gst_poll_fd_ctl_write: 0x55dacc495cf0: pfd->events now 60 (POLLOUT:4)
0:00:00.020247182  2724 0x5583eca35320 TRACE   structure gststructure.c:292:gst_structure_new_id_empty_with_size: created structure 0x5583eca67620
0:00:00.015916406  2725 0x55dacc471320 DEBUG   GST_POLL gstpoll.c:980:gst_poll_fd_ctl_write: 0x55dacc495cf0: fd (fd:0, idx:1), active : 1
0:00:00.020253248  2724 0x5583eca35320 DEBUG   structure gststructure.c:2258:gst_structure_parse_field: trying field name 'long-name'
0:00:00.015922761  2725 0x55dacc471320 LOG   GST_POLL gstpoll.c:994:gst_poll_fd_ctl_write: 0x55dacc495cf0: pfd->events now 60 (POLLOUT:4)
0:00:00.020259377  2724 0x5583eca35320 DEBUG   default gstvalue.c:2776:_priv_gst_value_parse_value: trying type name 'string'
0:00:00.015929158  2725 0x55dacc471320 DEBUG   GST_POLL gstpoll.c:980:gst_poll_fd_ctl_write: 0x55dacc495cf0: fd (fd:0, idx:1), active : 1
0:00:00.020265949  2724 0x5583eca35320 DEBUG   structure gststructure.c:2258:gst_structure_parse_field: trying field name 'klass'
0:00:00.015935461  2725 0x55dacc471320 LOG   GST_POLL gstpoll.c:994:gst_poll_fd_ctl_write: 0x55dacc495cf0: pfd->events now 60 (POLLOUT:4)
0:00:00.020271918  2724 0x5583eca35320 DEBUG   default gstvalue.c:2776:_priv_gst_value_parse_value: trying type name 'string'
0:00:00.015941857  2725 0x55dacc471320 DEBUG   GST_POLL gstpoll.c:980:gst_poll_fd_ctl_write: 0x55dacc495cf0: fd (fd:0, idx:1), active : 1
0:00:00.020278392  2724 0x5583eca35320 DEBUG   structure gststructure.c:2258:gst_structure_parse_field: trying field name 'description'
0:00:00.015948301  2725 0x55dacc471320 LOG   GST_POLL gstpoll.c:994:gst_poll_fd_ctl_write: 0x55dacc495cf0: pfd->events now 60 (POLLOUT:4)
0:00:00.020284557  2724 0x5583eca35320 DEBUG   default gstvalue.c:2776:_priv_gst_value_parse_value: trying type name 'string'
0:00:00.015954799  2725 0x55dacc471320 DEBUG   GST_POLL gstpoll.c:980:gst_poll_fd_ctl_write: 0x55dacc495cf0: fd (fd:0, idx:1), active : 1
0:00:00.020291207  2724 0x5583eca35320 DEBUG   structure gststructure.c:2258:gst_structure_parse_field: trying field name 'author'
0:00:00.015960879  2725 0x55dacc471320 LOG   GST_POLL gstpoll.c:994:gst_poll_fd_ctl_write: 0x55dacc495cf0: pfd->events now 60 (POLLOUT:4)
0:00:00.020297208  2724 0x5583eca35320 DEBUG   default gstvalue.c:2776:_priv_gst_value_parse_value: trying type name 'string'
0:00:00.015967441  2725 0x55dacc471320 DEBUG   GST_POLL gstpoll.c:980:gst_poll_fd_ctl_write: 0x55dacc495cf0: fd (fd:0, idx:1), active : 1
0:00:00.020304331  2724 0x5583eca35320 DEBUG   GST_REGISTRY gstregistrychunks.c:627:gst_registry_chunks_load_feature: Element factory : npadtemplates=1
0:00:00.015973699  2725 0x55dacc471320 LOG   GST_POLL gstpoll.c:994:gst_poll_fd_ctl_write: 0x55dacc495cf0: pfd->events now 60 (POLLOUT:4)
0:00:00.020315861  2724 0x5583eca35320 DEBUG   GST_REGISTRY gstregistrychunks.c:527:gst_registry_chunks_load_pad_template: Reading/casting for GstRegistryChunkPadTemplate at address 0x5583eca5d020
0:00:00.015985898  2725 0x55dacc471320 DEBUG   GST_POLL gstpoll.c:980:gst_poll_fd_ctl_write: 0x55dacc495cf0: fd (fd:0, idx:1), active : 1
0:00:00.020322396  2724 0x5583eca35320 DEBUG   GST_REGISTRY gstregistrychunks.c:540:gst_registry_chunks_load_pad_template: Added pad_template src
0:00:00.015992408  2725 0x55dacc471320 LOG   GST_POLL gstpoll.c:994:gst_poll_fd_ctl_write: 0x55dacc495cf0: pfd->events now 60 (POLLOUT:4)
0:00:00.020330037  2724 0x5583eca35320 DEBUG   GST_REGISTRY gstregistry.c:590:gst_registry_add_feature: adding feature 0x5583eca67530 (fakesrc)
0:00:00.015999049  2725 0x55dacc471320 DEBUG   GST_POLL gstpoll.c:980:gst_poll_fd_ctl_write: 0x55dacc495cf0: fd (fd:0, idx:1), active : 1
0:00:00.020336210  2724 0x5583eca35320 DEBUG   GST_REFCOUNTING gstobject.c:709:gst_object_set_parent: set parent (ref and sink)
0:00:00.016005651  2725 0x55dacc471320 LOG   GST_POLL gstpoll.c:994:gst_poll_fd_ctl_write: 0x55dacc495cf0: pfd->events now 60 (POLLOUT:4)
0:00:00.020343563  2724 0x5583eca35320 TRACE   GST_REFCOUNTING gstobject.c:294:gst_object_ref_sink: 0x5583eca67530 ref_sink 1->2
0:00:00.016012582  2725 0x55dacc471320 DEBUG   GST_POLL gstpoll.c:980:gst_poll_fd_ctl_write: 0x55dacc495cf0: fd (fd:0, idx:1), active : 1
0:00:00.020350314  2724 0x5583eca35320 LOG   GST_REGISTRY gstregistry.c:608:gst_registry_add_feature: emitting feature-added for fakesrc
0:00:00.016019446  2725 0x55dacc471320 LOG   GST_POLL gstpoll.c:994:gst_poll_fd_ctl_write: 0x55dacc495cf0: pfd->events now 60 (POLLOUT:4)
0:00:00.020357405  2724 0x5583eca35320 DEBUG   GST_REGISTRY gstregistrychunks.c:742:gst_registry_chunks_load_feature: Added feature fakesrc, plugin 0x5583eca5acc0 coreelements
0:00:00.016026490  2725 0x55dacc471320 DEBUG   GST_POLL gstpoll.c:980:gst_poll_fd_ctl_write: 0x55dacc495cf0: fd (fd:0, idx:1), active : 1
0:00:00.020364253  2724 0x5583eca35320 DEBUG   GST_REGISTRY gstregistrychunks.c:584:gst_registry_chunks_load_feature: Plugin 'coreelements' feature 'downloadbuffer' typename : 'GstElementFactory'
0:00:00.016032972  2725 0x55dacc471320 LOG   GST_POLL gstpoll.c:994:gst_poll_fd_ctl_write: 0x55dacc495cf0: pfd->events now 60 (POLLOUT:4)
0:00:00.020371732  2724 0x5583eca35320 TRACE   GST_REFCOUNTING gstobject.c:208:gst_object_init: 0x5583eca67a70 new
0:00:00.016040175  2725 0x55dacc471320 DEBUG   GST_POLL gstpoll.c:980:gst_poll_fd_ctl_write: 0x55dacc495cf0: fd (fd:0, idx:1), active : 1
0:00:00.020379164  2724 0x5583eca35320 LOG   GST_REGISTRY gstregistrychunks.c:611:gst_registry_chunks_load_feature: Reading/casting for GstRegistryChunkElementFactory at address 0x5583eca5d058
0:00:00.016048048  2725 0x55dacc471320 LOG   GST_POLL gstpoll.c:994:gst_poll_fd_ctl_write: 0x55dacc495cf0: pfd->events now 60 (POLLOUT:4)
0:00:00.020385675  2724 0x5583eca35320 TRACE   structure gststructure.c:292:gst_structure_new_id_empty_with_size: created structure 0x5583eca67d70
0:00:00.016055090  2725 0x55dacc471320 DEBUG   GST_POLL gstpoll.c:980:gst_poll_fd_ctl_write: 0x55dacc495cf0: fd (fd:0, idx:1), active : 1
0:00:00.020397109  2724 0x5583eca35320 DEBUG   structure gststructure.c:2258:gst_structure_parse_field: trying field name 'long-name'
0:00:00.016066558  2725 0x55dacc471320 LOG   GST_POLL gstpoll.c:994:gst_poll_fd_ctl_write: 0x55dacc495cf0: pfd->events now 60 (POLLOUT:4)
0:00:00.020403248  2724 0x5583eca35320 DEBUG   default gstvalue.c:2776:_priv_gst_value_parse_value: trying type name 'string'
0:00:00.016073162  2725 0x55dacc471320 DEBUG   GST_POLL gstpoll.c:980:gst_poll_fd_ctl_write: 0x55dacc495cf0: fd (fd:0, idx:1), active : 1
0:00:00.020410049  2724 0x5583eca35320 DEBUG   structure gststructure.c:2258:gst_structure_parse_field: trying field name 'klass'
0:00:00.016079571  2725 0x55dacc471320 LOG   GST_POLL gstpoll.c:994:gst_poll_fd_ctl_write: 0x55dacc495cf0: pfd->events now 60 (POLLOUT:4)
0:00:00.020416042  2724 0x5583eca35320 DEBUG   default gstvalue.c:2776:_priv_gst_value_parse_value: trying type name 'string'
0:00:00.016086235  2725 0x55dacc471320 DEBUG   GST_POLL gstpoll.c:980:gst_poll_fd_ctl_write: 0x55dacc495cf0: fd (fd:0, idx:1), active : 1
0:00:00.020422728  2724 0x5583eca35320 DEBUG   structure gststructure.c:2258:gst_structure_parse_field: trying field name 'description'
0:00:00.016092522  2725 0x55dacc471320 LOG   GST_POLL gstpoll.c:994:gst_poll_fd_ctl_write: 0x55dacc495cf0: pfd->events now 60 (POLLOUT:4)
0:00:00.020428909  2724 0x5583eca35320 DEBUG   default gstvalue.c:2776:_priv_gst_value_parse_value: trying type name 'string'
0:00:00.016099134  2725 0x55dacc471320 DEBUG   GST_POLL gstpoll.c:980:gst_poll_fd_ctl_write: 0x55dacc495cf0: fd (fd:0, idx:1), active : 1
0:00:00.020446262  2724 0x5583eca35320 DEBUG   structure gststructure.c:2258:gst_structure_parse_field: trying field name 'author'
0:00:00.016116812  2725 0x55dacc471320 LOG   GST_POLL gstpoll.c:994:gst_poll_fd_ctl_write: 0x55dacc495cf0: pfd->events now 60 (POLLOUT:4)
0:00:00.016123617  2725 0x55dacc471320 DEBUG   GST_POLL gstpoll.c:980:gst_poll_fd_ctl_write: 0x55dacc495cf0: fd (fd:0, idx:1), active : 1
0:00:00.020456760  2724 0x5583eca35320 DEBUG   default gstvalue.c:2776:_priv_gst_value_parse_value: trying type name 'string'
0:00:00.016129530  2725 0x55dacc471320 LOG   GST_POLL gstpoll.c:994:gst_poll_fd_ctl_write: 0x55dacc495cf0: pfd->events now 60 (POLLOUT:4)
0:00:00.020465459  2724 0x5583eca35320 DEBUG   GST_REGISTRY gstregistrychunks.c:627:gst_registry_chunks_load_feature: Element factory : npadtemplates=2
0:00:00.016136392  2725 0x55dacc471320 DEBUG   GST_POLL gstpoll.c:980:gst_poll_fd_ctl_write: 0x55dacc495cf0: fd (fd:0, idx:1), active : 1
0:00:00.020471701  2724 0x5583eca35320 DEBUG   GST_REGISTRY gstregistrychunks.c:527:gst_registry_chunks_load_pad_template: Reading/casting for GstRegistryChunkPadTemplate at address 0x5583eca5d120
0:00:00.016142789  2725 0x55dacc471320 LOG   GST_POLL gstpoll.c:994:gst_poll_fd_ctl_write: 0x55dacc495cf0: pfd->events now 60 (POLLOUT:4)
0:00:00.020477728  2724 0x5583eca35320 DEBUG   GST_REGISTRY gstregistrychunks.c:540:gst_registry_chunks_load_pad_template: Added pad_template sink
0:00:00.016154681  2725 0x55dacc471320 DEBUG   GST_POLL gstpoll.c:980:gst_poll_fd_ctl_write: 0x55dacc495cf0: fd (fd:0, idx:1), active : 1
0:00:00.020489475  2724 0x5583eca35320 DEBUG   GST_REGISTRY gstregistrychunks.c:527:gst_registry_chunks_load_pad_template: Reading/casting for GstRegistryChunkPadTemplate at address 0x5583eca5d138
0:00:00.016161316  2725 0x55dacc471320 LOG   GST_POLL gstpoll.c:994:gst_poll_fd_ctl_write: 0x55dacc495cf0: pfd->events now 60 (POLLOUT:4)
0:00:00.020496602  2724 0x5583eca35320 DEBUG   GST_REGISTRY gstregistrychunks.c:540:gst_registry_chunks_load_pad_template: Added pad_template src
0:00:00.016167955  2725 0x55dacc471320 DEBUG   GST_POLL gstpoll.c:980:gst_poll_fd_ctl_write: 0x55dacc495cf0: fd (fd:0, idx:1), active : 1
0:00:00.020504280  2724 0x5583eca35320 DEBUG   GST_REGISTRY gstregistry.c:590:gst_registry_add_feature: adding feature 0x5583eca67a70 (downloadbuffer)
0:00:00.016174342  2725 0x55dacc471320 LOG   GST_POLL gstpoll.c:994:gst_poll_fd_ctl_write: 0x55dacc495cf0: pfd->events now 60 (POLLOUT:4)
0:00:00.020510765  2724 0x5583eca35320 DEBUG   GST_REFCOUNTING gstobject.c:709:gst_object_set_parent: set parent (ref and sink)
0:00:00.016181234  2725 0x55dacc471320 DEBUG   GST_POLL gstpoll.c:980:gst_poll_fd_ctl_write: 0x55dacc495cf0: fd (fd:0, idx:1), active : 1
0:00:00.020518645  2724 0x5583eca35320 TRACE   GST_REFCOUNTING gstobject.c:294:gst_object_ref_sink: 0x5583eca67a70 ref_sink 1->2
0:00:00.016187730  2725 0x55dacc471320 LOG   GST_POLL gstpoll.c:994:gst_poll_fd_ctl_write: 0x55dacc495cf0: pfd->events now 60 (POLLOUT:4)
0:00:00.020525395  2724 0x5583eca35320 LOG   GST_REGISTRY gstregistry.c:608:gst_registry_add_feature: emitting feature-added for downloadbuffer
0:00:00.016198454  2725 0x55dacc471320 LOG   GST_PLUGIN_LOADING gstpluginloader.c:645:put_chunk: Expanding tx buf from 13209 to 17023 for chunk of size 229
0:00:00.020532258  2724 0x5583eca35320 DEBUG   GST_REGISTRY gstregistrychunks.c:742:gst_registry_chunks_load_feature: Added feature downloadbuffer, plugin 0x5583eca5acc0 coreelements
0:00:00.020541333  2724 0x5583eca35320 DEBUG   GST_REGISTRY gstregistrychunks.c:584:gst_registry_chunks_load_feature: Plugin 'coreelements' feature 'dataurisrc' typename : 'GstElementFactory'
0:00:00.016209016  2725 0x55dacc471320 DEBUG   GST_POLL gstpoll.c:980:gst_poll_fd_ctl_write: 0x55dacc495cf0: fd (fd:0, idx:1), active : 1
0:00:00.020548662  2724 0x5583eca35320 TRACE   GST_REFCOUNTING gstobject.c:208:gst_object_init: 0x5583eca68250 new
0:00:00.016217219  2725 0x55dacc471320 LOG   GST_POLL gstpoll.c:994:gst_poll_fd_ctl_write: 0x55dacc495cf0: pfd->events now 60 (POLLOUT:4)
0:00:00.020556174  2724 0x5583eca35320 LOG   GST_REGISTRY gstregistrychunks.c:611:gst_registry_chunks_load_feature: Reading/casting for GstRegistryChunkElementFactory at address 0x5583eca5d168
0:00:00.016225353  2725 0x55dacc471320 DEBUG   GST_POLL gstpoll.c:980:gst_poll_fd_ctl_write: 0x55dacc495cf0: fd (fd:0, idx:1), active : 1
0:00:00.020562937  2724 0x5583eca35320 TRACE   structure gststructure.c:292:gst_structure_new_id_empty_with_size: created structure 0x5583eca68560
0:00:00.016237754  2725 0x55dacc471320 LOG   GST_POLL gstpoll.c:994:gst_poll_fd_ctl_write: 0x55dacc495cf0: pfd->events now 60 (POLLOUT:4)
0:00:00.020573459  2724 0x5583eca35320 DEBUG   structure gststructure.c:2258:gst_structure_parse_field: trying field name 'long-name'
0:00:00.016244495  2725 0x55dacc471320 DEBUG   GST_POLL gstpoll.c:980:gst_poll_fd_ctl_write: 0x55dacc495cf0: fd (fd:0, idx:1), active : 1
0:00:00.020579418  2724 0x5583eca35320 DEBUG   default gstvalue.c:2776:_priv_gst_value_parse_value: trying type name 'string'
0:00:00.016250941  2725 0x55dacc471320 LOG   GST_POLL gstpoll.c:994:gst_poll_fd_ctl_write: 0x55dacc495cf0: pfd->events now 60 (POLLOUT:4)
0:00:00.020586858  2724 0x5583eca35320 DEBUG   structure gststructure.c:2258:gst_structure_parse_field: trying field name 'klass'
0:00:00.016257474  2725 0x55dacc471320 DEBUG   GST_POLL gstpoll.c:980:gst_poll_fd_ctl_write: 0x55dacc495cf0: fd (fd:0, idx:1), active : 1
0:00:00.020593019  2724 0x5583eca35320 DEBUG   default gstvalue.c:2776:_priv_gst_value_parse_value: trying type name 'string'
0:00:00.016263892  2725 0x55dacc471320 LOG   GST_POLL gstpoll.c:994:gst_poll_fd_ctl_write: 0x55dacc495cf0: pfd->events now 60 (POLLOUT:4)
0:00:00.020599694  2724 0x5583eca35320 DEBUG   structure gststructure.c:2258:gst_structure_parse_field: trying field name 'description'
0:00:00.016270422  2725 0x55dacc471320 DEBUG   GST_POLL gstpoll.c:980:gst_poll_fd_ctl_write: 0x55dacc495cf0: fd (fd:0, idx:1), active : 1
0:00:00.020605884  2724 0x5583eca35320 DEBUG   default gstvalue.c:2776:_priv_gst_value_parse_value: trying type name 'string'
0:00:00.016276600  2725 0x55dacc471320 LOG   GST_POLL gstpoll.c:994:gst_poll_fd_ctl_write: 0x55dacc495cf0: pfd->events now 60 (POLLOUT:4)
0:00:00.020612514  2724 0x5583eca35320 DEBUG   structure gststructure.c:2258:gst_structure_parse_field: trying field name 'author'
0:00:00.016283051  2725 0x55dacc471320 DEBUG   GST_POLL gstpoll.c:980:gst_poll_fd_ctl_write: 0x55dacc495cf0: fd (fd:0, idx:1), active : 1
0:00:00.020618449  2724 0x5583eca35320 DEBUG   default gstvalue.c:2776:_priv_gst_value_parse_value: trying type name 'string'
0:00:00.016289437  2725 0x55dacc471320 LOG   GST_POLL gstpoll.c:994:gst_poll_fd_ctl_write: 0x55dacc495cf0: pfd->events now 60 (POLLOUT:4)
0:00:00.020626072  2724 0x5583eca35320 DEBUG   GST_REGISTRY gstregistrychunks.c:627:gst_registry_chunks_load_feature: Element factory : npadtemplates=1
0:00:00.016296043  2725 0x55dacc471320 DEBUG   GST_POLL gstpoll.c:980:gst_poll_fd_ctl_write: 0x55dacc495cf0: fd (fd:0, idx:1), active : 1
0:00:00.020632250  2724 0x5583eca35320 DEBUG   GST_REGISTRY gstregistrychunks.c:527:gst_registry_chunks_load_pad_template: Reading/casting for GstRegistryChunkPadTemplate at address 0x5583eca5d280
0:00:00.016302443  2725 0x55dacc471320 LOG   GST_POLL gstpoll.c:994:gst_poll_fd_ctl_write: 0x55dacc495cf0: pfd->events now 60 (POLLOUT:4)
0:00:00.020638736  2724 0x5583eca35320 DEBUG   GST_REGISTRY gstregistrychunks.c:540:gst_registry_chunks_load_pad_template: Added pad_template src
0:00:00.016308977  2725 0x55dacc471320 DEBUG   GST_POLL gstpoll.c:980:gst_poll_fd_ctl_write: 0x55dacc495cf0: fd (fd:0, idx:1), active : 1
0:00:00.020650833  2724 0x5583eca35320 DEBUG   GST_REGISTRY gstregistrychunks.c:640:gst_registry_chunks_load_feature: Reading 1 UriTypes at address 0x5583eca5d290
0:00:00.016319785  2725 0x55dacc471320 LOG   GST_POLL gstpoll.c:994:gst_poll_fd_ctl_write: 0x55dacc495cf0: pfd->events now 60 (POLLOUT:4)
0:00:00.020657722  2724 0x5583eca35320 DEBUG   GST_REGISTRY gstregistrychunks.c:655:gst_registry_chunks_load_feature: Reading 1 Interfaces at address 0x5583eca5d299
0:00:00.016326559  2725 0x55dacc471320 DEBUG   GST_POLL gstpoll.c:980:gst_poll_fd_ctl_write: 0x55dacc495cf0: fd (fd:0, idx:1), active : 1
0:00:00.020665796  2724 0x5583eca35320 DEBUG   GST_REGISTRY gstregistry.c:590:gst_registry_add_feature: adding feature 0x5583eca68250 (dataurisrc)
0:00:00.016333465  2725 0x55dacc471320 LOG   GST_POLL gstpoll.c:994:gst_poll_fd_ctl_write: 0x55dacc495cf0: pfd->events now 60 (POLLOUT:4)
0:00:00.020672272  2724 0x5583eca35320 DEBUG   GST_REFCOUNTING gstobject.c:709:gst_object_set_parent: set parent (ref and sink)
0:00:00.016341854  2725 0x55dacc471320 DEBUG   GST_POLL gstpoll.c:980:gst_poll_fd_ctl_write: 0x55dacc495cf0: fd (fd:0, idx:1), active : 1
0:00:00.020679467  2724 0x5583eca35320 TRACE   GST_REFCOUNTING gstobject.c:294:gst_object_ref_sink: 0x5583eca68250 ref_sink 1->2
0:00:00.016348008  2725 0x55dacc471320 LOG   GST_POLL gstpoll.c:994:gst_poll_fd_ctl_write: 0x55dacc495cf0: pfd->events now 60 (POLLOUT:4)
0:00:00.020686171  2724 0x5583eca35320 LOG   GST_REGISTRY gstregistry.c:608:gst_registry_add_feature: emitting feature-added for dataurisrc
0:00:00.016355618  2725 0x55dacc471320 DEBUG   GST_POLL gstpoll.c:980:gst_poll_fd_ctl_write: 0x55dacc495cf0: fd (fd:0, idx:1), active : 1
0:00:00.020693152  2724 0x5583eca35320 DEBUG   GST_REGISTRY gstregistrychunks.c:742:gst_registry_chunks_load_feature: Added feature dataurisrc, plugin 0x5583eca5acc0 coreelements
0:00:00.016362031  2725 0x55dacc471320 LOG   GST_POLL gstpoll.c:994:gst_poll_fd_ctl_write: 0x55dacc495cf0: pfd->events now 60 (POLLOUT:4)
0:00:00.020705448  2724 0x5583eca35320 DEBUG   GST_REGISTRY gstregistrychunks.c:584:gst_registry_chunks_load_feature: Plugin 'coreelements' feature 'concat' typename : 'GstElementFactory'
0:00:00.016374661  2725 0x55dacc471320 DEBUG   GST_POLL gstpoll.c:980:gst_poll_fd_ctl_write: 0x55dacc495cf0: fd (fd:0, idx:1), active : 1
0:00:00.020712974  2724 0x5583eca35320 TRACE   GST_REFCOUNTING gstobject.c:208:gst_object_init: 0x5583eca68ca0 new
0:00:00.016381002  2725 0x55dacc471320 LOG   GST_POLL gstpoll.c:994:gst_poll_fd_ctl_write: 0x55dacc495cf0: pfd->events now 60 (POLLOUT:4)
0:00:00.020720895  2724 0x5583eca35320 LOG   GST_REGISTRY gstregistrychunks.c:611:gst_registry_chunks_load_feature: Reading/casting for GstRegistryChunkElementFactory at address 0x5583eca5d2c0
0:00:00.016389372  2725 0x55dacc471320 DEBUG   GST_POLL gstpoll.c:980:gst_poll_fd_ctl_write: 0x55dacc495cf0: fd (fd:0, idx:1), active : 1
0:00:00.020727458  2724 0x5583eca35320 TRACE   structure gststructure.c:292:gst_structure_new_id_empty_with_size: created structure 0x5583eca68ed0
0:00:00.016401275  2725 0x55dacc471320 LOG   GST_POLL gstpoll.c:994:gst_poll_fd_ctl_write: 0x55dacc495cf0: pfd->events now 60 (POLLOUT:4)
0:00:00.020736207  2724 0x5583eca35320 DEBUG   structure gststructure.c:2258:gst_structure_parse_field: trying field name 'long-name'
0:00:00.016408466  2725 0x55dacc471320 DEBUG   GST_POLL gstpoll.c:980:gst_poll_fd_ctl_write: 0x55dacc495cf0: fd (fd:0, idx:1), active : 1
0:00:00.020743471  2724 0x5583eca35320 DEBUG   default gstvalue.c:2776:_priv_gst_value_parse_value: trying type name 'string'
0:00:00.016415278  2725 0x55dacc471320 LOG   GST_POLL gstpoll.c:994:gst_poll_fd_ctl_write: 0x55dacc495cf0: pfd->events now 60 (POLLOUT:4)
0:00:00.020750944  2724 0x5583eca35320 DEBUG   structure gststructure.c:2258:gst_structure_parse_field: trying field name 'klass'
0:00:00.016421873  2725 0x55dacc471320 DEBUG   GST_POLL gstpoll.c:980:gst_poll_fd_ctl_write: 0x55dacc495cf0: fd (fd:0, idx:1), active : 1
0:00:00.020757245  2724 0x5583eca35320 DEBUG   default gstvalue.c:2776:_priv_gst_value_parse_value: trying type name 'string'
0:00:00.016428407  2725 0x55dacc471320 LOG   GST_POLL gstpoll.c:994:gst_poll_fd_ctl_write: 0x55dacc495cf0: pfd->events now 60 (POLLOUT:4)
0:00:00.020763979  2724 0x5583eca35320 DEBUG   structure gststructure.c:2258:gst_structure_parse_field: trying field name 'description'
0:00:00.016435105  2725 0x55dacc471320 DEBUG   GST_POLL gstpoll.c:980:gst_poll_fd_ctl_write: 0x55dacc495cf0: fd (fd:0, idx:1), active : 1
0:00:00.020774388  2724 0x5583eca35320 DEBUG   default gstvalue.c:2776:_priv_gst_value_parse_value: trying type name 'string'
0:00:00.016441360  2725 0x55dacc471320 LOG   GST_POLL gstpoll.c:994:gst_poll_fd_ctl_write: 0x55dacc495cf0: pfd->events now 60 (POLLOUT:4)
0:00:00.020781442  2724 0x5583eca35320 DEBUG   structure gststructure.c:2258:gst_structure_parse_field: trying field name 'author'
0:00:00.016450211  2725 0x55dacc471320 DEBUG   GST_POLL gstpoll.c:980:gst_poll_fd_ctl_write: 0x55dacc495cf0: fd (fd:0, idx:1), active : 1
0:00:00.020787844  2724 0x5583eca35320 DEBUG   default gstvalue.c:2776:_priv_gst_value_parse_value: trying type name 'string'
0:00:00.016457159  2725 0x55dacc471320 LOG   GST_POLL gstpoll.c:994:gst_poll_fd_ctl_write: 0x55dacc495cf0: pfd->events now 60 (POLLOUT:4)
0:00:00.020794734  2724 0x5583eca35320 DEBUG   GST_REGISTRY gstregistrychunks.c:627:gst_registry_chunks_load_feature: Element factory : npadtemplates=2
0:00:00.016463855  2725 0x55dacc471320 DEBUG   GST_POLL gstpoll.c:980:gst_poll_fd_ctl_write: 0x55dacc495cf0: fd (fd:0, idx:1), active : 1
0:00:00.020800579  2724 0x5583eca35320 DEBUG   GST_REGISTRY gstregistrychunks.c:527:gst_registry_chunks_load_pad_template: Reading/casting for GstRegistryChunkPadTemplate at address 0x5583eca5d398
0:00:00.016470221  2725 0x55dacc471320 LOG   GST_POLL gstpoll.c:994:gst_poll_fd_ctl_write: 0x55dacc495cf0: pfd->events now 60 (POLLOUT:4)
0:00:00.020806577  2724 0x5583eca35320 DEBUG   GST_REGISTRY gstregistrychunks.c:540:gst_registry_chunks_load_pad_template: Added pad_template src
0:00:00.016481282  2725 0x55dacc471320 DEBUG   GST_POLL gstpoll.c:980:gst_poll_fd_ctl_write: 0x55dacc495cf0: fd (fd:0, idx:1), active : 1
0:00:00.020816140  2724 0x5583eca35320 DEBUG   GST_REGISTRY gstregistrychunks.c:527:gst_registry_chunks_load_pad_template: Reading/casting for GstRegistryChunkPadTemplate at address 0x5583eca5d3a8
0:00:00.016487722  2725 0x55dacc471320 LOG   GST_POLL gstpoll.c:994:gst_poll_fd_ctl_write: 0x55dacc495cf0: pfd->events now 60 (POLLOUT:4)
0:00:00.020823018  2724 0x5583eca35320 DEBUG   GST_REGISTRY gstregistrychunks.c:540:gst_registry_chunks_load_pad_template: Added pad_template sink_%u
0:00:00.016494350  2725 0x55dacc471320 DEBUG   GST_POLL gstpoll.c:980:gst_poll_fd_ctl_write: 0x55dacc495cf0: fd (fd:0, idx:1), active : 1
0:00:00.020830388  2724 0x5583eca35320 DEBUG   GST_REGISTRY gstregistry.c:590:gst_registry_add_feature: adding feature 0x5583eca68ca0 (concat)
0:00:00.016500759  2725 0x55dacc471320 LOG   GST_POLL gstpoll.c:994:gst_poll_fd_ctl_write: 0x55dacc495cf0: pfd->events now 60 (POLLOUT:4)
0:00:00.020836414  2724 0x5583eca35320 DEBUG   GST_REFCOUNTING gstobject.c:709:gst_object_set_parent: set parent (ref and sink)
0:00:00.016507471  2725 0x55dacc471320 DEBUG   GST_POLL gstpoll.c:980:gst_poll_fd_ctl_write: 0x55dacc495cf0: fd (fd:0, idx:1), active : 1
0:00:00.020844169  2724 0x5583eca35320 TRACE   GST_REFCOUNTING gstobject.c:294:gst_object_ref_sink: 0x5583eca68ca0 ref_sink 1->2
0:00:00.016513652  2725 0x55dacc471320 LOG   GST_POLL gstpoll.c:994:gst_poll_fd_ctl_write: 0x55dacc495cf0: pfd->events now 60 (POLLOUT:4)
0:00:00.020851149  2724 0x5583eca35320 LOG   GST_REGISTRY gstregistry.c:608:gst_registry_add_feature: emitting feature-added for concat
0:00:00.016520376  2725 0x55dacc471320 DEBUG   GST_POLL gstpoll.c:980:gst_poll_fd_ctl_write: 0x55dacc495cf0: fd (fd:0, idx:1), active : 1
0:00:00.020858032  2724 0x5583eca35320 DEBUG   GST_REGISTRY gstregistrychunks.c:742:gst_registry_chunks_load_feature: Added feature concat, plugin 0x5583eca5acc0 coreelements
0:00:00.016526671  2725 0x55dacc471320 LOG   GST_POLL gstpoll.c:994:gst_poll_fd_ctl_write: 0x55dacc495cf0: pfd->events now 60 (POLLOUT:4)
0:00:00.020864717  2724 0x5583eca35320 DEBUG   GST_REGISTRY gstregistrychunks.c:584:gst_registry_chunks_load_feature: Plugin 'coreelements' feature 'clocksync' typename : 'GstElementFactory'
0:00:00.016533794  2725 0x55dacc471320 DEBUG   GST_POLL gstpoll.c:980:gst_poll_fd_ctl_write: 0x55dacc495cf0: fd (fd:0, idx:1), active : 1
0:00:00.020872108  2724 0x5583eca35320 TRACE   GST_REFCOUNTING gstobject.c:208:gst_object_init: 0x5583eca68b50 new
0:00:00.016540046  2725 0x55dacc471320 LOG   GST_POLL gstpoll.c:994:gst_poll_fd_ctl_write: 0x55dacc495cf0: pfd->events now 60 (POLLOUT:4)
0:00:00.020879438  2724 0x5583eca35320 LOG   GST_REGISTRY gstregistrychunks.c:611:gst_registry_chunks_load_feature: Reading/casting for GstRegistryChunkElementFactory at address 0x5583eca5d3d8
0:00:00.016548365  2725 0x55dacc471320 DEBUG   GST_POLL gstpoll.c:980:gst_poll_fd_ctl_write: 0x55dacc495cf0: fd (fd:0, idx:1), active : 1
0:00:00.020886106  2724 0x5583eca35320 TRACE   structure gststructure.c:292:gst_structure_new_id_empty_with_size: created structure 0x5583eca694a0
0:00:00.016558864  2725 0x55dacc471320 LOG   GST_POLL gstpoll.c:994:gst_poll_fd_ctl_write: 0x55dacc495cf0: pfd->events now 60 (POLLOUT:4)
0:00:00.020893991  2724 0x5583eca35320 DEBUG   structure gststructure.c:2258:gst_structure_parse_field: trying field name 'long-name'
0:00:00.016565614  2725 0x55dacc471320 DEBUG   GST_POLL gstpoll.c:980:gst_poll_fd_ctl_write: 0x55dacc495cf0: fd (fd:0, idx:1), active : 1
0:00:00.020900862  2724 0x5583eca35320 DEBUG   default gstvalue.c:2776:_priv_gst_value_parse_value: trying type name 'string'
0:00:00.016571848  2725 0x55dacc471320 LOG   GST_POLL gstpoll.c:994:gst_poll_fd_ctl_write: 0x55dacc495cf0: pfd->events now 60 (POLLOUT:4)
0:00:00.020907559  2724 0x5583eca35320 DEBUG   structure gststructure.c:2258:gst_structure_parse_field: trying field name 'klass'
0:00:00.016578335  2725 0x55dacc471320 DEBUG   GST_POLL gstpoll.c:980:gst_poll_fd_ctl_write: 0x55dacc495cf0: fd (fd:0, idx:1), active : 1
0:00:00.020913748  2724 0x5583eca35320 DEBUG   default gstvalue.c:2776:_priv_gst_value_parse_value: trying type name 'string'
0:00:00.016584427  2725 0x55dacc471320 LOG   GST_POLL gstpoll.c:994:gst_poll_fd_ctl_write: 0x55dacc495cf0: pfd->events now 60 (POLLOUT:4)
0:00:00.020920342  2724 0x5583eca35320 DEBUG   structure gststructure.c:2258:gst_structure_parse_field: trying field name 'description'
0:00:00.016591077  2725 0x55dacc471320 DEBUG   GST_POLL gstpoll.c:980:gst_poll_fd_ctl_write: 0x55dacc495cf0: fd (fd:0, idx:1), active : 1
0:00:00.020926599  2724 0x5583eca35320 DEBUG   default gstvalue.c:2776:_priv_gst_value_parse_value: trying type name 'string'
0:00:00.016597285  2725 0x55dacc471320 LOG   GST_POLL gstpoll.c:994:gst_poll_fd_ctl_write: 0x55dacc495cf0: pfd->events now 60 (POLLOUT:4)
0:00:00.020933318  2724 0x5583eca35320 DEBUG   structure gststructure.c:2258:gst_structure_parse_field: trying field name 'author'
0:00:00.016603968  2725 0x55dacc471320 DEBUG   GST_POLL gstpoll.c:980:gst_poll_fd_ctl_write: 0x55dacc495cf0: fd (fd:0, idx:1), active : 1
0:00:00.020939445  2724 0x5583eca35320 DEBUG   default gstvalue.c:2776:_priv_gst_value_parse_value: trying type name 'string'
0:00:00.016610220  2725 0x55dacc471320 LOG   GST_POLL gstpoll.c:994:gst_poll_fd_ctl_write: 0x55dacc495cf0: pfd->events now 60 (POLLOUT:4)
0:00:00.020946172  2724 0x5583eca35320 DEBUG   GST_REGISTRY gstregistrychunks.c:627:gst_registry_chunks_load_feature: Element factory : npadtemplates=2
0:00:00.016616788  2725 0x55dacc471320 DEBUG   GST_POLL gstpoll.c:980:gst_poll_fd_ctl_write: 0x55dacc495cf0: fd (fd:0, idx:1), active : 1
0:00:00.020952059  2724 0x5583eca35320 DEBUG   GST_REGISTRY gstregistrychunks.c:527:gst_registry_chunks_load_pad_template: Reading/casting for GstRegistryChunkPadTemplate at address 0x5583eca5d4a8
0:00:00.016623194  2725 0x55dacc471320 LOG   GST_POLL gstpoll.c:994:gst_poll_fd_ctl_write: 0x55dacc495cf0: pfd->events now 60 (POLLOUT:4)
0:00:00.020958251  2724 0x5583eca35320 DEBUG   GST_REGISTRY gstregistrychunks.c:540:gst_registry_chunks_load_pad_template: Added pad_template sink
0:00:00.016640295  2725 0x55dacc471320 DEBUG   GST_POLL gstpoll.c:980:gst_poll_fd_ctl_write: 0x55dacc495cf0: fd (fd:0, idx:1), active : 1
0:00:00.020974813  2724 0x5583eca35320 DEBUG   GST_REGISTRY gstregistrychunks.c:527:gst_registry_chunks_load_pad_template: Reading/casting for GstRegistryChunkPadTemplate at address 0x5583eca5d4c0
0:00:00.016647248  2725 0x55dacc471320 LOG   GST_POLL gstpoll.c:994:gst_poll_fd_ctl_write: 0x55dacc495cf0: pfd->events now 60 (POLLOUT:4)
0:00:00.020982314  2724 0x5583eca35320 DEBUG   GST_REGISTRY gstregistrychunks.c:540:gst_registry_chunks_load_pad_template: Added pad_template src
0:00:00.016653856  2725 0x55dacc471320 DEBUG   GST_POLL gstpoll.c:980:gst_poll_fd_ctl_write: 0x55dacc495cf0: fd (fd:0, idx:1), active : 1
0:00:00.020990061  2724 0x5583eca35320 DEBUG   GST_REGISTRY gstregistry.c:590:gst_registry_add_feature: adding feature 0x5583eca68b50 (clocksync)
0:00:00.016660284  2725 0x55dacc471320 LOG   GST_POLL gstpoll.c:994:gst_poll_fd_ctl_write: 0x55dacc495cf0: pfd->events now 60 (POLLOUT:4)
0:00:00.020996571  2724 0x5583eca35320 DEBUG   GST_REFCOUNTING gstobject.c:709:gst_object_set_parent: set parent (ref and sink)
0:00:00.016666992  2725 0x55dacc471320 DEBUG   GST_POLL gstpoll.c:980:gst_poll_fd_ctl_write: 0x55dacc495cf0: fd (fd:0, idx:1), active : 1
0:00:00.021003834  2724 0x5583eca35320 TRACE   GST_REFCOUNTING gstobject.c:294:gst_object_ref_sink: 0x5583eca68b50 ref_sink 1->2
0:00:00.016673834  2725 0x55dacc471320 LOG   GST_POLL gstpoll.c:994:gst_poll_fd_ctl_write: 0x55dacc495cf0: pfd->events now 60 (POLLOUT:4)
0:00:00.021010702  2724 0x5583eca35320 LOG   GST_REGISTRY gstregistry.c:608:gst_registry_add_feature: emitting feature-added for clocksync
0:00:00.016681014  2725 0x55dacc471320 DEBUG   GST_POLL gstpoll.c:980:gst_poll_fd_ctl_write: 0x55dacc495cf0: fd (fd:0, idx:1), active : 1
0:00:00.021017464  2724 0x5583eca35320 DEBUG   GST_REGISTRY gstregistrychunks.c:742:gst_registry_chunks_load_feature: Added feature clocksync, plugin 0x5583eca5acc0 coreelements
0:00:00.016687233  2725 0x55dacc471320 LOG   GST_POLL gstpoll.c:994:gst_poll_fd_ctl_write: 0x55dacc495cf0: pfd->events now 60 (POLLOUT:4)
0:00:00.021023926  2724 0x5583eca35320 DEBUG   GST_REGISTRY gstregistrychunks.c:584:gst_registry_chunks_load_feature: Plugin 'coreelements' feature 'capsfilter' typename : 'GstElementFactory'
0:00:00.016693700  2725 0x55dacc471320 DEBUG   GST_POLL gstpoll.c:980:gst_poll_fd_ctl_write: 0x55dacc495cf0: fd (fd:0, idx:1), active : 1
0:00:00.021031379  2724 0x5583eca35320 TRACE   GST_REFCOUNTING gstobject.c:208:gst_object_init: 0x5583eca69a00 new
0:00:00.016700255  2725 0x55dacc471320 LOG   GST_POLL gstpoll.c:994:gst_poll_fd_ctl_write: 0x55dacc495cf0: pfd->events now 60 (POLLOUT:4)
0:00:00.021039755  2724 0x5583eca35320 LOG   GST_REGISTRY gstregistrychunks.c:611:gst_registry_chunks_load_feature: Reading/casting for GstRegistryChunkElementFactory at address 0x5583eca5d4f0
0:00:00.016708542  2725 0x55dacc471320 DEBUG   GST_POLL gstpoll.c:980:gst_poll_fd_ctl_write: 0x55dacc495cf0: fd (fd:0, idx:1), active : 1
0:00:00.021046405  2724 0x5583eca35320 TRACE   structure gststructure.c:292:gst_structure_new_id_empty_with_size: created structure 0x5583eca69d10
0:00:00.016718351  2725 0x55dacc471320 LOG   GST_POLL gstpoll.c:994:gst_poll_fd_ctl_write: 0x55dacc495cf0: pfd->events now 60 (POLLOUT:4)
0:00:00.021053715  2724 0x5583eca35320 DEBUG   structure gststructure.c:2258:gst_structure_parse_field: trying field name 'long-name'
0:00:00.016725408  2725 0x55dacc471320 DEBUG   GST_POLL gstpoll.c:980:gst_poll_fd_ctl_write: 0x55dacc495cf0: fd (fd:0, idx:1), active : 1
0:00:00.021060131  2724 0x5583eca35320 DEBUG   default gstvalue.c:2776:_priv_gst_value_parse_value: trying type name 'string'
0:00:00.016731939  2725 0x55dacc471320 LOG   GST_POLL gstpoll.c:994:gst_poll_fd_ctl_write: 0x55dacc495cf0: pfd->events now 60 (POLLOUT:4)
0:00:00.021067530  2724 0x5583eca35320 DEBUG   structure gststructure.c:2258:gst_structure_parse_field: trying field name 'klass'
0:00:00.016738562  2725 0x55dacc471320 DEBUG   GST_POLL gstpoll.c:980:gst_poll_fd_ctl_write: 0x55dacc495cf0: fd (fd:0, idx:1), active : 1
0:00:00.021073810  2724 0x5583eca35320 DEBUG   default gstvalue.c:2776:_priv_gst_value_parse_value: trying type name 'string'
0:00:00.016744811  2725 0x55dacc471320 LOG   GST_POLL gstpoll.c:994:gst_poll_fd_ctl_write: 0x55dacc495cf0: pfd->events now 60 (POLLOUT:4)
0:00:00.021080239  2724 0x5583eca35320 DEBUG   structure gststructure.c:2258:gst_structure_parse_field: trying field name 'description'
0:00:00.016751324  2725 0x55dacc471320 DEBUG   GST_POLL gstpoll.c:980:gst_poll_fd_ctl_write: 0x55dacc495cf0: fd (fd:0, idx:1), active : 1
0:00:00.021086937  2724 0x5583eca35320 DEBUG   default gstvalue.c:2776:_priv_gst_value_parse_value: trying type name 'string'
0:00:00.016757539  2725 0x55dacc471320 LOG   GST_POLL gstpoll.c:994:gst_poll_fd_ctl_write: 0x55dacc495cf0: pfd->events now 60 (POLLOUT:4)
0:00:00.021093846  2724 0x5583eca35320 DEBUG   structure gststructure.c:2258:gst_structure_parse_field: trying field name 'author'
0:00:00.016764248  2725 0x55dacc471320 DEBUG   GST_POLL gstpoll.c:980:gst_poll_fd_ctl_write: 0x55dacc495cf0: fd (fd:0, idx:1), active : 1
0:00:00.021099940  2724 0x5583eca35320 DEBUG   default gstvalue.c:2776:_priv_gst_value_parse_value: trying type name 'string'
0:00:00.016770472  2725 0x55dacc471320 LOG   GST_POLL gstpoll.c:994:gst_poll_fd_ctl_write: 0x55dacc495cf0: pfd->events now 60 (POLLOUT:4)
0:00:00.021106656  2724 0x5583eca35320 DEBUG   GST_REGISTRY gstregistrychunks.c:627:gst_registry_chunks_load_feature: Element factory : npadtemplates=2
0:00:00.016776985  2725 0x55dacc471320 DEBUG   GST_POLL gstpoll.c:980:gst_poll_fd_ctl_write: 0x55dacc495cf0: fd (fd:0, idx:1), active : 1
0:00:00.021112682  2724 0x5583eca35320 DEBUG   GST_REGISTRY gstregistrychunks.c:527:gst_registry_chunks_load_pad_template: Reading/casting for GstRegistryChunkPadTemplate at address 0x5583eca5d5d0
0:00:00.016783229  2725 0x55dacc471320 LOG   GST_POLL gstpoll.c:994:gst_poll_fd_ctl_write: 0x55dacc495cf0: pfd->events now 60 (POLLOUT:4)
0:00:00.021118551  2724 0x5583eca35320 DEBUG   GST_REGISTRY gstregistrychunks.c:540:gst_registry_chunks_load_pad_template: Added pad_template sink
0:00:00.016793889  2725 0x55dacc471320 DEBUG   GST_POLL gstpoll.c:980:gst_poll_fd_ctl_write: 0x55dacc495cf0: fd (fd:0, idx:1), active : 1
0:00:00.021132730  2724 0x5583eca35320 DEBUG   GST_REGISTRY gstregistrychunks.c:527:gst_registry_chunks_load_pad_template: Reading/casting for GstRegistryChunkPadTemplate at address 0x5583eca5d5e8
0:00:00.016800293  2725 0x55dacc471320 LOG   GST_POLL gstpoll.c:994:gst_poll_fd_ctl_write: 0x55dacc495cf0: pfd->events now 60 (POLLOUT:4)
0:00:00.021139488  2724 0x5583eca35320 DEBUG   GST_REGISTRY gstregistrychunks.c:540:gst_registry_chunks_load_pad_template: Added pad_template src
0:00:00.016808510  2725 0x55dacc471320 DEBUG   GST_POLL gstpoll.c:980:gst_poll_fd_ctl_write: 0x55dacc495cf0: fd (fd:0, idx:1), active : 1
0:00:00.021147564  2724 0x5583eca35320 DEBUG   GST_REGISTRY gstregistry.c:590:gst_registry_add_feature: adding feature 0x5583eca69a00 (capsfilter)
0:00:00.016815206  2725 0x55dacc471320 LOG   GST_POLL gstpoll.c:994:gst_poll_fd_ctl_write: 0x55dacc495cf0: pfd->events now 60 (POLLOUT:4)
0:00:00.021153787  2724 0x5583eca35320 DEBUG   GST_REFCOUNTING gstobject.c:709:gst_object_set_parent: set parent (ref and sink)
0:00:00.016823202  2725 0x55dacc471320 DEBUG   GST_POLL gstpoll.c:980:gst_poll_fd_ctl_write: 0x55dacc495cf0: fd (fd:0, idx:1), active : 1
0:00:00.021161364  2724 0x5583eca35320 TRACE   GST_REFCOUNTING gstobject.c:294:gst_object_ref_sink: 0x5583eca69a00 ref_sink 1->2
0:00:00.016830176  2725 0x55dacc471320 LOG   GST_POLL gstpoll.c:994:gst_poll_fd_ctl_write: 0x55dacc495cf0: pfd->events now 60 (POLLOUT:4)
0:00:00.021168257  2724 0x5583eca35320 LOG   GST_REGISTRY gstregistry.c:608:gst_registry_add_feature: emitting feature-added for capsfilter
0:00:00.016837402  2725 0x55dacc471320 DEBUG   GST_POLL gstpoll.c:980:gst_poll_fd_ctl_write: 0x55dacc495cf0: fd (fd:0, idx:1), active : 1
0:00:00.021175080  2724 0x5583eca35320 DEBUG   GST_REGISTRY gstregistrychunks.c:742:gst_registry_chunks_load_feature: Added feature capsfilter, plugin 0x5583eca5acc0 coreelements
0:00:00.016843686  2725 0x55dacc471320 LOG   GST_POLL gstpoll.c:994:gst_poll_fd_ctl_write: 0x55dacc495cf0: pfd->events now 60 (POLLOUT:4)
0:00:00.021182131  2724 0x5583eca35320 LOG   GST_PLUGIN_LOADING gstpluginloader.c:888:handle_rx_packet: marking plugin 0x5583eca5acc0 as registered as /home/conan/w/prod/BuildSingleReference/.conan/data/gstreamer/1.19.2/_/_/package/d5d34cb95e58eb395d954c026f8b3b95a47b8905/lib/gstreamer-1.0/libgstcoreelements.so
0:00:00.016850574  2725 0x55dacc471320 DEBUG   GST_POLL gstpoll.c:980:gst_poll_fd_ctl_write: 0x55dacc495cf0: fd (fd:0, idx:1), active : 1
0:00:00.016858106  2725 0x55dacc471320 LOG   GST_POLL gstpoll.c:994:gst_poll_fd_ctl_write: 0x55dacc495cf0: pfd->events now 60 (POLLOUT:4)
0:00:00.021191878  2724 0x5583eca35320 DEBUG   GST_POLL gstpoll.c:1414:gst_poll_wait: 0x5583eca5a920: timeout :0:00:01.000000000
0:00:00.016864274  2725 0x55dacc471320 DEBUG   GST_POLL gstpoll.c:980:gst_poll_fd_ctl_write: 0x55dacc495cf0: fd (fd:0, idx:1), active : 1
0:00:00.016874879  2725 0x55dacc471320 LOG   GST_POLL gstpoll.c:994:gst_poll_fd_ctl_write: 0x55dacc495cf0: pfd->events now 60 (POLLOUT:4)
0:00:00.016881131  2725 0x55dacc471320 DEBUG   GST_POLL gstpoll.c:980:gst_poll_fd_ctl_write: 0x55dacc495cf0: fd (fd:0, idx:1), active : 1
0:00:00.016887374  2725 0x55dacc471320 LOG   GST_POLL gstpoll.c:994:gst_poll_fd_ctl_write: 0x55dacc495cf0: pfd->events now 60 (POLLOUT:4)
0:00:00.016893798  2725 0x55dacc471320 DEBUG   GST_POLL gstpoll.c:980:gst_poll_fd_ctl_write: 0x55dacc495cf0: fd (fd:0, idx:1), active : 1
0:00:00.016899712  2725 0x55dacc471320 LOG   GST_POLL gstpoll.c:994:gst_poll_fd_ctl_write: 0x55dacc495cf0: pfd->events now 60 (POLLOUT:4)
0:00:00.016906145  2725 0x55dacc471320 DEBUG   GST_POLL gstpoll.c:980:gst_poll_fd_ctl_write: 0x55dacc495cf0: fd (fd:0, idx:1), active : 1
0:00:00.016911785  2725 0x55dacc471320 LOG   GST_POLL gstpoll.c:994:gst_poll_fd_ctl_write: 0x55dacc495cf0: pfd->events now 60 (POLLOUT:4)
0:00:00.016918039  2725 0x55dacc471320 DEBUG   GST_POLL gstpoll.c:980:gst_poll_fd_ctl_write: 0x55dacc495cf0: fd (fd:0, idx:1), active : 1
0:00:00.016924114  2725 0x55dacc471320 LOG   GST_POLL gstpoll.c:994:gst_poll_fd_ctl_write: 0x55dacc495cf0: pfd->events now 60 (POLLOUT:4)
0:00:00.016930122  2725 0x55dacc471320 DEBUG   GST_POLL gstpoll.c:980:gst_poll_fd_ctl_write: 0x55dacc495cf0: fd (fd:0, idx:1), active : 1
0:00:00.016936117  2725 0x55dacc471320 LOG   GST_POLL gstpoll.c:994:gst_poll_fd_ctl_write: 0x55dacc495cf0: pfd->events now 60 (POLLOUT:4)
0:00:00.016942299  2725 0x55dacc471320 DEBUG   GST_POLL gstpoll.c:980:gst_poll_fd_ctl_write: 0x55dacc495cf0: fd (fd:0, idx:1), active : 1
0:00:00.016948220  2725 0x55dacc471320 LOG   GST_POLL gstpoll.c:994:gst_poll_fd_ctl_write: 0x55dacc495cf0: pfd->events now 60 (POLLOUT:4)
0:00:00.016954592  2725 0x55dacc471320 DEBUG   GST_POLL gstpoll.c:980:gst_poll_fd_ctl_write: 0x55dacc495cf0: fd (fd:0, idx:1), active : 1
0:00:00.016960605  2725 0x55dacc471320 LOG   GST_POLL gstpoll.c:994:gst_poll_fd_ctl_write: 0x55dacc495cf0: pfd->events now 60 (POLLOUT:4)
0:00:00.016966629  2725 0x55dacc471320 DEBUG   GST_POLL gstpoll.c:980:gst_poll_fd_ctl_write: 0x55dacc495cf0: fd (fd:0, idx:1), active : 1
0:00:00.016972388  2725 0x55dacc471320 LOG   GST_POLL gstpoll.c:994:gst_poll_fd_ctl_write: 0x55dacc495cf0: pfd->events now 60 (POLLOUT:4)
0:00:00.016983005  2725 0x55dacc471320 TRACE   GST_REFCOUNTING gstobject.c:265:gst_object_unref: 0x55dacc49b2e0 unref 2->1
0:00:00.016990341  2725 0x55dacc471320 DEBUG   GST_POLL gstpoll.c:1241:gst_poll_fd_has_error: 0x55dacc495cf0: fd (fd:0, idx:1) 0
0:00:00.016996471  2725 0x55dacc471320 DEBUG   GST_POLL gstpoll.c:1335:gst_poll_fd_can_write: 0x55dacc495cf0: fd (fd:0, idx:1) 1
0:00:00.017002500  2725 0x55dacc471320 LOG   GST_PLUGIN_LOADING gstpluginloader.c:689:write_one: Writing packet of size 528 bytes to fd 0
0:00:00.017020842  2725 0x55dacc471320 DEBUG   GST_POLL gstpoll.c:1414:gst_poll_wait: 0x55dacc495cf0: timeout :0:00:01.000000000
0:00:00.017031259  2725 0x55dacc471320 LOG   GST_PLUGIN_LOADING gstpluginloader.c:1027:exchange_packets: Poll res = 2. 6872 bytes pending for write
0:00:00.017042704  2725 0x55dacc471320 DEBUG   GST_POLL gstpoll.c:1241:gst_poll_fd_has_error: 0x55dacc495cf0: fd (fd:5, idx:2) 0
0:00:00.021375251  2724 0x5583eca35320 LOG   GST_PLUGIN_LOADING gstpluginloader.c:1027:exchange_packets: Poll res = 1. 0 bytes pending for write
0:00:00.017048862  2725 0x55dacc471320 DEBUG   GST_POLL gstpoll.c:1266:gst_poll_fd_can_read_unlocked: 0x55dacc495cf0: fd (fd:5, idx:2) 1
0:00:00.021386912  2724 0x5583eca35320 DEBUG   GST_POLL gstpoll.c:1241:gst_poll_fd_has_error: 0x5583eca5a920: fd (fd:8, idx:2) 0
0:00:00.017057608  2725 0x55dacc471320 LOG   GST_PLUGIN_LOADING gstpluginloader.c:1005:read_one: No payload to read for 0 length packet type 1 tag 0
0:00:00.021393709  2724 0x5583eca35320 DEBUG   GST_POLL gstpoll.c:1266:gst_poll_fd_can_read_unlocked: 0x5583eca5a920: fd (fd:8, idx:2) 1
0:00:00.017064614  2725 0x55dacc471320 DEBUG   GST_POLL gstpoll.c:1015:gst_poll_fd_ctl_read_unlocked: 0x55dacc495cf0: fd (fd:5, idx:2), active : 0
0:00:00.017071219  2725 0x55dacc471320 DEBUG   GST_POLL gstpoll.c:980:gst_poll_fd_ctl_write: 0x55dacc495cf0: fd (fd:0, idx:1), active : 1
0:00:00.021405082  2724 0x5583eca35320 DEBUG   GST_PLUGIN_LOADING gstpluginloader.c:849:handle_rx_packet: Received plugin details from child w/ tag 2. 516 bytes info
0:00:00.017076996  2725 0x55dacc471320 LOG   GST_POLL gstpoll.c:994:gst_poll_fd_ctl_write: 0x55dacc495cf0: pfd->events now 60 (POLLOUT:4)
0:00:00.021412591  2724 0x5583eca35320 LOG   GST_REGISTRY gstregistrychunks.c:838:_priv_gst_registry_chunks_load_plugin: Reading/casting for GstRegistryChunkPluginElement at address 0x5583eca5bb30
0:00:00.017083673  2725 0x55dacc471320 DEBUG   GST_POLL gstpoll.c:1241:gst_poll_fd_has_error: 0x55dacc495cf0: fd (fd:0, idx:1) 0
0:00:00.021420616  2724 0x5583eca35320 TRACE   GST_REFCOUNTING gstobject.c:208:gst_object_init: 0x5583eca6a1b0 new
0:00:00.017090021  2725 0x55dacc471320 DEBUG   GST_POLL gstpoll.c:1335:gst_poll_fd_can_write: 0x55dacc495cf0: fd (fd:0, idx:1) 1
0:00:00.017096274  2725 0x55dacc471320 LOG   GST_PLUGIN_LOADING gstpluginloader.c:689:write_one: Writing packet of size 6872 bytes to fd 0
0:00:00.021431934  2724 0x5583eca35320 LOG   GST_REGISTRY gstregistrychunks.c:859:_priv_gst_registry_chunks_load_plugin: read strings for name='coretracers'
0:00:00.017116636  2725 0x55dacc471320 DEBUG   GST_POLL gstpoll.c:1414:gst_poll_wait: 0x55dacc495cf0: timeout :0:00:01.000000000
0:00:00.021452343  2724 0x5583eca35320 LOG   GST_REGISTRY gstregistrychunks.c:860:_priv_gst_registry_chunks_load_plugin: desc.description='GStreamer core tracers'
0:00:00.021458529  2724 0x5583eca35320 LOG   GST_REGISTRY gstregistrychunks.c:861:_priv_gst_registry_chunks_load_plugin: filename='/home/conan/w/prod/BuildSingleReference/.conan/data/gstreamer/1.19.2/_/_/package/d5d34cb95e58eb395d954c026f8b3b95a47b8905/lib/gstreamer-1.0/libgstcoretracers.so'
0:00:00.017125379  2725 0x55dacc471320 LOG   GST_PLUGIN_LOADING gstpluginloader.c:1027:exchange_packets: Poll res = 1. 12 bytes pending for write
0:00:00.021464257  2724 0x5583eca35320 LOG   GST_REGISTRY gstregistrychunks.c:862:_priv_gst_registry_chunks_load_plugin: desc.version='1.19.2'
0:00:00.017134118  2725 0x55dacc471320 DEBUG   GST_POLL gstpoll.c:1241:gst_poll_fd_has_error: 0x55dacc495cf0: fd (fd:0, idx:1) 0
0:00:00.021476302  2724 0x5583eca35320 LOG   GST_REGISTRY gstregistrychunks.c:863:_priv_gst_registry_chunks_load_plugin: desc.license='LGPL'
0:00:00.017146188  2725 0x55dacc471320 DEBUG   GST_POLL gstpoll.c:1335:gst_poll_fd_can_write: 0x55dacc495cf0: fd (fd:0, idx:1) 1
0:00:00.021482354  2724 0x5583eca35320 LOG   GST_REGISTRY gstregistrychunks.c:864:_priv_gst_registry_chunks_load_plugin: desc.source='gstreamer'
0:00:00.017152351  2725 0x55dacc471320 LOG   GST_PLUGIN_LOADING gstpluginloader.c:689:write_one: Writing packet of size 12 bytes to fd 0
0:00:00.021488281  2724 0x5583eca35320 LOG   GST_REGISTRY gstregistrychunks.c:865:_priv_gst_registry_chunks_load_plugin: desc.package='GStreamer source release'
0:00:00.017160697  2725 0x55dacc471320 DEBUG   GST_POLL gstpoll.c:980:gst_poll_fd_ctl_write: 0x55dacc495cf0: fd (fd:0, idx:1), active : 0
0:00:00.021494230  2724 0x5583eca35320 LOG   GST_REGISTRY gstregistrychunks.c:866:_priv_gst_registry_chunks_load_plugin: desc.origin='Unknown package origin'
0:00:00.017167269  2725 0x55dacc471320 LOG   GST_POLL gstpoll.c:994:gst_poll_fd_ctl_write: 0x55dacc495cf0: pfd->events now 56 (POLLOUT:4)
0:00:00.021502108  2724 0x5583eca35320 LOG   GST_REGISTRY gstregistrychunks.c:867:_priv_gst_registry_chunks_load_plugin: desc.datetime=2021-09-23
