0:00:00.006528254  2724 0x5583eca35320 LOG   GST_PLUGIN_LOADING gstpluginloader.c:689:write_one: Writing packet of size 174 bytes to fd 7
0:00:00.006536457  2724 0x5583eca35320 DEBUG   GST_POLL gstpoll.c:980:gst_poll_fd_ctl_write: 0x5583eca5a920: fd (fd:7, idx:1), active : 0
0:00:00.006542482  2724 0x5583eca35320 LOG   GST_POLL gstpoll.c:994:gst_poll_fd_ctl_write: 0x5583eca5a920: pfd->events now 56 (POLLOUT:4)
0:00:00.006562385  2724 0x5583eca35320 DEBUG   GST_REGISTRY gstregistry.c:1384:gst_registry_scan_path_internal: registry changed in path /home/conan/w/prod/BuildSingleReference/.conan/data/gstreamer/1.19.2/_/_/package/d5d34cb95e58eb395d954c026f8b3b95a47b8905/lib/gstreamer-1.0: 0
0:00:00.006571032  2724 0x5583eca35320 DEBUG   GST_REGISTRY gstregistry.c:1659:scan_and_update_registry: GST_PLUGIN_SYSTEM_PATH not set
0:00:00.006582252  2724 0x5583eca35320 DEBUG   GST_REGISTRY gstregistry.c:1666:scan_and_update_registry: scanning home plugins /home/conan/.local/share/gstreamer-1.0/plugins
0:00:00.006588689  2724 0x5583eca35320 DEBUG   GST_REGISTRY gstregistry.c:1380:gst_registry_scan_path_internal: scanning path /home/conan/.local/share/gstreamer-1.0/plugins
0:00:00.006608403  2724 0x5583eca35320 DEBUG   GST_REGISTRY gstregistry.c:1384:gst_registry_scan_path_internal: registry changed in path /home/conan/.local/share/gstreamer-1.0/plugins: 0
0:00:00.006614739  2724 0x5583eca35320 DEBUG   GST_REGISTRY gstregistry.c:1691:scan_and_update_registry: scanning main plugins /home/conan/w/prod/BuildSingleReference/.conan/data/gstreamer/1.19.2/_/_/package/d5d34cb95e58eb395d954c026f8b3b95a47b8905/lib/gstreamer-1.0
0:00:00.006620760  2724 0x5583eca35320 DEBUG   GST_REGISTRY gstregistry.c:1380:gst_registry_scan_path_internal: scanning path /home/conan/w/prod/BuildSingleReference/.conan/data/gstreamer/1.19.2/_/_/package/d5d34cb95e58eb395d954c026f8b3b95a47b8905/lib/gstreamer-1.0
0:00:00.006659104  2724 0x5583eca35320 LOG   GST_REGISTRY gstregistry.c:1300:gst_registry_scan_path_level: file /home/conan/w/prod/BuildSingleReference/.conan/data/gstreamer/1.19.2/_/_/package/d5d34cb95e58eb395d954c026f8b3b95a47b8905/lib/gstreamer-1.0/libgstcoretracers.so looks like a possible module
0:00:00.006666344  2724 0x5583eca35320 DEBUG   GST_REGISTRY gstregistry.c:1361:gst_registry_scan_path_level: file /home/conan/w/prod/BuildSingleReference/.conan/data/gstreamer/1.19.2/_/_/package/d5d34cb95e58eb395d954c026f8b3b95a47b8905/lib/gstreamer-1.0/libgstcoretracers.so not yet in registry
0:00:00.006672384  2724 0x5583eca35320 DEBUG   GST_REGISTRY gstregistry.c:1172:gst_registry_scan_plugin_file: Using scan-helper to load plugin /home/conan/w/prod/BuildSingleReference/.conan/data/gstreamer/1.19.2/_/_/package/d5d34cb95e58eb395d954c026f8b3b95a47b8905/lib/gstreamer-1.0/libgstcoretracers.so
0:00:00.006687413  2724 0x5583eca35320 LOG   GST_PLUGIN_LOADING gstpluginloader.c:236:plugin_loader_load: Sending file /home/conan/w/prod/BuildSingleReference/.conan/data/gstreamer/1.19.2/_/_/package/d5d34cb95e58eb395d954c026f8b3b95a47b8905/lib/gstreamer-1.0/libgstcoretracers.so to child. tag 2
0:00:00.006694965  2724 0x5583eca35320 DEBUG   GST_POLL gstpoll.c:980:gst_poll_fd_ctl_write: 0x5583eca5a920: fd (fd:7, idx:1), active : 1
0:00:00.006708648  2724 0x5583eca35320 LOG   GST_POLL gstpoll.c:994:gst_poll_fd_ctl_write: 0x5583eca5a920: pfd->events now 60 (POLLOUT:4)
0:00:00.006715785  2724 0x5583eca35320 DEBUG   GST_POLL gstpoll.c:1414:gst_poll_wait: 0x5583eca5a920: timeout :0:00:01.000000000
0:00:00.006724472  2724 0x5583eca35320 LOG   GST_PLUGIN_LOADING gstpluginloader.c:1027:exchange_packets: Poll res = 1. 173 bytes pending for write
0:00:00.006731041  2724 0x5583eca35320 DEBUG   GST_POLL gstpoll.c:1241:gst_poll_fd_has_error: 0x5583eca5a920: fd (fd:8, idx:2) 0
0:00:00.006737022  2724 0x5583eca35320 DEBUG   GST_POLL gstpoll.c:1266:gst_poll_fd_can_read_unlocked: 0x5583eca5a920: fd (fd:8, idx:2) 0
0:00:00.006742999  2724 0x5583eca35320 DEBUG   GST_POLL gstpoll.c:1195:gst_poll_fd_has_closed: 0x5583eca5a920: fd (fd:8, idx:2) 0
0:00:00.002409938  2725 0x55dacc471320 TRACE   GST_REFCOUNTING gstobject.c:208:gst_object_init: 0x55dacc4976f0 new
0:00:00.006748927  2724 0x5583eca35320 DEBUG   GST_POLL gstpoll.c:1241:gst_poll_fd_has_error: 0x5583eca5a920: fd (fd:7, idx:1) 0
0:00:00.006757701  2724 0x5583eca35320 DEBUG   GST_POLL gstpoll.c:1335:gst_poll_fd_can_write: 0x5583eca5a920: fd (fd:7, idx:1) 1
0:00:00.006763501  2724 0x5583eca35320 LOG   GST_PLUGIN_LOADING gstpluginloader.c:689:write_one: Writing packet of size 173 bytes to fd 7
0:00:00.002436427  2725 0x55dacc471320 LOG   GST_PLUGIN_LOADING gstplugin.c:887:_priv_gst_plugin_load_file_for_registry: Plugin 0x55dacc4976f0 for file "/home/conan/w/prod/BuildSingleReference/.conan/data/gstreamer/1.19.2/_/_/package/d5d34cb95e58eb395d954c026f8b3b95a47b8905/lib/gstreamer-1.0/libgstcoretracers.so" prepared, calling entry function...
0:00:00.006771344  2724 0x5583eca35320 DEBUG   GST_POLL gstpoll.c:980:gst_poll_fd_ctl_write: 0x5583eca5a920: fd (fd:7, idx:1), active : 0
0:00:00.006780211  2724 0x5583eca35320 LOG   GST_POLL gstpoll.c:994:gst_poll_fd_ctl_write: 0x5583eca5a920: pfd->events now 56 (POLLOUT:4)
0:00:00.002447524  2725 0x55dacc471320 LOG   GST_PLUGIN_LOADING gstplugin.c:894:_priv_gst_plugin_load_file_for_registry: Plugin 0x55dacc4976f0 for file "/home/conan/w/prod/BuildSingleReference/.conan/data/gstreamer/1.19.2/_/_/package/d5d34cb95e58eb395d954c026f8b3b95a47b8905/lib/gstreamer-1.0/libgstcoretracers.so" prepared, registering...
0:00:00.002455713  2725 0x55dacc471320 LOG   GST_PLUGIN_LOADING gstplugin.c:511:gst_plugin_register_func: plugin "/home/conan/w/prod/BuildSingleReference/.conan/data/gstreamer/1.19.2/_/_/package/d5d34cb95e58eb395d954c026f8b3b95a47b8905/lib/gstreamer-1.0/libgstcoretracers.so" looks good
0:00:00.006793830  2724 0x5583eca35320 LOG   GST_REGISTRY gstregistry.c:1300:gst_registry_scan_path_level: file /home/conan/w/prod/BuildSingleReference/.conan/data/gstreamer/1.19.2/_/_/package/d5d34cb95e58eb395d954c026f8b3b95a47b8905/lib/gstreamer-1.0/libgstcoreelements.so looks like a possible module
0:00:00.006804892  2724 0x5583eca35320 DEBUG   GST_REGISTRY gstregistry.c:1361:gst_registry_scan_path_level: file /home/conan/w/prod/BuildSingleReference/.conan/data/gstreamer/1.19.2/_/_/package/d5d34cb95e58eb395d954c026f8b3b95a47b8905/lib/gstreamer-1.0/libgstcoreelements.so not yet in registry
0:00:00.006810773  2724 0x5583eca35320 DEBUG   GST_REGISTRY gstregistry.c:1172:gst_registry_scan_plugin_file: Using scan-helper to load plugin /home/conan/w/prod/BuildSingleReference/.conan/data/gstreamer/1.19.2/_/_/package/d5d34cb95e58eb395d954c026f8b3b95a47b8905/lib/gstreamer-1.0/libgstcoreelements.so
0:00:00.002478048  2725 0x55dacc471320 TRACE   GST_REFCOUNTING gstobject.c:208:gst_object_init: 0x55dacc4983d0 new
0:00:00.006817157  2724 0x5583eca35320 LOG   GST_PLUGIN_LOADING gstpluginloader.c:236:plugin_loader_load: Sending file /home/conan/w/prod/BuildSingleReference/.conan/data/gstreamer/1.19.2/_/_/package/d5d34cb95e58eb395d954c026f8b3b95a47b8905/lib/gstreamer-1.0/libgstcoreelements.so to child. tag 3
0:00:00.002488824  2725 0x55dacc471320 DEBUG   GST_TRACER gsttracer.c:169:gst_tracer_register: new tracer factory for latency
0:00:00.006824447  2724 0x5583eca35320 DEBUG   GST_POLL gstpoll.c:980:gst_poll_fd_ctl_write: 0x5583eca5a920: fd (fd:7, idx:1), active : 1
0:00:00.006831660  2724 0x5583eca35320 LOG   GST_POLL gstpoll.c:994:gst_poll_fd_ctl_write: 0x5583eca5a920: pfd->events now 60 (POLLOUT:4)
0:00:00.002498077  2725 0x55dacc471320 DEBUG   GST_TRACER gsttracer.c:177:gst_tracer_register: tracer factory for 3427350880:GstLatencyTracer
0:00:00.006838832  2724 0x5583eca35320 DEBUG   GST_POLL gstpoll.c:1414:gst_poll_wait: 0x5583eca5a920: timeout :0:00:01.000000000
0:00:00.002508041  2725 0x55dacc471320 DEBUG   GST_REGISTRY gstregistry.c:590:gst_registry_add_feature: adding feature 0x55dacc4983d0 (latency)
0:00:00.006846978  2724 0x5583eca35320 LOG   GST_PLUGIN_LOADING gstpluginloader.c:1027:exchange_packets: Poll res = 1. 174 bytes pending for write
0:00:00.002515134  2725 0x55dacc471320 DEBUG   GST_REFCOUNTING gstobject.c:709:gst_object_set_parent: set parent (ref and sink)
0:00:00.006854210  2724 0x5583eca35320 DEBUG   GST_POLL gstpoll.c:1241:gst_poll_fd_has_error: 0x5583eca5a920: fd (fd:8, idx:2) 0
0:00:00.002523857  2725 0x55dacc471320 TRACE   GST_REFCOUNTING gstobject.c:294:gst_object_ref_sink: 0x55dacc4983d0 ref_sink 1->2
0:00:00.006860998  2724 0x5583eca35320 DEBUG   GST_POLL gstpoll.c:1266:gst_poll_fd_can_read_unlocked: 0x5583eca5a920: fd (fd:8, idx:2) 0
0:00:00.002530921  2725 0x55dacc471320 LOG   GST_REGISTRY gstregistry.c:608:gst_registry_add_feature: emitting feature-added for latency
0:00:00.006867729  2724 0x5583eca35320 DEBUG   GST_POLL gstpoll.c:1195:gst_poll_fd_has_closed: 0x5583eca5a920: fd (fd:8, idx:2) 0
0:00:00.006874299  2724 0x5583eca35320 DEBUG   GST_POLL gstpoll.c:1241:gst_poll_fd_has_error: 0x5583eca5a920: fd (fd:7, idx:1) 0
0:00:00.002544818  2725 0x55dacc471320 TRACE   GST_REFCOUNTING gstobject.c:208:gst_object_init: 0x55dacc498880 new
0:00:00.006880250  2724 0x5583eca35320 DEBUG   GST_POLL gstpoll.c:1335:gst_poll_fd_can_write: 0x5583eca5a920: fd (fd:7, idx:1) 1
0:00:00.002553335  2725 0x55dacc471320 DEBUG   GST_TRACER gsttracer.c:169:gst_tracer_register: new tracer factory for log
0:00:00.006891807  2724 0x5583eca35320 LOG   GST_PLUGIN_LOADING gstpluginloader.c:689:write_one: Writing packet of size 174 bytes to fd 7
0:00:00.002562413  2725 0x55dacc471320 DEBUG   GST_TRACER gsttracer.c:177:gst_tracer_register: tracer factory for 3427370688:GstLogTracer
0:00:00.006900065  2724 0x5583eca35320 DEBUG   GST_POLL gstpoll.c:980:gst_poll_fd_ctl_write: 0x5583eca5a920: fd (fd:7, idx:1), active : 0
0:00:00.002570077  2725 0x55dacc471320 DEBUG   GST_REGISTRY gstregistry.c:590:gst_registry_add_feature: adding feature 0x55dacc498880 (log)
0:00:00.006906702  2724 0x5583eca35320 LOG   GST_POLL gstpoll.c:994:gst_poll_fd_ctl_write: 0x5583eca5a920: pfd->events now 56 (POLLOUT:4)
0:00:00.002576585  2725 0x55dacc471320 DEBUG   GST_REFCOUNTING gstobject.c:709:gst_object_set_parent: set parent (ref and sink)
0:00:00.006917379  2724 0x5583eca35320 DEBUG   GST_REGISTRY gstregistry.c:1384:gst_registry_scan_path_internal: registry changed in path /home/conan/w/prod/BuildSingleReference/.conan/data/gstreamer/1.19.2/_/_/package/d5d34cb95e58eb395d954c026f8b3b95a47b8905/lib/gstreamer-1.0: 0
0:00:00.002584078  2725 0x55dacc471320 TRACE   GST_REFCOUNTING gstobject.c:294:gst_object_ref_sink: 0x55dacc498880 ref_sink 1->2
0:00:00.002592824  2725 0x55dacc471320 LOG   GST_REGISTRY gstregistry.c:608:gst_registry_add_feature: emitting feature-added for log
0:00:00.006927941  2724 0x5583eca35320 DEBUG   GST_POLL gstpoll.c:980:gst_poll_fd_ctl_write: 0x5583eca5a920: fd (fd:7, idx:1), active : 1
0:00:00.006934683  2724 0x5583eca35320 LOG   GST_POLL gstpoll.c:994:gst_poll_fd_ctl_write: 0x5583eca5a920: pfd->events now 60 (POLLOUT:4)
0:00:00.002602960  2725 0x55dacc471320 TRACE   GST_REFCOUNTING gstobject.c:208:gst_object_init: 0x55dacc498b50 new
0:00:00.006941605  2724 0x5583eca35320 DEBUG   GST_POLL gstpoll.c:1414:gst_poll_wait: 0x5583eca5a920: timeout :0:00:01.000000000
0:00:00.002611242  2725 0x55dacc471320 DEBUG   GST_TRACER gsttracer.c:169:gst_tracer_register: new tracer factory for rusage
0:00:00.006950241  2724 0x5583eca35320 LOG   GST_PLUGIN_LOADING gstpluginloader.c:1027:exchange_packets: Poll res = 1. 12 bytes pending for write
0:00:00.002619068  2725 0x55dacc471320 DEBUG   GST_TRACER gsttracer.c:177:gst_tracer_register: tracer factory for 3427371328:GstRUsageTracer
0:00:00.006957207  2724 0x5583eca35320 DEBUG   GST_POLL gstpoll.c:1241:gst_poll_fd_has_error: 0x5583eca5a920: fd (fd:8, idx:2) 0
0:00:00.002626583  2725 0x55dacc471320 DEBUG   GST_REGISTRY gstregistry.c:590:gst_registry_add_feature: adding feature 0x55dacc498b50 (rusage)
0:00:00.006963865  2724 0x5583eca35320 DEBUG   GST_POLL gstpoll.c:1266:gst_poll_fd_can_read_unlocked: 0x5583eca5a920: fd (fd:8, idx:2) 0
0:00:00.002632824  2725 0x55dacc471320 DEBUG   GST_REFCOUNTING gstobject.c:709:gst_object_set_parent: set parent (ref and sink)
0:00:00.006970410  2724 0x5583eca35320 DEBUG   GST_POLL gstpoll.c:1195:gst_poll_fd_has_closed: 0x5583eca5a920: fd (fd:8, idx:2) 0
0:00:00.002647086  2725 0x55dacc471320 TRACE   GST_REFCOUNTING gstobject.c:294:gst_object_ref_sink: 0x55dacc498b50 ref_sink 1->2
0:00:00.006982219  2724 0x5583eca35320 DEBUG   GST_POLL gstpoll.c:1241:gst_poll_fd_has_error: 0x5583eca5a920: fd (fd:7, idx:1) 0
0:00:00.002653901  2725 0x55dacc471320 LOG   GST_REGISTRY gstregistry.c:608:gst_registry_add_feature: emitting feature-added for rusage
0:00:00.006989505  2724 0x5583eca35320 DEBUG   GST_POLL gstpoll.c:1335:gst_poll_fd_can_write: 0x5583eca5a920: fd (fd:7, idx:1) 1
0:00:00.006995585  2724 0x5583eca35320 LOG   GST_PLUGIN_LOADING gstpluginloader.c:689:write_one: Writing packet of size 12 bytes to fd 7
0:00:00.002664528  2725 0x55dacc471320 TRACE   GST_REFCOUNTING gstobject.c:208:gst_object_init: 0x55dacc498e20 new
0:00:00.007003133  2724 0x5583eca35320 DEBUG   GST_POLL gstpoll.c:980:gst_poll_fd_ctl_write: 0x5583eca5a920: fd (fd:7, idx:1), active : 0
0:00:00.002672628  2725 0x55dacc471320 DEBUG   GST_TRACER gsttracer.c:169:gst_tracer_register: new tracer factory for stats
0:00:00.007009679  2724 0x5583eca35320 LOG   GST_POLL gstpoll.c:994:gst_poll_fd_ctl_write: 0x5583eca5a920: pfd->events now 56 (POLLOUT:4)
0:00:00.002683157  2725 0x55dacc471320 DEBUG   GST_TRACER gsttracer.c:177:gst_tracer_register: tracer factory for 3427372048:GstStatsTracer
0:00:00.007020252  2724 0x5583eca35320 DEBUG   GST_POLL gstpoll.c:1414:gst_poll_wait: 0x5583eca5a920: timeout :0:00:01.000000000
0:00:00.002690704  2725 0x55dacc471320 DEBUG   GST_REGISTRY gstregistry.c:590:gst_registry_add_feature: adding feature 0x55dacc498e20 (stats)
0:00:00.002696803  2725 0x55dacc471320 DEBUG   GST_REFCOUNTING gstobject.c:709:gst_object_set_parent: set parent (ref and sink)
0:00:00.002703610  2725 0x55dacc471320 TRACE   GST_REFCOUNTING gstobject.c:294:gst_object_ref_sink: 0x55dacc498e20 ref_sink 1->2
0:00:00.002709872  2725 0x55dacc471320 LOG   GST_REGISTRY gstregistry.c:608:gst_registry_add_feature: emitting feature-added for stats
0:00:00.002719737  2725 0x55dacc471320 TRACE   GST_REFCOUNTING gstobject.c:208:gst_object_init: 0x55dacc4990a0 new
0:00:00.002727104  2725 0x55dacc471320 DEBUG   GST_TRACER gsttracer.c:169:gst_tracer_register: new tracer factory for leaks
0:00:00.002733970  2725 0x55dacc471320 DEBUG   GST_TRACER gsttracer.c:177:gst_tracer_register: tracer factory for 3427372768:GstLeaksTracer
0:00:00.002740670  2725 0x55dacc471320 DEBUG   GST_REGISTRY gstregistry.c:590:gst_registry_add_feature: adding feature 0x55dacc4990a0 (leaks)
0:00:00.002746217  2725 0x55dacc471320 DEBUG   GST_REFCOUNTING gstobject.c:709:gst_object_set_parent: set parent (ref and sink)
0:00:00.002752973  2725 0x55dacc471320 TRACE   GST_REFCOUNTING gstobject.c:294:gst_object_ref_sink: 0x55dacc4990a0 ref_sink 1->2
0:00:00.002759318  2725 0x55dacc471320 LOG   GST_REGISTRY gstregistry.c:608:gst_registry_add_feature: emitting feature-added for leaks
0:00:00.002772702  2725 0x55dacc471320 TRACE   GST_REFCOUNTING gstobject.c:208:gst_object_init: 0x55dacc4991e0 new
0:00:00.002780356  2725 0x55dacc471320 DEBUG   GST_TRACER gsttracer.c:169:gst_tracer_register: new tracer factory for factories
0:00:00.002787253  2725 0x55dacc471320 DEBUG   GST_TRACER gsttracer.c:177:gst_tracer_register: tracer factory for 3427373408:GstFactoriesTracer
0:00:00.002794639  2725 0x55dacc471320 DEBUG   GST_REGISTRY gstregistry.c:590:gst_registry_add_feature: adding feature 0x55dacc4991e0 (factories)
0:00:00.002801651  2725 0x55dacc471320 DEBUG   GST_REFCOUNTING gstobject.c:709:gst_object_set_parent: set parent (ref and sink)
0:00:00.002808610  2725 0x55dacc471320 TRACE   GST_REFCOUNTING gstobject.c:294:gst_object_ref_sink: 0x55dacc4991e0 ref_sink 1->2
0:00:00.002814947  2725 0x55dacc471320 LOG   GST_REGISTRY gstregistry.c:608:gst_registry_add_feature: emitting feature-added for factories
0:00:00.002821110  2725 0x55dacc471320 LOG   GST_PLUGIN_LOADING gstplugin.c:538:gst_plugin_register_func: plugin "/home/conan/w/prod/BuildSingleReference/.conan/data/gstreamer/1.19.2/_/_/package/d5d34cb95e58eb395d954c026f8b3b95a47b8905/lib/gstreamer-1.0/libgstcoretracers.so" initialised
0:00:00.002828298  2725 0x55dacc471320 INFO   GST_PLUGIN_LOADING gstplugin.c:912:_priv_gst_plugin_load_file_for_registry: plugin "/home/conan/w/prod/BuildSingleReference/.conan/data/gstreamer/1.19.2/_/_/package/d5d34cb95e58eb395d954c026f8b3b95a47b8905/lib/gstreamer-1.0/libgstcoretracers.so" loaded
0:00:00.002835478  2725 0x55dacc471320 TRACE   GST_REFCOUNTING gstobject.c:238:gst_object_ref: 0x55dacc4976f0 ref 1->2
0:00:00.002843037  2725 0x55dacc471320 DEBUG   GST_REGISTRY gstregistry.c:474:gst_registry_add_plugin: adding plugin 0x55dacc4976f0 for filename "/home/conan/w/prod/BuildSingleReference/.conan/data/gstreamer/1.19.2/_/_/package/d5d34cb95e58eb395d954c026f8b3b95a47b8905/lib/gstreamer-1.0/libgstcoretracers.so"
0:00:00.002850487  2725 0x55dacc471320 TRACE   GST_REFCOUNTING gstobject.c:294:gst_object_ref_sink: 0x55dacc4976f0 ref_sink 2->3
0:00:00.002857396  2725 0x55dacc471320 LOG   GST_REGISTRY gstregistry.c:487:gst_registry_add_plugin: emitting plugin-added for filename "/home/conan/w/prod/BuildSingleReference/.conan/data/gstreamer/1.19.2/_/_/package/d5d34cb95e58eb395d954c026f8b3b95a47b8905/lib/gstreamer-1.0/libgstcoretracers.so"
0:00:00.002865357  2725 0x55dacc471320 TRACE   GST_REFCOUNTING gstobject.c:238:gst_object_ref: 0x55dacc4991e0 ref 1->2
0:00:00.002872670  2725 0x55dacc471320 TRACE   GST_REFCOUNTING gstobject.c:238:gst_object_ref: 0x55dacc4990a0 ref 1->2
0:00:00.002879861  2725 0x55dacc471320 TRACE   GST_REFCOUNTING gstobject.c:238:gst_object_ref: 0x55dacc498e20 ref 1->2
0:00:00.002886898  2725 0x55dacc471320 TRACE   GST_REFCOUNTING gstobject.c:238:gst_object_ref: 0x55dacc498b50 ref 1->2
0:00:00.002894451  2725 0x55dacc471320 TRACE   GST_REFCOUNTING gstobject.c:238:gst_object_ref: 0x55dacc498880 ref 1->2
0:00:00.002901523  2725 0x55dacc471320 TRACE   GST_REFCOUNTING gstobject.c:238:gst_object_ref: 0x55dacc4983d0 ref 1->2
0:00:00.002922370  2725 0x55dacc471320 TRACE   GST_REFCOUNTING gstobject.c:265:gst_object_unref: 0x55dacc4983d0 unref 2->1
0:00:00.002930254  2725 0x55dacc471320 TRACE   GST_REFCOUNTING gstobject.c:265:gst_object_unref: 0x55dacc498880 unref 2->1
0:00:00.002937041  2725 0x55dacc471320 TRACE   GST_REFCOUNTING gstobject.c:265:gst_object_unref: 0x55dacc498b50 unref 2->1
0:00:00.002943842  2725 0x55dacc471320 TRACE   GST_REFCOUNTING gstobject.c:265:gst_object_unref: 0x55dacc498e20 unref 2->1
0:00:00.002950503  2725 0x55dacc471320 TRACE   GST_REFCOUNTING gstobject.c:265:gst_object_unref: 0x55dacc4990a0 unref 2->1
0:00:00.002956944  2725 0x55dacc471320 TRACE   GST_REFCOUNTING gstobject.c:265:gst_object_unref: 0x55dacc4991e0 unref 2->1
0:00:00.002966057  2725 0x55dacc471320 DEBUG   GST_REGISTRY gstregistrychunks.c:499:_priv_gst_registry_chunks_save_plugin: Found 6 features in plugin 0x55dacc4976f0 (coretracers)
0:00:00.002973810  2725 0x55dacc471320 DEBUG   GST_POLL gstpoll.c:980:gst_poll_fd_ctl_write: 0x55dacc495cf0: fd (fd:0, idx:1), active : 1
0:00:00.002980562  2725 0x55dacc471320 LOG   GST_POLL gstpoll.c:994:gst_poll_fd_ctl_write: 0x55dacc495cf0: pfd->events now 60 (POLLOUT:4)
0:00:00.002987299  2725 0x55dacc471320 DEBUG   GST_POLL gstpoll.c:980:gst_poll_fd_ctl_write: 0x55dacc495cf0: fd (fd:0, idx:1), active : 1
0:00:00.002993418  2725 0x55dacc471320 LOG   GST_POLL gstpoll.c:994:gst_poll_fd_ctl_write: 0x55dacc495cf0: pfd->events now 60 (POLLOUT:4)
0:00:00.003000141  2725 0x55dacc471320 DEBUG   GST_POLL gstpoll.c:980:gst_poll_fd_ctl_write: 0x55dacc495cf0: fd (fd:0, idx:1), active : 1
0:00:00.003005971  2725 0x55dacc471320 LOG   GST_POLL gstpoll.c:994:gst_poll_fd_ctl_write: 0x55dacc495cf0: pfd->events now 60 (POLLOUT:4)
0:00:00.003011951  2725 0x55dacc471320 DEBUG   GST_POLL gstpoll.c:980:gst_poll_fd_ctl_write: 0x55dacc495cf0: fd (fd:0, idx:1), active : 1
0:00:00.003017660  2725 0x55dacc471320 LOG   GST_POLL gstpoll.c:994:gst_poll_fd_ctl_write: 0x55dacc495cf0: pfd->events now 60 (POLLOUT:4)
0:00:00.003023596  2725 0x55dacc471320 DEBUG   GST_POLL gstpoll.c:980:gst_poll_fd_ctl_write: 0x55dacc495cf0: fd (fd:0, idx:1), active : 1
0:00:00.003029346  2725 0x55dacc471320 LOG   GST_POLL gstpoll.c:994:gst_poll_fd_ctl_write: 0x55dacc495cf0: pfd->events now 60 (POLLOUT:4)
0:00:00.003035279  2725 0x55dacc471320 DEBUG   GST_POLL gstpoll.c:980:gst_poll_fd_ctl_write: 0x55dacc495cf0: fd (fd:0, idx:1), active : 1
0:00:00.003041030  2725 0x55dacc471320 LOG   GST_POLL gstpoll.c:994:gst_poll_fd_ctl_write: 0x55dacc495cf0: pfd->events now 60 (POLLOUT:4)
0:00:00.003046977  2725 0x55dacc471320 DEBUG   GST_POLL gstpoll.c:980:gst_poll_fd_ctl_write: 0x55dacc495cf0: fd (fd:0, idx:1), active : 1
0:00:00.003052687  2725 0x55dacc471320 LOG   GST_POLL gstpoll.c:994:gst_poll_fd_ctl_write: 0x55dacc495cf0: pfd->events now 60 (POLLOUT:4)
0:00:00.003058682  2725 0x55dacc471320 DEBUG   GST_POLL gstpoll.c:980:gst_poll_fd_ctl_write: 0x55dacc495cf0: fd (fd:0, idx:1), active : 1
0:00:00.003068296  2725 0x55dacc471320 LOG   GST_POLL gstpoll.c:994:gst_poll_fd_ctl_write: 0x55dacc495cf0: pfd->events now 60 (POLLOUT:4)
0:00:00.003074345  2725 0x55dacc471320 DEBUG   GST_POLL gstpoll.c:980:gst_poll_fd_ctl_write: 0x55dacc495cf0: fd (fd:0, idx:1), active : 1
0:00:00.003079994  2725 0x55dacc471320 LOG   GST_POLL gstpoll.c:994:gst_poll_fd_ctl_write: 0x55dacc495cf0: pfd->events now 60 (POLLOUT:4)
0:00:00.003085992  2725 0x55dacc471320 DEBUG   GST_POLL gstpoll.c:980:gst_poll_fd_ctl_write: 0x55dacc495cf0: fd (fd:0, idx:1), active : 1
0:00:00.003091731  2725 0x55dacc471320 LOG   GST_POLL gstpoll.c:994:gst_poll_fd_ctl_write: 0x55dacc495cf0: pfd->events now 60 (POLLOUT:4)
0:00:00.003097578  2725 0x55dacc471320 DEBUG   GST_POLL gstpoll.c:980:gst_poll_fd_ctl_write: 0x55dacc495cf0: fd (fd:0, idx:1), active : 1
0:00:00.003137619  2725 0x55dacc471320 LOG   GST_POLL gstpoll.c:994:gst_poll_fd_ctl_write: 0x55dacc495cf0: pfd->events now 60 (POLLOUT:4)
0:00:00.003150071  2725 0x55dacc471320 DEBUG   GST_POLL gstpoll.c:980:gst_poll_fd_ctl_write: 0x55dacc495cf0: fd (fd:0, idx:1), active : 1
0:00:00.003156271  2725 0x55dacc471320 LOG   GST_POLL gstpoll.c:994:gst_poll_fd_ctl_write: 0x55dacc495cf0: pfd->events now 60 (POLLOUT:4)
0:00:00.003162147  2725 0x55dacc471320 DEBUG   GST_POLL gstpoll.c:980:gst_poll_fd_ctl_write: 0x55dacc495cf0: fd (fd:0, idx:1), active : 1
0:00:00.003167776  2725 0x55dacc471320 LOG   GST_POLL gstpoll.c:994:gst_poll_fd_ctl_write: 0x55dacc495cf0: pfd->events now 60 (POLLOUT:4)
0:00:00.003173630  2725 0x55dacc471320 DEBUG   GST_POLL gstpoll.c:980:gst_poll_fd_ctl_write: 0x55dacc495cf0: fd (fd:0, idx:1), active : 1
0:00:00.003179269  2725 0x55dacc471320 LOG   GST_POLL gstpoll.c:994:gst_poll_fd_ctl_write: 0x55dacc495cf0: pfd->events now 60 (POLLOUT:4)
0:00:00.003185197  2725 0x55dacc471320 DEBUG   GST_POLL gstpoll.c:980:gst_poll_fd_ctl_write: 0x55dacc495cf0: fd (fd:0, idx:1), active : 1
0:00:00.003190847  2725 0x55dacc471320 LOG   GST_POLL gstpoll.c:994:gst_poll_fd_ctl_write: 0x55dacc495cf0: pfd->events now 60 (POLLOUT:4)
0:00:00.003204385  2725 0x55dacc471320 DEBUG   GST_POLL gstpoll.c:980:gst_poll_fd_ctl_write: 0x55dacc495cf0: fd (fd:0, idx:1), active : 1
0:00:00.003210483  2725 0x55dacc471320 LOG   GST_POLL gstpoll.c:994:gst_poll_fd_ctl_write: 0x55dacc495cf0: pfd->events now 60 (POLLOUT:4)
0:00:00.003216381  2725 0x55dacc471320 DEBUG   GST_POLL gstpoll.c:980:gst_poll_fd_ctl_write: 0x55dacc495cf0: fd (fd:0, idx:1), active : 1
0:00:00.003222175  2725 0x55dacc471320 LOG   GST_POLL gstpoll.c:994:gst_poll_fd_ctl_write: 0x55dacc495cf0: pfd->events now 60 (POLLOUT:4)
0:00:00.003228028  2725 0x55dacc471320 DEBUG   GST_POLL gstpoll.c:980:gst_poll_fd_ctl_write: 0x55dacc495cf0: fd (fd:0, idx:1), active : 1
0:00:00.003233618  2725 0x55dacc471320 LOG   GST_POLL gstpoll.c:994:gst_poll_fd_ctl_write: 0x55dacc495cf0: pfd->events now 60 (POLLOUT:4)
0:00:00.003239530  2725 0x55dacc471320 DEBUG   GST_POLL gstpoll.c:980:gst_poll_fd_ctl_write: 0x55dacc495cf0: fd (fd:0, idx:1), active : 1
0:00:00.003245152  2725 0x55dacc471320 LOG   GST_POLL gstpoll.c:994:gst_poll_fd_ctl_write: 0x55dacc495cf0: pfd->events now 60 (POLLOUT:4)
0:00:00.003255913  2725 0x55dacc471320 DEBUG   GST_POLL gstpoll.c:980:gst_poll_fd_ctl_write: 0x55dacc495cf0: fd (fd:0, idx:1), active : 1
0:00:00.003261721  2725 0x55dacc471320 LOG   GST_POLL gstpoll.c:994:gst_poll_fd_ctl_write: 0x55dacc495cf0: pfd->events now 60 (POLLOUT:4)
0:00:00.003267569  2725 0x55dacc471320 DEBUG   GST_POLL gstpoll.c:980:gst_poll_fd_ctl_write: 0x55dacc495cf0: fd (fd:0, idx:1), active : 1
0:00:00.003273264  2725 0x55dacc471320 LOG   GST_POLL gstpoll.c:994:gst_poll_fd_ctl_write: 0x55dacc495cf0: pfd->events now 60 (POLLOUT:4)
0:00:00.003279221  2725 0x55dacc471320 DEBUG   GST_POLL gstpoll.c:980:gst_poll_fd_ctl_write: 0x55dacc495cf0: fd (fd:0, idx:1), active : 1
0:00:00.003284900  2725 0x55dacc471320 LOG   GST_POLL gstpoll.c:994:gst_poll_fd_ctl_write: 0x55dacc495cf0: pfd->events now 60 (POLLOUT:4)
0:00:00.003290777  2725 0x55dacc471320 DEBUG   GST_POLL gstpoll.c:980:gst_poll_fd_ctl_write: 0x55dacc495cf0: fd (fd:0, idx:1), active : 1
0:00:00.003296414  2725 0x55dacc471320 LOG   GST_POLL gstpoll.c:994:gst_poll_fd_ctl_write: 0x55dacc495cf0: pfd->events now 60 (POLLOUT:4)
0:00:00.003302263  2725 0x55dacc471320 DEBUG   GST_POLL gstpoll.c:980:gst_poll_fd_ctl_write: 0x55dacc495cf0: fd (fd:0, idx:1), active : 1
0:00:00.003307861  2725 0x55dacc471320 LOG   GST_POLL gstpoll.c:994:gst_poll_fd_ctl_write: 0x55dacc495cf0: pfd->events now 60 (POLLOUT:4)
0:00:00.003313741  2725 0x55dacc471320 DEBUG   GST_POLL gstpoll.c:980:gst_poll_fd_ctl_write: 0x55dacc495cf0: fd (fd:0, idx:1), active : 1
0:00:00.003319369  2725 0x55dacc471320 LOG   GST_POLL gstpoll.c:994:gst_poll_fd_ctl_write: 0x55dacc495cf0: pfd->events now 60 (POLLOUT:4)
0:00:00.003325180  2725 0x55dacc471320 DEBUG   GST_POLL gstpoll.c:980:gst_poll_fd_ctl_write: 0x55dacc495cf0: fd (fd:0, idx:1), active : 1
0:00:00.003330773  2725 0x55dacc471320 LOG   GST_POLL gstpoll.c:994:gst_poll_fd_ctl_write: 0x55dacc495cf0: pfd->events now 60 (POLLOUT:4)
0:00:00.003336757  2725 0x55dacc471320 DEBUG   GST_POLL gstpoll.c:980:gst_poll_fd_ctl_write: 0x55dacc495cf0: fd (fd:0, idx:1), active : 1
0:00:00.003342376  2725 0x55dacc471320 LOG   GST_POLL gstpoll.c:994:gst_poll_fd_ctl_write: 0x55dacc495cf0: pfd->events now 60 (POLLOUT:4)
0:00:00.003348280  2725 0x55dacc471320 DEBUG   GST_POLL gstpoll.c:980:gst_poll_fd_ctl_write: 0x55dacc495cf0: fd (fd:0, idx:1), active : 1
0:00:00.003353942  2725 0x55dacc471320 LOG   GST_POLL gstpoll.c:994:gst_poll_fd_ctl_write: 0x55dacc495cf0: pfd->events now 60 (POLLOUT:4)
0:00:00.003360227  2725 0x55dacc471320 LOG   GST_PLUGIN_LOADING gstpluginloader.c:645:put_chunk: Expanding tx buf from 512 to 1152 for chunk of size 8
0:00:00.003367461  2725 0x55dacc471320 DEBUG   GST_POLL gstpoll.c:980:gst_poll_fd_ctl_write: 0x55dacc495cf0: fd (fd:0, idx:1), active : 1
0:00:00.003373198  2725 0x55dacc471320 LOG   GST_POLL gstpoll.c:994:gst_poll_fd_ctl_write: 0x55dacc495cf0: pfd->events now 60 (POLLOUT:4)
0:00:00.003379076  2725 0x55dacc471320 DEBUG   GST_POLL gstpoll.c:980:gst_poll_fd_ctl_write: 0x55dacc495cf0: fd (fd:0, idx:1), active : 1
0:00:00.003388673  2725 0x55dacc471320 LOG   GST_POLL gstpoll.c:994:gst_poll_fd_ctl_write: 0x55dacc495cf0: pfd->events now 60 (POLLOUT:4)
0:00:00.003396429  2725 0x55dacc471320 TRACE   GST_REFCOUNTING gstobject.c:265:gst_object_unref: 0x55dacc4976f0 unref 2->1
0:00:00.003404088  2725 0x55dacc471320 DEBUG   GST_POLL gstpoll.c:1241:gst_poll_fd_has_error: 0x55dacc495cf0: fd (fd:0, idx:1) 0
0:00:00.003410964  2725 0x55dacc471320 DEBUG   GST_POLL gstpoll.c:1335:gst_poll_fd_can_write: 0x55dacc495cf0: fd (fd:0, idx:1) 0
0:00:00.003417588  2725 0x55dacc471320 DEBUG   GST_POLL gstpoll.c:1195:gst_poll_fd_has_closed: 0x55dacc495cf0: fd (fd:0, idx:1) 0
0:00:00.003424980  2725 0x55dacc471320 DEBUG   GST_POLL gstpoll.c:1414:gst_poll_wait: 0x55dacc495cf0: timeout :0:00:01.000000000
0:00:00.003435308  2725 0x55dacc471320 LOG   GST_PLUGIN_LOADING gstpluginloader.c:1027:exchange_packets: Poll res = 2. 528 bytes pending for write
0:00:00.003442090  2725 0x55dacc471320 DEBUG   GST_POLL gstpoll.c:1241:gst_poll_fd_has_error: 0x55dacc495cf0: fd (fd:5, idx:2) 0
0:00:00.003448105  2725 0x55dacc471320 DEBUG   GST_POLL gstpoll.c:1266:gst_poll_fd_can_read_unlocked: 0x55dacc495cf0: fd (fd:5, idx:2) 1
0:00:00.003458451  2725 0x55dacc471320 DEBUG   GST_PLUGIN_LOADING gstpluginloader.c:721:do_plugin_load: Plugin scanner loading file /home/conan/w/prod/BuildSingleReference/.conan/data/gstreamer/1.19.2/_/_/package/d5d34cb95e58eb395d954c026f8b3b95a47b8905/lib/gstreamer-1.0/libgstcoreelements.so. tag 1
0:00:00.003466116  2725 0x55dacc471320 DEBUG   GST_PLUGIN_LOADING gstplugin.c:765:_priv_gst_plugin_load_file_for_registry: attempt to load plugin "/home/conan/w/prod/BuildSingleReference/.conan/data/gstreamer/1.19.2/_/_/package/d5d34cb95e58eb395d954c026f8b3b95a47b8905/lib/gstreamer-1.0/libgstcoreelements.so"
0:00:00.003939230  2725 0x55dacc471320 TRACE   GST_REFCOUNTING gstobject.c:208:gst_object_init: 0x55dacc49b2e0 new
0:00:00.003961490  2725 0x55dacc471320 LOG   GST_PLUGIN_LOADING gstplugin.c:887:_priv_gst_plugin_load_file_for_registry: Plugin 0x55dacc49b2e0 for file "/home/conan/w/prod/BuildSingleReference/.conan/data/gstreamer/1.19.2/_/_/package/d5d34cb95e58eb395d954c026f8b3b95a47b8905/lib/gstreamer-1.0/libgstcoreelements.so" prepared, calling entry function...
0:00:00.003970631  2725 0x55dacc471320 LOG   GST_PLUGIN_LOADING gstplugin.c:894:_priv_gst_plugin_load_file_for_registry: Plugin 0x55dacc49b2e0 for file "/home/conan/w/prod/BuildSingleReference/.conan/data/gstreamer/1.19.2/_/_/package/d5d34cb95e58eb395d954c026f8b3b95a47b8905/lib/gstreamer-1.0/libgstcoreelements.so" prepared, registering...
0:00:00.003977128  2725 0x55dacc471320 LOG   GST_PLUGIN_LOADING gstplugin.c:511:gst_plugin_register_func: plugin "/home/conan/w/prod/BuildSingleReference/.conan/data/gstreamer/1.19.2/_/_/package/d5d34cb95e58eb395d954c026f8b3b95a47b8905/lib/gstreamer-1.0/libgstcoreelements.so" looks good
0:00:00.004006596  2725 0x55dacc471320 TRACE   GST_REFCOUNTING gstobject.c:208:gst_object_init: 0x55dacc49b9d0 new
0:00:00.004016484  2725 0x55dacc471320 LOG   GST_ELEMENT_FACTORY gstelementfactory.c:240:gst_element_register: Created new elementfactory for type GstCapsFilter
0:00:00.004028801  2725 0x55dacc471320 TRACE   structure gststructure.c:292:gst_structure_new_id_empty_with_size: created structure 0x55dacc49bfd0
0:00:00.004043141  2725 0x55dacc471320 TRACE   GST_PERFORMANCE gststructure.c:512:gst_structure_copy: doing copy 0x55dacc480270 -> 0x55dacc49bfd0
0:00:00.004050597  2725 0x55dacc471320 DEBUG   GST_ELEMENT_PADS gstelement.c:312:gst_element_base_class_init: type GstBaseTransform : factory (nil)
0:00:00.004058033  2725 0x55dacc471320 DEBUG   basetransform gstbasetransform.c:333:gst_base_transform_class_init: gst_base_transform_class_init
0:00:00.004069918  2725 0x55dacc471320 TRACE   structure gststructure.c:292:gst_structure_new_id_empty_with_size: created structure 0x55dacc49c5a0
0:00:00.004076122  2725 0x55dacc471320 TRACE   GST_PERFORMANCE gststructure.c:512:gst_structure_copy: doing copy 0x55dacc49bfd0 -> 0x55dacc49c5a0
0:00:00.004082481  2725 0x55dacc471320 DEBUG   GST_ELEMENT_PADS gstelement.c:312:gst_element_base_class_init: type GstCapsFilter : factory 0x55dacc49b9d0
0:00:00.004127684  2725 0x55dacc471320 TRACE   GST_CAPS gstcaps.c:263:gst_caps_new_empty: created caps 0x55dacc484430
0:00:00.004142556  2725 0x55dacc471320 TRACE   GST_CAPS gstcaps.c:440:gst_static_caps_get: created 0x7f14040b7ef0 from string ANY
0:00:00.004151450  2725 0x55dacc471320 TRACE   GST_REFCOUNTING gstminiobject.c:479:gst_mini_object_ref: 0x55dacc484430 ref 1->2
0:00:00.004179019  2725 0x55dacc471320 TRACE   GST_REFCOUNTING gstobject.c:208:gst_object_init: 0x55dacc49cfc0 new
0:00:00.004191524  2725 0x55dacc471320 TRACE   GST_REFCOUNTING gstminiobject.c:479:gst_mini_object_ref: 0x55dacc484430 ref 2->3
0:00:00.004221850  2725 0x55dacc471320 TRACE   GST_REFCOUNTING gstminiobject.c:661:gst_mini_object_unref: 0x55dacc484430 unref 3->2
0:00:00.004229809  2725 0x55dacc471320 TRACE   GST_REFCOUNTING gstobject.c:294:gst_object_ref_sink: 0x55dacc49cfc0 ref_sink 1->2
0:00:00.004236884  2725 0x55dacc471320 TRACE   GST_CAPS gstcaps.c:263:gst_caps_new_empty: created caps 0x55dacc480890
0:00:00.004243327  2725 0x55dacc471320 TRACE   GST_CAPS gstcaps.c:440:gst_static_caps_get: created 0x7f14040b7f30 from string ANY
0:00:00.004249543  2725 0x55dacc471320 TRACE   GST_REFCOUNTING gstminiobject.c:479:gst_mini_object_ref: 0x55dacc480890 ref 1->2
0:00:00.004257346  2725 0x55dacc471320 TRACE   GST_REFCOUNTING gstobject.c:208:gst_object_init: 0x55dacc49d230 new
0:00:00.004264683  2725 0x55dacc471320 TRACE   GST_REFCOUNTING gstminiobject.c:479:gst_mini_object_ref: 0x55dacc480890 ref 2->3
0:00:00.004272136  2725 0x55dacc471320 TRACE   GST_REFCOUNTING gstminiobject.c:661:gst_mini_object_unref: 0x55dacc480890 unref 3->2
0:00:00.004278933  2725 0x55dacc471320 TRACE   GST_REFCOUNTING gstobject.c:294:gst_object_ref_sink: 0x55dacc49d230 ref_sink 1->2
0:00:00.004288040  2725 0x55dacc471320 TRACE   structure gststructure.c:292:gst_structure_new_id_empty_with_size: created structure 0x55dacc49d3c0
0:00:00.004294851  2725 0x55dacc471320 TRACE   GST_PERFORMANCE gststructure.c:512:gst_structure_copy: doing copy 0x55dacc49c5a0 -> 0x55dacc49d3c0
0:00:00.004304702  2725 0x55dacc471320 DEBUG   GST_REGISTRY gstregistry.c:590:gst_registry_add_feature: adding feature 0x55dacc49b9d0 (capsfilter)
0:00:00.004316984  2725 0x55dacc471320 DEBUG   GST_REFCOUNTING gstobject.c:709:gst_object_set_parent: set parent (ref and sink)
0:00:00.004324151  2725 0x55dacc471320 TRACE   GST_REFCOUNTING gstobject.c:294:gst_object_ref_sink: 0x55dacc49b9d0 ref_sink 1->2
0:00:00.004330517  2725 0x55dacc471320 LOG   GST_REGISTRY gstregistry.c:608:gst_registry_add_feature: emitting feature-added for capsfilter
0:00:00.004342153  2725 0x55dacc471320 TRACE   GST_REFCOUNTING gstobject.c:208:gst_object_init: 0x55dacc49d710 new
0:00:00.004350890  2725 0x55dacc471320 LOG   GST_ELEMENT_FACTORY gstelementfactory.c:240:gst_element_register: Created new elementfactory for type GstClockSync
0:00:00.004358324  2725 0x55dacc471320 TRACE   structure gststructure.c:292:gst_structure_new_id_empty_with_size: created structure 0x55dacc49daf0
0:00:00.004364299  2725 0x55dacc471320 TRACE   GST_PERFORMANCE gststructure.c:512:gst_structure_copy: doing copy 0x55dacc480270 -> 0x55dacc49daf0
0:00:00.004370690  2725 0x55dacc471320 DEBUG   GST_ELEMENT_PADS gstelement.c:312:gst_element_base_class_init: type GstClockSync : factory 0x55dacc49d710
0:00:00.004384098  2725 0x55dacc471320 TRACE   GST_CAPS gstcaps.c:263:gst_caps_new_empty: created caps 0x55dacc49d840
0:00:00.004390341  2725 0x55dacc471320 TRACE   GST_CAPS gstcaps.c:440:gst_static_caps_get: created 0x7f14040b7f70 from string ANY
0:00:00.004396387  2725 0x55dacc471320 TRACE   GST_REFCOUNTING gstminiobject.c:479:gst_mini_object_ref: 0x55dacc49d840 ref 1->2
0:00:00.004404017  2725 0x55dacc471320 TRACE   GST_REFCOUNTING gstobject.c:208:gst_object_init: 0x55dacc49de30 new
0:00:00.004414641  2725 0x55dacc471320 TRACE   GST_REFCOUNTING gstminiobject.c:479:gst_mini_object_ref: 0x55dacc49d840 ref 2->3
0:00:00.004422198  2725 0x55dacc471320 TRACE   GST_REFCOUNTING gstminiobject.c:661:gst_mini_object_unref: 0x55dacc49d840 unref 3->2
0:00:00.004428878  2725 0x55dacc471320 TRACE   GST_REFCOUNTING gstobject.c:294:gst_object_ref_sink: 0x55dacc49de30 ref_sink 1->2
0:00:00.004435107  2725 0x55dacc471320 TRACE   GST_CAPS gstcaps.c:263:gst_caps_new_empty: created caps 0x55dacc49d680
0:00:00.004441096  2725 0x55dacc471320 TRACE   GST_CAPS gstcaps.c:440:gst_static_caps_get: created 0x7f14040b7fb0 from string ANY
0:00:00.004447048  2725 0x55dacc471320 TRACE   GST_REFCOUNTING gstminiobject.c:479:gst_mini_object_ref: 0x55dacc49d680 ref 1->2
0:00:00.004454093  2725 0x55dacc471320 TRACE   GST_REFCOUNTING gstobject.c:208:gst_object_init: 0x55dacc49e020 new
0:00:00.004461438  2725 0x55dacc471320 TRACE   GST_REFCOUNTING gstminiobject.c:479:gst_mini_object_ref: 0x55dacc49d680 ref 2->3
0:00:00.004468491  2725 0x55dacc471320 TRACE   GST_REFCOUNTING gstminiobject.c:661:gst_mini_object_unref: 0x55dacc49d680 unref 3->2
0:00:00.004474996  2725 0x55dacc471320 TRACE   GST_REFCOUNTING gstobject.c:294:gst_object_ref_sink: 0x55dacc49e020 ref_sink 1->2
0:00:00.004486519  2725 0x55dacc471320 TRACE   structure gststructure.c:292:gst_structure_new_id_empty_with_size: created structure 0x55dacc49e140
0:00:00.004492947  2725 0x55dacc471320 TRACE   GST_PERFORMANCE gststructure.c:512:gst_structure_copy: doing copy 0x55dacc49daf0 -> 0x55dacc49e140
0:00:00.004501076  2725 0x55dacc471320 DEBUG   GST_REGISTRY gstregistry.c:590:gst_registry_add_feature: adding feature 0x55dacc49d710 (clocksync)
0:00:00.004506991  2725 0x55dacc471320 DEBUG   GST_REFCOUNTING gstobject.c:709:gst_object_set_parent: set parent (ref and sink)
0:00:00.004513811  2725 0x55dacc471320 TRACE   GST_REFCOUNTING gstobject.c:294:gst_object_ref_sink: 0x55dacc49d710 ref_sink 1->2
0:00:00.004519984  2725 0x55dacc471320 LOG   GST_REGISTRY gstregistry.c:608:gst_registry_add_feature: emitting feature-added for clocksync
0:00:00.004530198  2725 0x55dacc471320 TRACE   GST_REFCOUNTING gstobject.c:208:gst_object_init: 0x55dacc49e450 new
0:00:00.004538330  2725 0x55dacc471320 LOG   GST_ELEMENT_FACTORY gstelementfactory.c:240:gst_element_register: Created new elementfactory for type GstConcat
0:00:00.004545330  2725 0x55dacc471320 TRACE   structure gststructure.c:292:gst_structure_new_id_empty_with_size: created structure 0x55dacc49e830
0:00:00.004551389  2725 0x55dacc471320 TRACE   GST_PERFORMANCE gststructure.c:512:gst_structure_copy: doing copy 0x55dacc480270 -> 0x55dacc49e830
0:00:00.004557604  2725 0x55dacc471320 DEBUG   GST_ELEMENT_PADS gstelement.c:312:gst_element_base_class_init: type GstConcat : factory 0x55dacc49e450
0:00:00.004568523  2725 0x55dacc471320 TRACE   GST_CAPS gstcaps.c:263:gst_caps_new_empty: created caps 0x55dacc49e580
0:00:00.004574908  2725 0x55dacc471320 TRACE   GST_CAPS gstcaps.c:440:gst_static_caps_get: created 0x7f14040b8030 from string ANY
0:00:00.004581164  2725 0x55dacc471320 TRACE   GST_REFCOUNTING gstminiobject.c:479:gst_mini_object_ref: 0x55dacc49e580 ref 1->2
0:00:00.004588447  2725 0x55dacc471320 TRACE   GST_REFCOUNTING gstobject.c:208:gst_object_init: 0x55dacc49eac0 new
0:00:00.004595853  2725 0x55dacc471320 TRACE   GST_REFCOUNTING gstminiobject.c:479:gst_mini_object_ref: 0x55dacc49e580 ref 2->3
0:00:00.004603407  2725 0x55dacc471320 TRACE   GST_REFCOUNTING gstminiobject.c:661:gst_mini_object_unref: 0x55dacc49e580 unref 3->2
0:00:00.004610080  2725 0x55dacc471320 TRACE   GST_REFCOUNTING gstobject.c:294:gst_object_ref_sink: 0x55dacc49eac0 ref_sink 1->2
0:00:00.004616334  2725 0x55dacc471320 TRACE   GST_CAPS gstcaps.c:263:gst_caps_new_empty: created caps 0x55dacc49e3c0
0:00:00.004622304  2725 0x55dacc471320 TRACE   GST_CAPS gstcaps.c:440:gst_static_caps_get: created 0x7f14040b7ff0 from string ANY
0:00:00.004628201  2725 0x55dacc471320 TRACE   GST_REFCOUNTING gstminiobject.c:479:gst_mini_object_ref: 0x55dacc49e3c0 ref 1->2
0:00:00.004635270  2725 0x55dacc471320 TRACE   GST_REFCOUNTING gstobject.c:208:gst_object_init: 0x55dacc49ecb0 new
0:00:00.004646836  2725 0x55dacc471320 TRACE   GST_REFCOUNTING gstminiobject.c:479:gst_mini_object_ref: 0x55dacc49e3c0 ref 2->3
0:00:00.004657358  2725 0x55dacc471320 TRACE   GST_REFCOUNTING gstminiobject.c:661:gst_mini_object_unref: 0x55dacc49e3c0 unref 3->2
0:00:00.004664033  2725 0x55dacc471320 TRACE   GST_REFCOUNTING gstobject.c:294:gst_object_ref_sink: 0x55dacc49ecb0 ref_sink 1->2
0:00:00.004671288  2725 0x55dacc471320 TRACE   structure gststructure.c:292:gst_structure_new_id_empty_with_size: created structure 0x55dacc49ef90
0:00:00.004677725  2725 0x55dacc471320 TRACE   GST_PERFORMANCE gststructure.c:512:gst_structure_copy: doing copy 0x55dacc49e830 -> 0x55dacc49ef90
0:00:00.004685710  2725 0x55dacc471320 DEBUG   GST_REGISTRY gstregistry.c:590:gst_registry_add_feature: adding feature 0x55dacc49e450 (concat)
0:00:00.004691473  2725 0x55dacc471320 DEBUG   GST_REFCOUNTING gstobject.c:709:gst_object_set_parent: set parent (ref and sink)
0:00:00.004698125  2725 0x55dacc471320 TRACE   GST_REFCOUNTING gstobject.c:294:gst_object_ref_sink: 0x55dacc49e450 ref_sink 1->2
0:00:00.004704421  2725 0x55dacc471320 LOG   GST_REGISTRY gstregistry.c:608:gst_registry_add_feature: emitting feature-added for concat
0:00:00.004718168  2725 0x55dacc471320 TRACE   GST_REFCOUNTING gstobject.c:208:gst_object_init: 0x55dacc49f330 new
0:00:00.004726204  2725 0x55dacc471320 LOG   GST_ELEMENT_FACTORY gstelementfactory.c:240:gst_element_register: Created new elementfactory for type GstDataURISrc
0:00:00.004733130  2725 0x55dacc471320 TRACE   structure gststructure.c:292:gst_structure_new_id_empty_with_size: created structure 0x55dacc49f850
0:00:00.004738918  2725 0x55dacc471320 TRACE   GST_PERFORMANCE gststructure.c:512:gst_structure_copy: doing copy 0x55dacc480270 -> 0x55dacc49f850
0:00:00.004745221  2725 0x55dacc471320 DEBUG   GST_ELEMENT_PADS gstelement.c:312:gst_element_base_class_init: type GstBaseSrc : factory (nil)
0:00:00.004768969  2725 0x55dacc471320 TRACE   structure gststructure.c:292:gst_structure_new_id_empty_with_size: created structure 0x55dacc495830
0:00:00.004775446  2725 0x55dacc471320 TRACE   GST_PERFORMANCE gststructure.c:512:gst_structure_copy: doing copy 0x55dacc49f850 -> 0x55dacc495830
0:00:00.004781717  2725 0x55dacc471320 DEBUG   GST_ELEMENT_PADS gstelement.c:312:gst_element_base_class_init: type GstDataURISrc : factory 0x55dacc49f330
0:00:00.004790518  2725 0x55dacc471320 TRACE   GST_CAPS gstcaps.c:263:gst_caps_new_empty: created caps 0x55dacc49f460
0:00:00.004796878  2725 0x55dacc471320 TRACE   GST_CAPS gstcaps.c:440:gst_static_caps_get: created 0x7f14040b8090 from string ANY
0:00:00.004803148  2725 0x55dacc471320 TRACE   GST_REFCOUNTING gstminiobject.c:479:gst_mini_object_ref: 0x55dacc49f460 ref 1->2
0:00:00.004810510  2725 0x55dacc471320 TRACE   GST_REFCOUNTING gstobject.c:208:gst_object_init: 0x55dacc4a0a80 new
0:00:00.004817876  2725 0x55dacc471320 TRACE   GST_REFCOUNTING gstminiobject.c:479:gst_mini_object_ref: 0x55dacc49f460 ref 2->3
0:00:00.004825296  2725 0x55dacc471320 TRACE   GST_REFCOUNTING gstminiobject.c:661:gst_mini_object_unref: 0x55dacc49f460 unref 3->2
0:00:00.004836442  2725 0x55dacc471320 TRACE   GST_REFCOUNTING gstobject.c:294:gst_object_ref_sink: 0x55dacc4a0a80 ref_sink 1->2
0:00:00.004847668  2725 0x55dacc471320 TRACE   structure gststructure.c:292:gst_structure_new_id_empty_with_size: created structure 0x55dacc4a0ca0
0:00:00.004854298  2725 0x55dacc471320 TRACE   GST_PERFORMANCE gststructure.c:512:gst_structure_copy: doing copy 0x55dacc495830 -> 0x55dacc4a0ca0
0:00:00.004868801  2725 0x55dacc471320 DEBUG   GST_REGISTRY gstregistry.c:590:gst_registry_add_feature: adding feature 0x55dacc49f330 (dataurisrc)
0:00:00.004874814  2725 0x55dacc471320 DEBUG   GST_REFCOUNTING gstobject.c:709:gst_object_set_parent: set parent (ref and sink)
0:00:00.004881794  2725 0x55dacc471320 TRACE   GST_REFCOUNTING gstobject.c:294:gst_object_ref_sink: 0x55dacc49f330 ref_sink 1->2
0:00:00.004888136  2725 0x55dacc471320 LOG   GST_REGISTRY gstregistry.c:608:gst_registry_add_feature: emitting feature-added for dataurisrc
0:00:00.004898684  2725 0x55dacc471320 TRACE   GST_REFCOUNTING gstobject.c:208:gst_object_init: 0x55dacc4a10f0 new
0:00:00.004906993  2725 0x55dacc471320 LOG   GST_ELEMENT_FACTORY gstelementfactory.c:240:gst_element_register: Created new elementfactory for type GstDownloadBuffer
0:00:00.004913795  2725 0x55dacc471320 TRACE   structure gststructure.c:292:gst_structure_new_id_empty_with_size: created structure 0x55dacc4a14d0
0:00:00.004919530  2725 0x55dacc471320 TRACE   GST_PERFORMANCE gststructure.c:512:gst_structure_copy: doing copy 0x55dacc480270 -> 0x55dacc4a14d0
0:00:00.004925764  2725 0x55dacc471320 DEBUG   GST_ELEMENT_PADS gstelement.c:312:gst_element_base_class_init: type GstDownloadBuffer : factory 0x55dacc4a10f0
0:00:00.004940269  2725 0x55dacc471320 TRACE   GST_CAPS gstcaps.c:263:gst_caps_new_empty: created caps 0x55dacc4a1220
0:00:00.004946461  2725 0x55dacc471320 TRACE   GST_CAPS gstcaps.c:440:gst_static_caps_get: created 0x7f14040b80d0 from string ANY
0:00:00.004952570  2725 0x55dacc471320 TRACE   GST_REFCOUNTING gstminiobject.c:479:gst_mini_object_ref: 0x55dacc4a1220 ref 1->2
0:00:00.004959887  2725 0x55dacc471320 TRACE   GST_REFCOUNTING gstobject.c:208:gst_object_init: 0x55dacc4a19b0 new
0:00:00.004967243  2725 0x55dacc471320 TRACE   GST_REFCOUNTING gstminiobject.c:479:gst_mini_object_ref: 0x55dacc4a1220 ref 2->3
0:00:00.004974685  2725 0x55dacc471320 TRACE   GST_REFCOUNTING gstminiobject.c:661:gst_mini_object_unref: 0x55dacc4a1220 unref 3->2
0:00:00.004981415  2725 0x55dacc471320 TRACE   GST_REFCOUNTING gstobject.c:294:gst_object_ref_sink: 0x55dacc4a19b0 ref_sink 1->2
0:00:00.004987689  2725 0x55dacc471320 TRACE   GST_CAPS gstcaps.c:263:gst_caps_new_empty: created caps 0x55dacc4a1b20
0:00:00.004994036  2725 0x55dacc471320 TRACE   GST_CAPS gstcaps.c:440:gst_static_caps_get: created 0x7f14040b8110 from string ANY
0:00:00.005000036  2725 0x55dacc471320 TRACE   GST_REFCOUNTING gstminiobject.c:479:gst_mini_object_ref: 0x55dacc4a1b20 ref 1->2
0:00:00.005013763  2725 0x55dacc471320 TRACE   GST_REFCOUNTING gstobject.c:208:gst_object_init: 0x55dacc4a1be0 new
0:00:00.005021035  2725 0x55dacc471320 TRACE   GST_REFCOUNTING gstminiobject.c:479:gst_mini_object_ref: 0x55dacc4a1b20 ref 2->3
0:00:00.005028250  2725 0x55dacc471320 TRACE   GST_REFCOUNTING gstminiobject.c:661:gst_mini_object_unref: 0x55dacc4a1b20 unref 3->2
0:00:00.005034893  2725 0x55dacc471320 TRACE   GST_REFCOUNTING gstobject.c:294:gst_object_ref_sink: 0x55dacc4a1be0 ref_sink 1->2
0:00:00.005042750  2725 0x55dacc471320 TRACE   structure gststructure.c:292:gst_structure_new_id_empty_with_size: created structure 0x55dacc4a1ea0
0:00:00.005051979  2725 0x55dacc471320 TRACE   GST_PERFORMANCE gststructure.c:512:gst_structure_copy: doing copy 0x55dacc4a14d0 -> 0x55dacc4a1ea0
0:00:00.005060130  2725 0x55dacc471320 DEBUG   GST_REGISTRY gstregistry.c:590:gst_registry_add_feature: adding feature 0x55dacc4a10f0 (downloadbuffer)
0:00:00.005066154  2725 0x55dacc471320 DEBUG   GST_REFCOUNTING gstobject.c:709:gst_object_set_parent: set parent (ref and sink)
0:00:00.005072978  2725 0x55dacc471320 TRACE   GST_REFCOUNTING gstobject.c:294:gst_object_ref_sink: 0x55dacc4a10f0 ref_sink 1->2
0:00:00.005079724  2725 0x55dacc471320 LOG   GST_REGISTRY gstregistry.c:608:gst_registry_add_feature: emitting feature-added for downloadbuffer
0:00:00.005094048  2725 0x55dacc471320 TRACE   GST_REFCOUNTING gstobject.c:208:gst_object_init: 0x55dacc4a21f0 new
0:00:00.005121692  2725 0x55dacc471320 LOG   GST_ELEMENT_FACTORY gstelementfactory.c:240:gst_element_register: Created new elementfactory for type GstFakeSrc
0:00:00.005137750  2725 0x55dacc471320 TRACE   structure gststructure.c:292:gst_structure_new_id_empty_with_size: created structure 0x55dacc4a2710
0:00:00.005145989  2725 0x55dacc471320 TRACE   GST_PERFORMANCE gststructure.c:512:gst_structure_copy: doing copy 0x55dacc49f850 -> 0x55dacc4a2710
0:00:00.005152584  2725 0x55dacc471320 DEBUG   GST_ELEMENT_PADS gstelement.c:312:gst_element_base_class_init: type GstFakeSrc : factory 0x55dacc4a21f0
0:00:00.005190813  2725 0x55dacc471320 TRACE   GST_CAPS gstcaps.c:263:gst_caps_new_empty: created caps 0x55dacc4a2320
0:00:00.005203467  2725 0x55dacc471320 TRACE   GST_CAPS gstcaps.c:440:gst_static_caps_get: created 0x7f14040b8190 from string ANY
0:00:00.005209763  2725 0x55dacc471320 TRACE   GST_REFCOUNTING gstminiobject.c:479:gst_mini_object_ref: 0x55dacc4a2320 ref 1->2
0:00:00.005217796  2725 0x55dacc471320 TRACE   GST_REFCOUNTING gstobject.c:208:gst_object_init: 0x55dacc4a36a0 new
0:00:00.005225567  2725 0x55dacc471320 TRACE   GST_REFCOUNTING gstminiobject.c:479:gst_mini_object_ref: 0x55dacc4a2320 ref 2->3
0:00:00.005233322  2725 0x55dacc471320 TRACE   GST_REFCOUNTING gstminiobject.c:661:gst_mini_object_unref: 0x55dacc4a2320 unref 3->2
0:00:00.005240103  2725 0x55dacc471320 TRACE   GST_REFCOUNTING gstobject.c:294:gst_object_ref_sink: 0x55dacc4a36a0 ref_sink 1->2
0:00:00.005254547  2725 0x55dacc471320 TRACE   structure gststructure.c:292:gst_structure_new_id_empty_with_size: created structure 0x55dacc4a3900
0:00:00.005261111  2725 0x55dacc471320 TRACE   GST_PERFORMANCE gststructure.c:512:gst_structure_copy: doing copy 0x55dacc4a2710 -> 0x55dacc4a3900
0:00:00.005269576  2725 0x55dacc471320 DEBUG   GST_REGISTRY gstregistry.c:590:gst_registry_add_feature: adding feature 0x55dacc4a21f0 (fakesrc)
0:00:00.005275536  2725 0x55dacc471320 DEBUG   GST_REFCOUNTING gstobject.c:709:gst_object_set_parent: set parent (ref and sink)
0:00:00.005282058  2725 0x55dacc471320 TRACE   GST_REFCOUNTING gstobject.c:294:gst_object_ref_sink: 0x55dacc4a21f0 ref_sink 1->2
0:00:00.005288217  2725 0x55dacc471320 LOG   GST_REGISTRY gstregistry.c:608:gst_registry_add_feature: emitting feature-added for fakesrc
0:00:00.005309376  2725 0x55dacc471320 TRACE   GST_REFCOUNTING gstobject.c:208:gst_object_init: 0x55dacc4a3e50 new
0:00:00.005317744  2725 0x55dacc471320 LOG   GST_ELEMENT_FACTORY gstelementfactory.c:240:gst_element_register: Created new elementfactory for type GstFakeSink
