0:00:00.011284672  2725 0x55dacc471320 LOG   GST_POLL gstpoll.c:994:gst_poll_fd_ctl_write: 0x55dacc495cf0: pfd->events now 60 (POLLOUT:4)
0:00:00.011290680  2725 0x55dacc471320 DEBUG   GST_POLL gstpoll.c:980:gst_poll_fd_ctl_write: 0x55dacc495cf0: fd (fd:0, idx:1), active : 1
0:00:00.011296326  2725 0x55dacc471320 LOG   GST_POLL gstpoll.c:994:gst_poll_fd_ctl_write: 0x55dacc495cf0: pfd->events now 60 (POLLOUT:4)
0:00:00.011302309  2725 0x55dacc471320 DEBUG   GST_POLL gstpoll.c:980:gst_poll_fd_ctl_write: 0x55dacc495cf0: fd (fd:0, idx:1), active : 1
0:00:00.011308012  2725 0x55dacc471320 LOG   GST_POLL gstpoll.c:994:gst_poll_fd_ctl_write: 0x55dacc495cf0: pfd->events now 60 (POLLOUT:4)
0:00:00.011314026  2725 0x55dacc471320 DEBUG   GST_POLL gstpoll.c:980:gst_poll_fd_ctl_write: 0x55dacc495cf0: fd (fd:0, idx:1), active : 1
0:00:00.011319941  2725 0x55dacc471320 LOG   GST_POLL gstpoll.c:994:gst_poll_fd_ctl_write: 0x55dacc495cf0: pfd->events now 60 (POLLOUT:4)
0:00:00.011325995  2725 0x55dacc471320 DEBUG   GST_POLL gstpoll.c:980:gst_poll_fd_ctl_write: 0x55dacc495cf0: fd (fd:0, idx:1), active : 1
0:00:00.011331735  2725 0x55dacc471320 LOG   GST_POLL gstpoll.c:994:gst_poll_fd_ctl_write: 0x55dacc495cf0: pfd->events now 60 (POLLOUT:4)
0:00:00.011337760  2725 0x55dacc471320 DEBUG   GST_POLL gstpoll.c:980:gst_poll_fd_ctl_write: 0x55dacc495cf0: fd (fd:0, idx:1), active : 1
0:00:00.011343519  2725 0x55dacc471320 LOG   GST_POLL gstpoll.c:994:gst_poll_fd_ctl_write: 0x55dacc495cf0: pfd->events now 60 (POLLOUT:4)
0:00:00.011349365  2725 0x55dacc471320 DEBUG   GST_POLL gstpoll.c:980:gst_poll_fd_ctl_write: 0x55dacc495cf0: fd (fd:0, idx:1), active : 1
0:00:00.011355016  2725 0x55dacc471320 LOG   GST_POLL gstpoll.c:994:gst_poll_fd_ctl_write: 0x55dacc495cf0: pfd->events now 60 (POLLOUT:4)
0:00:00.011360878  2725 0x55dacc471320 DEBUG   GST_POLL gstpoll.c:980:gst_poll_fd_ctl_write: 0x55dacc495cf0: fd (fd:0, idx:1), active : 1
0:00:00.011366648  2725 0x55dacc471320 LOG   GST_POLL gstpoll.c:994:gst_poll_fd_ctl_write: 0x55dacc495cf0: pfd->events now 60 (POLLOUT:4)
0:00:00.011376875  2725 0x55dacc471320 DEBUG   GST_POLL gstpoll.c:980:gst_poll_fd_ctl_write: 0x55dacc495cf0: fd (fd:0, idx:1), active : 1
0:00:00.011382612  2725 0x55dacc471320 LOG   GST_POLL gstpoll.c:994:gst_poll_fd_ctl_write: 0x55dacc495cf0: pfd->events now 60 (POLLOUT:4)
0:00:00.011388697  2725 0x55dacc471320 DEBUG   GST_POLL gstpoll.c:980:gst_poll_fd_ctl_write: 0x55dacc495cf0: fd (fd:0, idx:1), active : 1
0:00:00.011394535  2725 0x55dacc471320 LOG   GST_POLL gstpoll.c:994:gst_poll_fd_ctl_write: 0x55dacc495cf0: pfd->events now 60 (POLLOUT:4)
0:00:00.011400497  2725 0x55dacc471320 DEBUG   GST_POLL gstpoll.c:980:gst_poll_fd_ctl_write: 0x55dacc495cf0: fd (fd:0, idx:1), active : 1
0:00:00.011406231  2725 0x55dacc471320 LOG   GST_POLL gstpoll.c:994:gst_poll_fd_ctl_write: 0x55dacc495cf0: pfd->events now 60 (POLLOUT:4)
0:00:00.011412143  2725 0x55dacc471320 DEBUG   GST_POLL gstpoll.c:980:gst_poll_fd_ctl_write: 0x55dacc495cf0: fd (fd:0, idx:1), active : 1
0:00:00.011417988  2725 0x55dacc471320 LOG   GST_POLL gstpoll.c:994:gst_poll_fd_ctl_write: 0x55dacc495cf0: pfd->events now 60 (POLLOUT:4)
0:00:00.011423940  2725 0x55dacc471320 DEBUG   GST_POLL gstpoll.c:980:gst_poll_fd_ctl_write: 0x55dacc495cf0: fd (fd:0, idx:1), active : 1
0:00:00.011429575  2725 0x55dacc471320 LOG   GST_POLL gstpoll.c:994:gst_poll_fd_ctl_write: 0x55dacc495cf0: pfd->events now 60 (POLLOUT:4)
0:00:00.011435492  2725 0x55dacc471320 DEBUG   GST_POLL gstpoll.c:980:gst_poll_fd_ctl_write: 0x55dacc495cf0: fd (fd:0, idx:1), active : 1
0:00:00.011441407  2725 0x55dacc471320 LOG   GST_POLL gstpoll.c:994:gst_poll_fd_ctl_write: 0x55dacc495cf0: pfd->events now 60 (POLLOUT:4)
0:00:00.011447420  2725 0x55dacc471320 DEBUG   GST_POLL gstpoll.c:980:gst_poll_fd_ctl_write: 0x55dacc495cf0: fd (fd:0, idx:1), active : 1
0:00:00.011453041  2725 0x55dacc471320 LOG   GST_POLL gstpoll.c:994:gst_poll_fd_ctl_write: 0x55dacc495cf0: pfd->events now 60 (POLLOUT:4)
0:00:00.011459068  2725 0x55dacc471320 DEBUG   GST_POLL gstpoll.c:980:gst_poll_fd_ctl_write: 0x55dacc495cf0: fd (fd:0, idx:1), active : 1
0:00:00.011464789  2725 0x55dacc471320 LOG   GST_POLL gstpoll.c:994:gst_poll_fd_ctl_write: 0x55dacc495cf0: pfd->events now 60 (POLLOUT:4)
0:00:00.011470700  2725 0x55dacc471320 DEBUG   GST_POLL gstpoll.c:980:gst_poll_fd_ctl_write: 0x55dacc495cf0: fd (fd:0, idx:1), active : 1
0:00:00.011476332  2725 0x55dacc471320 LOG   GST_POLL gstpoll.c:994:gst_poll_fd_ctl_write: 0x55dacc495cf0: pfd->events now 60 (POLLOUT:4)
0:00:00.011482210  2725 0x55dacc471320 DEBUG   GST_POLL gstpoll.c:980:gst_poll_fd_ctl_write: 0x55dacc495cf0: fd (fd:0, idx:1), active : 1
0:00:00.011487831  2725 0x55dacc471320 LOG   GST_POLL gstpoll.c:994:gst_poll_fd_ctl_write: 0x55dacc495cf0: pfd->events now 60 (POLLOUT:4)
0:00:00.011493784  2725 0x55dacc471320 DEBUG   GST_POLL gstpoll.c:980:gst_poll_fd_ctl_write: 0x55dacc495cf0: fd (fd:0, idx:1), active : 1
0:00:00.011499429  2725 0x55dacc471320 LOG   GST_POLL gstpoll.c:994:gst_poll_fd_ctl_write: 0x55dacc495cf0: pfd->events now 60 (POLLOUT:4)
0:00:00.011505331  2725 0x55dacc471320 DEBUG   GST_POLL gstpoll.c:980:gst_poll_fd_ctl_write: 0x55dacc495cf0: fd (fd:0, idx:1), active : 1
0:00:00.011515086  2725 0x55dacc471320 LOG   GST_POLL gstpoll.c:994:gst_poll_fd_ctl_write: 0x55dacc495cf0: pfd->events now 60 (POLLOUT:4)
0:00:00.011521087  2725 0x55dacc471320 DEBUG   GST_POLL gstpoll.c:980:gst_poll_fd_ctl_write: 0x55dacc495cf0: fd (fd:0, idx:1), active : 1
0:00:00.011526786  2725 0x55dacc471320 LOG   GST_POLL gstpoll.c:994:gst_poll_fd_ctl_write: 0x55dacc495cf0: pfd->events now 60 (POLLOUT:4)
0:00:00.011532658  2725 0x55dacc471320 DEBUG   GST_POLL gstpoll.c:980:gst_poll_fd_ctl_write: 0x55dacc495cf0: fd (fd:0, idx:1), active : 1
0:00:00.011538343  2725 0x55dacc471320 LOG   GST_POLL gstpoll.c:994:gst_poll_fd_ctl_write: 0x55dacc495cf0: pfd->events now 60 (POLLOUT:4)
0:00:00.011544379  2725 0x55dacc471320 DEBUG   GST_POLL gstpoll.c:980:gst_poll_fd_ctl_write: 0x55dacc495cf0: fd (fd:0, idx:1), active : 1
0:00:00.011550007  2725 0x55dacc471320 LOG   GST_POLL gstpoll.c:994:gst_poll_fd_ctl_write: 0x55dacc495cf0: pfd->events now 60 (POLLOUT:4)
0:00:00.011555994  2725 0x55dacc471320 DEBUG   GST_POLL gstpoll.c:980:gst_poll_fd_ctl_write: 0x55dacc495cf0: fd (fd:0, idx:1), active : 1
0:00:00.011561783  2725 0x55dacc471320 LOG   GST_POLL gstpoll.c:994:gst_poll_fd_ctl_write: 0x55dacc495cf0: pfd->events now 60 (POLLOUT:4)
0:00:00.011567787  2725 0x55dacc471320 DEBUG   GST_POLL gstpoll.c:980:gst_poll_fd_ctl_write: 0x55dacc495cf0: fd (fd:0, idx:1), active : 1
0:00:00.011573437  2725 0x55dacc471320 LOG   GST_POLL gstpoll.c:994:gst_poll_fd_ctl_write: 0x55dacc495cf0: pfd->events now 60 (POLLOUT:4)
0:00:00.011579523  2725 0x55dacc471320 DEBUG   GST_POLL gstpoll.c:980:gst_poll_fd_ctl_write: 0x55dacc495cf0: fd (fd:0, idx:1), active : 1
0:00:00.011585366  2725 0x55dacc471320 LOG   GST_POLL gstpoll.c:994:gst_poll_fd_ctl_write: 0x55dacc495cf0: pfd->events now 60 (POLLOUT:4)
0:00:00.011591252  2725 0x55dacc471320 DEBUG   GST_POLL gstpoll.c:980:gst_poll_fd_ctl_write: 0x55dacc495cf0: fd (fd:0, idx:1), active : 1
0:00:00.011596901  2725 0x55dacc471320 LOG   GST_POLL gstpoll.c:994:gst_poll_fd_ctl_write: 0x55dacc495cf0: pfd->events now 60 (POLLOUT:4)
0:00:00.011602921  2725 0x55dacc471320 DEBUG   GST_POLL gstpoll.c:980:gst_poll_fd_ctl_write: 0x55dacc495cf0: fd (fd:0, idx:1), active : 1
0:00:00.011608771  2725 0x55dacc471320 LOG   GST_POLL gstpoll.c:994:gst_poll_fd_ctl_write: 0x55dacc495cf0: pfd->events now 60 (POLLOUT:4)
0:00:00.011614622  2725 0x55dacc471320 DEBUG   GST_POLL gstpoll.c:980:gst_poll_fd_ctl_write: 0x55dacc495cf0: fd (fd:0, idx:1), active : 1
0:00:00.011620287  2725 0x55dacc471320 LOG   GST_POLL gstpoll.c:994:gst_poll_fd_ctl_write: 0x55dacc495cf0: pfd->events now 60 (POLLOUT:4)
0:00:00.011626391  2725 0x55dacc471320 DEBUG   GST_POLL gstpoll.c:980:gst_poll_fd_ctl_write: 0x55dacc495cf0: fd (fd:0, idx:1), active : 1
0:00:00.011632117  2725 0x55dacc471320 LOG   GST_POLL gstpoll.c:994:gst_poll_fd_ctl_write: 0x55dacc495cf0: pfd->events now 60 (POLLOUT:4)
0:00:00.011638076  2725 0x55dacc471320 DEBUG   GST_POLL gstpoll.c:980:gst_poll_fd_ctl_write: 0x55dacc495cf0: fd (fd:0, idx:1), active : 1
0:00:00.011647792  2725 0x55dacc471320 LOG   GST_POLL gstpoll.c:994:gst_poll_fd_ctl_write: 0x55dacc495cf0: pfd->events now 60 (POLLOUT:4)
0:00:00.011653706  2725 0x55dacc471320 LOG   GST_PLUGIN_LOADING gstpluginloader.c:645:put_chunk: Expanding tx buf from 5764 to 7717 for chunk of size 229
0:00:00.011663827  2725 0x55dacc471320 DEBUG   GST_POLL gstpoll.c:980:gst_poll_fd_ctl_write: 0x55dacc495cf0: fd (fd:0, idx:1), active : 1
0:00:00.011669730  2725 0x55dacc471320 LOG   GST_POLL gstpoll.c:994:gst_poll_fd_ctl_write: 0x55dacc495cf0: pfd->events now 60 (POLLOUT:4)
0:00:00.011675689  2725 0x55dacc471320 DEBUG   GST_POLL gstpoll.c:980:gst_poll_fd_ctl_write: 0x55dacc495cf0: fd (fd:0, idx:1), active : 1
0:00:00.011681337  2725 0x55dacc471320 LOG   GST_POLL gstpoll.c:994:gst_poll_fd_ctl_write: 0x55dacc495cf0: pfd->events now 60 (POLLOUT:4)
0:00:00.011687300  2725 0x55dacc471320 DEBUG   GST_POLL gstpoll.c:980:gst_poll_fd_ctl_write: 0x55dacc495cf0: fd (fd:0, idx:1), active : 1
0:00:00.011692950  2725 0x55dacc471320 LOG   GST_POLL gstpoll.c:994:gst_poll_fd_ctl_write: 0x55dacc495cf0: pfd->events now 60 (POLLOUT:4)
0:00:00.011698855  2725 0x55dacc471320 DEBUG   GST_POLL gstpoll.c:980:gst_poll_fd_ctl_write: 0x55dacc495cf0: fd (fd:0, idx:1), active : 1
0:00:00.011704505  2725 0x55dacc471320 LOG   GST_POLL gstpoll.c:994:gst_poll_fd_ctl_write: 0x55dacc495cf0: pfd->events now 60 (POLLOUT:4)
0:00:00.011710577  2725 0x55dacc471320 DEBUG   GST_POLL gstpoll.c:980:gst_poll_fd_ctl_write: 0x55dacc495cf0: fd (fd:0, idx:1), active : 1
0:00:00.011716232  2725 0x55dacc471320 LOG   GST_POLL gstpoll.c:994:gst_poll_fd_ctl_write: 0x55dacc495cf0: pfd->events now 60 (POLLOUT:4)
0:00:00.011722242  2725 0x55dacc471320 DEBUG   GST_POLL gstpoll.c:980:gst_poll_fd_ctl_write: 0x55dacc495cf0: fd (fd:0, idx:1), active : 1
0:00:00.011727978  2725 0x55dacc471320 LOG   GST_POLL gstpoll.c:994:gst_poll_fd_ctl_write: 0x55dacc495cf0: pfd->events now 60 (POLLOUT:4)
0:00:00.011733961  2725 0x55dacc471320 DEBUG   GST_POLL gstpoll.c:980:gst_poll_fd_ctl_write: 0x55dacc495cf0: fd (fd:0, idx:1), active : 1
0:00:00.011739612  2725 0x55dacc471320 LOG   GST_POLL gstpoll.c:994:gst_poll_fd_ctl_write: 0x55dacc495cf0: pfd->events now 60 (POLLOUT:4)
0:00:00.011745512  2725 0x55dacc471320 DEBUG   GST_POLL gstpoll.c:980:gst_poll_fd_ctl_write: 0x55dacc495cf0: fd (fd:0, idx:1), active : 1
0:00:00.011751169  2725 0x55dacc471320 LOG   GST_POLL gstpoll.c:994:gst_poll_fd_ctl_write: 0x55dacc495cf0: pfd->events now 60 (POLLOUT:4)
0:00:00.011757088  2725 0x55dacc471320 DEBUG   GST_POLL gstpoll.c:980:gst_poll_fd_ctl_write: 0x55dacc495cf0: fd (fd:0, idx:1), active : 1
0:00:00.011762717  2725 0x55dacc471320 LOG   GST_POLL gstpoll.c:994:gst_poll_fd_ctl_write: 0x55dacc495cf0: pfd->events now 60 (POLLOUT:4)
0:00:00.011768606  2725 0x55dacc471320 DEBUG   GST_POLL gstpoll.c:980:gst_poll_fd_ctl_write: 0x55dacc495cf0: fd (fd:0, idx:1), active : 1
0:00:00.011774279  2725 0x55dacc471320 LOG   GST_POLL gstpoll.c:994:gst_poll_fd_ctl_write: 0x55dacc495cf0: pfd->events now 60 (POLLOUT:4)
0:00:00.011780175  2725 0x55dacc471320 DEBUG   GST_POLL gstpoll.c:980:gst_poll_fd_ctl_write: 0x55dacc495cf0: fd (fd:0, idx:1), active : 1
0:00:00.011791346  2725 0x55dacc471320 LOG   GST_POLL gstpoll.c:994:gst_poll_fd_ctl_write: 0x55dacc495cf0: pfd->events now 60 (POLLOUT:4)
0:00:00.011797403  2725 0x55dacc471320 DEBUG   GST_POLL gstpoll.c:980:gst_poll_fd_ctl_write: 0x55dacc495cf0: fd (fd:0, idx:1), active : 1
0:00:00.011803113  2725 0x55dacc471320 LOG   GST_POLL gstpoll.c:994:gst_poll_fd_ctl_write: 0x55dacc495cf0: pfd->events now 60 (POLLOUT:4)
0:00:00.011809046  2725 0x55dacc471320 DEBUG   GST_POLL gstpoll.c:980:gst_poll_fd_ctl_write: 0x55dacc495cf0: fd (fd:0, idx:1), active : 1
0:00:00.011814990  2725 0x55dacc471320 LOG   GST_POLL gstpoll.c:994:gst_poll_fd_ctl_write: 0x55dacc495cf0: pfd->events now 60 (POLLOUT:4)
0:00:00.011821019  2725 0x55dacc471320 DEBUG   GST_POLL gstpoll.c:980:gst_poll_fd_ctl_write: 0x55dacc495cf0: fd (fd:0, idx:1), active : 1
0:00:00.011826694  2725 0x55dacc471320 LOG   GST_POLL gstpoll.c:994:gst_poll_fd_ctl_write: 0x55dacc495cf0: pfd->events now 60 (POLLOUT:4)
0:00:00.011832575  2725 0x55dacc471320 DEBUG   GST_POLL gstpoll.c:980:gst_poll_fd_ctl_write: 0x55dacc495cf0: fd (fd:0, idx:1), active : 1
0:00:00.011838237  2725 0x55dacc471320 LOG   GST_POLL gstpoll.c:994:gst_poll_fd_ctl_write: 0x55dacc495cf0: pfd->events now 60 (POLLOUT:4)
0:00:00.011844099  2725 0x55dacc471320 DEBUG   GST_POLL gstpoll.c:980:gst_poll_fd_ctl_write: 0x55dacc495cf0: fd (fd:0, idx:1), active : 1
0:00:00.011849835  2725 0x55dacc471320 LOG   GST_POLL gstpoll.c:994:gst_poll_fd_ctl_write: 0x55dacc495cf0: pfd->events now 60 (POLLOUT:4)
0:00:00.011855854  2725 0x55dacc471320 DEBUG   GST_POLL gstpoll.c:980:gst_poll_fd_ctl_write: 0x55dacc495cf0: fd (fd:0, idx:1), active : 1
0:00:00.011861500  2725 0x55dacc471320 LOG   GST_POLL gstpoll.c:994:gst_poll_fd_ctl_write: 0x55dacc495cf0: pfd->events now 60 (POLLOUT:4)
0:00:00.011867399  2725 0x55dacc471320 DEBUG   GST_POLL gstpoll.c:980:gst_poll_fd_ctl_write: 0x55dacc495cf0: fd (fd:0, idx:1), active : 1
0:00:00.011878955  2725 0x55dacc471320 LOG   GST_POLL gstpoll.c:994:gst_poll_fd_ctl_write: 0x55dacc495cf0: pfd->events now 60 (POLLOUT:4)
0:00:00.011884997  2725 0x55dacc471320 DEBUG   GST_POLL gstpoll.c:980:gst_poll_fd_ctl_write: 0x55dacc495cf0: fd (fd:0, idx:1), active : 1
0:00:00.011890801  2725 0x55dacc471320 LOG   GST_POLL gstpoll.c:994:gst_poll_fd_ctl_write: 0x55dacc495cf0: pfd->events now 60 (POLLOUT:4)
0:00:00.011896908  2725 0x55dacc471320 DEBUG   GST_POLL gstpoll.c:980:gst_poll_fd_ctl_write: 0x55dacc495cf0: fd (fd:0, idx:1), active : 1
0:00:00.011902540  2725 0x55dacc471320 LOG   GST_POLL gstpoll.c:994:gst_poll_fd_ctl_write: 0x55dacc495cf0: pfd->events now 60 (POLLOUT:4)
0:00:00.011908376  2725 0x55dacc471320 DEBUG   GST_POLL gstpoll.c:980:gst_poll_fd_ctl_write: 0x55dacc495cf0: fd (fd:0, idx:1), active : 1
0:00:00.011914101  2725 0x55dacc471320 LOG   GST_POLL gstpoll.c:994:gst_poll_fd_ctl_write: 0x55dacc495cf0: pfd->events now 60 (POLLOUT:4)
0:00:00.011920064  2725 0x55dacc471320 DEBUG   GST_POLL gstpoll.c:980:gst_poll_fd_ctl_write: 0x55dacc495cf0: fd (fd:0, idx:1), active : 1
0:00:00.011929737  2725 0x55dacc471320 LOG   GST_POLL gstpoll.c:994:gst_poll_fd_ctl_write: 0x55dacc495cf0: pfd->events now 60 (POLLOUT:4)
0:00:00.011935763  2725 0x55dacc471320 DEBUG   GST_POLL gstpoll.c:980:gst_poll_fd_ctl_write: 0x55dacc495cf0: fd (fd:0, idx:1), active : 1
0:00:00.011941446  2725 0x55dacc471320 LOG   GST_POLL gstpoll.c:994:gst_poll_fd_ctl_write: 0x55dacc495cf0: pfd->events now 60 (POLLOUT:4)
0:00:00.011947377  2725 0x55dacc471320 DEBUG   GST_POLL gstpoll.c:980:gst_poll_fd_ctl_write: 0x55dacc495cf0: fd (fd:0, idx:1), active : 1
0:00:00.011953041  2725 0x55dacc471320 LOG   GST_POLL gstpoll.c:994:gst_poll_fd_ctl_write: 0x55dacc495cf0: pfd->events now 60 (POLLOUT:4)
0:00:00.011958987  2725 0x55dacc471320 DEBUG   GST_POLL gstpoll.c:980:gst_poll_fd_ctl_write: 0x55dacc495cf0: fd (fd:0, idx:1), active : 1
0:00:00.011964840  2725 0x55dacc471320 LOG   GST_POLL gstpoll.c:994:gst_poll_fd_ctl_write: 0x55dacc495cf0: pfd->events now 60 (POLLOUT:4)
0:00:00.011970743  2725 0x55dacc471320 DEBUG   GST_POLL gstpoll.c:980:gst_poll_fd_ctl_write: 0x55dacc495cf0: fd (fd:0, idx:1), active : 1
0:00:00.011976650  2725 0x55dacc471320 LOG   GST_POLL gstpoll.c:994:gst_poll_fd_ctl_write: 0x55dacc495cf0: pfd->events now 60 (POLLOUT:4)
0:00:00.011982956  2725 0x55dacc471320 DEBUG   GST_POLL gstpoll.c:980:gst_poll_fd_ctl_write: 0x55dacc495cf0: fd (fd:0, idx:1), active : 1
0:00:00.011988709  2725 0x55dacc471320 LOG   GST_POLL gstpoll.c:994:gst_poll_fd_ctl_write: 0x55dacc495cf0: pfd->events now 60 (POLLOUT:4)
0:00:00.011994819  2725 0x55dacc471320 DEBUG   GST_POLL gstpoll.c:980:gst_poll_fd_ctl_write: 0x55dacc495cf0: fd (fd:0, idx:1), active : 1
0:00:00.012000463  2725 0x55dacc471320 LOG   GST_POLL gstpoll.c:994:gst_poll_fd_ctl_write: 0x55dacc495cf0: pfd->events now 60 (POLLOUT:4)
0:00:00.012006432  2725 0x55dacc471320 DEBUG   GST_POLL gstpoll.c:980:gst_poll_fd_ctl_write: 0x55dacc495cf0: fd (fd:0, idx:1), active : 1
0:00:00.012012172  2725 0x55dacc471320 LOG   GST_POLL gstpoll.c:994:gst_poll_fd_ctl_write: 0x55dacc495cf0: pfd->events now 60 (POLLOUT:4)
0:00:00.012018129  2725 0x55dacc471320 DEBUG   GST_POLL gstpoll.c:980:gst_poll_fd_ctl_write: 0x55dacc495cf0: fd (fd:0, idx:1), active : 1
0:00:00.012023907  2725 0x55dacc471320 LOG   GST_POLL gstpoll.c:994:gst_poll_fd_ctl_write: 0x55dacc495cf0: pfd->events now 60 (POLLOUT:4)
0:00:00.012029759  2725 0x55dacc471320 DEBUG   GST_POLL gstpoll.c:980:gst_poll_fd_ctl_write: 0x55dacc495cf0: fd (fd:0, idx:1), active : 1
0:00:00.012035525  2725 0x55dacc471320 LOG   GST_POLL gstpoll.c:994:gst_poll_fd_ctl_write: 0x55dacc495cf0: pfd->events now 60 (POLLOUT:4)
0:00:00.012041372  2725 0x55dacc471320 DEBUG   GST_POLL gstpoll.c:980:gst_poll_fd_ctl_write: 0x55dacc495cf0: fd (fd:0, idx:1), active : 1
0:00:00.012047252  2725 0x55dacc471320 LOG   GST_POLL gstpoll.c:994:gst_poll_fd_ctl_write: 0x55dacc495cf0: pfd->events now 60 (POLLOUT:4)
0:00:00.012053271  2725 0x55dacc471320 DEBUG   GST_POLL gstpoll.c:980:gst_poll_fd_ctl_write: 0x55dacc495cf0: fd (fd:0, idx:1), active : 1
0:00:00.012063204  2725 0x55dacc471320 LOG   GST_POLL gstpoll.c:994:gst_poll_fd_ctl_write: 0x55dacc495cf0: pfd->events now 60 (POLLOUT:4)
0:00:00.012069403  2725 0x55dacc471320 DEBUG   GST_POLL gstpoll.c:980:gst_poll_fd_ctl_write: 0x55dacc495cf0: fd (fd:0, idx:1), active : 1
0:00:00.012075169  2725 0x55dacc471320 LOG   GST_POLL gstpoll.c:994:gst_poll_fd_ctl_write: 0x55dacc495cf0: pfd->events now 60 (POLLOUT:4)
0:00:00.012081043  2725 0x55dacc471320 DEBUG   GST_POLL gstpoll.c:980:gst_poll_fd_ctl_write: 0x55dacc495cf0: fd (fd:0, idx:1), active : 1
0:00:00.012086700  2725 0x55dacc471320 LOG   GST_POLL gstpoll.c:994:gst_poll_fd_ctl_write: 0x55dacc495cf0: pfd->events now 60 (POLLOUT:4)
0:00:00.012092559  2725 0x55dacc471320 DEBUG   GST_POLL gstpoll.c:980:gst_poll_fd_ctl_write: 0x55dacc495cf0: fd (fd:0, idx:1), active : 1
0:00:00.012098213  2725 0x55dacc471320 LOG   GST_POLL gstpoll.c:994:gst_poll_fd_ctl_write: 0x55dacc495cf0: pfd->events now 60 (POLLOUT:4)
0:00:00.012118835  2725 0x55dacc471320 DEBUG   GST_POLL gstpoll.c:980:gst_poll_fd_ctl_write: 0x55dacc495cf0: fd (fd:0, idx:1), active : 1
0:00:00.012125961  2725 0x55dacc471320 LOG   GST_POLL gstpoll.c:994:gst_poll_fd_ctl_write: 0x55dacc495cf0: pfd->events now 60 (POLLOUT:4)
0:00:00.012131948  2725 0x55dacc471320 DEBUG   GST_POLL gstpoll.c:980:gst_poll_fd_ctl_write: 0x55dacc495cf0: fd (fd:0, idx:1), active : 1
0:00:00.012137690  2725 0x55dacc471320 LOG   GST_POLL gstpoll.c:994:gst_poll_fd_ctl_write: 0x55dacc495cf0: pfd->events now 60 (POLLOUT:4)
0:00:00.012143779  2725 0x55dacc471320 DEBUG   GST_POLL gstpoll.c:980:gst_poll_fd_ctl_write: 0x55dacc495cf0: fd (fd:0, idx:1), active : 1
0:00:00.012149395  2725 0x55dacc471320 LOG   GST_POLL gstpoll.c:994:gst_poll_fd_ctl_write: 0x55dacc495cf0: pfd->events now 60 (POLLOUT:4)
0:00:00.012155324  2725 0x55dacc471320 DEBUG   GST_POLL gstpoll.c:980:gst_poll_fd_ctl_write: 0x55dacc495cf0: fd (fd:0, idx:1), active : 1
0:00:00.012161144  2725 0x55dacc471320 LOG   GST_POLL gstpoll.c:994:gst_poll_fd_ctl_write: 0x55dacc495cf0: pfd->events now 60 (POLLOUT:4)
0:00:00.012167060  2725 0x55dacc471320 DEBUG   GST_POLL gstpoll.c:980:gst_poll_fd_ctl_write: 0x55dacc495cf0: fd (fd:0, idx:1), active : 1
0:00:00.012172812  2725 0x55dacc471320 LOG   GST_POLL gstpoll.c:994:gst_poll_fd_ctl_write: 0x55dacc495cf0: pfd->events now 60 (POLLOUT:4)
0:00:00.012178686  2725 0x55dacc471320 DEBUG   GST_POLL gstpoll.c:980:gst_poll_fd_ctl_write: 0x55dacc495cf0: fd (fd:0, idx:1), active : 1
0:00:00.012184337  2725 0x55dacc471320 LOG   GST_POLL gstpoll.c:994:gst_poll_fd_ctl_write: 0x55dacc495cf0: pfd->events now 60 (POLLOUT:4)
0:00:00.012190235  2725 0x55dacc471320 DEBUG   GST_POLL gstpoll.c:980:gst_poll_fd_ctl_write: 0x55dacc495cf0: fd (fd:0, idx:1), active : 1
0:00:00.012200403  2725 0x55dacc471320 LOG   GST_POLL gstpoll.c:994:gst_poll_fd_ctl_write: 0x55dacc495cf0: pfd->events now 60 (POLLOUT:4)
0:00:00.012206651  2725 0x55dacc471320 DEBUG   GST_POLL gstpoll.c:980:gst_poll_fd_ctl_write: 0x55dacc495cf0: fd (fd:0, idx:1), active : 1
0:00:00.012213171  2725 0x55dacc471320 LOG   GST_POLL gstpoll.c:994:gst_poll_fd_ctl_write: 0x55dacc495cf0: pfd->events now 60 (POLLOUT:4)
0:00:00.012223529  2725 0x55dacc471320 DEBUG   GST_POLL gstpoll.c:980:gst_poll_fd_ctl_write: 0x55dacc495cf0: fd (fd:0, idx:1), active : 1
0:00:00.012229374  2725 0x55dacc471320 LOG   GST_POLL gstpoll.c:994:gst_poll_fd_ctl_write: 0x55dacc495cf0: pfd->events now 60 (POLLOUT:4)
0:00:00.012235279  2725 0x55dacc471320 DEBUG   GST_POLL gstpoll.c:980:gst_poll_fd_ctl_write: 0x55dacc495cf0: fd (fd:0, idx:1), active : 1
0:00:00.012240985  2725 0x55dacc471320 LOG   GST_POLL gstpoll.c:994:gst_poll_fd_ctl_write: 0x55dacc495cf0: pfd->events now 60 (POLLOUT:4)
0:00:00.012246871  2725 0x55dacc471320 DEBUG   GST_POLL gstpoll.c:980:gst_poll_fd_ctl_write: 0x55dacc495cf0: fd (fd:0, idx:1), active : 1
0:00:00.012252552  2725 0x55dacc471320 LOG   GST_POLL gstpoll.c:994:gst_poll_fd_ctl_write: 0x55dacc495cf0: pfd->events now 60 (POLLOUT:4)
0:00:00.012258534  2725 0x55dacc471320 DEBUG   GST_POLL gstpoll.c:980:gst_poll_fd_ctl_write: 0x55dacc495cf0: fd (fd:0, idx:1), active : 1
0:00:00.012264295  2725 0x55dacc471320 LOG   GST_POLL gstpoll.c:994:gst_poll_fd_ctl_write: 0x55dacc495cf0: pfd->events now 60 (POLLOUT:4)
0:00:00.012270194  2725 0x55dacc471320 DEBUG   GST_POLL gstpoll.c:980:gst_poll_fd_ctl_write: 0x55dacc495cf0: fd (fd:0, idx:1), active : 1
0:00:00.012275840  2725 0x55dacc471320 LOG   GST_POLL gstpoll.c:994:gst_poll_fd_ctl_write: 0x55dacc495cf0: pfd->events now 60 (POLLOUT:4)
0:00:00.012282132  2725 0x55dacc471320 DEBUG   GST_POLL gstpoll.c:980:gst_poll_fd_ctl_write: 0x55dacc495cf0: fd (fd:0, idx:1), active : 1
0:00:00.012287789  2725 0x55dacc471320 LOG   GST_POLL gstpoll.c:994:gst_poll_fd_ctl_write: 0x55dacc495cf0: pfd->events now 60 (POLLOUT:4)
0:00:00.012293597  2725 0x55dacc471320 DEBUG   GST_POLL gstpoll.c:980:gst_poll_fd_ctl_write: 0x55dacc495cf0: fd (fd:0, idx:1), active : 1
0:00:00.012299244  2725 0x55dacc471320 LOG   GST_POLL gstpoll.c:994:gst_poll_fd_ctl_write: 0x55dacc495cf0: pfd->events now 60 (POLLOUT:4)
0:00:00.012305072  2725 0x55dacc471320 DEBUG   GST_POLL gstpoll.c:980:gst_poll_fd_ctl_write: 0x55dacc495cf0: fd (fd:0, idx:1), active : 1
0:00:00.012310697  2725 0x55dacc471320 LOG   GST_POLL gstpoll.c:994:gst_poll_fd_ctl_write: 0x55dacc495cf0: pfd->events now 60 (POLLOUT:4)
0:00:00.012316546  2725 0x55dacc471320 DEBUG   GST_POLL gstpoll.c:980:gst_poll_fd_ctl_write: 0x55dacc495cf0: fd (fd:0, idx:1), active : 1
0:00:00.012322261  2725 0x55dacc471320 LOG   GST_POLL gstpoll.c:994:gst_poll_fd_ctl_write: 0x55dacc495cf0: pfd->events now 60 (POLLOUT:4)
0:00:00.012328106  2725 0x55dacc471320 DEBUG   GST_POLL gstpoll.c:980:gst_poll_fd_ctl_write: 0x55dacc495cf0: fd (fd:0, idx:1), active : 1
0:00:00.012333737  2725 0x55dacc471320 LOG   GST_POLL gstpoll.c:994:gst_poll_fd_ctl_write: 0x55dacc495cf0: pfd->events now 60 (POLLOUT:4)
0:00:00.012345669  2725 0x55dacc471320 TRACE   GST_REFCOUNTING gstobject.c:265:gst_object_unref: 0x55dacc49b2e0 unref 2->1
0:00:00.012353489  2725 0x55dacc471320 DEBUG   GST_POLL gstpoll.c:1241:gst_poll_fd_has_error: 0x55dacc495cf0: fd (fd:0, idx:1) 0
0:00:00.012363592  2725 0x55dacc471320 DEBUG   GST_POLL gstpoll.c:1335:gst_poll_fd_can_write: 0x55dacc495cf0: fd (fd:0, idx:1) 1
0:00:00.012369749  2725 0x55dacc471320 LOG   GST_PLUGIN_LOADING gstpluginloader.c:689:write_one: Writing packet of size 528 bytes to fd 0
0:00:00.012390978  2725 0x55dacc471320 DEBUG   GST_POLL gstpoll.c:1414:gst_poll_wait: 0x55dacc495cf0: timeout :0:00:01.000000000
0:00:00.012403937  2725 0x55dacc471320 LOG   GST_PLUGIN_LOADING gstpluginloader.c:1027:exchange_packets: Poll res = 2. 6872 bytes pending for write
0:00:00.012410740  2725 0x55dacc471320 DEBUG   GST_POLL gstpoll.c:1241:gst_poll_fd_has_error: 0x55dacc495cf0: fd (fd:5, idx:2) 0
0:00:00.012417041  2725 0x55dacc471320 DEBUG   GST_POLL gstpoll.c:1266:gst_poll_fd_can_read_unlocked: 0x55dacc495cf0: fd (fd:5, idx:2) 1
0:00:00.012426995  2725 0x55dacc471320 DEBUG   GST_PLUGIN_LOADING gstpluginloader.c:721:do_plugin_load: Plugin scanner loading file /home/conan/w/prod/BuildSingleReference/.conan/data/gstreamer/1.19.2/_/_/package/d5d34cb95e58eb395d954c026f8b3b95a47b8905/lib/gstreamer-1.0/libgstcoretracers.so. tag 2
0:00:00.016750989  2724 0x5583eca35320 LOG   GST_PLUGIN_LOADING gstpluginloader.c:1027:exchange_packets: Poll res = 1. 0 bytes pending for write
0:00:00.012436083  2725 0x55dacc471320 TRACE   GST_REFCOUNTING gstobject.c:238:gst_object_ref: 0x55dacc4976f0 ref 1->2
0:00:00.016781495  2724 0x5583eca35320 DEBUG   GST_POLL gstpoll.c:1241:gst_poll_fd_has_error: 0x5583eca5a920: fd (fd:8, idx:2) 0
0:00:00.012450086  2725 0x55dacc471320 TRACE   GST_REFCOUNTING gstobject.c:238:gst_object_ref: 0x55dacc4991e0 ref 1->2
0:00:00.016789846  2724 0x5583eca35320 DEBUG   GST_POLL gstpoll.c:1266:gst_poll_fd_can_read_unlocked: 0x5583eca5a920: fd (fd:8, idx:2) 1
0:00:00.012458412  2725 0x55dacc471320 TRACE   GST_REFCOUNTING gstobject.c:238:gst_object_ref: 0x55dacc4990a0 ref 1->2
0:00:00.012466231  2725 0x55dacc471320 TRACE   GST_REFCOUNTING gstobject.c:238:gst_object_ref: 0x55dacc498e20 ref 1->2
0:00:00.016799356  2724 0x5583eca35320 LOG   GST_PLUGIN_LOADING gstpluginloader.c:985:read_one: Expanding rx buf from 512 to 1040
0:00:00.012472883  2725 0x55dacc471320 TRACE   GST_REFCOUNTING gstobject.c:238:gst_object_ref: 0x55dacc498b50 ref 1->2
0:00:00.012480156  2725 0x55dacc471320 TRACE   GST_REFCOUNTING gstobject.c:238:gst_object_ref: 0x55dacc498880 ref 1->2
0:00:00.016815301  2724 0x5583eca35320 DEBUG   GST_PLUGIN_LOADING gstpluginloader.c:849:handle_rx_packet: Received plugin details from child w/ tag 0. 516 bytes info
0:00:00.012486643  2725 0x55dacc471320 TRACE   GST_REFCOUNTING gstobject.c:238:gst_object_ref: 0x55dacc4983d0 ref 1->2
0:00:00.016823029  2724 0x5583eca35320 LOG   GST_REGISTRY gstregistrychunks.c:838:_priv_gst_registry_chunks_load_plugin: Reading/casting for GstRegistryChunkPluginElement at address 0x5583eca5acc0
0:00:00.012496697  2725 0x55dacc471320 TRACE   GST_REFCOUNTING gstobject.c:265:gst_object_unref: 0x55dacc4983d0 unref 2->1
0:00:00.012504070  2725 0x55dacc471320 TRACE   GST_REFCOUNTING gstobject.c:265:gst_object_unref: 0x55dacc498880 unref 2->1
0:00:00.016844567  2724 0x5583eca35320 TRACE   GST_REFCOUNTING gstobject.c:208:gst_object_init: 0x5583eca661e0 new
0:00:00.012516856  2725 0x55dacc471320 TRACE   GST_REFCOUNTING gstobject.c:265:gst_object_unref: 0x55dacc498b50 unref 2->1
0:00:00.012523841  2725 0x55dacc471320 TRACE   GST_REFCOUNTING gstobject.c:265:gst_object_unref: 0x55dacc498e20 unref 2->1
0:00:00.012530121  2725 0x55dacc471320 TRACE   GST_REFCOUNTING gstobject.c:265:gst_object_unref: 0x55dacc4990a0 unref 2->1
0:00:00.012536375  2725 0x55dacc471320 TRACE   GST_REFCOUNTING gstobject.c:265:gst_object_unref: 0x55dacc4991e0 unref 2->1
0:00:00.012544277  2725 0x55dacc471320 DEBUG   GST_REGISTRY gstregistrychunks.c:499:_priv_gst_registry_chunks_save_plugin: Found 6 features in plugin 0x55dacc4976f0 (coretracers)
0:00:00.016879993  2724 0x5583eca35320 LOG   GST_REGISTRY gstregistrychunks.c:859:_priv_gst_registry_chunks_load_plugin: read strings for name='coretracers'
0:00:00.012550884  2725 0x55dacc471320 DEBUG   GST_POLL gstpoll.c:980:gst_poll_fd_ctl_write: 0x55dacc495cf0: fd (fd:0, idx:1), active : 1
0:00:00.016886802  2724 0x5583eca35320 LOG   GST_REGISTRY gstregistrychunks.c:860:_priv_gst_registry_chunks_load_plugin: desc.description='GStreamer core tracers'
0:00:00.012557513  2725 0x55dacc471320 LOG   GST_POLL gstpoll.c:994:gst_poll_fd_ctl_write: 0x55dacc495cf0: pfd->events now 60 (POLLOUT:4)
0:00:00.016893043  2724 0x5583eca35320 LOG   GST_REGISTRY gstregistrychunks.c:861:_priv_gst_registry_chunks_load_plugin: filename='/home/conan/w/prod/BuildSingleReference/.conan/data/gstreamer/1.19.2/_/_/package/d5d34cb95e58eb395d954c026f8b3b95a47b8905/lib/gstreamer-1.0/libgstcoretracers.so'
0:00:00.012564208  2725 0x55dacc471320 DEBUG   GST_POLL gstpoll.c:980:gst_poll_fd_ctl_write: 0x55dacc495cf0: fd (fd:0, idx:1), active : 1
0:00:00.016899055  2724 0x5583eca35320 LOG   GST_REGISTRY gstregistrychunks.c:862:_priv_gst_registry_chunks_load_plugin: desc.version='1.19.2'
0:00:00.012570601  2725 0x55dacc471320 LOG   GST_POLL gstpoll.c:994:gst_poll_fd_ctl_write: 0x55dacc495cf0: pfd->events now 60 (POLLOUT:4)
0:00:00.016905499  2724 0x5583eca35320 LOG   GST_REGISTRY gstregistrychunks.c:863:_priv_gst_registry_chunks_load_plugin: desc.license='LGPL'
0:00:00.012577228  2725 0x55dacc471320 DEBUG   GST_POLL gstpoll.c:980:gst_poll_fd_ctl_write: 0x55dacc495cf0: fd (fd:0, idx:1), active : 1
0:00:00.016911974  2724 0x5583eca35320 LOG   GST_REGISTRY gstregistrychunks.c:864:_priv_gst_registry_chunks_load_plugin: desc.source='gstreamer'
0:00:00.012583580  2725 0x55dacc471320 LOG   GST_POLL gstpoll.c:994:gst_poll_fd_ctl_write: 0x55dacc495cf0: pfd->events now 60 (POLLOUT:4)
0:00:00.016918850  2724 0x5583eca35320 LOG   GST_REGISTRY gstregistrychunks.c:865:_priv_gst_registry_chunks_load_plugin: desc.package='GStreamer source release'
0:00:00.012590141  2725 0x55dacc471320 DEBUG   GST_POLL gstpoll.c:980:gst_poll_fd_ctl_write: 0x55dacc495cf0: fd (fd:0, idx:1), active : 1
0:00:00.016924801  2724 0x5583eca35320 LOG   GST_REGISTRY gstregistrychunks.c:866:_priv_gst_registry_chunks_load_plugin: desc.origin='Unknown package origin'
0:00:00.012596542  2725 0x55dacc471320 LOG   GST_POLL gstpoll.c:994:gst_poll_fd_ctl_write: 0x55dacc495cf0: pfd->events now 60 (POLLOUT:4)
0:00:00.016941825  2724 0x5583eca35320 LOG   GST_REGISTRY gstregistrychunks.c:867:_priv_gst_registry_chunks_load_plugin: desc.datetime=2021-09-23
0:00:00.012611360  2725 0x55dacc471320 DEBUG   GST_POLL gstpoll.c:980:gst_poll_fd_ctl_write: 0x55dacc495cf0: fd (fd:0, idx:1), active : 1
0:00:00.012617800  2725 0x55dacc471320 LOG   GST_POLL gstpoll.c:994:gst_poll_fd_ctl_write: 0x55dacc495cf0: pfd->events now 60 (POLLOUT:4)
0:00:00.016952203  2724 0x5583eca35320 DEBUG   GST_REGISTRY gstregistry.c:474:gst_registry_add_plugin: adding plugin 0x5583eca661e0 for filename "/home/conan/w/prod/BuildSingleReference/.conan/data/gstreamer/1.19.2/_/_/package/d5d34cb95e58eb395d954c026f8b3b95a47b8905/lib/gstreamer-1.0/libgstcoretracers.so"
0:00:00.012623729  2725 0x55dacc471320 DEBUG   GST_POLL gstpoll.c:980:gst_poll_fd_ctl_write: 0x55dacc495cf0: fd (fd:0, idx:1), active : 1
0:00:00.012630052  2725 0x55dacc471320 LOG   GST_POLL gstpoll.c:994:gst_poll_fd_ctl_write: 0x55dacc495cf0: pfd->events now 60 (POLLOUT:4)
0:00:00.016963100  2724 0x5583eca35320 TRACE   GST_REFCOUNTING gstobject.c:294:gst_object_ref_sink: 0x5583eca661e0 ref_sink 1->2
0:00:00.012636207  2725 0x55dacc471320 DEBUG   GST_POLL gstpoll.c:980:gst_poll_fd_ctl_write: 0x55dacc495cf0: fd (fd:0, idx:1), active : 1
0:00:00.016972798  2724 0x5583eca35320 LOG   GST_REGISTRY gstregistry.c:487:gst_registry_add_plugin: emitting plugin-added for filename "/home/conan/w/prod/BuildSingleReference/.conan/data/gstreamer/1.19.2/_/_/package/d5d34cb95e58eb395d954c026f8b3b95a47b8905/lib/gstreamer-1.0/libgstcoretracers.so"
0:00:00.012642753  2725 0x55dacc471320 LOG   GST_POLL gstpoll.c:994:gst_poll_fd_ctl_write: 0x55dacc495cf0: pfd->events now 60 (POLLOUT:4)
0:00:00.016980270  2724 0x5583eca35320 DEBUG   GST_REGISTRY gstregistrychunks.c:888:_priv_gst_registry_chunks_load_plugin: Added plugin 'coretracers' plugin with 6 features from binary registry
0:00:00.012649183  2725 0x55dacc471320 DEBUG   GST_POLL gstpoll.c:980:gst_poll_fd_ctl_write: 0x55dacc495cf0: fd (fd:0, idx:1), active : 1
0:00:00.016987618  2724 0x5583eca35320 DEBUG   GST_REGISTRY gstregistrychunks.c:584:gst_registry_chunks_load_feature: Plugin 'coretracers' feature 'factories' typename : 'GstTracerFactory'
0:00:00.012655606  2725 0x55dacc471320 LOG   GST_POLL gstpoll.c:994:gst_poll_fd_ctl_write: 0x55dacc495cf0: pfd->events now 60 (POLLOUT:4)
0:00:00.012663177  2725 0x55dacc471320 DEBUG   GST_POLL gstpoll.c:980:gst_poll_fd_ctl_write: 0x55dacc495cf0: fd (fd:0, idx:1), active : 1
0:00:00.012669116  2725 0x55dacc471320 LOG   GST_POLL gstpoll.c:994:gst_poll_fd_ctl_write: 0x55dacc495cf0: pfd->events now 60 (POLLOUT:4)
0:00:00.017002198  2724 0x5583eca35320 TRACE   GST_REFCOUNTING gstobject.c:208:gst_object_init: 0x5583eca65930 new
0:00:00.012675083  2725 0x55dacc471320 DEBUG   GST_POLL gstpoll.c:980:gst_poll_fd_ctl_write: 0x55dacc495cf0: fd (fd:0, idx:1), active : 1
0:00:00.017013289  2724 0x5583eca35320 DEBUG   GST_REGISTRY gstregistrychunks.c:719:gst_registry_chunks_load_feature: Reading/casting for GstRegistryChunkPluginFeature at address 0x5583eca5ae10
0:00:00.012681387  2725 0x55dacc471320 LOG   GST_POLL gstpoll.c:994:gst_poll_fd_ctl_write: 0x55dacc495cf0: pfd->events now 60 (POLLOUT:4)
0:00:00.017026134  2724 0x5583eca35320 DEBUG   GST_REGISTRY gstregistry.c:590:gst_registry_add_feature: adding feature 0x5583eca65930 (factories)
0:00:00.012693517  2725 0x55dacc471320 LOG   GST_PLUGIN_LOADING gstpluginloader.c:645:put_chunk: Expanding tx buf from 7717 to 10158 for chunk of size 11
0:00:00.017034600  2724 0x5583eca35320 DEBUG   GST_REFCOUNTING gstobject.c:709:gst_object_set_parent: set parent (ref and sink)
0:00:00.012702346  2725 0x55dacc471320 DEBUG   GST_POLL gstpoll.c:980:gst_poll_fd_ctl_write: 0x55dacc495cf0: fd (fd:0, idx:1), active : 1
0:00:00.017042438  2724 0x5583eca35320 TRACE   GST_REFCOUNTING gstobject.c:294:gst_object_ref_sink: 0x5583eca65930 ref_sink 1->2
0:00:00.012710432  2725 0x55dacc471320 LOG   GST_POLL gstpoll.c:994:gst_poll_fd_ctl_write: 0x55dacc495cf0: pfd->events now 60 (POLLOUT:4)
0:00:00.017049333  2724 0x5583eca35320 LOG   GST_REGISTRY gstregistry.c:608:gst_registry_add_feature: emitting feature-added for factories
0:00:00.012718711  2725 0x55dacc471320 DEBUG   GST_POLL gstpoll.c:980:gst_poll_fd_ctl_write: 0x55dacc495cf0: fd (fd:0, idx:1), active : 1
0:00:00.017056860  2724 0x5583eca35320 DEBUG   GST_REGISTRY gstregistrychunks.c:742:gst_registry_chunks_load_feature: Added feature factories, plugin 0x5583eca661e0 coretracers
0:00:00.012724869  2725 0x55dacc471320 LOG   GST_POLL gstpoll.c:994:gst_poll_fd_ctl_write: 0x55dacc495cf0: pfd->events now 60 (POLLOUT:4)
0:00:00.017063854  2724 0x5583eca35320 DEBUG   GST_REGISTRY gstregistrychunks.c:584:gst_registry_chunks_load_feature: Plugin 'coretracers' feature 'leaks' typename : 'GstTracerFactory'
0:00:00.012732392  2725 0x55dacc471320 DEBUG   GST_POLL gstpoll.c:980:gst_poll_fd_ctl_write: 0x55dacc495cf0: fd (fd:0, idx:1), active : 1
0:00:00.017071597  2724 0x5583eca35320 TRACE   GST_REFCOUNTING gstobject.c:208:gst_object_init: 0x5583eca5b0d0 new
0:00:00.012739220  2725 0x55dacc471320 LOG   GST_POLL gstpoll.c:994:gst_poll_fd_ctl_write: 0x55dacc495cf0: pfd->events now 60 (POLLOUT:4)
0:00:00.012747606  2725 0x55dacc471320 DEBUG   GST_POLL gstpoll.c:980:gst_poll_fd_ctl_write: 0x55dacc495cf0: fd (fd:0, idx:1), active : 1
0:00:00.017085003  2724 0x5583eca35320 DEBUG   GST_REGISTRY gstregistrychunks.c:719:gst_registry_chunks_load_feature: Reading/casting for GstRegistryChunkPluginFeature at address 0x5583eca5ae30
0:00:00.012753316  2725 0x55dacc471320 LOG   GST_POLL gstpoll.c:994:gst_poll_fd_ctl_write: 0x55dacc495cf0: pfd->events now 60 (POLLOUT:4)
0:00:00.017092655  2724 0x5583eca35320 DEBUG   GST_REGISTRY gstregistry.c:590:gst_registry_add_feature: adding feature 0x5583eca5b0d0 (leaks)
0:00:00.012760789  2725 0x55dacc471320 DEBUG   GST_POLL gstpoll.c:980:gst_poll_fd_ctl_write: 0x55dacc495cf0: fd (fd:0, idx:1), active : 1
0:00:00.017101997  2724 0x5583eca35320 DEBUG   GST_REFCOUNTING gstobject.c:709:gst_object_set_parent: set parent (ref and sink)
0:00:00.012771104  2725 0x55dacc471320 LOG   GST_POLL gstpoll.c:994:gst_poll_fd_ctl_write: 0x55dacc495cf0: pfd->events now 60 (POLLOUT:4)
0:00:00.017109366  2724 0x5583eca35320 TRACE   GST_REFCOUNTING gstobject.c:294:gst_object_ref_sink: 0x5583eca5b0d0 ref_sink 1->2
0:00:00.012782015  2725 0x55dacc471320 DEBUG   GST_POLL gstpoll.c:980:gst_poll_fd_ctl_write: 0x55dacc495cf0: fd (fd:0, idx:1), active : 1
0:00:00.017117715  2724 0x5583eca35320 LOG   GST_REGISTRY gstregistry.c:608:gst_registry_add_feature: emitting feature-added for leaks
0:00:00.012788644  2725 0x55dacc471320 LOG   GST_POLL gstpoll.c:994:gst_poll_fd_ctl_write: 0x55dacc495cf0: pfd->events now 60 (POLLOUT:4)
0:00:00.017124780  2724 0x5583eca35320 DEBUG   GST_REGISTRY gstregistrychunks.c:742:gst_registry_chunks_load_feature: Added feature leaks, plugin 0x5583eca661e0 coretracers
0:00:00.012795214  2725 0x55dacc471320 DEBUG   GST_POLL gstpoll.c:980:gst_poll_fd_ctl_write: 0x55dacc495cf0: fd (fd:0, idx:1), active : 1
0:00:00.017131725  2724 0x5583eca35320 DEBUG   GST_REGISTRY gstregistrychunks.c:584:gst_registry_chunks_load_feature: Plugin 'coretracers' feature 'stats' typename : 'GstTracerFactory'
0:00:00.012801489  2725 0x55dacc471320 LOG   GST_POLL gstpoll.c:994:gst_poll_fd_ctl_write: 0x55dacc495cf0: pfd->events now 60 (POLLOUT:4)
0:00:00.017138877  2724 0x5583eca35320 TRACE   GST_REFCOUNTING gstobject.c:208:gst_object_init: 0x5583eca5b290 new
0:00:00.012807900  2725 0x55dacc471320 DEBUG   GST_POLL gstpoll.c:980:gst_poll_fd_ctl_write: 0x55dacc495cf0: fd (fd:0, idx:1), active : 1
0:00:00.017146269  2724 0x5583eca35320 DEBUG   GST_REGISTRY gstregistrychunks.c:719:gst_registry_chunks_load_feature: Reading/casting for GstRegistryChunkPluginFeature at address 0x5583eca5ae50
0:00:00.012814743  2725 0x55dacc471320 LOG   GST_POLL gstpoll.c:994:gst_poll_fd_ctl_write: 0x55dacc495cf0: pfd->events now 60 (POLLOUT:4)
0:00:00.017153403  2724 0x5583eca35320 DEBUG   GST_REGISTRY gstregistry.c:590:gst_registry_add_feature: adding feature 0x5583eca5b290 (stats)
0:00:00.012821903  2725 0x55dacc471320 DEBUG   GST_POLL gstpoll.c:980:gst_poll_fd_ctl_write: 0x55dacc495cf0: fd (fd:0, idx:1), active : 1
0:00:00.017159454  2724 0x5583eca35320 DEBUG   GST_REFCOUNTING gstobject.c:709:gst_object_set_parent: set parent (ref and sink)
0:00:00.012828792  2725 0x55dacc471320 LOG   GST_POLL gstpoll.c:994:gst_poll_fd_ctl_write: 0x55dacc495cf0: pfd->events now 60 (POLLOUT:4)
0:00:00.017166728  2724 0x5583eca35320 TRACE   GST_REFCOUNTING gstobject.c:294:gst_object_ref_sink: 0x5583eca5b290 ref_sink 1->2
0:00:00.012835513  2725 0x55dacc471320 DEBUG   GST_POLL gstpoll.c:980:gst_poll_fd_ctl_write: 0x55dacc495cf0: fd (fd:0, idx:1), active : 1
0:00:00.017173644  2724 0x5583eca35320 LOG   GST_REGISTRY gstregistry.c:608:gst_registry_add_feature: emitting feature-added for stats
0:00:00.012842701  2725 0x55dacc471320 LOG   GST_POLL gstpoll.c:994:gst_poll_fd_ctl_write: 0x55dacc495cf0: pfd->events now 60 (POLLOUT:4)
0:00:00.017180118  2724 0x5583eca35320 DEBUG   GST_REGISTRY gstregistrychunks.c:742:gst_registry_chunks_load_feature: Added feature stats, plugin 0x5583eca661e0 coretracers
0:00:00.012849158  2725 0x55dacc471320 DEBUG   GST_POLL gstpoll.c:980:gst_poll_fd_ctl_write: 0x55dacc495cf0: fd (fd:0, idx:1), active : 1
0:00:00.017195038  2724 0x5583eca35320 DEBUG   GST_REGISTRY gstregistrychunks.c:584:gst_registry_chunks_load_feature: Plugin 'coretracers' feature 'rusage' typename : 'GstTracerFactory'
0:00:00.012863667  2725 0x55dacc471320 LOG   GST_POLL gstpoll.c:994:gst_poll_fd_ctl_write: 0x55dacc495cf0: pfd->events now 60 (POLLOUT:4)
0:00:00.017202262  2724 0x5583eca35320 TRACE   GST_REFCOUNTING gstobject.c:208:gst_object_init: 0x5583eca5b450 new
0:00:00.012870688  2725 0x55dacc471320 DEBUG   GST_POLL gstpoll.c:980:gst_poll_fd_ctl_write: 0x55dacc495cf0: fd (fd:0, idx:1), active : 1
0:00:00.017209837  2724 0x5583eca35320 DEBUG   GST_REGISTRY gstregistrychunks.c:719:gst_registry_chunks_load_feature: Reading/casting for GstRegistryChunkPluginFeature at address 0x5583eca5ae70
0:00:00.012878232  2725 0x55dacc471320 LOG   GST_POLL gstpoll.c:994:gst_poll_fd_ctl_write: 0x55dacc495cf0: pfd->events now 60 (POLLOUT:4)
0:00:00.017216783  2724 0x5583eca35320 DEBUG   GST_REGISTRY gstregistry.c:590:gst_registry_add_feature: adding feature 0x5583eca5b450 (rusage)
0:00:00.012885203  2725 0x55dacc471320 DEBUG   GST_POLL gstpoll.c:980:gst_poll_fd_ctl_write: 0x55dacc495cf0: fd (fd:0, idx:1), active : 1
0:00:00.017223223  2724 0x5583eca35320 DEBUG   GST_REFCOUNTING gstobject.c:709:gst_object_set_parent: set parent (ref and sink)
0:00:00.012892346  2725 0x55dacc471320 LOG   GST_POLL gstpoll.c:994:gst_poll_fd_ctl_write: 0x55dacc495cf0: pfd->events now 60 (POLLOUT:4)
0:00:00.017230210  2724 0x5583eca35320 TRACE   GST_REFCOUNTING gstobject.c:294:gst_object_ref_sink: 0x5583eca5b450 ref_sink 1->2
0:00:00.012899062  2725 0x55dacc471320 DEBUG   GST_POLL gstpoll.c:980:gst_poll_fd_ctl_write: 0x55dacc495cf0: fd (fd:0, idx:1), active : 1
0:00:00.017236838  2724 0x5583eca35320 LOG   GST_REGISTRY gstregistry.c:608:gst_registry_add_feature: emitting feature-added for rusage
0:00:00.012905842  2725 0x55dacc471320 LOG   GST_POLL gstpoll.c:994:gst_poll_fd_ctl_write: 0x55dacc495cf0: pfd->events now 60 (POLLOUT:4)
0:00:00.017243669  2724 0x5583eca35320 DEBUG   GST_REGISTRY gstregistrychunks.c:742:gst_registry_chunks_load_feature: Added feature rusage, plugin 0x5583eca661e0 coretracers
0:00:00.012912635  2725 0x55dacc471320 DEBUG   GST_POLL gstpoll.c:980:gst_poll_fd_ctl_write: 0x55dacc495cf0: fd (fd:0, idx:1), active : 1
0:00:00.017250312  2724 0x5583eca35320 DEBUG   GST_REGISTRY gstregistrychunks.c:584:gst_registry_chunks_load_feature: Plugin 'coretracers' feature 'log' typename : 'GstTracerFactory'
0:00:00.012918778  2725 0x55dacc471320 LOG   GST_POLL gstpoll.c:994:gst_poll_fd_ctl_write: 0x55dacc495cf0: pfd->events now 60 (POLLOUT:4)
0:00:00.017257182  2724 0x5583eca35320 TRACE   GST_REFCOUNTING gstobject.c:208:gst_object_init: 0x5583eca5b610 new
0:00:00.012925623  2725 0x55dacc471320 DEBUG   GST_POLL gstpoll.c:980:gst_poll_fd_ctl_write: 0x55dacc495cf0: fd (fd:0, idx:1), active : 1
0:00:00.017264298  2724 0x5583eca35320 DEBUG   GST_REGISTRY gstregistrychunks.c:719:gst_registry_chunks_load_feature: Reading/casting for GstRegistryChunkPluginFeature at address 0x5583eca5ae90
0:00:00.012932915  2725 0x55dacc471320 LOG   GST_POLL gstpoll.c:994:gst_poll_fd_ctl_write: 0x55dacc495cf0: pfd->events now 60 (POLLOUT:4)
0:00:00.017276172  2724 0x5583eca35320 DEBUG   GST_REGISTRY gstregistry.c:590:gst_registry_add_feature: adding feature 0x5583eca5b610 (log)
0:00:00.012944963  2725 0x55dacc471320 DEBUG   GST_POLL gstpoll.c:980:gst_poll_fd_ctl_write: 0x55dacc495cf0: fd (fd:0, idx:1), active : 1
0:00:00.017282718  2724 0x5583eca35320 DEBUG   GST_REFCOUNTING gstobject.c:709:gst_object_set_parent: set parent (ref and sink)
0:00:00.012952183  2725 0x55dacc471320 LOG   GST_POLL gstpoll.c:994:gst_poll_fd_ctl_write: 0x55dacc495cf0: pfd->events now 60 (POLLOUT:4)
0:00:00.017290095  2724 0x5583eca35320 TRACE   GST_REFCOUNTING gstobject.c:294:gst_object_ref_sink: 0x5583eca5b610 ref_sink 1->2
0:00:00.012958904  2725 0x55dacc471320 DEBUG   GST_POLL gstpoll.c:980:gst_poll_fd_ctl_write: 0x55dacc495cf0: fd (fd:0, idx:1), active : 1
0:00:00.017296953  2724 0x5583eca35320 LOG   GST_REGISTRY gstregistry.c:608:gst_registry_add_feature: emitting feature-added for log
0:00:00.012965761  2725 0x55dacc471320 LOG   GST_POLL gstpoll.c:994:gst_poll_fd_ctl_write: 0x55dacc495cf0: pfd->events now 60 (POLLOUT:4)
0:00:00.017303640  2724 0x5583eca35320 DEBUG   GST_REGISTRY gstregistrychunks.c:742:gst_registry_chunks_load_feature: Added feature log, plugin 0x5583eca661e0 coretracers
0:00:00.012972617  2725 0x55dacc471320 DEBUG   GST_POLL gstpoll.c:980:gst_poll_fd_ctl_write: 0x55dacc495cf0: fd (fd:0, idx:1), active : 1
0:00:00.017310597  2724 0x5583eca35320 DEBUG   GST_REGISTRY gstregistrychunks.c:584:gst_registry_chunks_load_feature: Plugin 'coretracers' feature 'latency' typename : 'GstTracerFactory'
0:00:00.012979000  2725 0x55dacc471320 LOG   GST_POLL gstpoll.c:994:gst_poll_fd_ctl_write: 0x55dacc495cf0: pfd->events now 60 (POLLOUT:4)
0:00:00.017317521  2724 0x5583eca35320 TRACE   GST_REFCOUNTING gstobject.c:208:gst_object_init: 0x5583eca5b7d0 new
0:00:00.012986371  2725 0x55dacc471320 DEBUG   GST_POLL gstpoll.c:980:gst_poll_fd_ctl_write: 0x55dacc495cf0: fd (fd:0, idx:1), active : 1
0:00:00.017324764  2724 0x5583eca35320 DEBUG   GST_REGISTRY gstregistrychunks.c:719:gst_registry_chunks_load_feature: Reading/casting for GstRegistryChunkPluginFeature at address 0x5583eca5aeb8
0:00:00.012993448  2725 0x55dacc471320 LOG   GST_POLL gstpoll.c:994:gst_poll_fd_ctl_write: 0x55dacc495cf0: pfd->events now 60 (POLLOUT:4)
0:00:00.017331867  2724 0x5583eca35320 DEBUG   GST_REGISTRY gstregistry.c:590:gst_registry_add_feature: adding feature 0x5583eca5b7d0 (latency)
0:00:00.013001190  2725 0x55dacc471320 TRACE   GST_REFCOUNTING gstobject.c:265:gst_object_unref: 0x55dacc4976f0 unref 2->1
0:00:00.017339392  2724 0x5583eca35320 DEBUG   GST_REFCOUNTING gstobject.c:709:gst_object_set_parent: set parent (ref and sink)
0:00:00.013008306  2725 0x55dacc471320 DEBUG   GST_POLL gstpoll.c:1241:gst_poll_fd_has_error: 0x55dacc495cf0: fd (fd:0, idx:1) 0
0:00:00.017346653  2724 0x5583eca35320 TRACE   GST_REFCOUNTING gstobject.c:294:gst_object_ref_sink: 0x5583eca5b7d0 ref_sink 1->2
0:00:00.013019575  2725 0x55dacc471320 DEBUG   GST_POLL gstpoll.c:1335:gst_poll_fd_can_write: 0x55dacc495cf0: fd (fd:0, idx:1) 1
0:00:00.017354682  2724 0x5583eca35320 LOG   GST_REGISTRY gstregistry.c:608:gst_registry_add_feature: emitting feature-added for latency
0:00:00.013026135  2725 0x55dacc471320 LOG   GST_PLUGIN_LOADING gstpluginloader.c:689:write_one: Writing packet of size 6872 bytes to fd 0
0:00:00.017362030  2724 0x5583eca35320 DEBUG   GST_REGISTRY gstregistrychunks.c:742:gst_registry_chunks_load_feature: Added feature latency, plugin 0x5583eca661e0 coretracers
0:00:00.017369246  2724 0x5583eca35320 LOG   GST_PLUGIN_LOADING gstpluginloader.c:888:handle_rx_packet: marking plugin 0x5583eca661e0 as registered as /home/conan/w/prod/BuildSingleReference/.conan/data/gstreamer/1.19.2/_/_/package/d5d34cb95e58eb395d954c026f8b3b95a47b8905/lib/gstreamer-1.0/libgstcoretracers.so
0:00:00.013037825  2725 0x55dacc471320 DEBUG   GST_POLL gstpoll.c:1414:gst_poll_wait: 0x55dacc495cf0: timeout :0:00:01.000000000
0:00:00.013047557  2725 0x55dacc471320 LOG   GST_PLUGIN_LOADING gstpluginloader.c:1027:exchange_packets: Poll res = 2. 528 bytes pending for write
0:00:00.017383253  2724 0x5583eca35320 DEBUG   GST_POLL gstpoll.c:1414:gst_poll_wait: 0x5583eca5a920: timeout :0:00:01.000000000
0:00:00.013054036  2725 0x55dacc471320 DEBUG   GST_POLL gstpoll.c:1241:gst_poll_fd_has_error: 0x55dacc495cf0: fd (fd:5, idx:2) 0
0:00:00.013060686  2725 0x55dacc471320 DEBUG   GST_POLL gstpoll.c:1266:gst_poll_fd_can_read_unlocked: 0x55dacc495cf0: fd (fd:5, idx:2) 1
0:00:00.017393880  2724 0x5583eca35320 LOG   GST_PLUGIN_LOADING gstpluginloader.c:1027:exchange_packets: Poll res = 1. 0 bytes pending for write
0:00:00.017402939  2724 0x5583eca35320 DEBUG   GST_POLL gstpoll.c:1241:gst_poll_fd_has_error: 0x5583eca5a920: fd (fd:8, idx:2) 0
0:00:00.013069597  2725 0x55dacc471320 DEBUG   GST_PLUGIN_LOADING gstpluginloader.c:721:do_plugin_load: Plugin scanner loading file /home/conan/w/prod/BuildSingleReference/.conan/data/gstreamer/1.19.2/_/_/package/d5d34cb95e58eb395d954c026f8b3b95a47b8905/lib/gstreamer-1.0/libgstcoreelements.so. tag 3
0:00:00.017409272  2724 0x5583eca35320 DEBUG   GST_POLL gstpoll.c:1266:gst_poll_fd_can_read_unlocked: 0x5583eca5a920: fd (fd:8, idx:2) 1
0:00:00.013078792  2725 0x55dacc471320 TRACE   GST_REFCOUNTING gstobject.c:238:gst_object_ref: 0x55dacc49b2e0 ref 1->2
0:00:00.017417445  2724 0x5583eca35320 LOG   GST_PLUGIN_LOADING gstpluginloader.c:985:read_one: Expanding rx buf from 1040 to 7384
0:00:00.013086156  2725 0x55dacc471320 TRACE   GST_REFCOUNTING gstobject.c:238:gst_object_ref: 0x55dacc4b8b90 ref 1->2
0:00:00.013093349  2725 0x55dacc471320 TRACE   GST_REFCOUNTING gstobject.c:238:gst_object_ref: 0x55dacc4b7990 ref 1->2
0:00:00.013099841  2725 0x55dacc471320 TRACE   GST_REFCOUNTING gstobject.c:238:gst_object_ref: 0x55dacc4b5eb0 ref 1->2
0:00:00.017448709  2724 0x5583eca35320 DEBUG   GST_PLUGIN_LOADING gstpluginloader.c:849:handle_rx_packet: Received plugin details from child w/ tag 1. 6860 bytes info
0:00:00.013118647  2725 0x55dacc471320 TRACE   GST_REFCOUNTING gstobject.c:238:gst_object_ref: 0x55dacc4b4ec0 ref 1->2
0:00:00.017460523  2724 0x5583eca35320 LOG   GST_REGISTRY gstregistrychunks.c:838:_priv_gst_registry_chunks_load_plugin: Reading/casting for GstRegistryChunkPluginElement at address 0x5583eca5bb30
0:00:00.013134421  2725 0x55dacc471320 TRACE   GST_REFCOUNTING gstobject.c:238:gst_object_ref: 0x55dacc4b3ae0 ref 1->2
0:00:00.017471940  2724 0x5583eca35320 TRACE   GST_REFCOUNTING gstobject.c:208:gst_object_init: 0x5583eca5acc0 new
0:00:00.013141543  2725 0x55dacc471320 TRACE   GST_REFCOUNTING gstobject.c:238:gst_object_ref: 0x55dacc4b2660 ref 1->2
0:00:00.013148447  2725 0x55dacc471320 TRACE   GST_REFCOUNTING gstobject.c:238:gst_object_ref: 0x55dacc4b0dc0 ref 1->2
0:00:00.017484379  2724 0x5583eca35320 LOG   GST_REGISTRY gstregistrychunks.c:859:_priv_gst_registry_chunks_load_plugin: read strings for name='coreelements'
0:00:00.013154892  2725 0x55dacc471320 TRACE   GST_REFCOUNTING gstobject.c:238:gst_object_ref: 0x55dacc4aeae0 ref 1->2
0:00:00.017490623  2724 0x5583eca35320 LOG   GST_REGISTRY gstregistrychunks.c:860:_priv_gst_registry_chunks_load_plugin: desc.description='GStreamer core elements'
