0:00:00.016924093  2778 0x556fb4b3c360 DEBUG   GST_POLL gstpoll.c:979:gst_poll_fd_ctl_write: 0x556fb4b60cc0: fd (fd:0, idx:1), active : 1
0:00:00.021588785  2777 0x55eadaba5360 DEBUG   structure gststructure.c:2258:gst_structure_parse_field: trying field name 'description'
0:00:00.016930824  2778 0x556fb4b3c360 LOG   GST_POLL gstpoll.c:994:gst_poll_fd_ctl_write: 0x556fb4b60cc0: pfd->events now 60 (POLLOUT:4)
0:00:00.021595319  2777 0x55eadaba5360 DEBUG   default gstvalue.c:2776:_priv_gst_value_parse_value: trying type name 'string'
0:00:00.016937792  2778 0x556fb4b3c360 DEBUG   GST_POLL gstpoll.c:979:gst_poll_fd_ctl_write: 0x556fb4b60cc0: fd (fd:0, idx:1), active : 1
0:00:00.021602885  2777 0x55eadaba5360 DEBUG   structure gststructure.c:2258:gst_structure_parse_field: trying field name 'author'
0:00:00.016944332  2778 0x556fb4b3c360 LOG   GST_POLL gstpoll.c:994:gst_poll_fd_ctl_write: 0x556fb4b60cc0: pfd->events now 60 (POLLOUT:4)
0:00:00.021609337  2777 0x55eadaba5360 DEBUG   default gstvalue.c:2776:_priv_gst_value_parse_value: trying type name 'string'
0:00:00.016951873  2778 0x556fb4b3c360 DEBUG   GST_POLL gstpoll.c:979:gst_poll_fd_ctl_write: 0x556fb4b60cc0: fd (fd:0, idx:1), active : 1
0:00:00.021618780  2777 0x55eadaba5360 DEBUG   GST_REGISTRY gstregistrychunks.c:627:gst_registry_chunks_load_feature: Element factory : npadtemplates=1
0:00:00.016958620  2778 0x556fb4b3c360 LOG   GST_POLL gstpoll.c:994:gst_poll_fd_ctl_write: 0x556fb4b60cc0: pfd->events now 60 (POLLOUT:4)
0:00:00.021625545  2777 0x55eadaba5360 DEBUG   GST_REGISTRY gstregistrychunks.c:526:gst_registry_chunks_load_pad_template: Reading/casting for GstRegistryChunkPadTemplate at address 0x55eadabccd70
0:00:00.016968003  2778 0x556fb4b3c360 DEBUG   GST_POLL gstpoll.c:979:gst_poll_fd_ctl_write: 0x556fb4b60cc0: fd (fd:0, idx:1), active : 1
0:00:00.021635950  2777 0x55eadaba5360 DEBUG   GST_REGISTRY gstregistrychunks.c:540:gst_registry_chunks_load_pad_template: Added pad_template sink
0:00:00.016977826  2778 0x556fb4b3c360 LOG   GST_POLL gstpoll.c:994:gst_poll_fd_ctl_write: 0x556fb4b60cc0: pfd->events now 60 (POLLOUT:4)
0:00:00.021644679  2777 0x55eadaba5360 DEBUG   GST_REGISTRY gstregistry.c:589:gst_registry_add_feature: adding feature 0x55eadabd6fe0 (fakesink)
0:00:00.016985343  2778 0x556fb4b3c360 DEBUG   GST_POLL gstpoll.c:979:gst_poll_fd_ctl_write: 0x556fb4b60cc0: fd (fd:0, idx:1), active : 1
0:00:00.021651633  2777 0x55eadaba5360 DEBUG   GST_REFCOUNTING gstobject.c:708:gst_object_set_parent: set parent (ref and sink)
0:00:00.016993231  2778 0x556fb4b3c360 LOG   GST_POLL gstpoll.c:994:gst_poll_fd_ctl_write: 0x556fb4b60cc0: pfd->events now 60 (POLLOUT:4)
0:00:00.021659703  2777 0x55eadaba5360 TRACE   GST_REFCOUNTING gstobject.c:292:gst_object_ref_sink: 0x55eadabd6fe0 ref_sink 1->2
0:00:00.017001196  2778 0x556fb4b3c360 DEBUG   GST_POLL gstpoll.c:979:gst_poll_fd_ctl_write: 0x556fb4b60cc0: fd (fd:0, idx:1), active : 1
0:00:00.021667232  2777 0x55eadaba5360 LOG   GST_REGISTRY gstregistry.c:607:gst_registry_add_feature: emitting feature-added for fakesink
0:00:00.017008714  2778 0x556fb4b3c360 LOG   GST_POLL gstpoll.c:994:gst_poll_fd_ctl_write: 0x556fb4b60cc0: pfd->events now 60 (POLLOUT:4)
0:00:00.021674772  2777 0x55eadaba5360 DEBUG   GST_REGISTRY gstregistrychunks.c:741:gst_registry_chunks_load_feature: Added feature fakesink, plugin 0x55eadabcb500 coreelements
0:00:00.017016233  2778 0x556fb4b3c360 DEBUG   GST_POLL gstpoll.c:979:gst_poll_fd_ctl_write: 0x556fb4b60cc0: fd (fd:0, idx:1), active : 1
0:00:00.021682003  2777 0x55eadaba5360 DEBUG   GST_REGISTRY gstregistrychunks.c:583:gst_registry_chunks_load_feature: Plugin 'coreelements' feature 'fakesrc' typename : 'GstElementFactory'
0:00:00.017023209  2778 0x556fb4b3c360 LOG   GST_POLL gstpoll.c:994:gst_poll_fd_ctl_write: 0x556fb4b60cc0: pfd->events now 60 (POLLOUT:4)
0:00:00.021690220  2777 0x55eadaba5360 TRACE   GST_REFCOUNTING gstobject.c:208:gst_object_init: 0x55eadabd7570 new
0:00:00.017030881  2778 0x556fb4b3c360 DEBUG   GST_POLL gstpoll.c:979:gst_poll_fd_ctl_write: 0x556fb4b60cc0: fd (fd:0, idx:1), active : 1
0:00:00.021698789  2777 0x55eadaba5360 LOG   GST_REGISTRY gstregistrychunks.c:610:gst_registry_chunks_load_feature: Reading/casting for GstRegistryChunkElementFactory at address 0x55eadabccda0
0:00:00.017039703  2778 0x556fb4b3c360 LOG   GST_POLL gstpoll.c:994:gst_poll_fd_ctl_write: 0x556fb4b60cc0: pfd->events now 60 (POLLOUT:4)
0:00:00.021706072  2777 0x55eadaba5360 TRACE   structure gststructure.c:292:gst_structure_new_id_empty_with_size: created structure 0x55eadabd7660
0:00:00.017047968  2778 0x556fb4b3c360 DEBUG   GST_POLL gstpoll.c:979:gst_poll_fd_ctl_write: 0x556fb4b60cc0: fd (fd:0, idx:1), active : 1
0:00:00.021712614  2777 0x55eadaba5360 DEBUG   structure gststructure.c:2258:gst_structure_parse_field: trying field name 'long-name'
0:00:00.017058854  2778 0x556fb4b3c360 LOG   GST_POLL gstpoll.c:994:gst_poll_fd_ctl_write: 0x556fb4b60cc0: pfd->events now 60 (POLLOUT:4)
0:00:00.021721435  2777 0x55eadaba5360 DEBUG   default gstvalue.c:2776:_priv_gst_value_parse_value: trying type name 'string'
0:00:00.017066085  2778 0x556fb4b3c360 DEBUG   GST_POLL gstpoll.c:979:gst_poll_fd_ctl_write: 0x556fb4b60cc0: fd (fd:0, idx:1), active : 1
0:00:00.021729276  2777 0x55eadaba5360 DEBUG   structure gststructure.c:2258:gst_structure_parse_field: trying field name 'klass'
0:00:00.017072929  2778 0x556fb4b3c360 LOG   GST_POLL gstpoll.c:994:gst_poll_fd_ctl_write: 0x556fb4b60cc0: pfd->events now 60 (POLLOUT:4)
0:00:00.021735722  2777 0x55eadaba5360 DEBUG   default gstvalue.c:2776:_priv_gst_value_parse_value: trying type name 'string'
0:00:00.017080054  2778 0x556fb4b3c360 DEBUG   GST_POLL gstpoll.c:979:gst_poll_fd_ctl_write: 0x556fb4b60cc0: fd (fd:0, idx:1), active : 1
0:00:00.021743133  2777 0x55eadaba5360 DEBUG   structure gststructure.c:2258:gst_structure_parse_field: trying field name 'description'
0:00:00.017086869  2778 0x556fb4b3c360 LOG   GST_POLL gstpoll.c:994:gst_poll_fd_ctl_write: 0x556fb4b60cc0: pfd->events now 60 (POLLOUT:4)
0:00:00.021749586  2777 0x55eadaba5360 DEBUG   default gstvalue.c:2776:_priv_gst_value_parse_value: trying type name 'string'
0:00:00.017093877  2778 0x556fb4b3c360 DEBUG   GST_POLL gstpoll.c:979:gst_poll_fd_ctl_write: 0x556fb4b60cc0: fd (fd:0, idx:1), active : 1
0:00:00.021757354  2777 0x55eadaba5360 DEBUG   structure gststructure.c:2258:gst_structure_parse_field: trying field name 'author'
0:00:00.017100729  2778 0x556fb4b3c360 LOG   GST_POLL gstpoll.c:994:gst_poll_fd_ctl_write: 0x556fb4b60cc0: pfd->events now 60 (POLLOUT:4)
0:00:00.021763811  2777 0x55eadaba5360 DEBUG   default gstvalue.c:2776:_priv_gst_value_parse_value: trying type name 'string'
0:00:00.017107837  2778 0x556fb4b3c360 DEBUG   GST_POLL gstpoll.c:979:gst_poll_fd_ctl_write: 0x556fb4b60cc0: fd (fd:0, idx:1), active : 1
0:00:00.021771989  2777 0x55eadaba5360 DEBUG   GST_REGISTRY gstregistrychunks.c:627:gst_registry_chunks_load_feature: Element factory : npadtemplates=1
0:00:00.017114572  2778 0x556fb4b3c360 LOG   GST_POLL gstpoll.c:994:gst_poll_fd_ctl_write: 0x556fb4b60cc0: pfd->events now 60 (POLLOUT:4)
0:00:00.021778273  2777 0x55eadaba5360 DEBUG   GST_REGISTRY gstregistrychunks.c:526:gst_registry_chunks_load_pad_template: Reading/casting for GstRegistryChunkPadTemplate at address 0x55eadabccea0
0:00:00.017121469  2778 0x556fb4b3c360 DEBUG   GST_POLL gstpoll.c:979:gst_poll_fd_ctl_write: 0x556fb4b60cc0: fd (fd:0, idx:1), active : 1
0:00:00.021784860  2777 0x55eadaba5360 DEBUG   GST_REGISTRY gstregistrychunks.c:540:gst_registry_chunks_load_pad_template: Added pad_template src
0:00:00.017128039  2778 0x556fb4b3c360 LOG   GST_POLL gstpoll.c:994:gst_poll_fd_ctl_write: 0x556fb4b60cc0: pfd->events now 60 (POLLOUT:4)
0:00:00.021792791  2777 0x55eadaba5360 DEBUG   GST_REGISTRY gstregistry.c:589:gst_registry_add_feature: adding feature 0x55eadabd7570 (fakesrc)
0:00:00.017135111  2778 0x556fb4b3c360 DEBUG   GST_POLL gstpoll.c:979:gst_poll_fd_ctl_write: 0x556fb4b60cc0: fd (fd:0, idx:1), active : 1
0:00:00.021804146  2777 0x55eadaba5360 DEBUG   GST_REFCOUNTING gstobject.c:708:gst_object_set_parent: set parent (ref and sink)
0:00:00.017145853  2778 0x556fb4b3c360 LOG   GST_POLL gstpoll.c:994:gst_poll_fd_ctl_write: 0x556fb4b60cc0: pfd->events now 60 (POLLOUT:4)
0:00:00.021812336  2777 0x55eadaba5360 TRACE   GST_REFCOUNTING gstobject.c:292:gst_object_ref_sink: 0x55eadabd7570 ref_sink 1->2
0:00:00.017153638  2778 0x556fb4b3c360 DEBUG   GST_POLL gstpoll.c:979:gst_poll_fd_ctl_write: 0x556fb4b60cc0: fd (fd:0, idx:1), active : 1
0:00:00.021819768  2777 0x55eadaba5360 LOG   GST_REGISTRY gstregistry.c:607:gst_registry_add_feature: emitting feature-added for fakesrc
0:00:00.017161252  2778 0x556fb4b3c360 LOG   GST_POLL gstpoll.c:994:gst_poll_fd_ctl_write: 0x556fb4b60cc0: pfd->events now 60 (POLLOUT:4)
0:00:00.021827319  2777 0x55eadaba5360 DEBUG   GST_REGISTRY gstregistrychunks.c:741:gst_registry_chunks_load_feature: Added feature fakesrc, plugin 0x55eadabcb500 coreelements
0:00:00.017173113  2778 0x556fb4b3c360 DEBUG   GST_POLL gstpoll.c:979:gst_poll_fd_ctl_write: 0x556fb4b60cc0: fd (fd:0, idx:1), active : 1
0:00:00.021834760  2777 0x55eadaba5360 DEBUG   GST_REGISTRY gstregistrychunks.c:583:gst_registry_chunks_load_feature: Plugin 'coreelements' feature 'downloadbuffer' typename : 'GstElementFactory'
0:00:00.017180154  2778 0x556fb4b3c360 LOG   GST_POLL gstpoll.c:994:gst_poll_fd_ctl_write: 0x556fb4b60cc0: pfd->events now 60 (POLLOUT:4)
0:00:00.021844499  2777 0x55eadaba5360 TRACE   GST_REFCOUNTING gstobject.c:208:gst_object_init: 0x55eadabd7ab0 new
0:00:00.017187308  2778 0x556fb4b3c360 DEBUG   GST_POLL gstpoll.c:979:gst_poll_fd_ctl_write: 0x556fb4b60cc0: fd (fd:0, idx:1), active : 1
0:00:00.021853101  2777 0x55eadaba5360 LOG   GST_REGISTRY gstregistrychunks.c:610:gst_registry_chunks_load_feature: Reading/casting for GstRegistryChunkElementFactory at address 0x55eadabcced8
0:00:00.017194259  2778 0x556fb4b3c360 LOG   GST_POLL gstpoll.c:994:gst_poll_fd_ctl_write: 0x556fb4b60cc0: pfd->events now 60 (POLLOUT:4)
0:00:00.021860042  2777 0x55eadaba5360 TRACE   structure gststructure.c:292:gst_structure_new_id_empty_with_size: created structure 0x55eadabd7db0
0:00:00.017201968  2778 0x556fb4b3c360 DEBUG   GST_POLL gstpoll.c:979:gst_poll_fd_ctl_write: 0x556fb4b60cc0: fd (fd:0, idx:1), active : 1
0:00:00.021866896  2777 0x55eadaba5360 DEBUG   structure gststructure.c:2258:gst_structure_parse_field: trying field name 'long-name'
0:00:00.017209218  2778 0x556fb4b3c360 LOG   GST_POLL gstpoll.c:994:gst_poll_fd_ctl_write: 0x556fb4b60cc0: pfd->events now 60 (POLLOUT:4)
0:00:00.017216180  2778 0x556fb4b3c360 DEBUG   GST_POLL gstpoll.c:979:gst_poll_fd_ctl_write: 0x556fb4b60cc0: fd (fd:0, idx:1), active : 1
0:00:00.021873416  2777 0x55eadaba5360 DEBUG   default gstvalue.c:2776:_priv_gst_value_parse_value: trying type name 'string'
0:00:00.017222620  2778 0x556fb4b3c360 LOG   GST_POLL gstpoll.c:994:gst_poll_fd_ctl_write: 0x556fb4b60cc0: pfd->events now 60 (POLLOUT:4)
0:00:00.021886248  2777 0x55eadaba5360 DEBUG   structure gststructure.c:2258:gst_structure_parse_field: trying field name 'klass'
0:00:00.017234578  2778 0x556fb4b3c360 DEBUG   GST_POLL gstpoll.c:979:gst_poll_fd_ctl_write: 0x556fb4b60cc0: fd (fd:0, idx:1), active : 1
0:00:00.021897358  2777 0x55eadaba5360 DEBUG   default gstvalue.c:2776:_priv_gst_value_parse_value: trying type name 'string'
0:00:00.017241412  2778 0x556fb4b3c360 LOG   GST_POLL gstpoll.c:994:gst_poll_fd_ctl_write: 0x556fb4b60cc0: pfd->events now 60 (POLLOUT:4)
0:00:00.021904606  2777 0x55eadaba5360 DEBUG   structure gststructure.c:2258:gst_structure_parse_field: trying field name 'description'
0:00:00.017249000  2778 0x556fb4b3c360 DEBUG   GST_POLL gstpoll.c:979:gst_poll_fd_ctl_write: 0x556fb4b60cc0: fd (fd:0, idx:1), active : 1
0:00:00.021911361  2777 0x55eadaba5360 DEBUG   default gstvalue.c:2776:_priv_gst_value_parse_value: trying type name 'string'
0:00:00.017255731  2778 0x556fb4b3c360 LOG   GST_POLL gstpoll.c:994:gst_poll_fd_ctl_write: 0x556fb4b60cc0: pfd->events now 60 (POLLOUT:4)
0:00:00.021922717  2777 0x55eadaba5360 DEBUG   structure gststructure.c:2258:gst_structure_parse_field: trying field name 'author'
0:00:00.017262710  2778 0x556fb4b3c360 DEBUG   GST_POLL gstpoll.c:979:gst_poll_fd_ctl_write: 0x556fb4b60cc0: fd (fd:0, idx:1), active : 1
0:00:00.021929323  2777 0x55eadaba5360 DEBUG   default gstvalue.c:2776:_priv_gst_value_parse_value: trying type name 'string'
0:00:00.017271293  2778 0x556fb4b3c360 LOG   GST_POLL gstpoll.c:994:gst_poll_fd_ctl_write: 0x556fb4b60cc0: pfd->events now 60 (POLLOUT:4)
0:00:00.021949583  2777 0x55eadaba5360 DEBUG   GST_REGISTRY gstregistrychunks.c:627:gst_registry_chunks_load_feature: Element factory : npadtemplates=2
0:00:00.017290992  2778 0x556fb4b3c360 DEBUG   GST_POLL gstpoll.c:979:gst_poll_fd_ctl_write: 0x556fb4b60cc0: fd (fd:0, idx:1), active : 1
0:00:00.021955899  2777 0x55eadaba5360 DEBUG   GST_REGISTRY gstregistrychunks.c:526:gst_registry_chunks_load_pad_template: Reading/casting for GstRegistryChunkPadTemplate at address 0x55eadabccfa0
0:00:00.017297896  2778 0x556fb4b3c360 LOG   GST_POLL gstpoll.c:994:gst_poll_fd_ctl_write: 0x556fb4b60cc0: pfd->events now 60 (POLLOUT:4)
0:00:00.021962414  2777 0x55eadaba5360 DEBUG   GST_REGISTRY gstregistrychunks.c:540:gst_registry_chunks_load_pad_template: Added pad_template sink
0:00:00.017304633  2778 0x556fb4b3c360 DEBUG   GST_POLL gstpoll.c:979:gst_poll_fd_ctl_write: 0x556fb4b60cc0: fd (fd:0, idx:1), active : 1
0:00:00.021968497  2777 0x55eadaba5360 DEBUG   GST_REGISTRY gstregistrychunks.c:526:gst_registry_chunks_load_pad_template: Reading/casting for GstRegistryChunkPadTemplate at address 0x55eadabccfb8
0:00:00.017311206  2778 0x556fb4b3c360 LOG   GST_POLL gstpoll.c:994:gst_poll_fd_ctl_write: 0x556fb4b60cc0: pfd->events now 60 (POLLOUT:4)
0:00:00.021974725  2777 0x55eadaba5360 DEBUG   GST_REGISTRY gstregistrychunks.c:540:gst_registry_chunks_load_pad_template: Added pad_template src
0:00:00.017317965  2778 0x556fb4b3c360 DEBUG   GST_POLL gstpoll.c:979:gst_poll_fd_ctl_write: 0x556fb4b60cc0: fd (fd:0, idx:1), active : 1
0:00:00.021982733  2777 0x55eadaba5360 DEBUG   GST_REGISTRY gstregistry.c:589:gst_registry_add_feature: adding feature 0x55eadabd7ab0 (downloadbuffer)
0:00:00.017328316  2778 0x556fb4b3c360 LOG   GST_POLL gstpoll.c:994:gst_poll_fd_ctl_write: 0x556fb4b60cc0: pfd->events now 60 (POLLOUT:4)
0:00:00.021991214  2777 0x55eadaba5360 DEBUG   GST_REFCOUNTING gstobject.c:708:gst_object_set_parent: set parent (ref and sink)
0:00:00.017335138  2778 0x556fb4b3c360 DEBUG   GST_POLL gstpoll.c:979:gst_poll_fd_ctl_write: 0x556fb4b60cc0: fd (fd:0, idx:1), active : 1
0:00:00.021999003  2777 0x55eadaba5360 TRACE   GST_REFCOUNTING gstobject.c:292:gst_object_ref_sink: 0x55eadabd7ab0 ref_sink 1->2
0:00:00.017341645  2778 0x556fb4b3c360 LOG   GST_POLL gstpoll.c:994:gst_poll_fd_ctl_write: 0x556fb4b60cc0: pfd->events now 60 (POLLOUT:4)
0:00:00.022006120  2777 0x55eadaba5360 LOG   GST_REGISTRY gstregistry.c:607:gst_registry_add_feature: emitting feature-added for downloadbuffer
0:00:00.017348303  2778 0x556fb4b3c360 DEBUG   GST_POLL gstpoll.c:979:gst_poll_fd_ctl_write: 0x556fb4b60cc0: fd (fd:0, idx:1), active : 1
0:00:00.022013228  2777 0x55eadaba5360 DEBUG   GST_REGISTRY gstregistrychunks.c:741:gst_registry_chunks_load_feature: Added feature downloadbuffer, plugin 0x55eadabcb500 coreelements
0:00:00.017354747  2778 0x556fb4b3c360 LOG   GST_POLL gstpoll.c:994:gst_poll_fd_ctl_write: 0x556fb4b60cc0: pfd->events now 60 (POLLOUT:4)
0:00:00.022020396  2777 0x55eadaba5360 DEBUG   GST_REGISTRY gstregistrychunks.c:583:gst_registry_chunks_load_feature: Plugin 'coreelements' feature 'dataurisrc' typename : 'GstElementFactory'
0:00:00.017361938  2778 0x556fb4b3c360 DEBUG   GST_POLL gstpoll.c:979:gst_poll_fd_ctl_write: 0x556fb4b60cc0: fd (fd:0, idx:1), active : 1
0:00:00.017368655  2778 0x556fb4b3c360 LOG   GST_POLL gstpoll.c:994:gst_poll_fd_ctl_write: 0x556fb4b60cc0: pfd->events now 60 (POLLOUT:4)
0:00:00.022028534  2777 0x55eadaba5360 TRACE   GST_REFCOUNTING gstobject.c:208:gst_object_init: 0x55eadabd8290 new
0:00:00.017374978  2778 0x556fb4b3c360 DEBUG   GST_POLL gstpoll.c:979:gst_poll_fd_ctl_write: 0x556fb4b60cc0: fd (fd:0, idx:1), active : 1
0:00:00.022038603  2777 0x55eadaba5360 LOG   GST_REGISTRY gstregistrychunks.c:610:gst_registry_chunks_load_feature: Reading/casting for GstRegistryChunkElementFactory at address 0x55eadabccfe8
0:00:00.017381496  2778 0x556fb4b3c360 LOG   GST_POLL gstpoll.c:994:gst_poll_fd_ctl_write: 0x556fb4b60cc0: pfd->events now 60 (POLLOUT:4)
0:00:00.022045444  2777 0x55eadaba5360 TRACE   structure gststructure.c:292:gst_structure_new_id_empty_with_size: created structure 0x55eadabd85a0
0:00:00.017388640  2778 0x556fb4b3c360 LOG   GST_PLUGIN_LOADING gstpluginloader.c:644:put_chunk: Expanding tx buf from 13209 to 17023 for chunk of size 229
0:00:00.022052034  2777 0x55eadaba5360 DEBUG   structure gststructure.c:2258:gst_structure_parse_field: trying field name 'long-name'
0:00:00.022058195  2777 0x55eadaba5360 DEBUG   default gstvalue.c:2776:_priv_gst_value_parse_value: trying type name 'string'
0:00:00.017399550  2778 0x556fb4b3c360 DEBUG   GST_POLL gstpoll.c:979:gst_poll_fd_ctl_write: 0x556fb4b60cc0: fd (fd:0, idx:1), active : 1
0:00:00.022069611  2777 0x55eadaba5360 DEBUG   structure gststructure.c:2258:gst_structure_parse_field: trying field name 'klass'
0:00:00.017410416  2778 0x556fb4b3c360 LOG   GST_POLL gstpoll.c:994:gst_poll_fd_ctl_write: 0x556fb4b60cc0: pfd->events now 60 (POLLOUT:4)
0:00:00.022075786  2777 0x55eadaba5360 DEBUG   default gstvalue.c:2776:_priv_gst_value_parse_value: trying type name 'string'
0:00:00.017418268  2778 0x556fb4b3c360 DEBUG   GST_POLL gstpoll.c:979:gst_poll_fd_ctl_write: 0x556fb4b60cc0: fd (fd:0, idx:1), active : 1
0:00:00.022082727  2777 0x55eadaba5360 DEBUG   structure gststructure.c:2258:gst_structure_parse_field: trying field name 'description'
0:00:00.017424722  2778 0x556fb4b3c360 LOG   GST_POLL gstpoll.c:994:gst_poll_fd_ctl_write: 0x556fb4b60cc0: pfd->events now 60 (POLLOUT:4)
0:00:00.022088940  2777 0x55eadaba5360 DEBUG   default gstvalue.c:2776:_priv_gst_value_parse_value: trying type name 'string'
0:00:00.017431548  2778 0x556fb4b3c360 DEBUG   GST_POLL gstpoll.c:979:gst_poll_fd_ctl_write: 0x556fb4b60cc0: fd (fd:0, idx:1), active : 1
0:00:00.022096281  2777 0x55eadaba5360 DEBUG   structure gststructure.c:2258:gst_structure_parse_field: trying field name 'author'
0:00:00.017438126  2778 0x556fb4b3c360 LOG   GST_POLL gstpoll.c:994:gst_poll_fd_ctl_write: 0x556fb4b60cc0: pfd->events now 60 (POLLOUT:4)
0:00:00.022102435  2777 0x55eadaba5360 DEBUG   default gstvalue.c:2776:_priv_gst_value_parse_value: trying type name 'string'
0:00:00.017444724  2778 0x556fb4b3c360 DEBUG   GST_POLL gstpoll.c:979:gst_poll_fd_ctl_write: 0x556fb4b60cc0: fd (fd:0, idx:1), active : 1
0:00:00.022111070  2777 0x55eadaba5360 DEBUG   GST_REGISTRY gstregistrychunks.c:627:gst_registry_chunks_load_feature: Element factory : npadtemplates=1
0:00:00.017451305  2778 0x556fb4b3c360 LOG   GST_POLL gstpoll.c:994:gst_poll_fd_ctl_write: 0x556fb4b60cc0: pfd->events now 60 (POLLOUT:4)
0:00:00.022117557  2777 0x55eadaba5360 DEBUG   GST_REGISTRY gstregistrychunks.c:526:gst_registry_chunks_load_pad_template: Reading/casting for GstRegistryChunkPadTemplate at address 0x55eadabcd100
0:00:00.017459937  2778 0x556fb4b3c360 DEBUG   GST_POLL gstpoll.c:979:gst_poll_fd_ctl_write: 0x556fb4b60cc0: fd (fd:0, idx:1), active : 1
0:00:00.022124007  2777 0x55eadaba5360 DEBUG   GST_REGISTRY gstregistrychunks.c:540:gst_registry_chunks_load_pad_template: Added pad_template src
0:00:00.017466294  2778 0x556fb4b3c360 LOG   GST_POLL gstpoll.c:994:gst_poll_fd_ctl_write: 0x556fb4b60cc0: pfd->events now 60 (POLLOUT:4)
0:00:00.022130435  2777 0x55eadaba5360 DEBUG   GST_REGISTRY gstregistrychunks.c:640:gst_registry_chunks_load_feature: Reading 1 UriTypes at address 0x55eadabcd110
0:00:00.017472940  2778 0x556fb4b3c360 DEBUG   GST_POLL gstpoll.c:979:gst_poll_fd_ctl_write: 0x556fb4b60cc0: fd (fd:0, idx:1), active : 1
0:00:00.022137336  2777 0x55eadaba5360 DEBUG   GST_REGISTRY gstregistrychunks.c:655:gst_registry_chunks_load_feature: Reading 1 Interfaces at address 0x55eadabcd119
0:00:00.017479308  2778 0x556fb4b3c360 LOG   GST_POLL gstpoll.c:994:gst_poll_fd_ctl_write: 0x556fb4b60cc0: pfd->events now 60 (POLLOUT:4)
0:00:00.022149938  2777 0x55eadaba5360 DEBUG   GST_REGISTRY gstregistry.c:589:gst_registry_add_feature: adding feature 0x55eadabd8290 (dataurisrc)
0:00:00.017490251  2778 0x556fb4b3c360 DEBUG   GST_POLL gstpoll.c:979:gst_poll_fd_ctl_write: 0x556fb4b60cc0: fd (fd:0, idx:1), active : 1
0:00:00.022156741  2777 0x55eadaba5360 DEBUG   GST_REFCOUNTING gstobject.c:708:gst_object_set_parent: set parent (ref and sink)
0:00:00.017498246  2778 0x556fb4b3c360 LOG   GST_POLL gstpoll.c:994:gst_poll_fd_ctl_write: 0x556fb4b60cc0: pfd->events now 60 (POLLOUT:4)
0:00:00.022164842  2777 0x55eadaba5360 TRACE   GST_REFCOUNTING gstobject.c:292:gst_object_ref_sink: 0x55eadabd8290 ref_sink 1->2
0:00:00.017505901  2778 0x556fb4b3c360 DEBUG   GST_POLL gstpoll.c:979:gst_poll_fd_ctl_write: 0x556fb4b60cc0: fd (fd:0, idx:1), active : 1
0:00:00.022172080  2777 0x55eadaba5360 LOG   GST_REGISTRY gstregistry.c:607:gst_registry_add_feature: emitting feature-added for dataurisrc
0:00:00.017513522  2778 0x556fb4b3c360 LOG   GST_POLL gstpoll.c:994:gst_poll_fd_ctl_write: 0x556fb4b60cc0: pfd->events now 60 (POLLOUT:4)
0:00:00.022179392  2777 0x55eadaba5360 DEBUG   GST_REGISTRY gstregistrychunks.c:741:gst_registry_chunks_load_feature: Added feature dataurisrc, plugin 0x55eadabcb500 coreelements
0:00:00.017520580  2778 0x556fb4b3c360 DEBUG   GST_POLL gstpoll.c:979:gst_poll_fd_ctl_write: 0x556fb4b60cc0: fd (fd:0, idx:1), active : 1
0:00:00.022186605  2777 0x55eadaba5360 DEBUG   GST_REGISTRY gstregistrychunks.c:583:gst_registry_chunks_load_feature: Plugin 'coreelements' feature 'concat' typename : 'GstElementFactory'
0:00:00.017527483  2778 0x556fb4b3c360 LOG   GST_POLL gstpoll.c:994:gst_poll_fd_ctl_write: 0x556fb4b60cc0: pfd->events now 60 (POLLOUT:4)
0:00:00.022194647  2777 0x55eadaba5360 TRACE   GST_REFCOUNTING gstobject.c:208:gst_object_init: 0x55eadabd8ce0 new
0:00:00.017535255  2778 0x556fb4b3c360 DEBUG   GST_POLL gstpoll.c:979:gst_poll_fd_ctl_write: 0x556fb4b60cc0: fd (fd:0, idx:1), active : 1
0:00:00.022202678  2777 0x55eadaba5360 LOG   GST_REGISTRY gstregistrychunks.c:610:gst_registry_chunks_load_feature: Reading/casting for GstRegistryChunkElementFactory at address 0x55eadabcd140
0:00:00.017543257  2778 0x556fb4b3c360 LOG   GST_POLL gstpoll.c:994:gst_poll_fd_ctl_write: 0x556fb4b60cc0: pfd->events now 60 (POLLOUT:4)
0:00:00.017551228  2778 0x556fb4b3c360 DEBUG   GST_POLL gstpoll.c:979:gst_poll_fd_ctl_write: 0x556fb4b60cc0: fd (fd:0, idx:1), active : 1
0:00:00.022212555  2777 0x55eadaba5360 TRACE   structure gststructure.c:292:gst_structure_new_id_empty_with_size: created structure 0x55eadabd8f10
0:00:00.017557214  2778 0x556fb4b3c360 LOG   GST_POLL gstpoll.c:994:gst_poll_fd_ctl_write: 0x556fb4b60cc0: pfd->events now 60 (POLLOUT:4)
0:00:00.022220083  2777 0x55eadaba5360 DEBUG   structure gststructure.c:2258:gst_structure_parse_field: trying field name 'long-name'
0:00:00.017564086  2778 0x556fb4b3c360 DEBUG   GST_POLL gstpoll.c:979:gst_poll_fd_ctl_write: 0x556fb4b60cc0: fd (fd:0, idx:1), active : 1
0:00:00.022226426  2777 0x55eadaba5360 DEBUG   default gstvalue.c:2776:_priv_gst_value_parse_value: trying type name 'string'
0:00:00.017574541  2778 0x556fb4b3c360 LOG   GST_POLL gstpoll.c:994:gst_poll_fd_ctl_write: 0x556fb4b60cc0: pfd->events now 60 (POLLOUT:4)
0:00:00.022237889  2777 0x55eadaba5360 DEBUG   structure gststructure.c:2258:gst_structure_parse_field: trying field name 'klass'
0:00:00.017581740  2778 0x556fb4b3c360 DEBUG   GST_POLL gstpoll.c:979:gst_poll_fd_ctl_write: 0x556fb4b60cc0: fd (fd:0, idx:1), active : 1
0:00:00.022244134  2777 0x55eadaba5360 DEBUG   default gstvalue.c:2776:_priv_gst_value_parse_value: trying type name 'string'
0:00:00.017588253  2778 0x556fb4b3c360 LOG   GST_POLL gstpoll.c:994:gst_poll_fd_ctl_write: 0x556fb4b60cc0: pfd->events now 60 (POLLOUT:4)
0:00:00.022251521  2777 0x55eadaba5360 DEBUG   structure gststructure.c:2258:gst_structure_parse_field: trying field name 'description'
0:00:00.017595174  2778 0x556fb4b3c360 DEBUG   GST_POLL gstpoll.c:979:gst_poll_fd_ctl_write: 0x556fb4b60cc0: fd (fd:0, idx:1), active : 1
0:00:00.022257829  2777 0x55eadaba5360 DEBUG   default gstvalue.c:2776:_priv_gst_value_parse_value: trying type name 'string'
0:00:00.017601705  2778 0x556fb4b3c360 LOG   GST_POLL gstpoll.c:994:gst_poll_fd_ctl_write: 0x556fb4b60cc0: pfd->events now 60 (POLLOUT:4)
0:00:00.022265299  2777 0x55eadaba5360 DEBUG   structure gststructure.c:2258:gst_structure_parse_field: trying field name 'author'
0:00:00.017608480  2778 0x556fb4b3c360 DEBUG   GST_POLL gstpoll.c:979:gst_poll_fd_ctl_write: 0x556fb4b60cc0: fd (fd:0, idx:1), active : 1
0:00:00.022271627  2777 0x55eadaba5360 DEBUG   default gstvalue.c:2776:_priv_gst_value_parse_value: trying type name 'string'
0:00:00.017615136  2778 0x556fb4b3c360 LOG   GST_POLL gstpoll.c:994:gst_poll_fd_ctl_write: 0x556fb4b60cc0: pfd->events now 60 (POLLOUT:4)
0:00:00.022279407  2777 0x55eadaba5360 DEBUG   GST_REGISTRY gstregistrychunks.c:627:gst_registry_chunks_load_feature: Element factory : npadtemplates=2
0:00:00.017621961  2778 0x556fb4b3c360 DEBUG   GST_POLL gstpoll.c:979:gst_poll_fd_ctl_write: 0x556fb4b60cc0: fd (fd:0, idx:1), active : 1
0:00:00.022285616  2777 0x55eadaba5360 DEBUG   GST_REGISTRY gstregistrychunks.c:526:gst_registry_chunks_load_pad_template: Reading/casting for GstRegistryChunkPadTemplate at address 0x55eadabcd218
0:00:00.017628467  2778 0x556fb4b3c360 LOG   GST_POLL gstpoll.c:994:gst_poll_fd_ctl_write: 0x556fb4b60cc0: pfd->events now 60 (POLLOUT:4)
0:00:00.022292180  2777 0x55eadaba5360 DEBUG   GST_REGISTRY gstregistrychunks.c:540:gst_registry_chunks_load_pad_template: Added pad_template src
0:00:00.017635175  2778 0x556fb4b3c360 DEBUG   GST_POLL gstpoll.c:979:gst_poll_fd_ctl_write: 0x556fb4b60cc0: fd (fd:0, idx:1), active : 1
0:00:00.022298370  2777 0x55eadaba5360 DEBUG   GST_REGISTRY gstregistrychunks.c:526:gst_registry_chunks_load_pad_template: Reading/casting for GstRegistryChunkPadTemplate at address 0x55eadabcd228
0:00:00.017641926  2778 0x556fb4b3c360 LOG   GST_POLL gstpoll.c:994:gst_poll_fd_ctl_write: 0x556fb4b60cc0: pfd->events now 60 (POLLOUT:4)
0:00:00.022304713  2777 0x55eadaba5360 DEBUG   GST_REGISTRY gstregistrychunks.c:540:gst_registry_chunks_load_pad_template: Added pad_template sink_%u
0:00:00.017653123  2778 0x556fb4b3c360 DEBUG   GST_POLL gstpoll.c:979:gst_poll_fd_ctl_write: 0x556fb4b60cc0: fd (fd:0, idx:1), active : 1
0:00:00.022317305  2777 0x55eadaba5360 DEBUG   GST_REGISTRY gstregistry.c:589:gst_registry_add_feature: adding feature 0x55eadabd8ce0 (concat)
0:00:00.017659673  2778 0x556fb4b3c360 LOG   GST_POLL gstpoll.c:994:gst_poll_fd_ctl_write: 0x556fb4b60cc0: pfd->events now 60 (POLLOUT:4)
0:00:00.022323965  2777 0x55eadaba5360 DEBUG   GST_REFCOUNTING gstobject.c:708:gst_object_set_parent: set parent (ref and sink)
0:00:00.017666665  2778 0x556fb4b3c360 DEBUG   GST_POLL gstpoll.c:979:gst_poll_fd_ctl_write: 0x556fb4b60cc0: fd (fd:0, idx:1), active : 1
0:00:00.022332034  2777 0x55eadaba5360 TRACE   GST_REFCOUNTING gstobject.c:292:gst_object_ref_sink: 0x55eadabd8ce0 ref_sink 1->2
0:00:00.017676614  2778 0x556fb4b3c360 LOG   GST_POLL gstpoll.c:994:gst_poll_fd_ctl_write: 0x556fb4b60cc0: pfd->events now 60 (POLLOUT:4)
0:00:00.022353700  2777 0x55eadaba5360 LOG   GST_REGISTRY gstregistry.c:607:gst_registry_add_feature: emitting feature-added for concat
0:00:00.017702168  2778 0x556fb4b3c360 DEBUG   GST_POLL gstpoll.c:979:gst_poll_fd_ctl_write: 0x556fb4b60cc0: fd (fd:0, idx:1), active : 1
0:00:00.022366867  2777 0x55eadaba5360 DEBUG   GST_REGISTRY gstregistrychunks.c:741:gst_registry_chunks_load_feature: Added feature concat, plugin 0x55eadabcb500 coreelements
0:00:00.017710036  2778 0x556fb4b3c360 LOG   GST_POLL gstpoll.c:994:gst_poll_fd_ctl_write: 0x556fb4b60cc0: pfd->events now 60 (POLLOUT:4)
0:00:00.017719885  2778 0x556fb4b3c360 DEBUG   GST_POLL gstpoll.c:979:gst_poll_fd_ctl_write: 0x556fb4b60cc0: fd (fd:0, idx:1), active : 1
0:00:00.022379856  2777 0x55eadaba5360 DEBUG   GST_REGISTRY gstregistrychunks.c:583:gst_registry_chunks_load_feature: Plugin 'coreelements' feature 'clocksync' typename : 'GstElementFactory'
0:00:00.017725846  2778 0x556fb4b3c360 LOG   GST_POLL gstpoll.c:994:gst_poll_fd_ctl_write: 0x556fb4b60cc0: pfd->events now 60 (POLLOUT:4)
0:00:00.017732603  2778 0x556fb4b3c360 DEBUG   GST_POLL gstpoll.c:979:gst_poll_fd_ctl_write: 0x556fb4b60cc0: fd (fd:0, idx:1), active : 1
0:00:00.022393506  2777 0x55eadaba5360 TRACE   GST_REFCOUNTING gstobject.c:208:gst_object_init: 0x55eadabd8b90 new
0:00:00.017738463  2778 0x556fb4b3c360 LOG   GST_POLL gstpoll.c:994:gst_poll_fd_ctl_write: 0x556fb4b60cc0: pfd->events now 60 (POLLOUT:4)
0:00:00.022403322  2777 0x55eadaba5360 LOG   GST_REGISTRY gstregistrychunks.c:610:gst_registry_chunks_load_feature: Reading/casting for GstRegistryChunkElementFactory at address 0x55eadabcd258
0:00:00.017745095  2778 0x556fb4b3c360 DEBUG   GST_POLL gstpoll.c:979:gst_poll_fd_ctl_write: 0x556fb4b60cc0: fd (fd:0, idx:1), active : 1
0:00:00.022410368  2777 0x55eadaba5360 TRACE   structure gststructure.c:292:gst_structure_new_id_empty_with_size: created structure 0x55eadabd94e0
0:00:00.017751641  2778 0x556fb4b3c360 LOG   GST_POLL gstpoll.c:994:gst_poll_fd_ctl_write: 0x556fb4b60cc0: pfd->events now 60 (POLLOUT:4)
0:00:00.022417158  2777 0x55eadaba5360 DEBUG   structure gststructure.c:2258:gst_structure_parse_field: trying field name 'long-name'
0:00:00.017764500  2778 0x556fb4b3c360 DEBUG   GST_POLL gstpoll.c:979:gst_poll_fd_ctl_write: 0x556fb4b60cc0: fd (fd:0, idx:1), active : 1
0:00:00.022426978  2777 0x55eadaba5360 DEBUG   default gstvalue.c:2776:_priv_gst_value_parse_value: trying type name 'string'
0:00:00.017771080  2778 0x556fb4b3c360 LOG   GST_POLL gstpoll.c:994:gst_poll_fd_ctl_write: 0x556fb4b60cc0: pfd->events now 60 (POLLOUT:4)
0:00:00.022434949  2777 0x55eadaba5360 DEBUG   structure gststructure.c:2258:gst_structure_parse_field: trying field name 'klass'
0:00:00.017777835  2778 0x556fb4b3c360 DEBUG   GST_POLL gstpoll.c:979:gst_poll_fd_ctl_write: 0x556fb4b60cc0: fd (fd:0, idx:1), active : 1
0:00:00.022441653  2777 0x55eadaba5360 DEBUG   default gstvalue.c:2776:_priv_gst_value_parse_value: trying type name 'string'
0:00:00.017784138  2778 0x556fb4b3c360 LOG   GST_POLL gstpoll.c:994:gst_poll_fd_ctl_write: 0x556fb4b60cc0: pfd->events now 60 (POLLOUT:4)
0:00:00.022448597  2777 0x55eadaba5360 DEBUG   structure gststructure.c:2258:gst_structure_parse_field: trying field name 'description'
0:00:00.017790972  2778 0x556fb4b3c360 DEBUG   GST_POLL gstpoll.c:979:gst_poll_fd_ctl_write: 0x556fb4b60cc0: fd (fd:0, idx:1), active : 1
0:00:00.022454824  2777 0x55eadaba5360 DEBUG   default gstvalue.c:2776:_priv_gst_value_parse_value: trying type name 'string'
0:00:00.017797480  2778 0x556fb4b3c360 LOG   GST_POLL gstpoll.c:994:gst_poll_fd_ctl_write: 0x556fb4b60cc0: pfd->events now 60 (POLLOUT:4)
0:00:00.022462264  2777 0x55eadaba5360 DEBUG   structure gststructure.c:2258:gst_structure_parse_field: trying field name 'author'
0:00:00.017804264  2778 0x556fb4b3c360 DEBUG   GST_POLL gstpoll.c:979:gst_poll_fd_ctl_write: 0x556fb4b60cc0: fd (fd:0, idx:1), active : 1
0:00:00.022468675  2777 0x55eadaba5360 DEBUG   default gstvalue.c:2776:_priv_gst_value_parse_value: trying type name 'string'
0:00:00.017810618  2778 0x556fb4b3c360 LOG   GST_POLL gstpoll.c:994:gst_poll_fd_ctl_write: 0x556fb4b60cc0: pfd->events now 60 (POLLOUT:4)
0:00:00.022476469  2777 0x55eadaba5360 DEBUG   GST_REGISTRY gstregistrychunks.c:627:gst_registry_chunks_load_feature: Element factory : npadtemplates=2
0:00:00.017817541  2778 0x556fb4b3c360 DEBUG   GST_POLL gstpoll.c:979:gst_poll_fd_ctl_write: 0x556fb4b60cc0: fd (fd:0, idx:1), active : 1
0:00:00.022482795  2777 0x55eadaba5360 DEBUG   GST_REGISTRY gstregistrychunks.c:526:gst_registry_chunks_load_pad_template: Reading/casting for GstRegistryChunkPadTemplate at address 0x55eadabcd328
0:00:00.017824758  2778 0x556fb4b3c360 LOG   GST_POLL gstpoll.c:994:gst_poll_fd_ctl_write: 0x556fb4b60cc0: pfd->events now 60 (POLLOUT:4)
0:00:00.022489392  2777 0x55eadaba5360 DEBUG   GST_REGISTRY gstregistrychunks.c:540:gst_registry_chunks_load_pad_template: Added pad_template sink
0:00:00.017831572  2778 0x556fb4b3c360 DEBUG   GST_POLL gstpoll.c:979:gst_poll_fd_ctl_write: 0x556fb4b60cc0: fd (fd:0, idx:1), active : 1
0:00:00.022495709  2777 0x55eadaba5360 DEBUG   GST_REGISTRY gstregistrychunks.c:526:gst_registry_chunks_load_pad_template: Reading/casting for GstRegistryChunkPadTemplate at address 0x55eadabcd340
0:00:00.017842030  2778 0x556fb4b3c360 LOG   GST_POLL gstpoll.c:994:gst_poll_fd_ctl_write: 0x556fb4b60cc0: pfd->events now 60 (POLLOUT:4)
0:00:00.022504901  2777 0x55eadaba5360 DEBUG   GST_REGISTRY gstregistrychunks.c:540:gst_registry_chunks_load_pad_template: Added pad_template src
0:00:00.017848776  2778 0x556fb4b3c360 DEBUG   GST_POLL gstpoll.c:979:gst_poll_fd_ctl_write: 0x556fb4b60cc0: fd (fd:0, idx:1), active : 1
0:00:00.022512956  2777 0x55eadaba5360 DEBUG   GST_REGISTRY gstregistry.c:589:gst_registry_add_feature: adding feature 0x55eadabd8b90 (clocksync)
0:00:00.017855115  2778 0x556fb4b3c360 LOG   GST_POLL gstpoll.c:994:gst_poll_fd_ctl_write: 0x556fb4b60cc0: pfd->events now 60 (POLLOUT:4)
0:00:00.022519917  2777 0x55eadaba5360 DEBUG   GST_REFCOUNTING gstobject.c:708:gst_object_set_parent: set parent (ref and sink)
0:00:00.017861782  2778 0x556fb4b3c360 DEBUG   GST_POLL gstpoll.c:979:gst_poll_fd_ctl_write: 0x556fb4b60cc0: fd (fd:0, idx:1), active : 1
0:00:00.022527728  2777 0x55eadaba5360 TRACE   GST_REFCOUNTING gstobject.c:292:gst_object_ref_sink: 0x55eadabd8b90 ref_sink 1->2
0:00:00.017868666  2778 0x556fb4b3c360 LOG   GST_POLL gstpoll.c:994:gst_poll_fd_ctl_write: 0x556fb4b60cc0: pfd->events now 60 (POLLOUT:4)
0:00:00.022534962  2777 0x55eadaba5360 LOG   GST_REGISTRY gstregistry.c:607:gst_registry_add_feature: emitting feature-added for clocksync
0:00:00.017876497  2778 0x556fb4b3c360 DEBUG   GST_POLL gstpoll.c:979:gst_poll_fd_ctl_write: 0x556fb4b60cc0: fd (fd:0, idx:1), active : 1
0:00:00.022542269  2777 0x55eadaba5360 DEBUG   GST_REGISTRY gstregistrychunks.c:741:gst_registry_chunks_load_feature: Added feature clocksync, plugin 0x55eadabcb500 coreelements
0:00:00.017883202  2778 0x556fb4b3c360 LOG   GST_POLL gstpoll.c:994:gst_poll_fd_ctl_write: 0x556fb4b60cc0: pfd->events now 60 (POLLOUT:4)
0:00:00.022549228  2777 0x55eadaba5360 DEBUG   GST_REGISTRY gstregistrychunks.c:583:gst_registry_chunks_load_feature: Plugin 'coreelements' feature 'capsfilter' typename : 'GstElementFactory'
0:00:00.017890763  2778 0x556fb4b3c360 DEBUG   GST_POLL gstpoll.c:979:gst_poll_fd_ctl_write: 0x556fb4b60cc0: fd (fd:0, idx:1), active : 1
0:00:00.022557406  2777 0x55eadaba5360 TRACE   GST_REFCOUNTING gstobject.c:208:gst_object_init: 0x55eadabd9a40 new
0:00:00.017897577  2778 0x556fb4b3c360 LOG   GST_POLL gstpoll.c:994:gst_poll_fd_ctl_write: 0x556fb4b60cc0: pfd->events now 60 (POLLOUT:4)
0:00:00.022565865  2777 0x55eadaba5360 LOG   GST_REGISTRY gstregistrychunks.c:610:gst_registry_chunks_load_feature: Reading/casting for GstRegistryChunkElementFactory at address 0x55eadabcd370
0:00:00.017906768  2778 0x556fb4b3c360 DEBUG   GST_POLL gstpoll.c:979:gst_poll_fd_ctl_write: 0x556fb4b60cc0: fd (fd:0, idx:1), active : 1
0:00:00.022572545  2777 0x55eadaba5360 TRACE   structure gststructure.c:292:gst_structure_new_id_empty_with_size: created structure 0x55eadabd9d50
0:00:00.017914057  2778 0x556fb4b3c360 LOG   GST_POLL gstpoll.c:994:gst_poll_fd_ctl_write: 0x556fb4b60cc0: pfd->events now 60 (POLLOUT:4)
0:00:00.022585300  2777 0x55eadaba5360 DEBUG   structure gststructure.c:2258:gst_structure_parse_field: trying field name 'long-name'
0:00:00.017927542  2778 0x556fb4b3c360 DEBUG   GST_POLL gstpoll.c:979:gst_poll_fd_ctl_write: 0x556fb4b60cc0: fd (fd:0, idx:1), active : 1
0:00:00.022592301  2777 0x55eadaba5360 DEBUG   default gstvalue.c:2776:_priv_gst_value_parse_value: trying type name 'string'
0:00:00.017933941  2778 0x556fb4b3c360 LOG   GST_POLL gstpoll.c:994:gst_poll_fd_ctl_write: 0x556fb4b60cc0: pfd->events now 60 (POLLOUT:4)
0:00:00.022599371  2777 0x55eadaba5360 DEBUG   structure gststructure.c:2258:gst_structure_parse_field: trying field name 'klass'
0:00:00.017940753  2778 0x556fb4b3c360 DEBUG   GST_POLL gstpoll.c:979:gst_poll_fd_ctl_write: 0x556fb4b60cc0: fd (fd:0, idx:1), active : 1
0:00:00.022605455  2777 0x55eadaba5360 DEBUG   default gstvalue.c:2776:_priv_gst_value_parse_value: trying type name 'string'
0:00:00.017947374  2778 0x556fb4b3c360 LOG   GST_POLL gstpoll.c:994:gst_poll_fd_ctl_write: 0x556fb4b60cc0: pfd->events now 60 (POLLOUT:4)
0:00:00.022612362  2777 0x55eadaba5360 DEBUG   structure gststructure.c:2258:gst_structure_parse_field: trying field name 'description'
0:00:00.017954124  2778 0x556fb4b3c360 DEBUG   GST_POLL gstpoll.c:979:gst_poll_fd_ctl_write: 0x556fb4b60cc0: fd (fd:0, idx:1), active : 1
0:00:00.022618679  2777 0x55eadaba5360 DEBUG   default gstvalue.c:2776:_priv_gst_value_parse_value: trying type name 'string'
0:00:00.017960524  2778 0x556fb4b3c360 LOG   GST_POLL gstpoll.c:994:gst_poll_fd_ctl_write: 0x556fb4b60cc0: pfd->events now 60 (POLLOUT:4)
0:00:00.022626488  2777 0x55eadaba5360 DEBUG   structure gststructure.c:2258:gst_structure_parse_field: trying field name 'author'
0:00:00.017967239  2778 0x556fb4b3c360 DEBUG   GST_POLL gstpoll.c:979:gst_poll_fd_ctl_write: 0x556fb4b60cc0: fd (fd:0, idx:1), active : 1
0:00:00.022632750  2777 0x55eadaba5360 DEBUG   default gstvalue.c:2776:_priv_gst_value_parse_value: trying type name 'string'
0:00:00.017974757  2778 0x556fb4b3c360 LOG   GST_POLL gstpoll.c:994:gst_poll_fd_ctl_write: 0x556fb4b60cc0: pfd->events now 60 (POLLOUT:4)
0:00:00.022639973  2777 0x55eadaba5360 DEBUG   GST_REGISTRY gstregistrychunks.c:627:gst_registry_chunks_load_feature: Element factory : npadtemplates=2
0:00:00.017981670  2778 0x556fb4b3c360 DEBUG   GST_POLL gstpoll.c:979:gst_poll_fd_ctl_write: 0x556fb4b60cc0: fd (fd:0, idx:1), active : 1
0:00:00.022646270  2777 0x55eadaba5360 DEBUG   GST_REGISTRY gstregistrychunks.c:526:gst_registry_chunks_load_pad_template: Reading/casting for GstRegistryChunkPadTemplate at address 0x55eadabcd450
0:00:00.017988324  2778 0x556fb4b3c360 LOG   GST_POLL gstpoll.c:994:gst_poll_fd_ctl_write: 0x556fb4b60cc0: pfd->events now 60 (POLLOUT:4)
0:00:00.022652755  2777 0x55eadaba5360 DEBUG   GST_REGISTRY gstregistrychunks.c:540:gst_registry_chunks_load_pad_template: Added pad_template sink
0:00:00.017995093  2778 0x556fb4b3c360 DEBUG   GST_POLL gstpoll.c:979:gst_poll_fd_ctl_write: 0x556fb4b60cc0: fd (fd:0, idx:1), active : 1
0:00:00.022662569  2777 0x55eadaba5360 DEBUG   GST_REGISTRY gstregistrychunks.c:526:gst_registry_chunks_load_pad_template: Reading/casting for GstRegistryChunkPadTemplate at address 0x55eadabcd468
0:00:00.018006381  2778 0x556fb4b3c360 LOG   GST_POLL gstpoll.c:994:gst_poll_fd_ctl_write: 0x556fb4b60cc0: pfd->events now 60 (POLLOUT:4)
0:00:00.022669487  2777 0x55eadaba5360 DEBUG   GST_REGISTRY gstregistrychunks.c:540:gst_registry_chunks_load_pad_template: Added pad_template src
0:00:00.018013666  2778 0x556fb4b3c360 DEBUG   GST_POLL gstpoll.c:979:gst_poll_fd_ctl_write: 0x556fb4b60cc0: fd (fd:0, idx:1), active : 1
0:00:00.022677619  2777 0x55eadaba5360 DEBUG   GST_REGISTRY gstregistry.c:589:gst_registry_add_feature: adding feature 0x55eadabd9a40 (capsfilter)
0:00:00.018020034  2778 0x556fb4b3c360 LOG   GST_POLL gstpoll.c:994:gst_poll_fd_ctl_write: 0x556fb4b60cc0: pfd->events now 60 (POLLOUT:4)
0:00:00.022684291  2777 0x55eadaba5360 DEBUG   GST_REFCOUNTING gstobject.c:708:gst_object_set_parent: set parent (ref and sink)
0:00:00.018026971  2778 0x556fb4b3c360 DEBUG   GST_POLL gstpoll.c:979:gst_poll_fd_ctl_write: 0x556fb4b60cc0: fd (fd:0, idx:1), active : 1
0:00:00.022691954  2777 0x55eadaba5360 TRACE   GST_REFCOUNTING gstobject.c:292:gst_object_ref_sink: 0x55eadabd9a40 ref_sink 1->2
0:00:00.018033416  2778 0x556fb4b3c360 LOG   GST_POLL gstpoll.c:994:gst_poll_fd_ctl_write: 0x556fb4b60cc0: pfd->events now 60 (POLLOUT:4)
0:00:00.022699111  2777 0x55eadaba5360 LOG   GST_REGISTRY gstregistry.c:607:gst_registry_add_feature: emitting feature-added for capsfilter
0:00:00.018040802  2778 0x556fb4b3c360 DEBUG   GST_POLL gstpoll.c:979:gst_poll_fd_ctl_write: 0x556fb4b60cc0: fd (fd:0, idx:1), active : 1
0:00:00.022706478  2777 0x55eadaba5360 DEBUG   GST_REGISTRY gstregistrychunks.c:741:gst_registry_chunks_load_feature: Added feature capsfilter, plugin 0x55eadabcb500 coreelements
0:00:00.018047433  2778 0x556fb4b3c360 LOG   GST_POLL gstpoll.c:994:gst_poll_fd_ctl_write: 0x556fb4b60cc0: pfd->events now 60 (POLLOUT:4)
0:00:00.022714150  2777 0x55eadaba5360 LOG   GST_PLUGIN_LOADING gstpluginloader.c:886:handle_rx_packet: marking plugin 0x55eadabcb500 as registered as /home/conan/w/prod/BuildSingleReference/.conan/data/gstreamer/1.19.2/_/_/package/d8cac73bce0dfdb14708c459db4ae84177c23223/lib/gstreamer-1.0/libgstcoreelements.so
0:00:00.018055112  2778 0x556fb4b3c360 DEBUG   GST_POLL gstpoll.c:979:gst_poll_fd_ctl_write: 0x556fb4b60cc0: fd (fd:0, idx:1), active : 1
0:00:00.018063140  2778 0x556fb4b3c360 LOG   GST_POLL gstpoll.c:994:gst_poll_fd_ctl_write: 0x556fb4b60cc0: pfd->events now 60 (POLLOUT:4)
0:00:00.022724821  2777 0x55eadaba5360 DEBUG   GST_POLL gstpoll.c:1414:gst_poll_wait: 0x55eadabca7b0: timeout :0:00:01.000000000
0:00:00.018069557  2778 0x556fb4b3c360 DEBUG   GST_POLL gstpoll.c:979:gst_poll_fd_ctl_write: 0x556fb4b60cc0: fd (fd:0, idx:1), active : 1
0:00:00.018076023  2778 0x556fb4b3c360 LOG   GST_POLL gstpoll.c:994:gst_poll_fd_ctl_write: 0x556fb4b60cc0: pfd->events now 60 (POLLOUT:4)
0:00:00.018082375  2778 0x556fb4b3c360 DEBUG   GST_POLL gstpoll.c:979:gst_poll_fd_ctl_write: 0x556fb4b60cc0: fd (fd:0, idx:1), active : 1
0:00:00.018092259  2778 0x556fb4b3c360 LOG   GST_POLL gstpoll.c:994:gst_poll_fd_ctl_write: 0x556fb4b60cc0: pfd->events now 60 (POLLOUT:4)
0:00:00.018098588  2778 0x556fb4b3c360 DEBUG   GST_POLL gstpoll.c:979:gst_poll_fd_ctl_write: 0x556fb4b60cc0: fd (fd:0, idx:1), active : 1
0:00:00.018104440  2778 0x556fb4b3c360 LOG   GST_POLL gstpoll.c:994:gst_poll_fd_ctl_write: 0x556fb4b60cc0: pfd->events now 60 (POLLOUT:4)
0:00:00.018110752  2778 0x556fb4b3c360 DEBUG   GST_POLL gstpoll.c:979:gst_poll_fd_ctl_write: 0x556fb4b60cc0: fd (fd:0, idx:1), active : 1
0:00:00.018116944  2778 0x556fb4b3c360 LOG   GST_POLL gstpoll.c:994:gst_poll_fd_ctl_write: 0x556fb4b60cc0: pfd->events now 60 (POLLOUT:4)
0:00:00.018123191  2778 0x556fb4b3c360 DEBUG   GST_POLL gstpoll.c:979:gst_poll_fd_ctl_write: 0x556fb4b60cc0: fd (fd:0, idx:1), active : 1
0:00:00.018129092  2778 0x556fb4b3c360 LOG   GST_POLL gstpoll.c:994:gst_poll_fd_ctl_write: 0x556fb4b60cc0: pfd->events now 60 (POLLOUT:4)
0:00:00.018135366  2778 0x556fb4b3c360 DEBUG   GST_POLL gstpoll.c:979:gst_poll_fd_ctl_write: 0x556fb4b60cc0: fd (fd:0, idx:1), active : 1
0:00:00.018141266  2778 0x556fb4b3c360 LOG   GST_POLL gstpoll.c:994:gst_poll_fd_ctl_write: 0x556fb4b60cc0: pfd->events now 60 (POLLOUT:4)
0:00:00.018147487  2778 0x556fb4b3c360 DEBUG   GST_POLL gstpoll.c:979:gst_poll_fd_ctl_write: 0x556fb4b60cc0: fd (fd:0, idx:1), active : 1
0:00:00.018153460  2778 0x556fb4b3c360 LOG   GST_POLL gstpoll.c:994:gst_poll_fd_ctl_write: 0x556fb4b60cc0: pfd->events now 60 (POLLOUT:4)
0:00:00.018159784  2778 0x556fb4b3c360 DEBUG   GST_POLL gstpoll.c:979:gst_poll_fd_ctl_write: 0x556fb4b60cc0: fd (fd:0, idx:1), active : 1
0:00:00.018165705  2778 0x556fb4b3c360 LOG   GST_POLL gstpoll.c:994:gst_poll_fd_ctl_write: 0x556fb4b60cc0: pfd->events now 60 (POLLOUT:4)
0:00:00.018177104  2778 0x556fb4b3c360 DEBUG   GST_POLL gstpoll.c:979:gst_poll_fd_ctl_write: 0x556fb4b60cc0: fd (fd:0, idx:1), active : 1
0:00:00.018183171  2778 0x556fb4b3c360 LOG   GST_POLL gstpoll.c:994:gst_poll_fd_ctl_write: 0x556fb4b60cc0: pfd->events now 60 (POLLOUT:4)
0:00:00.018189379  2778 0x556fb4b3c360 DEBUG   GST_POLL gstpoll.c:979:gst_poll_fd_ctl_write: 0x556fb4b60cc0: fd (fd:0, idx:1), active : 1
0:00:00.018195820  2778 0x556fb4b3c360 LOG   GST_POLL gstpoll.c:994:gst_poll_fd_ctl_write: 0x556fb4b60cc0: pfd->events now 60 (POLLOUT:4)
0:00:00.018206810  2778 0x556fb4b3c360 TRACE   GST_REFCOUNTING gstobject.c:264:gst_object_unref: 0x556fb4b662e0 unref 2->1
0:00:00.018214611  2778 0x556fb4b3c360 DEBUG   GST_POLL gstpoll.c:1241:gst_poll_fd_has_error: 0x556fb4b60cc0: fd (fd:0, idx:1) 0
0:00:00.018221147  2778 0x556fb4b3c360 DEBUG   GST_POLL gstpoll.c:1335:gst_poll_fd_can_write: 0x556fb4b60cc0: fd (fd:0, idx:1) 1
0:00:00.018227397  2778 0x556fb4b3c360 LOG   GST_PLUGIN_LOADING gstpluginloader.c:689:write_one: Writing packet of size 528 bytes to fd 0
0:00:00.018245176  2778 0x556fb4b3c360 DEBUG   GST_POLL gstpoll.c:1414:gst_poll_wait: 0x556fb4b60cc0: timeout :0:00:01.000000000
0:00:00.018255425  2778 0x556fb4b3c360 LOG   GST_PLUGIN_LOADING gstpluginloader.c:1026:exchange_packets: Poll res = 2. 6872 bytes pending for write
0:00:00.022922570  2777 0x55eadaba5360 LOG   GST_PLUGIN_LOADING gstpluginloader.c:1026:exchange_packets: Poll res = 1. 0 bytes pending for write
0:00:00.018267211  2778 0x556fb4b3c360 DEBUG   GST_POLL gstpoll.c:1241:gst_poll_fd_has_error: 0x556fb4b60cc0: fd (fd:5, idx:2) 0
0:00:00.022932357  2777 0x55eadaba5360 DEBUG   GST_POLL gstpoll.c:1241:gst_poll_fd_has_error: 0x55eadabca7b0: fd (fd:8, idx:2) 0
0:00:00.018274393  2778 0x556fb4b3c360 DEBUG   GST_POLL gstpoll.c:1266:gst_poll_fd_can_read_unlocked: 0x556fb4b60cc0: fd (fd:5, idx:2) 1
0:00:00.022939471  2777 0x55eadaba5360 DEBUG   GST_POLL gstpoll.c:1266:gst_poll_fd_can_read_unlocked: 0x55eadabca7b0: fd (fd:8, idx:2) 1
0:00:00.018283799  2778 0x556fb4b3c360 LOG   GST_PLUGIN_LOADING gstpluginloader.c:1004:read_one: No payload to read for 0 length packet type 1 tag 0
0:00:00.022951354  2777 0x55eadaba5360 DEBUG   GST_PLUGIN_LOADING gstpluginloader.c:847:handle_rx_packet: Received plugin details from child w/ tag 2. 516 bytes info
0:00:00.018291383  2778 0x556fb4b3c360 DEBUG   GST_POLL gstpoll.c:1014:gst_poll_fd_ctl_read_unlocked: 0x556fb4b60cc0: fd (fd:5, idx:2), active : 0
0:00:00.022958618  2777 0x55eadaba5360 LOG   GST_REGISTRY gstregistrychunks.c:837:_priv_gst_registry_chunks_load_plugin: Reading/casting for GstRegistryChunkPluginElement at address 0x55eadabcb9b0
0:00:00.018300816  2778 0x556fb4b3c360 DEBUG   GST_POLL gstpoll.c:979:gst_poll_fd_ctl_write: 0x556fb4b60cc0: fd (fd:0, idx:1), active : 1
0:00:00.022967088  2777 0x55eadaba5360 TRACE   GST_REFCOUNTING gstobject.c:208:gst_object_init: 0x55eadabda1f0 new
0:00:00.018307680  2778 0x556fb4b3c360 LOG   GST_POLL gstpoll.c:994:gst_poll_fd_ctl_write: 0x556fb4b60cc0: pfd->events now 60 (POLLOUT:4)
0:00:00.018316241  2778 0x556fb4b3c360 DEBUG   GST_POLL gstpoll.c:1241:gst_poll_fd_has_error: 0x556fb4b60cc0: fd (fd:0, idx:1) 0
0:00:00.022979650  2777 0x55eadaba5360 LOG   GST_REGISTRY gstregistrychunks.c:859:_priv_gst_registry_chunks_load_plugin: read strings for name='coretracers'
0:00:00.018322808  2778 0x556fb4b3c360 DEBUG   GST_POLL gstpoll.c:1335:gst_poll_fd_can_write: 0x556fb4b60cc0: fd (fd:0, idx:1) 1
0:00:00.022986441  2777 0x55eadaba5360 LOG   GST_REGISTRY gstregistrychunks.c:860:_priv_gst_registry_chunks_load_plugin: desc.description='GStreamer core tracers'
0:00:00.018329296  2778 0x556fb4b3c360 LOG   GST_PLUGIN_LOADING gstpluginloader.c:689:write_one: Writing packet of size 6872 bytes to fd 0
0:00:00.022992804  2777 0x55eadaba5360 LOG   GST_REGISTRY gstregistrychunks.c:861:_priv_gst_registry_chunks_load_plugin: filename='/home/conan/w/prod/BuildSingleReference/.conan/data/gstreamer/1.19.2/_/_/package/d8cac73bce0dfdb14708c459db4ae84177c23223/lib/gstreamer-1.0/libgstcoretracers.so'
0:00:00.022998986  2777 0x55eadaba5360 LOG   GST_REGISTRY gstregistrychunks.c:862:_priv_gst_registry_chunks_load_plugin: desc.version='1.19.2'
0:00:00.018340634  2778 0x556fb4b3c360 DEBUG   GST_POLL gstpoll.c:1414:gst_poll_wait: 0x556fb4b60cc0: timeout :0:00:01.000000000
0:00:00.023004414  2777 0x55eadaba5360 LOG   GST_REGISTRY gstregistrychunks.c:863:_priv_gst_registry_chunks_load_plugin: desc.license='LGPL'
0:00:00.018349405  2778 0x556fb4b3c360 LOG   GST_PLUGIN_LOADING gstpluginloader.c:1026:exchange_packets: Poll res = 1. 12 bytes pending for write
0:00:00.023016696  2777 0x55eadaba5360 LOG   GST_REGISTRY gstregistrychunks.c:864:_priv_gst_registry_chunks_load_plugin: desc.source='gstreamer'
0:00:00.018359418  2778 0x556fb4b3c360 DEBUG   GST_POLL gstpoll.c:1241:gst_poll_fd_has_error: 0x556fb4b60cc0: fd (fd:0, idx:1) 0
0:00:00.023022776  2777 0x55eadaba5360 LOG   GST_REGISTRY gstregistrychunks.c:865:_priv_gst_registry_chunks_load_plugin: desc.package='GStreamer source release'
0:00:00.018366353  2778 0x556fb4b3c360 DEBUG   GST_POLL gstpoll.c:1335:gst_poll_fd_can_write: 0x556fb4b60cc0: fd (fd:0, idx:1) 1
0:00:00.023028994  2777 0x55eadaba5360 LOG   GST_REGISTRY gstregistrychunks.c:866:_priv_gst_registry_chunks_load_plugin: desc.origin='Unknown package origin'
0:00:00.018372633  2778 0x556fb4b3c360 LOG   GST_PLUGIN_LOADING gstpluginloader.c:689:write_one: Writing packet of size 12 bytes to fd 0
0:00:00.023035063  2777 0x55eadaba5360 LOG   GST_REGISTRY gstregistrychunks.c:867:_priv_gst_registry_chunks_load_plugin: desc.datetime=2021-09-23
0:00:00.018381149  2778 0x556fb4b3c360 DEBUG   GST_POLL gstpoll.c:979:gst_poll_fd_ctl_write: 0x556fb4b60cc0: fd (fd:0, idx:1), active : 0
