0:00:00.012053362  2778 0x556fb4b3c360 LOG   GST_POLL gstpoll.c:994:gst_poll_fd_ctl_write: 0x556fb4b60cc0: pfd->events now 60 (POLLOUT:4)
0:00:00.012059716  2778 0x556fb4b3c360 DEBUG   GST_POLL gstpoll.c:979:gst_poll_fd_ctl_write: 0x556fb4b60cc0: fd (fd:0, idx:1), active : 1
0:00:00.012065829  2778 0x556fb4b3c360 LOG   GST_POLL gstpoll.c:994:gst_poll_fd_ctl_write: 0x556fb4b60cc0: pfd->events now 60 (POLLOUT:4)
0:00:00.012072162  2778 0x556fb4b3c360 DEBUG   GST_POLL gstpoll.c:979:gst_poll_fd_ctl_write: 0x556fb4b60cc0: fd (fd:0, idx:1), active : 1
0:00:00.012078247  2778 0x556fb4b3c360 LOG   GST_POLL gstpoll.c:994:gst_poll_fd_ctl_write: 0x556fb4b60cc0: pfd->events now 60 (POLLOUT:4)
0:00:00.012084747  2778 0x556fb4b3c360 DEBUG   GST_POLL gstpoll.c:979:gst_poll_fd_ctl_write: 0x556fb4b60cc0: fd (fd:0, idx:1), active : 1
0:00:00.012090951  2778 0x556fb4b3c360 LOG   GST_POLL gstpoll.c:994:gst_poll_fd_ctl_write: 0x556fb4b60cc0: pfd->events now 60 (POLLOUT:4)
0:00:00.012097429  2778 0x556fb4b3c360 DEBUG   GST_POLL gstpoll.c:979:gst_poll_fd_ctl_write: 0x556fb4b60cc0: fd (fd:0, idx:1), active : 1
0:00:00.012103582  2778 0x556fb4b3c360 LOG   GST_POLL gstpoll.c:994:gst_poll_fd_ctl_write: 0x556fb4b60cc0: pfd->events now 60 (POLLOUT:4)
0:00:00.012110153  2778 0x556fb4b3c360 DEBUG   GST_POLL gstpoll.c:979:gst_poll_fd_ctl_write: 0x556fb4b60cc0: fd (fd:0, idx:1), active : 1
0:00:00.012116437  2778 0x556fb4b3c360 LOG   GST_POLL gstpoll.c:994:gst_poll_fd_ctl_write: 0x556fb4b60cc0: pfd->events now 60 (POLLOUT:4)
0:00:00.012122851  2778 0x556fb4b3c360 DEBUG   GST_POLL gstpoll.c:979:gst_poll_fd_ctl_write: 0x556fb4b60cc0: fd (fd:0, idx:1), active : 1
0:00:00.012129008  2778 0x556fb4b3c360 LOG   GST_POLL gstpoll.c:994:gst_poll_fd_ctl_write: 0x556fb4b60cc0: pfd->events now 60 (POLLOUT:4)
0:00:00.012135355  2778 0x556fb4b3c360 DEBUG   GST_POLL gstpoll.c:979:gst_poll_fd_ctl_write: 0x556fb4b60cc0: fd (fd:0, idx:1), active : 1
0:00:00.012141602  2778 0x556fb4b3c360 LOG   GST_POLL gstpoll.c:994:gst_poll_fd_ctl_write: 0x556fb4b60cc0: pfd->events now 60 (POLLOUT:4)
0:00:00.012151760  2778 0x556fb4b3c360 DEBUG   GST_POLL gstpoll.c:979:gst_poll_fd_ctl_write: 0x556fb4b60cc0: fd (fd:0, idx:1), active : 1
0:00:00.012157987  2778 0x556fb4b3c360 LOG   GST_POLL gstpoll.c:994:gst_poll_fd_ctl_write: 0x556fb4b60cc0: pfd->events now 60 (POLLOUT:4)
0:00:00.012164855  2778 0x556fb4b3c360 DEBUG   GST_POLL gstpoll.c:979:gst_poll_fd_ctl_write: 0x556fb4b60cc0: fd (fd:0, idx:1), active : 1
0:00:00.012177096  2778 0x556fb4b3c360 LOG   GST_POLL gstpoll.c:994:gst_poll_fd_ctl_write: 0x556fb4b60cc0: pfd->events now 60 (POLLOUT:4)
0:00:00.012183577  2778 0x556fb4b3c360 DEBUG   GST_POLL gstpoll.c:979:gst_poll_fd_ctl_write: 0x556fb4b60cc0: fd (fd:0, idx:1), active : 1
0:00:00.012189737  2778 0x556fb4b3c360 LOG   GST_POLL gstpoll.c:994:gst_poll_fd_ctl_write: 0x556fb4b60cc0: pfd->events now 60 (POLLOUT:4)
0:00:00.012196165  2778 0x556fb4b3c360 DEBUG   GST_POLL gstpoll.c:979:gst_poll_fd_ctl_write: 0x556fb4b60cc0: fd (fd:0, idx:1), active : 1
0:00:00.012202371  2778 0x556fb4b3c360 LOG   GST_POLL gstpoll.c:994:gst_poll_fd_ctl_write: 0x556fb4b60cc0: pfd->events now 60 (POLLOUT:4)
0:00:00.012208792  2778 0x556fb4b3c360 DEBUG   GST_POLL gstpoll.c:979:gst_poll_fd_ctl_write: 0x556fb4b60cc0: fd (fd:0, idx:1), active : 1
0:00:00.012215023  2778 0x556fb4b3c360 LOG   GST_POLL gstpoll.c:994:gst_poll_fd_ctl_write: 0x556fb4b60cc0: pfd->events now 60 (POLLOUT:4)
0:00:00.012221483  2778 0x556fb4b3c360 DEBUG   GST_POLL gstpoll.c:979:gst_poll_fd_ctl_write: 0x556fb4b60cc0: fd (fd:0, idx:1), active : 1
0:00:00.012227641  2778 0x556fb4b3c360 LOG   GST_POLL gstpoll.c:994:gst_poll_fd_ctl_write: 0x556fb4b60cc0: pfd->events now 60 (POLLOUT:4)
0:00:00.012234211  2778 0x556fb4b3c360 DEBUG   GST_POLL gstpoll.c:979:gst_poll_fd_ctl_write: 0x556fb4b60cc0: fd (fd:0, idx:1), active : 1
0:00:00.012240534  2778 0x556fb4b3c360 LOG   GST_POLL gstpoll.c:994:gst_poll_fd_ctl_write: 0x556fb4b60cc0: pfd->events now 60 (POLLOUT:4)
0:00:00.012247006  2778 0x556fb4b3c360 DEBUG   GST_POLL gstpoll.c:979:gst_poll_fd_ctl_write: 0x556fb4b60cc0: fd (fd:0, idx:1), active : 1
0:00:00.012253173  2778 0x556fb4b3c360 LOG   GST_POLL gstpoll.c:994:gst_poll_fd_ctl_write: 0x556fb4b60cc0: pfd->events now 60 (POLLOUT:4)
0:00:00.012259625  2778 0x556fb4b3c360 DEBUG   GST_POLL gstpoll.c:979:gst_poll_fd_ctl_write: 0x556fb4b60cc0: fd (fd:0, idx:1), active : 1
0:00:00.012265740  2778 0x556fb4b3c360 LOG   GST_POLL gstpoll.c:994:gst_poll_fd_ctl_write: 0x556fb4b60cc0: pfd->events now 60 (POLLOUT:4)
0:00:00.012272089  2778 0x556fb4b3c360 DEBUG   GST_POLL gstpoll.c:979:gst_poll_fd_ctl_write: 0x556fb4b60cc0: fd (fd:0, idx:1), active : 1
0:00:00.012291239  2778 0x556fb4b3c360 LOG   GST_POLL gstpoll.c:994:gst_poll_fd_ctl_write: 0x556fb4b60cc0: pfd->events now 60 (POLLOUT:4)
0:00:00.012297586  2778 0x556fb4b3c360 DEBUG   GST_POLL gstpoll.c:979:gst_poll_fd_ctl_write: 0x556fb4b60cc0: fd (fd:0, idx:1), active : 1
0:00:00.012303740  2778 0x556fb4b3c360 LOG   GST_POLL gstpoll.c:994:gst_poll_fd_ctl_write: 0x556fb4b60cc0: pfd->events now 60 (POLLOUT:4)
0:00:00.012309982  2778 0x556fb4b3c360 DEBUG   GST_POLL gstpoll.c:979:gst_poll_fd_ctl_write: 0x556fb4b60cc0: fd (fd:0, idx:1), active : 1
0:00:00.012319782  2778 0x556fb4b3c360 LOG   GST_POLL gstpoll.c:994:gst_poll_fd_ctl_write: 0x556fb4b60cc0: pfd->events now 60 (POLLOUT:4)
0:00:00.012326092  2778 0x556fb4b3c360 DEBUG   GST_POLL gstpoll.c:979:gst_poll_fd_ctl_write: 0x556fb4b60cc0: fd (fd:0, idx:1), active : 1
0:00:00.012332004  2778 0x556fb4b3c360 LOG   GST_POLL gstpoll.c:994:gst_poll_fd_ctl_write: 0x556fb4b60cc0: pfd->events now 60 (POLLOUT:4)
0:00:00.012338254  2778 0x556fb4b3c360 DEBUG   GST_POLL gstpoll.c:979:gst_poll_fd_ctl_write: 0x556fb4b60cc0: fd (fd:0, idx:1), active : 1
0:00:00.012344334  2778 0x556fb4b3c360 LOG   GST_POLL gstpoll.c:994:gst_poll_fd_ctl_write: 0x556fb4b60cc0: pfd->events now 60 (POLLOUT:4)
0:00:00.012350561  2778 0x556fb4b3c360 DEBUG   GST_POLL gstpoll.c:979:gst_poll_fd_ctl_write: 0x556fb4b60cc0: fd (fd:0, idx:1), active : 1
0:00:00.012356491  2778 0x556fb4b3c360 LOG   GST_POLL gstpoll.c:994:gst_poll_fd_ctl_write: 0x556fb4b60cc0: pfd->events now 60 (POLLOUT:4)
0:00:00.012362622  2778 0x556fb4b3c360 DEBUG   GST_POLL gstpoll.c:979:gst_poll_fd_ctl_write: 0x556fb4b60cc0: fd (fd:0, idx:1), active : 1
0:00:00.012368531  2778 0x556fb4b3c360 LOG   GST_POLL gstpoll.c:994:gst_poll_fd_ctl_write: 0x556fb4b60cc0: pfd->events now 60 (POLLOUT:4)
0:00:00.012374742  2778 0x556fb4b3c360 DEBUG   GST_POLL gstpoll.c:979:gst_poll_fd_ctl_write: 0x556fb4b60cc0: fd (fd:0, idx:1), active : 1
0:00:00.012380676  2778 0x556fb4b3c360 LOG   GST_POLL gstpoll.c:994:gst_poll_fd_ctl_write: 0x556fb4b60cc0: pfd->events now 60 (POLLOUT:4)
0:00:00.012386920  2778 0x556fb4b3c360 DEBUG   GST_POLL gstpoll.c:979:gst_poll_fd_ctl_write: 0x556fb4b60cc0: fd (fd:0, idx:1), active : 1
0:00:00.012392876  2778 0x556fb4b3c360 LOG   GST_POLL gstpoll.c:994:gst_poll_fd_ctl_write: 0x556fb4b60cc0: pfd->events now 60 (POLLOUT:4)
0:00:00.012399077  2778 0x556fb4b3c360 DEBUG   GST_POLL gstpoll.c:979:gst_poll_fd_ctl_write: 0x556fb4b60cc0: fd (fd:0, idx:1), active : 1
0:00:00.012404996  2778 0x556fb4b3c360 LOG   GST_POLL gstpoll.c:994:gst_poll_fd_ctl_write: 0x556fb4b60cc0: pfd->events now 60 (POLLOUT:4)
0:00:00.012411130  2778 0x556fb4b3c360 DEBUG   GST_POLL gstpoll.c:979:gst_poll_fd_ctl_write: 0x556fb4b60cc0: fd (fd:0, idx:1), active : 1
0:00:00.012417072  2778 0x556fb4b3c360 LOG   GST_POLL gstpoll.c:994:gst_poll_fd_ctl_write: 0x556fb4b60cc0: pfd->events now 60 (POLLOUT:4)
0:00:00.012423325  2778 0x556fb4b3c360 DEBUG   GST_POLL gstpoll.c:979:gst_poll_fd_ctl_write: 0x556fb4b60cc0: fd (fd:0, idx:1), active : 1
0:00:00.012429230  2778 0x556fb4b3c360 LOG   GST_POLL gstpoll.c:994:gst_poll_fd_ctl_write: 0x556fb4b60cc0: pfd->events now 60 (POLLOUT:4)
0:00:00.012435429  2778 0x556fb4b3c360 DEBUG   GST_POLL gstpoll.c:979:gst_poll_fd_ctl_write: 0x556fb4b60cc0: fd (fd:0, idx:1), active : 1
0:00:00.012441358  2778 0x556fb4b3c360 LOG   GST_POLL gstpoll.c:994:gst_poll_fd_ctl_write: 0x556fb4b60cc0: pfd->events now 60 (POLLOUT:4)
0:00:00.012447615  2778 0x556fb4b3c360 DEBUG   GST_POLL gstpoll.c:979:gst_poll_fd_ctl_write: 0x556fb4b60cc0: fd (fd:0, idx:1), active : 1
0:00:00.012457087  2778 0x556fb4b3c360 LOG   GST_POLL gstpoll.c:994:gst_poll_fd_ctl_write: 0x556fb4b60cc0: pfd->events now 60 (POLLOUT:4)
0:00:00.012463371  2778 0x556fb4b3c360 LOG   GST_PLUGIN_LOADING gstpluginloader.c:644:put_chunk: Expanding tx buf from 5764 to 7717 for chunk of size 229
0:00:00.012473282  2778 0x556fb4b3c360 DEBUG   GST_POLL gstpoll.c:979:gst_poll_fd_ctl_write: 0x556fb4b60cc0: fd (fd:0, idx:1), active : 1
0:00:00.012479348  2778 0x556fb4b3c360 LOG   GST_POLL gstpoll.c:994:gst_poll_fd_ctl_write: 0x556fb4b60cc0: pfd->events now 60 (POLLOUT:4)
0:00:00.012485641  2778 0x556fb4b3c360 DEBUG   GST_POLL gstpoll.c:979:gst_poll_fd_ctl_write: 0x556fb4b60cc0: fd (fd:0, idx:1), active : 1
0:00:00.012491585  2778 0x556fb4b3c360 LOG   GST_POLL gstpoll.c:994:gst_poll_fd_ctl_write: 0x556fb4b60cc0: pfd->events now 60 (POLLOUT:4)
0:00:00.012497736  2778 0x556fb4b3c360 DEBUG   GST_POLL gstpoll.c:979:gst_poll_fd_ctl_write: 0x556fb4b60cc0: fd (fd:0, idx:1), active : 1
0:00:00.012503640  2778 0x556fb4b3c360 LOG   GST_POLL gstpoll.c:994:gst_poll_fd_ctl_write: 0x556fb4b60cc0: pfd->events now 60 (POLLOUT:4)
0:00:00.012509879  2778 0x556fb4b3c360 DEBUG   GST_POLL gstpoll.c:979:gst_poll_fd_ctl_write: 0x556fb4b60cc0: fd (fd:0, idx:1), active : 1
0:00:00.012515844  2778 0x556fb4b3c360 LOG   GST_POLL gstpoll.c:994:gst_poll_fd_ctl_write: 0x556fb4b60cc0: pfd->events now 60 (POLLOUT:4)
0:00:00.012522031  2778 0x556fb4b3c360 DEBUG   GST_POLL gstpoll.c:979:gst_poll_fd_ctl_write: 0x556fb4b60cc0: fd (fd:0, idx:1), active : 1
0:00:00.012528053  2778 0x556fb4b3c360 LOG   GST_POLL gstpoll.c:994:gst_poll_fd_ctl_write: 0x556fb4b60cc0: pfd->events now 60 (POLLOUT:4)
0:00:00.012534217  2778 0x556fb4b3c360 DEBUG   GST_POLL gstpoll.c:979:gst_poll_fd_ctl_write: 0x556fb4b60cc0: fd (fd:0, idx:1), active : 1
0:00:00.012540182  2778 0x556fb4b3c360 LOG   GST_POLL gstpoll.c:994:gst_poll_fd_ctl_write: 0x556fb4b60cc0: pfd->events now 60 (POLLOUT:4)
0:00:00.012546383  2778 0x556fb4b3c360 DEBUG   GST_POLL gstpoll.c:979:gst_poll_fd_ctl_write: 0x556fb4b60cc0: fd (fd:0, idx:1), active : 1
0:00:00.012552286  2778 0x556fb4b3c360 LOG   GST_POLL gstpoll.c:994:gst_poll_fd_ctl_write: 0x556fb4b60cc0: pfd->events now 60 (POLLOUT:4)
0:00:00.012558470  2778 0x556fb4b3c360 DEBUG   GST_POLL gstpoll.c:979:gst_poll_fd_ctl_write: 0x556fb4b60cc0: fd (fd:0, idx:1), active : 1
0:00:00.012564373  2778 0x556fb4b3c360 LOG   GST_POLL gstpoll.c:994:gst_poll_fd_ctl_write: 0x556fb4b60cc0: pfd->events now 60 (POLLOUT:4)
0:00:00.012570550  2778 0x556fb4b3c360 DEBUG   GST_POLL gstpoll.c:979:gst_poll_fd_ctl_write: 0x556fb4b60cc0: fd (fd:0, idx:1), active : 1
0:00:00.012576441  2778 0x556fb4b3c360 LOG   GST_POLL gstpoll.c:994:gst_poll_fd_ctl_write: 0x556fb4b60cc0: pfd->events now 60 (POLLOUT:4)
0:00:00.012582688  2778 0x556fb4b3c360 DEBUG   GST_POLL gstpoll.c:979:gst_poll_fd_ctl_write: 0x556fb4b60cc0: fd (fd:0, idx:1), active : 1
0:00:00.012588632  2778 0x556fb4b3c360 LOG   GST_POLL gstpoll.c:994:gst_poll_fd_ctl_write: 0x556fb4b60cc0: pfd->events now 60 (POLLOUT:4)
0:00:00.012594794  2778 0x556fb4b3c360 DEBUG   GST_POLL gstpoll.c:979:gst_poll_fd_ctl_write: 0x556fb4b60cc0: fd (fd:0, idx:1), active : 1
0:00:00.012606505  2778 0x556fb4b3c360 LOG   GST_POLL gstpoll.c:994:gst_poll_fd_ctl_write: 0x556fb4b60cc0: pfd->events now 60 (POLLOUT:4)
0:00:00.012612919  2778 0x556fb4b3c360 DEBUG   GST_POLL gstpoll.c:979:gst_poll_fd_ctl_write: 0x556fb4b60cc0: fd (fd:0, idx:1), active : 1
0:00:00.012618837  2778 0x556fb4b3c360 LOG   GST_POLL gstpoll.c:994:gst_poll_fd_ctl_write: 0x556fb4b60cc0: pfd->events now 60 (POLLOUT:4)
0:00:00.012625200  2778 0x556fb4b3c360 DEBUG   GST_POLL gstpoll.c:979:gst_poll_fd_ctl_write: 0x556fb4b60cc0: fd (fd:0, idx:1), active : 1
0:00:00.012631192  2778 0x556fb4b3c360 LOG   GST_POLL gstpoll.c:994:gst_poll_fd_ctl_write: 0x556fb4b60cc0: pfd->events now 60 (POLLOUT:4)
0:00:00.012637364  2778 0x556fb4b3c360 DEBUG   GST_POLL gstpoll.c:979:gst_poll_fd_ctl_write: 0x556fb4b60cc0: fd (fd:0, idx:1), active : 1
0:00:00.012643255  2778 0x556fb4b3c360 LOG   GST_POLL gstpoll.c:994:gst_poll_fd_ctl_write: 0x556fb4b60cc0: pfd->events now 60 (POLLOUT:4)
0:00:00.012649434  2778 0x556fb4b3c360 DEBUG   GST_POLL gstpoll.c:979:gst_poll_fd_ctl_write: 0x556fb4b60cc0: fd (fd:0, idx:1), active : 1
0:00:00.012655328  2778 0x556fb4b3c360 LOG   GST_POLL gstpoll.c:994:gst_poll_fd_ctl_write: 0x556fb4b60cc0: pfd->events now 60 (POLLOUT:4)
0:00:00.012661455  2778 0x556fb4b3c360 DEBUG   GST_POLL gstpoll.c:979:gst_poll_fd_ctl_write: 0x556fb4b60cc0: fd (fd:0, idx:1), active : 1
0:00:00.012667975  2778 0x556fb4b3c360 LOG   GST_POLL gstpoll.c:994:gst_poll_fd_ctl_write: 0x556fb4b60cc0: pfd->events now 60 (POLLOUT:4)
0:00:00.012677682  2778 0x556fb4b3c360 DEBUG   GST_POLL gstpoll.c:979:gst_poll_fd_ctl_write: 0x556fb4b60cc0: fd (fd:0, idx:1), active : 1
0:00:00.012702904  2778 0x556fb4b3c360 LOG   GST_POLL gstpoll.c:994:gst_poll_fd_ctl_write: 0x556fb4b60cc0: pfd->events now 60 (POLLOUT:4)
0:00:00.012728395  2778 0x556fb4b3c360 DEBUG   GST_POLL gstpoll.c:979:gst_poll_fd_ctl_write: 0x556fb4b60cc0: fd (fd:0, idx:1), active : 1
0:00:00.012734560  2778 0x556fb4b3c360 LOG   GST_POLL gstpoll.c:994:gst_poll_fd_ctl_write: 0x556fb4b60cc0: pfd->events now 60 (POLLOUT:4)
0:00:00.012741054  2778 0x556fb4b3c360 DEBUG   GST_POLL gstpoll.c:979:gst_poll_fd_ctl_write: 0x556fb4b60cc0: fd (fd:0, idx:1), active : 1
0:00:00.012747279  2778 0x556fb4b3c360 LOG   GST_POLL gstpoll.c:994:gst_poll_fd_ctl_write: 0x556fb4b60cc0: pfd->events now 60 (POLLOUT:4)
0:00:00.012753804  2778 0x556fb4b3c360 DEBUG   GST_POLL gstpoll.c:979:gst_poll_fd_ctl_write: 0x556fb4b60cc0: fd (fd:0, idx:1), active : 1
0:00:00.012759990  2778 0x556fb4b3c360 LOG   GST_POLL gstpoll.c:994:gst_poll_fd_ctl_write: 0x556fb4b60cc0: pfd->events now 60 (POLLOUT:4)
0:00:00.012766353  2778 0x556fb4b3c360 DEBUG   GST_POLL gstpoll.c:979:gst_poll_fd_ctl_write: 0x556fb4b60cc0: fd (fd:0, idx:1), active : 1
0:00:00.012772473  2778 0x556fb4b3c360 LOG   GST_POLL gstpoll.c:994:gst_poll_fd_ctl_write: 0x556fb4b60cc0: pfd->events now 60 (POLLOUT:4)
0:00:00.012778905  2778 0x556fb4b3c360 DEBUG   GST_POLL gstpoll.c:979:gst_poll_fd_ctl_write: 0x556fb4b60cc0: fd (fd:0, idx:1), active : 1
0:00:00.012790212  2778 0x556fb4b3c360 LOG   GST_POLL gstpoll.c:994:gst_poll_fd_ctl_write: 0x556fb4b60cc0: pfd->events now 60 (POLLOUT:4)
0:00:00.012796637  2778 0x556fb4b3c360 DEBUG   GST_POLL gstpoll.c:979:gst_poll_fd_ctl_write: 0x556fb4b60cc0: fd (fd:0, idx:1), active : 1
0:00:00.012802819  2778 0x556fb4b3c360 LOG   GST_POLL gstpoll.c:994:gst_poll_fd_ctl_write: 0x556fb4b60cc0: pfd->events now 60 (POLLOUT:4)
0:00:00.012809269  2778 0x556fb4b3c360 DEBUG   GST_POLL gstpoll.c:979:gst_poll_fd_ctl_write: 0x556fb4b60cc0: fd (fd:0, idx:1), active : 1
0:00:00.012815470  2778 0x556fb4b3c360 LOG   GST_POLL gstpoll.c:994:gst_poll_fd_ctl_write: 0x556fb4b60cc0: pfd->events now 60 (POLLOUT:4)
0:00:00.012822021  2778 0x556fb4b3c360 DEBUG   GST_POLL gstpoll.c:979:gst_poll_fd_ctl_write: 0x556fb4b60cc0: fd (fd:0, idx:1), active : 1
0:00:00.012828126  2778 0x556fb4b3c360 LOG   GST_POLL gstpoll.c:994:gst_poll_fd_ctl_write: 0x556fb4b60cc0: pfd->events now 60 (POLLOUT:4)
0:00:00.012834775  2778 0x556fb4b3c360 DEBUG   GST_POLL gstpoll.c:979:gst_poll_fd_ctl_write: 0x556fb4b60cc0: fd (fd:0, idx:1), active : 1
0:00:00.012841004  2778 0x556fb4b3c360 LOG   GST_POLL gstpoll.c:994:gst_poll_fd_ctl_write: 0x556fb4b60cc0: pfd->events now 60 (POLLOUT:4)
0:00:00.012847452  2778 0x556fb4b3c360 DEBUG   GST_POLL gstpoll.c:979:gst_poll_fd_ctl_write: 0x556fb4b60cc0: fd (fd:0, idx:1), active : 1
0:00:00.012853583  2778 0x556fb4b3c360 LOG   GST_POLL gstpoll.c:994:gst_poll_fd_ctl_write: 0x556fb4b60cc0: pfd->events now 60 (POLLOUT:4)
0:00:00.012860085  2778 0x556fb4b3c360 DEBUG   GST_POLL gstpoll.c:979:gst_poll_fd_ctl_write: 0x556fb4b60cc0: fd (fd:0, idx:1), active : 1
0:00:00.012866271  2778 0x556fb4b3c360 LOG   GST_POLL gstpoll.c:994:gst_poll_fd_ctl_write: 0x556fb4b60cc0: pfd->events now 60 (POLLOUT:4)
0:00:00.012872729  2778 0x556fb4b3c360 DEBUG   GST_POLL gstpoll.c:979:gst_poll_fd_ctl_write: 0x556fb4b60cc0: fd (fd:0, idx:1), active : 1
0:00:00.012878866  2778 0x556fb4b3c360 LOG   GST_POLL gstpoll.c:994:gst_poll_fd_ctl_write: 0x556fb4b60cc0: pfd->events now 60 (POLLOUT:4)
0:00:00.012885278  2778 0x556fb4b3c360 DEBUG   GST_POLL gstpoll.c:979:gst_poll_fd_ctl_write: 0x556fb4b60cc0: fd (fd:0, idx:1), active : 1
0:00:00.012891512  2778 0x556fb4b3c360 LOG   GST_POLL gstpoll.c:994:gst_poll_fd_ctl_write: 0x556fb4b60cc0: pfd->events now 60 (POLLOUT:4)
0:00:00.012897921  2778 0x556fb4b3c360 DEBUG   GST_POLL gstpoll.c:979:gst_poll_fd_ctl_write: 0x556fb4b60cc0: fd (fd:0, idx:1), active : 1
0:00:00.012904032  2778 0x556fb4b3c360 LOG   GST_POLL gstpoll.c:994:gst_poll_fd_ctl_write: 0x556fb4b60cc0: pfd->events now 60 (POLLOUT:4)
0:00:00.012910496  2778 0x556fb4b3c360 DEBUG   GST_POLL gstpoll.c:979:gst_poll_fd_ctl_write: 0x556fb4b60cc0: fd (fd:0, idx:1), active : 1
0:00:00.012916604  2778 0x556fb4b3c360 LOG   GST_POLL gstpoll.c:994:gst_poll_fd_ctl_write: 0x556fb4b60cc0: pfd->events now 60 (POLLOUT:4)
0:00:00.012923099  2778 0x556fb4b3c360 DEBUG   GST_POLL gstpoll.c:979:gst_poll_fd_ctl_write: 0x556fb4b60cc0: fd (fd:0, idx:1), active : 1
0:00:00.012933011  2778 0x556fb4b3c360 LOG   GST_POLL gstpoll.c:994:gst_poll_fd_ctl_write: 0x556fb4b60cc0: pfd->events now 60 (POLLOUT:4)
0:00:00.012939484  2778 0x556fb4b3c360 DEBUG   GST_POLL gstpoll.c:979:gst_poll_fd_ctl_write: 0x556fb4b60cc0: fd (fd:0, idx:1), active : 1
0:00:00.012945729  2778 0x556fb4b3c360 LOG   GST_POLL gstpoll.c:994:gst_poll_fd_ctl_write: 0x556fb4b60cc0: pfd->events now 60 (POLLOUT:4)
0:00:00.012952163  2778 0x556fb4b3c360 DEBUG   GST_POLL gstpoll.c:979:gst_poll_fd_ctl_write: 0x556fb4b60cc0: fd (fd:0, idx:1), active : 1
0:00:00.012958272  2778 0x556fb4b3c360 LOG   GST_POLL gstpoll.c:994:gst_poll_fd_ctl_write: 0x556fb4b60cc0: pfd->events now 60 (POLLOUT:4)
0:00:00.012964657  2778 0x556fb4b3c360 DEBUG   GST_POLL gstpoll.c:979:gst_poll_fd_ctl_write: 0x556fb4b60cc0: fd (fd:0, idx:1), active : 1
0:00:00.012970793  2778 0x556fb4b3c360 LOG   GST_POLL gstpoll.c:994:gst_poll_fd_ctl_write: 0x556fb4b60cc0: pfd->events now 60 (POLLOUT:4)
0:00:00.012977212  2778 0x556fb4b3c360 DEBUG   GST_POLL gstpoll.c:979:gst_poll_fd_ctl_write: 0x556fb4b60cc0: fd (fd:0, idx:1), active : 1
0:00:00.012983366  2778 0x556fb4b3c360 LOG   GST_POLL gstpoll.c:994:gst_poll_fd_ctl_write: 0x556fb4b60cc0: pfd->events now 60 (POLLOUT:4)
0:00:00.012989821  2778 0x556fb4b3c360 DEBUG   GST_POLL gstpoll.c:979:gst_poll_fd_ctl_write: 0x556fb4b60cc0: fd (fd:0, idx:1), active : 1
0:00:00.012995961  2778 0x556fb4b3c360 LOG   GST_POLL gstpoll.c:994:gst_poll_fd_ctl_write: 0x556fb4b60cc0: pfd->events now 60 (POLLOUT:4)
0:00:00.013002399  2778 0x556fb4b3c360 DEBUG   GST_POLL gstpoll.c:979:gst_poll_fd_ctl_write: 0x556fb4b60cc0: fd (fd:0, idx:1), active : 1
0:00:00.013008661  2778 0x556fb4b3c360 LOG   GST_POLL gstpoll.c:994:gst_poll_fd_ctl_write: 0x556fb4b60cc0: pfd->events now 60 (POLLOUT:4)
0:00:00.013015129  2778 0x556fb4b3c360 DEBUG   GST_POLL gstpoll.c:979:gst_poll_fd_ctl_write: 0x556fb4b60cc0: fd (fd:0, idx:1), active : 1
0:00:00.013021318  2778 0x556fb4b3c360 LOG   GST_POLL gstpoll.c:994:gst_poll_fd_ctl_write: 0x556fb4b60cc0: pfd->events now 60 (POLLOUT:4)
0:00:00.013027738  2778 0x556fb4b3c360 DEBUG   GST_POLL gstpoll.c:979:gst_poll_fd_ctl_write: 0x556fb4b60cc0: fd (fd:0, idx:1), active : 1
0:00:00.013033900  2778 0x556fb4b3c360 LOG   GST_POLL gstpoll.c:994:gst_poll_fd_ctl_write: 0x556fb4b60cc0: pfd->events now 60 (POLLOUT:4)
0:00:00.013040382  2778 0x556fb4b3c360 DEBUG   GST_POLL gstpoll.c:979:gst_poll_fd_ctl_write: 0x556fb4b60cc0: fd (fd:0, idx:1), active : 1
0:00:00.013046486  2778 0x556fb4b3c360 LOG   GST_POLL gstpoll.c:994:gst_poll_fd_ctl_write: 0x556fb4b60cc0: pfd->events now 60 (POLLOUT:4)
0:00:00.013052913  2778 0x556fb4b3c360 DEBUG   GST_POLL gstpoll.c:979:gst_poll_fd_ctl_write: 0x556fb4b60cc0: fd (fd:0, idx:1), active : 1
0:00:00.013059014  2778 0x556fb4b3c360 LOG   GST_POLL gstpoll.c:994:gst_poll_fd_ctl_write: 0x556fb4b60cc0: pfd->events now 60 (POLLOUT:4)
0:00:00.013065400  2778 0x556fb4b3c360 DEBUG   GST_POLL gstpoll.c:979:gst_poll_fd_ctl_write: 0x556fb4b60cc0: fd (fd:0, idx:1), active : 1
0:00:00.013071518  2778 0x556fb4b3c360 LOG   GST_POLL gstpoll.c:994:gst_poll_fd_ctl_write: 0x556fb4b60cc0: pfd->events now 60 (POLLOUT:4)
0:00:00.013081927  2778 0x556fb4b3c360 DEBUG   GST_POLL gstpoll.c:979:gst_poll_fd_ctl_write: 0x556fb4b60cc0: fd (fd:0, idx:1), active : 1
0:00:00.013088187  2778 0x556fb4b3c360 LOG   GST_POLL gstpoll.c:994:gst_poll_fd_ctl_write: 0x556fb4b60cc0: pfd->events now 60 (POLLOUT:4)
0:00:00.013094652  2778 0x556fb4b3c360 DEBUG   GST_POLL gstpoll.c:979:gst_poll_fd_ctl_write: 0x556fb4b60cc0: fd (fd:0, idx:1), active : 1
0:00:00.013100763  2778 0x556fb4b3c360 LOG   GST_POLL gstpoll.c:994:gst_poll_fd_ctl_write: 0x556fb4b60cc0: pfd->events now 60 (POLLOUT:4)
0:00:00.013107172  2778 0x556fb4b3c360 DEBUG   GST_POLL gstpoll.c:979:gst_poll_fd_ctl_write: 0x556fb4b60cc0: fd (fd:0, idx:1), active : 1
0:00:00.013113295  2778 0x556fb4b3c360 LOG   GST_POLL gstpoll.c:994:gst_poll_fd_ctl_write: 0x556fb4b60cc0: pfd->events now 60 (POLLOUT:4)
0:00:00.013119823  2778 0x556fb4b3c360 DEBUG   GST_POLL gstpoll.c:979:gst_poll_fd_ctl_write: 0x556fb4b60cc0: fd (fd:0, idx:1), active : 1
0:00:00.013125899  2778 0x556fb4b3c360 LOG   GST_POLL gstpoll.c:994:gst_poll_fd_ctl_write: 0x556fb4b60cc0: pfd->events now 60 (POLLOUT:4)
0:00:00.013132326  2778 0x556fb4b3c360 DEBUG   GST_POLL gstpoll.c:979:gst_poll_fd_ctl_write: 0x556fb4b60cc0: fd (fd:0, idx:1), active : 1
0:00:00.013138409  2778 0x556fb4b3c360 LOG   GST_POLL gstpoll.c:994:gst_poll_fd_ctl_write: 0x556fb4b60cc0: pfd->events now 60 (POLLOUT:4)
0:00:00.013144803  2778 0x556fb4b3c360 DEBUG   GST_POLL gstpoll.c:979:gst_poll_fd_ctl_write: 0x556fb4b60cc0: fd (fd:0, idx:1), active : 1
0:00:00.013150977  2778 0x556fb4b3c360 LOG   GST_POLL gstpoll.c:994:gst_poll_fd_ctl_write: 0x556fb4b60cc0: pfd->events now 60 (POLLOUT:4)
0:00:00.013157511  2778 0x556fb4b3c360 DEBUG   GST_POLL gstpoll.c:979:gst_poll_fd_ctl_write: 0x556fb4b60cc0: fd (fd:0, idx:1), active : 1
0:00:00.013163692  2778 0x556fb4b3c360 LOG   GST_POLL gstpoll.c:994:gst_poll_fd_ctl_write: 0x556fb4b60cc0: pfd->events now 60 (POLLOUT:4)
0:00:00.013174053  2778 0x556fb4b3c360 DEBUG   GST_POLL gstpoll.c:979:gst_poll_fd_ctl_write: 0x556fb4b60cc0: fd (fd:0, idx:1), active : 1
0:00:00.013180430  2778 0x556fb4b3c360 LOG   GST_POLL gstpoll.c:994:gst_poll_fd_ctl_write: 0x556fb4b60cc0: pfd->events now 60 (POLLOUT:4)
0:00:00.013187015  2778 0x556fb4b3c360 DEBUG   GST_POLL gstpoll.c:979:gst_poll_fd_ctl_write: 0x556fb4b60cc0: fd (fd:0, idx:1), active : 1
0:00:00.013193089  2778 0x556fb4b3c360 LOG   GST_POLL gstpoll.c:994:gst_poll_fd_ctl_write: 0x556fb4b60cc0: pfd->events now 60 (POLLOUT:4)
0:00:00.013199427  2778 0x556fb4b3c360 DEBUG   GST_POLL gstpoll.c:979:gst_poll_fd_ctl_write: 0x556fb4b60cc0: fd (fd:0, idx:1), active : 1
0:00:00.013205586  2778 0x556fb4b3c360 LOG   GST_POLL gstpoll.c:994:gst_poll_fd_ctl_write: 0x556fb4b60cc0: pfd->events now 60 (POLLOUT:4)
0:00:00.013217064  2778 0x556fb4b3c360 TRACE   GST_REFCOUNTING gstobject.c:264:gst_object_unref: 0x556fb4b662e0 unref 2->1
0:00:00.013225489  2778 0x556fb4b3c360 DEBUG   GST_POLL gstpoll.c:1241:gst_poll_fd_has_error: 0x556fb4b60cc0: fd (fd:0, idx:1) 0
0:00:00.013236245  2778 0x556fb4b3c360 DEBUG   GST_POLL gstpoll.c:1335:gst_poll_fd_can_write: 0x556fb4b60cc0: fd (fd:0, idx:1) 1
0:00:00.013242846  2778 0x556fb4b3c360 LOG   GST_PLUGIN_LOADING gstpluginloader.c:689:write_one: Writing packet of size 528 bytes to fd 0
0:00:00.013264572  2778 0x556fb4b3c360 DEBUG   GST_POLL gstpoll.c:1414:gst_poll_wait: 0x556fb4b60cc0: timeout :0:00:01.000000000
0:00:00.013276639  2778 0x556fb4b3c360 LOG   GST_PLUGIN_LOADING gstpluginloader.c:1026:exchange_packets: Poll res = 2. 6872 bytes pending for write
0:00:00.013283860  2778 0x556fb4b3c360 DEBUG   GST_POLL gstpoll.c:1241:gst_poll_fd_has_error: 0x556fb4b60cc0: fd (fd:5, idx:2) 0
0:00:00.013290567  2778 0x556fb4b3c360 DEBUG   GST_POLL gstpoll.c:1266:gst_poll_fd_can_read_unlocked: 0x556fb4b60cc0: fd (fd:5, idx:2) 1
0:00:00.017956576  2777 0x55eadaba5360 LOG   GST_PLUGIN_LOADING gstpluginloader.c:1026:exchange_packets: Poll res = 1. 0 bytes pending for write
0:00:00.013301494  2778 0x556fb4b3c360 DEBUG   GST_PLUGIN_LOADING gstpluginloader.c:721:do_plugin_load: Plugin scanner loading file /home/conan/w/prod/BuildSingleReference/.conan/data/gstreamer/1.19.2/_/_/package/d8cac73bce0dfdb14708c459db4ae84177c23223/lib/gstreamer-1.0/libgstcoretracers.so. tag 2
0:00:00.017975254  2777 0x55eadaba5360 DEBUG   GST_POLL gstpoll.c:1241:gst_poll_fd_has_error: 0x55eadabca7b0: fd (fd:8, idx:2) 0
0:00:00.013317500  2778 0x556fb4b3c360 TRACE   GST_REFCOUNTING gstobject.c:237:gst_object_ref: 0x556fb4b623c0 ref 1->2
0:00:00.017984162  2777 0x55eadaba5360 DEBUG   GST_POLL gstpoll.c:1266:gst_poll_fd_can_read_unlocked: 0x55eadabca7b0: fd (fd:8, idx:2) 1
0:00:00.013327252  2778 0x556fb4b3c360 TRACE   GST_REFCOUNTING gstobject.c:237:gst_object_ref: 0x556fb4b643f0 ref 1->2
0:00:00.017994165  2777 0x55eadaba5360 LOG   GST_PLUGIN_LOADING gstpluginloader.c:984:read_one: Expanding rx buf from 512 to 1040
0:00:00.013335180  2778 0x556fb4b3c360 TRACE   GST_REFCOUNTING gstobject.c:237:gst_object_ref: 0x556fb4b64190 ref 1->2
0:00:00.013343772  2778 0x556fb4b3c360 TRACE   GST_REFCOUNTING gstobject.c:237:gst_object_ref: 0x556fb4b63f10 ref 1->2
0:00:00.013351235  2778 0x556fb4b3c360 TRACE   GST_REFCOUNTING gstobject.c:237:gst_object_ref: 0x556fb4b63bf0 ref 1->2
0:00:00.018013013  2777 0x55eadaba5360 DEBUG   GST_PLUGIN_LOADING gstpluginloader.c:847:handle_rx_packet: Received plugin details from child w/ tag 0. 516 bytes info
0:00:00.013358540  2778 0x556fb4b3c360 TRACE   GST_REFCOUNTING gstobject.c:237:gst_object_ref: 0x556fb4b63920 ref 1->2
0:00:00.018021645  2777 0x55eadaba5360 LOG   GST_REGISTRY gstregistrychunks.c:837:_priv_gst_registry_chunks_load_plugin: Reading/casting for GstRegistryChunkPluginElement at address 0x55eadabcac00
0:00:00.013366152  2778 0x556fb4b3c360 TRACE   GST_REFCOUNTING gstobject.c:237:gst_object_ref: 0x556fb4b63410 ref 1->2
0:00:00.013377683  2778 0x556fb4b3c360 TRACE   GST_REFCOUNTING gstobject.c:264:gst_object_unref: 0x556fb4b63410 unref 2->1
0:00:00.018040601  2777 0x55eadaba5360 TRACE   GST_REFCOUNTING gstobject.c:208:gst_object_init: 0x55eadabd52f0 new
0:00:00.013385096  2778 0x556fb4b3c360 TRACE   GST_REFCOUNTING gstobject.c:264:gst_object_unref: 0x556fb4b63920 unref 2->1
0:00:00.013399860  2778 0x556fb4b3c360 TRACE   GST_REFCOUNTING gstobject.c:264:gst_object_unref: 0x556fb4b63bf0 unref 2->1
0:00:00.013406903  2778 0x556fb4b3c360 TRACE   GST_REFCOUNTING gstobject.c:264:gst_object_unref: 0x556fb4b63f10 unref 2->1
0:00:00.013413905  2778 0x556fb4b3c360 TRACE   GST_REFCOUNTING gstobject.c:264:gst_object_unref: 0x556fb4b64190 unref 2->1
0:00:00.013420779  2778 0x556fb4b3c360 TRACE   GST_REFCOUNTING gstobject.c:264:gst_object_unref: 0x556fb4b643f0 unref 2->1
0:00:00.018083018  2777 0x55eadaba5360 LOG   GST_REGISTRY gstregistrychunks.c:859:_priv_gst_registry_chunks_load_plugin: read strings for name='coretracers'
0:00:00.013429548  2778 0x556fb4b3c360 DEBUG   GST_REGISTRY gstregistrychunks.c:498:_priv_gst_registry_chunks_save_plugin: Found 6 features in plugin 0x556fb4b623c0 (coretracers)
0:00:00.018090955  2777 0x55eadaba5360 LOG   GST_REGISTRY gstregistrychunks.c:860:_priv_gst_registry_chunks_load_plugin: desc.description='GStreamer core tracers'
0:00:00.013437317  2778 0x556fb4b3c360 DEBUG   GST_POLL gstpoll.c:979:gst_poll_fd_ctl_write: 0x556fb4b60cc0: fd (fd:0, idx:1), active : 1
0:00:00.018099313  2777 0x55eadaba5360 LOG   GST_REGISTRY gstregistrychunks.c:861:_priv_gst_registry_chunks_load_plugin: filename='/home/conan/w/prod/BuildSingleReference/.conan/data/gstreamer/1.19.2/_/_/package/d8cac73bce0dfdb14708c459db4ae84177c23223/lib/gstreamer-1.0/libgstcoretracers.so'
0:00:00.013444367  2778 0x556fb4b3c360 LOG   GST_POLL gstpoll.c:994:gst_poll_fd_ctl_write: 0x556fb4b60cc0: pfd->events now 60 (POLLOUT:4)
0:00:00.018106757  2777 0x55eadaba5360 LOG   GST_REGISTRY gstregistrychunks.c:862:_priv_gst_registry_chunks_load_plugin: desc.version='1.19.2'
0:00:00.013451565  2778 0x556fb4b3c360 DEBUG   GST_POLL gstpoll.c:979:gst_poll_fd_ctl_write: 0x556fb4b60cc0: fd (fd:0, idx:1), active : 1
0:00:00.018113604  2777 0x55eadaba5360 LOG   GST_REGISTRY gstregistrychunks.c:863:_priv_gst_registry_chunks_load_plugin: desc.license='LGPL'
0:00:00.013458372  2778 0x556fb4b3c360 LOG   GST_POLL gstpoll.c:994:gst_poll_fd_ctl_write: 0x556fb4b60cc0: pfd->events now 60 (POLLOUT:4)
0:00:00.018120813  2777 0x55eadaba5360 LOG   GST_REGISTRY gstregistrychunks.c:864:_priv_gst_registry_chunks_load_plugin: desc.source='gstreamer'
0:00:00.013465417  2778 0x556fb4b3c360 DEBUG   GST_POLL gstpoll.c:979:gst_poll_fd_ctl_write: 0x556fb4b60cc0: fd (fd:0, idx:1), active : 1
0:00:00.018127508  2777 0x55eadaba5360 LOG   GST_REGISTRY gstregistrychunks.c:865:_priv_gst_registry_chunks_load_plugin: desc.package='GStreamer source release'
0:00:00.013472061  2778 0x556fb4b3c360 LOG   GST_POLL gstpoll.c:994:gst_poll_fd_ctl_write: 0x556fb4b60cc0: pfd->events now 60 (POLLOUT:4)
0:00:00.018134742  2777 0x55eadaba5360 LOG   GST_REGISTRY gstregistrychunks.c:866:_priv_gst_registry_chunks_load_plugin: desc.origin='Unknown package origin'
0:00:00.013478998  2778 0x556fb4b3c360 DEBUG   GST_POLL gstpoll.c:979:gst_poll_fd_ctl_write: 0x556fb4b60cc0: fd (fd:0, idx:1), active : 1
0:00:00.018141205  2777 0x55eadaba5360 LOG   GST_REGISTRY gstregistrychunks.c:867:_priv_gst_registry_chunks_load_plugin: desc.datetime=2021-09-23
0:00:00.013492315  2778 0x556fb4b3c360 LOG   GST_POLL gstpoll.c:994:gst_poll_fd_ctl_write: 0x556fb4b60cc0: pfd->events now 60 (POLLOUT:4)
0:00:00.018158692  2777 0x55eadaba5360 DEBUG   GST_REGISTRY gstregistry.c:473:gst_registry_add_plugin: adding plugin 0x55eadabd52f0 for filename "/home/conan/w/prod/BuildSingleReference/.conan/data/gstreamer/1.19.2/_/_/package/d8cac73bce0dfdb14708c459db4ae84177c23223/lib/gstreamer-1.0/libgstcoretracers.so"
0:00:00.013499277  2778 0x556fb4b3c360 DEBUG   GST_POLL gstpoll.c:979:gst_poll_fd_ctl_write: 0x556fb4b60cc0: fd (fd:0, idx:1), active : 1
0:00:00.013507772  2778 0x556fb4b3c360 LOG   GST_POLL gstpoll.c:994:gst_poll_fd_ctl_write: 0x556fb4b60cc0: pfd->events now 60 (POLLOUT:4)
0:00:00.018169664  2777 0x55eadaba5360 TRACE   GST_REFCOUNTING gstobject.c:292:gst_object_ref_sink: 0x55eadabd52f0 ref_sink 1->2
0:00:00.013514239  2778 0x556fb4b3c360 DEBUG   GST_POLL gstpoll.c:979:gst_poll_fd_ctl_write: 0x556fb4b60cc0: fd (fd:0, idx:1), active : 1
0:00:00.018178351  2777 0x55eadaba5360 LOG   GST_REGISTRY gstregistry.c:486:gst_registry_add_plugin: emitting plugin-added for filename "/home/conan/w/prod/BuildSingleReference/.conan/data/gstreamer/1.19.2/_/_/package/d8cac73bce0dfdb14708c459db4ae84177c23223/lib/gstreamer-1.0/libgstcoretracers.so"
0:00:00.013520780  2778 0x556fb4b3c360 LOG   GST_POLL gstpoll.c:994:gst_poll_fd_ctl_write: 0x556fb4b60cc0: pfd->events now 60 (POLLOUT:4)
0:00:00.018186361  2777 0x55eadaba5360 DEBUG   GST_REGISTRY gstregistrychunks.c:887:_priv_gst_registry_chunks_load_plugin: Added plugin 'coretracers' plugin with 6 features from binary registry
0:00:00.013527891  2778 0x556fb4b3c360 DEBUG   GST_POLL gstpoll.c:979:gst_poll_fd_ctl_write: 0x556fb4b60cc0: fd (fd:0, idx:1), active : 1
0:00:00.018194289  2777 0x55eadaba5360 DEBUG   GST_REGISTRY gstregistrychunks.c:583:gst_registry_chunks_load_feature: Plugin 'coretracers' feature 'factories' typename : 'GstTracerFactory'
0:00:00.013534936  2778 0x556fb4b3c360 LOG   GST_POLL gstpoll.c:994:gst_poll_fd_ctl_write: 0x556fb4b60cc0: pfd->events now 60 (POLLOUT:4)
0:00:00.013543027  2778 0x556fb4b3c360 DEBUG   GST_POLL gstpoll.c:979:gst_poll_fd_ctl_write: 0x556fb4b60cc0: fd (fd:0, idx:1), active : 1
0:00:00.018207774  2777 0x55eadaba5360 TRACE   GST_REFCOUNTING gstobject.c:208:gst_object_init: 0x55eadabd4090 new
0:00:00.013549177  2778 0x556fb4b3c360 LOG   GST_POLL gstpoll.c:994:gst_poll_fd_ctl_write: 0x556fb4b60cc0: pfd->events now 60 (POLLOUT:4)
0:00:00.013557499  2778 0x556fb4b3c360 DEBUG   GST_POLL gstpoll.c:979:gst_poll_fd_ctl_write: 0x556fb4b60cc0: fd (fd:0, idx:1), active : 1
0:00:00.018219002  2777 0x55eadaba5360 DEBUG   GST_REGISTRY gstregistrychunks.c:717:gst_registry_chunks_load_feature: Reading/casting for GstRegistryChunkPluginFeature at address 0x55eadabcad50
0:00:00.013563799  2778 0x556fb4b3c360 LOG   GST_POLL gstpoll.c:994:gst_poll_fd_ctl_write: 0x556fb4b60cc0: pfd->events now 60 (POLLOUT:4)
0:00:00.018228816  2777 0x55eadaba5360 DEBUG   GST_REGISTRY gstregistry.c:589:gst_registry_add_feature: adding feature 0x55eadabd4090 (factories)
0:00:00.013570786  2778 0x556fb4b3c360 DEBUG   GST_POLL gstpoll.c:979:gst_poll_fd_ctl_write: 0x556fb4b60cc0: fd (fd:0, idx:1), active : 1
0:00:00.013582526  2778 0x556fb4b3c360 LOG   GST_POLL gstpoll.c:994:gst_poll_fd_ctl_write: 0x556fb4b60cc0: pfd->events now 60 (POLLOUT:4)
0:00:00.018244266  2777 0x55eadaba5360 DEBUG   GST_REFCOUNTING gstobject.c:708:gst_object_set_parent: set parent (ref and sink)
0:00:00.013589115  2778 0x556fb4b3c360 LOG   GST_PLUGIN_LOADING gstpluginloader.c:644:put_chunk: Expanding tx buf from 7717 to 10158 for chunk of size 11
0:00:00.018252890  2777 0x55eadaba5360 TRACE   GST_REFCOUNTING gstobject.c:292:gst_object_ref_sink: 0x55eadabd4090 ref_sink 1->2
0:00:00.013596638  2778 0x556fb4b3c360 DEBUG   GST_POLL gstpoll.c:979:gst_poll_fd_ctl_write: 0x556fb4b60cc0: fd (fd:0, idx:1), active : 1
0:00:00.018260641  2777 0x55eadaba5360 LOG   GST_REGISTRY gstregistry.c:607:gst_registry_add_feature: emitting feature-added for factories
0:00:00.013603459  2778 0x556fb4b3c360 LOG   GST_POLL gstpoll.c:994:gst_poll_fd_ctl_write: 0x556fb4b60cc0: pfd->events now 60 (POLLOUT:4)
0:00:00.018268668  2777 0x55eadaba5360 DEBUG   GST_REGISTRY gstregistrychunks.c:741:gst_registry_chunks_load_feature: Added feature factories, plugin 0x55eadabd52f0 coretracers
0:00:00.013610421  2778 0x556fb4b3c360 DEBUG   GST_POLL gstpoll.c:979:gst_poll_fd_ctl_write: 0x556fb4b60cc0: fd (fd:0, idx:1), active : 1
0:00:00.018276170  2777 0x55eadaba5360 DEBUG   GST_REGISTRY gstregistrychunks.c:583:gst_registry_chunks_load_feature: Plugin 'coretracers' feature 'leaks' typename : 'GstTracerFactory'
0:00:00.013616999  2778 0x556fb4b3c360 LOG   GST_POLL gstpoll.c:994:gst_poll_fd_ctl_write: 0x556fb4b60cc0: pfd->events now 60 (POLLOUT:4)
0:00:00.013625093  2778 0x556fb4b3c360 DEBUG   GST_POLL gstpoll.c:979:gst_poll_fd_ctl_write: 0x556fb4b60cc0: fd (fd:0, idx:1), active : 1
0:00:00.018285037  2777 0x55eadaba5360 TRACE   GST_REFCOUNTING gstobject.c:208:gst_object_init: 0x55eadabd4fe0 new
0:00:00.013631387  2778 0x556fb4b3c360 LOG   GST_POLL gstpoll.c:994:gst_poll_fd_ctl_write: 0x556fb4b60cc0: pfd->events now 60 (POLLOUT:4)
0:00:00.018295829  2777 0x55eadaba5360 DEBUG   GST_REGISTRY gstregistrychunks.c:717:gst_registry_chunks_load_feature: Reading/casting for GstRegistryChunkPluginFeature at address 0x55eadabcad70
0:00:00.013638337  2778 0x556fb4b3c360 DEBUG   GST_POLL gstpoll.c:979:gst_poll_fd_ctl_write: 0x556fb4b60cc0: fd (fd:0, idx:1), active : 1
0:00:00.018304292  2777 0x55eadaba5360 DEBUG   GST_REGISTRY gstregistry.c:589:gst_registry_add_feature: adding feature 0x55eadabd4fe0 (leaks)
0:00:00.013644977  2778 0x556fb4b3c360 LOG   GST_POLL gstpoll.c:994:gst_poll_fd_ctl_write: 0x556fb4b60cc0: pfd->events now 60 (POLLOUT:4)
0:00:00.018311264  2777 0x55eadaba5360 DEBUG   GST_REFCOUNTING gstobject.c:708:gst_object_set_parent: set parent (ref and sink)
0:00:00.013653121  2778 0x556fb4b3c360 DEBUG   GST_POLL gstpoll.c:979:gst_poll_fd_ctl_write: 0x556fb4b60cc0: fd (fd:0, idx:1), active : 1
0:00:00.018319204  2777 0x55eadaba5360 TRACE   GST_REFCOUNTING gstobject.c:292:gst_object_ref_sink: 0x55eadabd4fe0 ref_sink 1->2
0:00:00.013659815  2778 0x556fb4b3c360 LOG   GST_POLL gstpoll.c:994:gst_poll_fd_ctl_write: 0x556fb4b60cc0: pfd->events now 60 (POLLOUT:4)
0:00:00.018345327  2777 0x55eadaba5360 LOG   GST_REGISTRY gstregistry.c:607:gst_registry_add_feature: emitting feature-added for leaks
0:00:00.013691441  2778 0x556fb4b3c360 DEBUG   GST_POLL gstpoll.c:979:gst_poll_fd_ctl_write: 0x556fb4b60cc0: fd (fd:0, idx:1), active : 1
0:00:00.018354644  2777 0x55eadaba5360 DEBUG   GST_REGISTRY gstregistrychunks.c:741:gst_registry_chunks_load_feature: Added feature leaks, plugin 0x55eadabd52f0 coretracers
0:00:00.013703138  2778 0x556fb4b3c360 LOG   GST_POLL gstpoll.c:994:gst_poll_fd_ctl_write: 0x556fb4b60cc0: pfd->events now 60 (POLLOUT:4)
0:00:00.018365588  2777 0x55eadaba5360 DEBUG   GST_REGISTRY gstregistrychunks.c:583:gst_registry_chunks_load_feature: Plugin 'coretracers' feature 'stats' typename : 'GstTracerFactory'
0:00:00.013711389  2778 0x556fb4b3c360 DEBUG   GST_POLL gstpoll.c:979:gst_poll_fd_ctl_write: 0x556fb4b60cc0: fd (fd:0, idx:1), active : 1
0:00:00.018375797  2777 0x55eadaba5360 TRACE   GST_REFCOUNTING gstobject.c:208:gst_object_init: 0x55eadabcb010 new
0:00:00.013717906  2778 0x556fb4b3c360 LOG   GST_POLL gstpoll.c:994:gst_poll_fd_ctl_write: 0x556fb4b60cc0: pfd->events now 60 (POLLOUT:4)
0:00:00.018384873  2777 0x55eadaba5360 DEBUG   GST_REGISTRY gstregistrychunks.c:717:gst_registry_chunks_load_feature: Reading/casting for GstRegistryChunkPluginFeature at address 0x55eadabcad90
0:00:00.013725343  2778 0x556fb4b3c360 DEBUG   GST_POLL gstpoll.c:979:gst_poll_fd_ctl_write: 0x556fb4b60cc0: fd (fd:0, idx:1), active : 1
0:00:00.018392905  2777 0x55eadaba5360 DEBUG   GST_REGISTRY gstregistry.c:589:gst_registry_add_feature: adding feature 0x55eadabcb010 (stats)
0:00:00.013733353  2778 0x556fb4b3c360 LOG   GST_POLL gstpoll.c:994:gst_poll_fd_ctl_write: 0x556fb4b60cc0: pfd->events now 60 (POLLOUT:4)
0:00:00.018399725  2777 0x55eadaba5360 DEBUG   GST_REFCOUNTING gstobject.c:708:gst_object_set_parent: set parent (ref and sink)
0:00:00.013741557  2778 0x556fb4b3c360 DEBUG   GST_POLL gstpoll.c:979:gst_poll_fd_ctl_write: 0x556fb4b60cc0: fd (fd:0, idx:1), active : 1
0:00:00.018407625  2777 0x55eadaba5360 TRACE   GST_REFCOUNTING gstobject.c:292:gst_object_ref_sink: 0x55eadabcb010 ref_sink 1->2
0:00:00.013748616  2778 0x556fb4b3c360 LOG   GST_POLL gstpoll.c:994:gst_poll_fd_ctl_write: 0x556fb4b60cc0: pfd->events now 60 (POLLOUT:4)
0:00:00.018415089  2777 0x55eadaba5360 LOG   GST_REGISTRY gstregistry.c:607:gst_registry_add_feature: emitting feature-added for stats
0:00:00.013756939  2778 0x556fb4b3c360 DEBUG   GST_POLL gstpoll.c:979:gst_poll_fd_ctl_write: 0x556fb4b60cc0: fd (fd:0, idx:1), active : 1
0:00:00.018422567  2777 0x55eadaba5360 DEBUG   GST_REGISTRY gstregistrychunks.c:741:gst_registry_chunks_load_feature: Added feature stats, plugin 0x55eadabd52f0 coretracers
0:00:00.013763677  2778 0x556fb4b3c360 LOG   GST_POLL gstpoll.c:994:gst_poll_fd_ctl_write: 0x556fb4b60cc0: pfd->events now 60 (POLLOUT:4)
0:00:00.018429956  2777 0x55eadaba5360 DEBUG   GST_REGISTRY gstregistrychunks.c:583:gst_registry_chunks_load_feature: Plugin 'coretracers' feature 'rusage' typename : 'GstTracerFactory'
0:00:00.013776437  2778 0x556fb4b3c360 DEBUG   GST_POLL gstpoll.c:979:gst_poll_fd_ctl_write: 0x556fb4b60cc0: fd (fd:0, idx:1), active : 1
0:00:00.018440425  2777 0x55eadaba5360 TRACE   GST_REFCOUNTING gstobject.c:208:gst_object_init: 0x55eadabcb220 new
0:00:00.013783219  2778 0x556fb4b3c360 LOG   GST_POLL gstpoll.c:994:gst_poll_fd_ctl_write: 0x556fb4b60cc0: pfd->events now 60 (POLLOUT:4)
0:00:00.018448958  2777 0x55eadaba5360 DEBUG   GST_REGISTRY gstregistrychunks.c:717:gst_registry_chunks_load_feature: Reading/casting for GstRegistryChunkPluginFeature at address 0x55eadabcadb0
0:00:00.013790346  2778 0x556fb4b3c360 DEBUG   GST_POLL gstpoll.c:979:gst_poll_fd_ctl_write: 0x556fb4b60cc0: fd (fd:0, idx:1), active : 1
0:00:00.018456912  2777 0x55eadaba5360 DEBUG   GST_REGISTRY gstregistry.c:589:gst_registry_add_feature: adding feature 0x55eadabcb220 (rusage)
0:00:00.013797437  2778 0x556fb4b3c360 LOG   GST_POLL gstpoll.c:994:gst_poll_fd_ctl_write: 0x556fb4b60cc0: pfd->events now 60 (POLLOUT:4)
0:00:00.018463764  2777 0x55eadaba5360 DEBUG   GST_REFCOUNTING gstobject.c:708:gst_object_set_parent: set parent (ref and sink)
0:00:00.013805835  2778 0x556fb4b3c360 DEBUG   GST_POLL gstpoll.c:979:gst_poll_fd_ctl_write: 0x556fb4b60cc0: fd (fd:0, idx:1), active : 1
0:00:00.018471685  2777 0x55eadaba5360 TRACE   GST_REFCOUNTING gstobject.c:292:gst_object_ref_sink: 0x55eadabcb220 ref_sink 1->2
0:00:00.013812668  2778 0x556fb4b3c360 LOG   GST_POLL gstpoll.c:994:gst_poll_fd_ctl_write: 0x556fb4b60cc0: pfd->events now 60 (POLLOUT:4)
0:00:00.018479010  2777 0x55eadaba5360 LOG   GST_REGISTRY gstregistry.c:607:gst_registry_add_feature: emitting feature-added for rusage
0:00:00.013820986  2778 0x556fb4b3c360 DEBUG   GST_POLL gstpoll.c:979:gst_poll_fd_ctl_write: 0x556fb4b60cc0: fd (fd:0, idx:1), active : 1
0:00:00.018486464  2777 0x55eadaba5360 DEBUG   GST_REGISTRY gstregistrychunks.c:741:gst_registry_chunks_load_feature: Added feature rusage, plugin 0x55eadabd52f0 coretracers
0:00:00.013827726  2778 0x556fb4b3c360 LOG   GST_POLL gstpoll.c:994:gst_poll_fd_ctl_write: 0x556fb4b60cc0: pfd->events now 60 (POLLOUT:4)
0:00:00.018493815  2777 0x55eadaba5360 DEBUG   GST_REGISTRY gstregistrychunks.c:583:gst_registry_chunks_load_feature: Plugin 'coretracers' feature 'log' typename : 'GstTracerFactory'
0:00:00.013835303  2778 0x556fb4b3c360 DEBUG   GST_POLL gstpoll.c:979:gst_poll_fd_ctl_write: 0x556fb4b60cc0: fd (fd:0, idx:1), active : 1
0:00:00.018501803  2777 0x55eadaba5360 TRACE   GST_REFCOUNTING gstobject.c:208:gst_object_init: 0x55eadabcb430 new
0:00:00.013842326  2778 0x556fb4b3c360 LOG   GST_POLL gstpoll.c:994:gst_poll_fd_ctl_write: 0x556fb4b60cc0: pfd->events now 60 (POLLOUT:4)
0:00:00.018510076  2777 0x55eadaba5360 DEBUG   GST_REGISTRY gstregistrychunks.c:717:gst_registry_chunks_load_feature: Reading/casting for GstRegistryChunkPluginFeature at address 0x55eadabcadd0
0:00:00.013851083  2778 0x556fb4b3c360 DEBUG   GST_POLL gstpoll.c:979:gst_poll_fd_ctl_write: 0x556fb4b60cc0: fd (fd:0, idx:1), active : 1
0:00:00.018522300  2777 0x55eadaba5360 DEBUG   GST_REGISTRY gstregistry.c:589:gst_registry_add_feature: adding feature 0x55eadabcb430 (log)
0:00:00.013863138  2778 0x556fb4b3c360 LOG   GST_POLL gstpoll.c:994:gst_poll_fd_ctl_write: 0x556fb4b60cc0: pfd->events now 60 (POLLOUT:4)
0:00:00.018529093  2777 0x55eadaba5360 DEBUG   GST_REFCOUNTING gstobject.c:708:gst_object_set_parent: set parent (ref and sink)
0:00:00.013871148  2778 0x556fb4b3c360 DEBUG   GST_POLL gstpoll.c:979:gst_poll_fd_ctl_write: 0x556fb4b60cc0: fd (fd:0, idx:1), active : 1
0:00:00.018537143  2777 0x55eadaba5360 TRACE   GST_REFCOUNTING gstobject.c:292:gst_object_ref_sink: 0x55eadabcb430 ref_sink 1->2
0:00:00.013878148  2778 0x556fb4b3c360 LOG   GST_POLL gstpoll.c:994:gst_poll_fd_ctl_write: 0x556fb4b60cc0: pfd->events now 60 (POLLOUT:4)
0:00:00.018544610  2777 0x55eadaba5360 LOG   GST_REGISTRY gstregistry.c:607:gst_registry_add_feature: emitting feature-added for log
0:00:00.013886324  2778 0x556fb4b3c360 DEBUG   GST_POLL gstpoll.c:979:gst_poll_fd_ctl_write: 0x556fb4b60cc0: fd (fd:0, idx:1), active : 1
0:00:00.018552110  2777 0x55eadaba5360 DEBUG   GST_REGISTRY gstregistrychunks.c:741:gst_registry_chunks_load_feature: Added feature log, plugin 0x55eadabd52f0 coretracers
0:00:00.013893089  2778 0x556fb4b3c360 LOG   GST_POLL gstpoll.c:994:gst_poll_fd_ctl_write: 0x556fb4b60cc0: pfd->events now 60 (POLLOUT:4)
0:00:00.018559573  2777 0x55eadaba5360 DEBUG   GST_REGISTRY gstregistrychunks.c:583:gst_registry_chunks_load_feature: Plugin 'coretracers' feature 'latency' typename : 'GstTracerFactory'
0:00:00.013901213  2778 0x556fb4b3c360 DEBUG   GST_POLL gstpoll.c:979:gst_poll_fd_ctl_write: 0x556fb4b60cc0: fd (fd:0, idx:1), active : 1
0:00:00.018567775  2777 0x55eadaba5360 TRACE   GST_REFCOUNTING gstobject.c:208:gst_object_init: 0x55eadabcb640 new
0:00:00.013907852  2778 0x556fb4b3c360 LOG   GST_POLL gstpoll.c:994:gst_poll_fd_ctl_write: 0x556fb4b60cc0: pfd->events now 60 (POLLOUT:4)
0:00:00.018576358  2777 0x55eadaba5360 DEBUG   GST_REGISTRY gstregistrychunks.c:717:gst_registry_chunks_load_feature: Reading/casting for GstRegistryChunkPluginFeature at address 0x55eadabcadf8
0:00:00.013917217  2778 0x556fb4b3c360 DEBUG   GST_POLL gstpoll.c:979:gst_poll_fd_ctl_write: 0x556fb4b60cc0: fd (fd:0, idx:1), active : 1
0:00:00.018584568  2777 0x55eadaba5360 DEBUG   GST_REGISTRY gstregistry.c:589:gst_registry_add_feature: adding feature 0x55eadabcb640 (latency)
0:00:00.013924981  2778 0x556fb4b3c360 LOG   GST_POLL gstpoll.c:994:gst_poll_fd_ctl_write: 0x556fb4b60cc0: pfd->events now 60 (POLLOUT:4)
0:00:00.018593173  2777 0x55eadaba5360 DEBUG   GST_REFCOUNTING gstobject.c:708:gst_object_set_parent: set parent (ref and sink)
0:00:00.013934753  2778 0x556fb4b3c360 TRACE   GST_REFCOUNTING gstobject.c:264:gst_object_unref: 0x556fb4b623c0 unref 2->1
0:00:00.018601183  2777 0x55eadaba5360 TRACE   GST_REFCOUNTING gstobject.c:292:gst_object_ref_sink: 0x55eadabcb640 ref_sink 1->2
0:00:00.013942971  2778 0x556fb4b3c360 DEBUG   GST_POLL gstpoll.c:1241:gst_poll_fd_has_error: 0x556fb4b60cc0: fd (fd:0, idx:1) 0
0:00:00.018612585  2777 0x55eadaba5360 LOG   GST_REGISTRY gstregistry.c:607:gst_registry_add_feature: emitting feature-added for latency
0:00:00.013954462  2778 0x556fb4b3c360 DEBUG   GST_POLL gstpoll.c:1335:gst_poll_fd_can_write: 0x556fb4b60cc0: fd (fd:0, idx:1) 1
0:00:00.018620122  2777 0x55eadaba5360 DEBUG   GST_REGISTRY gstregistrychunks.c:741:gst_registry_chunks_load_feature: Added feature latency, plugin 0x55eadabd52f0 coretracers
0:00:00.013961460  2778 0x556fb4b3c360 LOG   GST_PLUGIN_LOADING gstpluginloader.c:689:write_one: Writing packet of size 6872 bytes to fd 0
0:00:00.018628095  2777 0x55eadaba5360 LOG   GST_PLUGIN_LOADING gstpluginloader.c:886:handle_rx_packet: marking plugin 0x55eadabd52f0 as registered as /home/conan/w/prod/BuildSingleReference/.conan/data/gstreamer/1.19.2/_/_/package/d8cac73bce0dfdb14708c459db4ae84177c23223/lib/gstreamer-1.0/libgstcoretracers.so
0:00:00.013973787  2778 0x556fb4b3c360 DEBUG   GST_POLL gstpoll.c:1414:gst_poll_wait: 0x556fb4b60cc0: timeout :0:00:01.000000000
0:00:00.018640287  2777 0x55eadaba5360 DEBUG   GST_POLL gstpoll.c:1414:gst_poll_wait: 0x55eadabca7b0: timeout :0:00:01.000000000
0:00:00.013983484  2778 0x556fb4b3c360 LOG   GST_PLUGIN_LOADING gstpluginloader.c:1026:exchange_packets: Poll res = 2. 528 bytes pending for write
0:00:00.018651050  2777 0x55eadaba5360 LOG   GST_PLUGIN_LOADING gstpluginloader.c:1026:exchange_packets: Poll res = 1. 0 bytes pending for write
0:00:00.013991026  2778 0x556fb4b3c360 DEBUG   GST_POLL gstpoll.c:1241:gst_poll_fd_has_error: 0x556fb4b60cc0: fd (fd:5, idx:2) 0
0:00:00.018659318  2777 0x55eadaba5360 DEBUG   GST_POLL gstpoll.c:1241:gst_poll_fd_has_error: 0x55eadabca7b0: fd (fd:8, idx:2) 0
0:00:00.014000435  2778 0x556fb4b3c360 DEBUG   GST_POLL gstpoll.c:1266:gst_poll_fd_can_read_unlocked: 0x556fb4b60cc0: fd (fd:5, idx:2) 1
0:00:00.018667023  2777 0x55eadaba5360 DEBUG   GST_POLL gstpoll.c:1266:gst_poll_fd_can_read_unlocked: 0x55eadabca7b0: fd (fd:8, idx:2) 1
0:00:00.014011563  2778 0x556fb4b3c360 DEBUG   GST_PLUGIN_LOADING gstpluginloader.c:721:do_plugin_load: Plugin scanner loading file /home/conan/w/prod/BuildSingleReference/.conan/data/gstreamer/1.19.2/_/_/package/d8cac73bce0dfdb14708c459db4ae84177c23223/lib/gstreamer-1.0/libgstcoreelements.so. tag 3
0:00:00.018675807  2777 0x55eadaba5360 LOG   GST_PLUGIN_LOADING gstpluginloader.c:984:read_one: Expanding rx buf from 1040 to 7384
0:00:00.014020063  2778 0x556fb4b3c360 TRACE   GST_REFCOUNTING gstobject.c:237:gst_object_ref: 0x556fb4b662e0 ref 1->2
0:00:00.014028387  2778 0x556fb4b3c360 TRACE   GST_REFCOUNTING gstobject.c:237:gst_object_ref: 0x556fb4b83b10 ref 1->2
0:00:00.018693893  2777 0x55eadaba5360 DEBUG   GST_PLUGIN_LOADING gstpluginloader.c:847:handle_rx_packet: Received plugin details from child w/ tag 1. 6860 bytes info
0:00:00.014035521  2778 0x556fb4b3c360 TRACE   GST_REFCOUNTING gstobject.c:237:gst_object_ref: 0x556fb4b82950 ref 1->2
0:00:00.018701150  2777 0x55eadaba5360 LOG   GST_REGISTRY gstregistrychunks.c:837:_priv_gst_registry_chunks_load_plugin: Reading/casting for GstRegistryChunkPluginElement at address 0x55eadabcb9b0
0:00:00.014043413  2778 0x556fb4b3c360 TRACE   GST_REFCOUNTING gstobject.c:237:gst_object_ref: 0x556fb4b80fa0 ref 1->2
0:00:00.018713201  2777 0x55eadaba5360 TRACE   GST_REFCOUNTING gstobject.c:208:gst_object_init: 0x55eadabcb500 new
0:00:00.014054226  2778 0x556fb4b3c360 TRACE   GST_REFCOUNTING gstobject.c:237:gst_object_ref: 0x556fb4b7ffa0 ref 1->2
0:00:00.014075505  2778 0x556fb4b3c360 TRACE   GST_REFCOUNTING gstobject.c:237:gst_object_ref: 0x556fb4b7ebc0 ref 1->2
0:00:00.018739713  2777 0x55eadaba5360 LOG   GST_REGISTRY gstregistrychunks.c:859:_priv_gst_registry_chunks_load_plugin: read strings for name='coreelements'
0:00:00.014082365  2778 0x556fb4b3c360 TRACE   GST_REFCOUNTING gstobject.c:237:gst_object_ref: 0x556fb4b7d740 ref 1->2
0:00:00.018746467  2777 0x55eadaba5360 LOG   GST_REGISTRY gstregistrychunks.c:860:_priv_gst_registry_chunks_load_plugin: desc.description='GStreamer core elements'
0:00:00.014089512  2778 0x556fb4b3c360 TRACE   GST_REFCOUNTING gstobject.c:237:gst_object_ref: 0x556fb4b7bea0 ref 1->2
