0:00:00.007063971  2777 0x55eadaba5360 LOG   GST_PLUGIN_LOADING gstpluginloader.c:689:write_one: Writing packet of size 174 bytes to fd 7
0:00:00.007072261  2777 0x55eadaba5360 DEBUG   GST_POLL gstpoll.c:979:gst_poll_fd_ctl_write: 0x55eadabca7b0: fd (fd:7, idx:1), active : 0
0:00:00.007078786  2777 0x55eadaba5360 LOG   GST_POLL gstpoll.c:994:gst_poll_fd_ctl_write: 0x55eadabca7b0: pfd->events now 56 (POLLOUT:4)
0:00:00.007094683  2777 0x55eadaba5360 DEBUG   GST_REGISTRY gstregistry.c:1383:gst_registry_scan_path_internal: registry changed in path /home/conan/w/prod/BuildSingleReference/.conan/data/gstreamer/1.19.2/_/_/package/d8cac73bce0dfdb14708c459db4ae84177c23223/lib/gstreamer-1.0: 0
0:00:00.007102191  2777 0x55eadaba5360 DEBUG   GST_REGISTRY gstregistry.c:1659:scan_and_update_registry: GST_PLUGIN_SYSTEM_PATH not set
0:00:00.007113567  2777 0x55eadaba5360 DEBUG   GST_REGISTRY gstregistry.c:1666:scan_and_update_registry: scanning home plugins /home/conan/.local/share/gstreamer-1.0/plugins
0:00:00.007120378  2777 0x55eadaba5360 DEBUG   GST_REGISTRY gstregistry.c:1380:gst_registry_scan_path_internal: scanning path /home/conan/.local/share/gstreamer-1.0/plugins
0:00:00.007138097  2777 0x55eadaba5360 DEBUG   GST_REGISTRY gstregistry.c:1383:gst_registry_scan_path_internal: registry changed in path /home/conan/.local/share/gstreamer-1.0/plugins: 0
0:00:00.007144966  2777 0x55eadaba5360 DEBUG   GST_REGISTRY gstregistry.c:1691:scan_and_update_registry: scanning main plugins /home/conan/w/prod/BuildSingleReference/.conan/data/gstreamer/1.19.2/_/_/package/d8cac73bce0dfdb14708c459db4ae84177c23223/lib/gstreamer-1.0
0:00:00.007151442  2777 0x55eadaba5360 DEBUG   GST_REGISTRY gstregistry.c:1380:gst_registry_scan_path_internal: scanning path /home/conan/w/prod/BuildSingleReference/.conan/data/gstreamer/1.19.2/_/_/package/d8cac73bce0dfdb14708c459db4ae84177c23223/lib/gstreamer-1.0
0:00:00.002521847  2778 0x556fb4b3c360 TRACE   GST_REFCOUNTING gstobject.c:208:gst_object_init: 0x556fb4b623c0 new
0:00:00.007186530  2777 0x55eadaba5360 LOG   GST_REGISTRY gstregistry.c:1299:gst_registry_scan_path_level: file /home/conan/w/prod/BuildSingleReference/.conan/data/gstreamer/1.19.2/_/_/package/d8cac73bce0dfdb14708c459db4ae84177c23223/lib/gstreamer-1.0/libgstcoretracers.so looks like a possible module
0:00:00.007197804  2777 0x55eadaba5360 DEBUG   GST_REGISTRY gstregistry.c:1360:gst_registry_scan_path_level: file /home/conan/w/prod/BuildSingleReference/.conan/data/gstreamer/1.19.2/_/_/package/d8cac73bce0dfdb14708c459db4ae84177c23223/lib/gstreamer-1.0/libgstcoretracers.so not yet in registry
0:00:00.007204074  2777 0x55eadaba5360 DEBUG   GST_REGISTRY gstregistry.c:1172:gst_registry_scan_plugin_file: Using scan-helper to load plugin /home/conan/w/prod/BuildSingleReference/.conan/data/gstreamer/1.19.2/_/_/package/d8cac73bce0dfdb14708c459db4ae84177c23223/lib/gstreamer-1.0/libgstcoretracers.so
0:00:00.002550835  2778 0x556fb4b3c360 LOG   GST_PLUGIN_LOADING gstplugin.c:886:_priv_gst_plugin_load_file_for_registry: Plugin 0x556fb4b623c0 for file "/home/conan/w/prod/BuildSingleReference/.conan/data/gstreamer/1.19.2/_/_/package/d8cac73bce0dfdb14708c459db4ae84177c23223/lib/gstreamer-1.0/libgstcoretracers.so" prepared, calling entry function...
0:00:00.007215545  2777 0x55eadaba5360 LOG   GST_PLUGIN_LOADING gstpluginloader.c:235:plugin_loader_load: Sending file /home/conan/w/prod/BuildSingleReference/.conan/data/gstreamer/1.19.2/_/_/package/d8cac73bce0dfdb14708c459db4ae84177c23223/lib/gstreamer-1.0/libgstcoretracers.so to child. tag 2
0:00:00.002561784  2778 0x556fb4b3c360 LOG   GST_PLUGIN_LOADING gstplugin.c:893:_priv_gst_plugin_load_file_for_registry: Plugin 0x556fb4b623c0 for file "/home/conan/w/prod/BuildSingleReference/.conan/data/gstreamer/1.19.2/_/_/package/d8cac73bce0dfdb14708c459db4ae84177c23223/lib/gstreamer-1.0/libgstcoretracers.so" prepared, registering...
0:00:00.007224341  2777 0x55eadaba5360 DEBUG   GST_POLL gstpoll.c:979:gst_poll_fd_ctl_write: 0x55eadabca7b0: fd (fd:7, idx:1), active : 1
0:00:00.002569016  2778 0x556fb4b3c360 LOG   GST_PLUGIN_LOADING gstplugin.c:511:gst_plugin_register_func: plugin "/home/conan/w/prod/BuildSingleReference/.conan/data/gstreamer/1.19.2/_/_/package/d8cac73bce0dfdb14708c459db4ae84177c23223/lib/gstreamer-1.0/libgstcoretracers.so" looks good
0:00:00.007232311  2777 0x55eadaba5360 LOG   GST_POLL gstpoll.c:994:gst_poll_fd_ctl_write: 0x55eadabca7b0: pfd->events now 60 (POLLOUT:4)
0:00:00.007240810  2777 0x55eadaba5360 DEBUG   GST_POLL gstpoll.c:1414:gst_poll_wait: 0x55eadabca7b0: timeout :0:00:01.000000000
0:00:00.007249516  2777 0x55eadaba5360 LOG   GST_PLUGIN_LOADING gstpluginloader.c:1026:exchange_packets: Poll res = 1. 173 bytes pending for write
0:00:00.002595181  2778 0x556fb4b3c360 TRACE   GST_REFCOUNTING gstobject.c:208:gst_object_init: 0x556fb4b63410 new
0:00:00.007256799  2777 0x55eadaba5360 DEBUG   GST_POLL gstpoll.c:1241:gst_poll_fd_has_error: 0x55eadabca7b0: fd (fd:8, idx:2) 0
0:00:00.007266794  2777 0x55eadaba5360 DEBUG   GST_POLL gstpoll.c:1266:gst_poll_fd_can_read_unlocked: 0x55eadabca7b0: fd (fd:8, idx:2) 0
0:00:00.002606233  2778 0x556fb4b3c360 DEBUG   GST_TRACER gsttracer.c:169:gst_tracer_register: new tracer factory for latency
0:00:00.007273600  2777 0x55eadaba5360 DEBUG   GST_POLL gstpoll.c:1195:gst_poll_fd_has_closed: 0x55eadabca7b0: fd (fd:8, idx:2) 0
0:00:00.002617451  2778 0x556fb4b3c360 DEBUG   GST_TRACER gsttracer.c:176:gst_tracer_register: tracer factory for 3031820592:GstLatencyTracer
0:00:00.007280797  2777 0x55eadaba5360 DEBUG   GST_POLL gstpoll.c:1241:gst_poll_fd_has_error: 0x55eadabca7b0: fd (fd:7, idx:1) 0
0:00:00.002626629  2778 0x556fb4b3c360 DEBUG   GST_REGISTRY gstregistry.c:589:gst_registry_add_feature: adding feature 0x556fb4b63410 (latency)
0:00:00.007287812  2777 0x55eadaba5360 DEBUG   GST_POLL gstpoll.c:1335:gst_poll_fd_can_write: 0x55eadabca7b0: fd (fd:7, idx:1) 1
0:00:00.002633968  2778 0x556fb4b3c360 DEBUG   GST_REFCOUNTING gstobject.c:708:gst_object_set_parent: set parent (ref and sink)
0:00:00.007296651  2777 0x55eadaba5360 LOG   GST_PLUGIN_LOADING gstpluginloader.c:689:write_one: Writing packet of size 173 bytes to fd 7
0:00:00.002649302  2778 0x556fb4b3c360 TRACE   GST_REFCOUNTING gstobject.c:292:gst_object_ref_sink: 0x556fb4b63410 ref_sink 1->2
0:00:00.007313119  2777 0x55eadaba5360 DEBUG   GST_POLL gstpoll.c:979:gst_poll_fd_ctl_write: 0x55eadabca7b0: fd (fd:7, idx:1), active : 0
0:00:00.002657433  2778 0x556fb4b3c360 LOG   GST_REGISTRY gstregistry.c:607:gst_registry_add_feature: emitting feature-added for latency
0:00:00.007320188  2777 0x55eadaba5360 LOG   GST_POLL gstpoll.c:994:gst_poll_fd_ctl_write: 0x55eadabca7b0: pfd->events now 56 (POLLOUT:4)
0:00:00.007358279  2777 0x55eadaba5360 LOG   GST_REGISTRY gstregistry.c:1299:gst_registry_scan_path_level: file /home/conan/w/prod/BuildSingleReference/.conan/data/gstreamer/1.19.2/_/_/package/d8cac73bce0dfdb14708c459db4ae84177c23223/lib/gstreamer-1.0/libgstcoreelements.so looks like a possible module
0:00:00.002701084  2778 0x556fb4b3c360 TRACE   GST_REFCOUNTING gstobject.c:208:gst_object_init: 0x556fb4b63920 new
0:00:00.007373588  2777 0x55eadaba5360 DEBUG   GST_REGISTRY gstregistry.c:1360:gst_registry_scan_path_level: file /home/conan/w/prod/BuildSingleReference/.conan/data/gstreamer/1.19.2/_/_/package/d8cac73bce0dfdb14708c459db4ae84177c23223/lib/gstreamer-1.0/libgstcoreelements.so not yet in registry
0:00:00.002717708  2778 0x556fb4b3c360 DEBUG   GST_TRACER gsttracer.c:169:gst_tracer_register: new tracer factory for log
0:00:00.007383291  2777 0x55eadaba5360 DEBUG   GST_REGISTRY gstregistry.c:1172:gst_registry_scan_plugin_file: Using scan-helper to load plugin /home/conan/w/prod/BuildSingleReference/.conan/data/gstreamer/1.19.2/_/_/package/d8cac73bce0dfdb14708c459db4ae84177c23223/lib/gstreamer-1.0/libgstcoreelements.so
0:00:00.002727174  2778 0x556fb4b3c360 DEBUG   GST_TRACER gsttracer.c:176:gst_tracer_register: tracer factory for 3031840688:GstLogTracer
0:00:00.007391037  2777 0x55eadaba5360 LOG   GST_PLUGIN_LOADING gstpluginloader.c:235:plugin_loader_load: Sending file /home/conan/w/prod/BuildSingleReference/.conan/data/gstreamer/1.19.2/_/_/package/d8cac73bce0dfdb14708c459db4ae84177c23223/lib/gstreamer-1.0/libgstcoreelements.so to child. tag 3
0:00:00.002735944  2778 0x556fb4b3c360 DEBUG   GST_REGISTRY gstregistry.c:589:gst_registry_add_feature: adding feature 0x556fb4b63920 (log)
0:00:00.007399228  2777 0x55eadaba5360 DEBUG   GST_POLL gstpoll.c:979:gst_poll_fd_ctl_write: 0x55eadabca7b0: fd (fd:7, idx:1), active : 1
0:00:00.002743120  2778 0x556fb4b3c360 DEBUG   GST_REFCOUNTING gstobject.c:708:gst_object_set_parent: set parent (ref and sink)
0:00:00.007406398  2777 0x55eadaba5360 LOG   GST_POLL gstpoll.c:994:gst_poll_fd_ctl_write: 0x55eadabca7b0: pfd->events now 60 (POLLOUT:4)
0:00:00.002751333  2778 0x556fb4b3c360 TRACE   GST_REFCOUNTING gstobject.c:292:gst_object_ref_sink: 0x556fb4b63920 ref_sink 1->2
0:00:00.007414866  2777 0x55eadaba5360 DEBUG   GST_POLL gstpoll.c:1414:gst_poll_wait: 0x55eadabca7b0: timeout :0:00:01.000000000
0:00:00.002758908  2778 0x556fb4b3c360 LOG   GST_REGISTRY gstregistry.c:607:gst_registry_add_feature: emitting feature-added for log
0:00:00.007429981  2777 0x55eadaba5360 LOG   GST_PLUGIN_LOADING gstpluginloader.c:1026:exchange_packets: Poll res = 1. 174 bytes pending for write
0:00:00.002776206  2778 0x556fb4b3c360 TRACE   GST_REFCOUNTING gstobject.c:208:gst_object_init: 0x556fb4b63bf0 new
0:00:00.007437856  2777 0x55eadaba5360 DEBUG   GST_POLL gstpoll.c:1241:gst_poll_fd_has_error: 0x55eadabca7b0: fd (fd:8, idx:2) 0
0:00:00.002785948  2778 0x556fb4b3c360 DEBUG   GST_TRACER gsttracer.c:169:gst_tracer_register: new tracer factory for rusage
0:00:00.007447486  2777 0x55eadaba5360 DEBUG   GST_POLL gstpoll.c:1266:gst_poll_fd_can_read_unlocked: 0x55eadabca7b0: fd (fd:8, idx:2) 0
0:00:00.002794800  2778 0x556fb4b3c360 DEBUG   GST_TRACER gsttracer.c:176:gst_tracer_register: tracer factory for 3031841248:GstRUsageTracer
0:00:00.007456678  2777 0x55eadaba5360 DEBUG   GST_POLL gstpoll.c:1195:gst_poll_fd_has_closed: 0x55eadabca7b0: fd (fd:8, idx:2) 0
0:00:00.002803129  2778 0x556fb4b3c360 DEBUG   GST_REGISTRY gstregistry.c:589:gst_registry_add_feature: adding feature 0x556fb4b63bf0 (rusage)
0:00:00.007465327  2777 0x55eadaba5360 DEBUG   GST_POLL gstpoll.c:1241:gst_poll_fd_has_error: 0x55eadabca7b0: fd (fd:7, idx:1) 0
0:00:00.002809847  2778 0x556fb4b3c360 DEBUG   GST_REFCOUNTING gstobject.c:708:gst_object_set_parent: set parent (ref and sink)
0:00:00.007473175  2777 0x55eadaba5360 DEBUG   GST_POLL gstpoll.c:1335:gst_poll_fd_can_write: 0x55eadabca7b0: fd (fd:7, idx:1) 1
0:00:00.002817876  2778 0x556fb4b3c360 TRACE   GST_REFCOUNTING gstobject.c:292:gst_object_ref_sink: 0x556fb4b63bf0 ref_sink 1->2
0:00:00.007479995  2777 0x55eadaba5360 LOG   GST_PLUGIN_LOADING gstpluginloader.c:689:write_one: Writing packet of size 174 bytes to fd 7
0:00:00.002825390  2778 0x556fb4b3c360 LOG   GST_REGISTRY gstregistry.c:607:gst_registry_add_feature: emitting feature-added for rusage
0:00:00.007490357  2777 0x55eadaba5360 DEBUG   GST_POLL gstpoll.c:979:gst_poll_fd_ctl_write: 0x55eadabca7b0: fd (fd:7, idx:1), active : 0
0:00:00.007497572  2777 0x55eadaba5360 LOG   GST_POLL gstpoll.c:994:gst_poll_fd_ctl_write: 0x55eadabca7b0: pfd->events now 56 (POLLOUT:4)
0:00:00.002841924  2778 0x556fb4b3c360 TRACE   GST_REFCOUNTING gstobject.c:208:gst_object_init: 0x556fb4b63f10 new
0:00:00.007509277  2777 0x55eadaba5360 DEBUG   GST_REGISTRY gstregistry.c:1383:gst_registry_scan_path_internal: registry changed in path /home/conan/w/prod/BuildSingleReference/.conan/data/gstreamer/1.19.2/_/_/package/d8cac73bce0dfdb14708c459db4ae84177c23223/lib/gstreamer-1.0: 0
0:00:00.002851410  2778 0x556fb4b3c360 DEBUG   GST_TRACER gsttracer.c:169:gst_tracer_register: new tracer factory for stats
0:00:00.007519871  2777 0x55eadaba5360 DEBUG   GST_POLL gstpoll.c:979:gst_poll_fd_ctl_write: 0x55eadabca7b0: fd (fd:7, idx:1), active : 1
0:00:00.002860119  2778 0x556fb4b3c360 DEBUG   GST_TRACER gsttracer.c:176:gst_tracer_register: tracer factory for 3031842048:GstStatsTracer
0:00:00.007526985  2777 0x55eadaba5360 LOG   GST_POLL gstpoll.c:994:gst_poll_fd_ctl_write: 0x55eadabca7b0: pfd->events now 60 (POLLOUT:4)
0:00:00.002875015  2778 0x556fb4b3c360 DEBUG   GST_REGISTRY gstregistry.c:589:gst_registry_add_feature: adding feature 0x556fb4b63f10 (stats)
0:00:00.007538223  2777 0x55eadaba5360 DEBUG   GST_POLL gstpoll.c:1414:gst_poll_wait: 0x55eadabca7b0: timeout :0:00:01.000000000
0:00:00.002881777  2778 0x556fb4b3c360 DEBUG   GST_REFCOUNTING gstobject.c:708:gst_object_set_parent: set parent (ref and sink)
0:00:00.007546885  2777 0x55eadaba5360 LOG   GST_PLUGIN_LOADING gstpluginloader.c:1026:exchange_packets: Poll res = 1. 12 bytes pending for write
0:00:00.002889691  2778 0x556fb4b3c360 TRACE   GST_REFCOUNTING gstobject.c:292:gst_object_ref_sink: 0x556fb4b63f10 ref_sink 1->2
0:00:00.007554538  2777 0x55eadaba5360 DEBUG   GST_POLL gstpoll.c:1241:gst_poll_fd_has_error: 0x55eadabca7b0: fd (fd:8, idx:2) 0
0:00:00.002896949  2778 0x556fb4b3c360 LOG   GST_REGISTRY gstregistry.c:607:gst_registry_add_feature: emitting feature-added for stats
0:00:00.007561755  2777 0x55eadaba5360 DEBUG   GST_POLL gstpoll.c:1266:gst_poll_fd_can_read_unlocked: 0x55eadabca7b0: fd (fd:8, idx:2) 0
0:00:00.007581547  2777 0x55eadaba5360 DEBUG   GST_POLL gstpoll.c:1195:gst_poll_fd_has_closed: 0x55eadabca7b0: fd (fd:8, idx:2) 0
0:00:00.002922037  2778 0x556fb4b3c360 TRACE   GST_REFCOUNTING gstobject.c:208:gst_object_init: 0x556fb4b64190 new
0:00:00.007588068  2777 0x55eadaba5360 DEBUG   GST_POLL gstpoll.c:1241:gst_poll_fd_has_error: 0x55eadabca7b0: fd (fd:7, idx:1) 0
0:00:00.002931100  2778 0x556fb4b3c360 DEBUG   GST_TRACER gsttracer.c:169:gst_tracer_register: new tracer factory for leaks
0:00:00.007595113  2777 0x55eadaba5360 DEBUG   GST_POLL gstpoll.c:1335:gst_poll_fd_can_write: 0x55eadabca7b0: fd (fd:7, idx:1) 1
0:00:00.002939485  2778 0x556fb4b3c360 DEBUG   GST_TRACER gsttracer.c:176:gst_tracer_register: tracer factory for 3031842768:GstLeaksTracer
0:00:00.007601549  2777 0x55eadaba5360 LOG   GST_PLUGIN_LOADING gstpluginloader.c:689:write_one: Writing packet of size 12 bytes to fd 7
0:00:00.002947315  2778 0x556fb4b3c360 DEBUG   GST_REGISTRY gstregistry.c:589:gst_registry_add_feature: adding feature 0x556fb4b64190 (leaks)
0:00:00.007611168  2777 0x55eadaba5360 DEBUG   GST_POLL gstpoll.c:979:gst_poll_fd_ctl_write: 0x55eadabca7b0: fd (fd:7, idx:1), active : 0
0:00:00.002953878  2778 0x556fb4b3c360 DEBUG   GST_REFCOUNTING gstobject.c:708:gst_object_set_parent: set parent (ref and sink)
0:00:00.007618041  2777 0x55eadaba5360 LOG   GST_POLL gstpoll.c:994:gst_poll_fd_ctl_write: 0x55eadabca7b0: pfd->events now 56 (POLLOUT:4)
0:00:00.002961586  2778 0x556fb4b3c360 TRACE   GST_REFCOUNTING gstobject.c:292:gst_object_ref_sink: 0x556fb4b64190 ref_sink 1->2
0:00:00.007626046  2777 0x55eadaba5360 DEBUG   GST_POLL gstpoll.c:1414:gst_poll_wait: 0x55eadabca7b0: timeout :0:00:01.000000000
0:00:00.002968630  2778 0x556fb4b3c360 LOG   GST_REGISTRY gstregistry.c:607:gst_registry_add_feature: emitting feature-added for leaks
0:00:00.002984279  2778 0x556fb4b3c360 TRACE   GST_REFCOUNTING gstobject.c:208:gst_object_init: 0x556fb4b643f0 new
0:00:00.002993362  2778 0x556fb4b3c360 DEBUG   GST_TRACER gsttracer.c:169:gst_tracer_register: new tracer factory for factories
0:00:00.003001183  2778 0x556fb4b3c360 DEBUG   GST_TRACER gsttracer.c:176:gst_tracer_register: tracer factory for 3031843408:GstFactoriesTracer
0:00:00.003008883  2778 0x556fb4b3c360 DEBUG   GST_REGISTRY gstregistry.c:589:gst_registry_add_feature: adding feature 0x556fb4b643f0 (factories)
0:00:00.003016128  2778 0x556fb4b3c360 DEBUG   GST_REFCOUNTING gstobject.c:708:gst_object_set_parent: set parent (ref and sink)
0:00:00.003023495  2778 0x556fb4b3c360 TRACE   GST_REFCOUNTING gstobject.c:292:gst_object_ref_sink: 0x556fb4b643f0 ref_sink 1->2
0:00:00.003042575  2778 0x556fb4b3c360 LOG   GST_REGISTRY gstregistry.c:607:gst_registry_add_feature: emitting feature-added for factories
0:00:00.003048474  2778 0x556fb4b3c360 LOG   GST_PLUGIN_LOADING gstplugin.c:538:gst_plugin_register_func: plugin "/home/conan/w/prod/BuildSingleReference/.conan/data/gstreamer/1.19.2/_/_/package/d8cac73bce0dfdb14708c459db4ae84177c23223/lib/gstreamer-1.0/libgstcoretracers.so" initialised
0:00:00.003055437  2778 0x556fb4b3c360 INFO   GST_PLUGIN_LOADING gstplugin.c:912:_priv_gst_plugin_load_file_for_registry: plugin "/home/conan/w/prod/BuildSingleReference/.conan/data/gstreamer/1.19.2/_/_/package/d8cac73bce0dfdb14708c459db4ae84177c23223/lib/gstreamer-1.0/libgstcoretracers.so" loaded
0:00:00.003062253  2778 0x556fb4b3c360 TRACE   GST_REFCOUNTING gstobject.c:237:gst_object_ref: 0x556fb4b623c0 ref 1->2
0:00:00.003069827  2778 0x556fb4b3c360 DEBUG   GST_REGISTRY gstregistry.c:473:gst_registry_add_plugin: adding plugin 0x556fb4b623c0 for filename "/home/conan/w/prod/BuildSingleReference/.conan/data/gstreamer/1.19.2/_/_/package/d8cac73bce0dfdb14708c459db4ae84177c23223/lib/gstreamer-1.0/libgstcoretracers.so"
0:00:00.003095103  2778 0x556fb4b3c360 TRACE   GST_REFCOUNTING gstobject.c:292:gst_object_ref_sink: 0x556fb4b623c0 ref_sink 2->3
0:00:00.003102461  2778 0x556fb4b3c360 LOG   GST_REGISTRY gstregistry.c:486:gst_registry_add_plugin: emitting plugin-added for filename "/home/conan/w/prod/BuildSingleReference/.conan/data/gstreamer/1.19.2/_/_/package/d8cac73bce0dfdb14708c459db4ae84177c23223/lib/gstreamer-1.0/libgstcoretracers.so"
0:00:00.003110214  2778 0x556fb4b3c360 TRACE   GST_REFCOUNTING gstobject.c:237:gst_object_ref: 0x556fb4b643f0 ref 1->2
0:00:00.003117683  2778 0x556fb4b3c360 TRACE   GST_REFCOUNTING gstobject.c:237:gst_object_ref: 0x556fb4b64190 ref 1->2
0:00:00.003124799  2778 0x556fb4b3c360 TRACE   GST_REFCOUNTING gstobject.c:237:gst_object_ref: 0x556fb4b63f10 ref 1->2
0:00:00.003131804  2778 0x556fb4b3c360 TRACE   GST_REFCOUNTING gstobject.c:237:gst_object_ref: 0x556fb4b63bf0 ref 1->2
0:00:00.003138575  2778 0x556fb4b3c360 TRACE   GST_REFCOUNTING gstobject.c:237:gst_object_ref: 0x556fb4b63920 ref 1->2
0:00:00.003145249  2778 0x556fb4b3c360 TRACE   GST_REFCOUNTING gstobject.c:237:gst_object_ref: 0x556fb4b63410 ref 1->2
0:00:00.003167978  2778 0x556fb4b3c360 TRACE   GST_REFCOUNTING gstobject.c:264:gst_object_unref: 0x556fb4b63410 unref 2->1
0:00:00.003193510  2778 0x556fb4b3c360 TRACE   GST_REFCOUNTING gstobject.c:264:gst_object_unref: 0x556fb4b63920 unref 2->1
0:00:00.003200695  2778 0x556fb4b3c360 TRACE   GST_REFCOUNTING gstobject.c:264:gst_object_unref: 0x556fb4b63bf0 unref 2->1
0:00:00.003207612  2778 0x556fb4b3c360 TRACE   GST_REFCOUNTING gstobject.c:264:gst_object_unref: 0x556fb4b63f10 unref 2->1
0:00:00.003214519  2778 0x556fb4b3c360 TRACE   GST_REFCOUNTING gstobject.c:264:gst_object_unref: 0x556fb4b64190 unref 2->1
0:00:00.003221283  2778 0x556fb4b3c360 TRACE   GST_REFCOUNTING gstobject.c:264:gst_object_unref: 0x556fb4b643f0 unref 2->1
0:00:00.003230627  2778 0x556fb4b3c360 DEBUG   GST_REGISTRY gstregistrychunks.c:498:_priv_gst_registry_chunks_save_plugin: Found 6 features in plugin 0x556fb4b623c0 (coretracers)
0:00:00.003238506  2778 0x556fb4b3c360 DEBUG   GST_POLL gstpoll.c:979:gst_poll_fd_ctl_write: 0x556fb4b60cc0: fd (fd:0, idx:1), active : 1
0:00:00.003245523  2778 0x556fb4b3c360 LOG   GST_POLL gstpoll.c:994:gst_poll_fd_ctl_write: 0x556fb4b60cc0: pfd->events now 60 (POLLOUT:4)
0:00:00.003252595  2778 0x556fb4b3c360 DEBUG   GST_POLL gstpoll.c:979:gst_poll_fd_ctl_write: 0x556fb4b60cc0: fd (fd:0, idx:1), active : 1
0:00:00.003259130  2778 0x556fb4b3c360 LOG   GST_POLL gstpoll.c:994:gst_poll_fd_ctl_write: 0x556fb4b60cc0: pfd->events now 60 (POLLOUT:4)
0:00:00.003266363  2778 0x556fb4b3c360 DEBUG   GST_POLL gstpoll.c:979:gst_poll_fd_ctl_write: 0x556fb4b60cc0: fd (fd:0, idx:1), active : 1
0:00:00.003272608  2778 0x556fb4b3c360 LOG   GST_POLL gstpoll.c:994:gst_poll_fd_ctl_write: 0x556fb4b60cc0: pfd->events now 60 (POLLOUT:4)
0:00:00.003279073  2778 0x556fb4b3c360 DEBUG   GST_POLL gstpoll.c:979:gst_poll_fd_ctl_write: 0x556fb4b60cc0: fd (fd:0, idx:1), active : 1
0:00:00.003285023  2778 0x556fb4b3c360 LOG   GST_POLL gstpoll.c:994:gst_poll_fd_ctl_write: 0x556fb4b60cc0: pfd->events now 60 (POLLOUT:4)
0:00:00.003291257  2778 0x556fb4b3c360 DEBUG   GST_POLL gstpoll.c:979:gst_poll_fd_ctl_write: 0x556fb4b60cc0: fd (fd:0, idx:1), active : 1
0:00:00.003297220  2778 0x556fb4b3c360 LOG   GST_POLL gstpoll.c:994:gst_poll_fd_ctl_write: 0x556fb4b60cc0: pfd->events now 60 (POLLOUT:4)
0:00:00.003303453  2778 0x556fb4b3c360 DEBUG   GST_POLL gstpoll.c:979:gst_poll_fd_ctl_write: 0x556fb4b60cc0: fd (fd:0, idx:1), active : 1
0:00:00.003309290  2778 0x556fb4b3c360 LOG   GST_POLL gstpoll.c:994:gst_poll_fd_ctl_write: 0x556fb4b60cc0: pfd->events now 60 (POLLOUT:4)
0:00:00.003315543  2778 0x556fb4b3c360 DEBUG   GST_POLL gstpoll.c:979:gst_poll_fd_ctl_write: 0x556fb4b60cc0: fd (fd:0, idx:1), active : 1
0:00:00.003321448  2778 0x556fb4b3c360 LOG   GST_POLL gstpoll.c:994:gst_poll_fd_ctl_write: 0x556fb4b60cc0: pfd->events now 60 (POLLOUT:4)
0:00:00.003327740  2778 0x556fb4b3c360 DEBUG   GST_POLL gstpoll.c:979:gst_poll_fd_ctl_write: 0x556fb4b60cc0: fd (fd:0, idx:1), active : 1
0:00:00.003337797  2778 0x556fb4b3c360 LOG   GST_POLL gstpoll.c:994:gst_poll_fd_ctl_write: 0x556fb4b60cc0: pfd->events now 60 (POLLOUT:4)
0:00:00.003344125  2778 0x556fb4b3c360 DEBUG   GST_POLL gstpoll.c:979:gst_poll_fd_ctl_write: 0x556fb4b60cc0: fd (fd:0, idx:1), active : 1
0:00:00.003350010  2778 0x556fb4b3c360 LOG   GST_POLL gstpoll.c:994:gst_poll_fd_ctl_write: 0x556fb4b60cc0: pfd->events now 60 (POLLOUT:4)
0:00:00.003356217  2778 0x556fb4b3c360 DEBUG   GST_POLL gstpoll.c:979:gst_poll_fd_ctl_write: 0x556fb4b60cc0: fd (fd:0, idx:1), active : 1
0:00:00.003362054  2778 0x556fb4b3c360 LOG   GST_POLL gstpoll.c:994:gst_poll_fd_ctl_write: 0x556fb4b60cc0: pfd->events now 60 (POLLOUT:4)
0:00:00.003368253  2778 0x556fb4b3c360 DEBUG   GST_POLL gstpoll.c:979:gst_poll_fd_ctl_write: 0x556fb4b60cc0: fd (fd:0, idx:1), active : 1
0:00:00.003374080  2778 0x556fb4b3c360 LOG   GST_POLL gstpoll.c:994:gst_poll_fd_ctl_write: 0x556fb4b60cc0: pfd->events now 60 (POLLOUT:4)
0:00:00.003380297  2778 0x556fb4b3c360 DEBUG   GST_POLL gstpoll.c:979:gst_poll_fd_ctl_write: 0x556fb4b60cc0: fd (fd:0, idx:1), active : 1
0:00:00.003386115  2778 0x556fb4b3c360 LOG   GST_POLL gstpoll.c:994:gst_poll_fd_ctl_write: 0x556fb4b60cc0: pfd->events now 60 (POLLOUT:4)
0:00:00.003392308  2778 0x556fb4b3c360 DEBUG   GST_POLL gstpoll.c:979:gst_poll_fd_ctl_write: 0x556fb4b60cc0: fd (fd:0, idx:1), active : 1
0:00:00.003398131  2778 0x556fb4b3c360 LOG   GST_POLL gstpoll.c:994:gst_poll_fd_ctl_write: 0x556fb4b60cc0: pfd->events now 60 (POLLOUT:4)
0:00:00.003404334  2778 0x556fb4b3c360 DEBUG   GST_POLL gstpoll.c:979:gst_poll_fd_ctl_write: 0x556fb4b60cc0: fd (fd:0, idx:1), active : 1
0:00:00.003410153  2778 0x556fb4b3c360 LOG   GST_POLL gstpoll.c:994:gst_poll_fd_ctl_write: 0x556fb4b60cc0: pfd->events now 60 (POLLOUT:4)
0:00:00.003416320  2778 0x556fb4b3c360 DEBUG   GST_POLL gstpoll.c:979:gst_poll_fd_ctl_write: 0x556fb4b60cc0: fd (fd:0, idx:1), active : 1
0:00:00.003422157  2778 0x556fb4b3c360 LOG   GST_POLL gstpoll.c:994:gst_poll_fd_ctl_write: 0x556fb4b60cc0: pfd->events now 60 (POLLOUT:4)
0:00:00.003428413  2778 0x556fb4b3c360 DEBUG   GST_POLL gstpoll.c:979:gst_poll_fd_ctl_write: 0x556fb4b60cc0: fd (fd:0, idx:1), active : 1
0:00:00.003434296  2778 0x556fb4b3c360 LOG   GST_POLL gstpoll.c:994:gst_poll_fd_ctl_write: 0x556fb4b60cc0: pfd->events now 60 (POLLOUT:4)
0:00:00.003440468  2778 0x556fb4b3c360 DEBUG   GST_POLL gstpoll.c:979:gst_poll_fd_ctl_write: 0x556fb4b60cc0: fd (fd:0, idx:1), active : 1
0:00:00.003446388  2778 0x556fb4b3c360 LOG   GST_POLL gstpoll.c:994:gst_poll_fd_ctl_write: 0x556fb4b60cc0: pfd->events now 60 (POLLOUT:4)
0:00:00.003452605  2778 0x556fb4b3c360 DEBUG   GST_POLL gstpoll.c:979:gst_poll_fd_ctl_write: 0x556fb4b60cc0: fd (fd:0, idx:1), active : 1
0:00:00.003458426  2778 0x556fb4b3c360 LOG   GST_POLL gstpoll.c:994:gst_poll_fd_ctl_write: 0x556fb4b60cc0: pfd->events now 60 (POLLOUT:4)
0:00:00.003464796  2778 0x556fb4b3c360 DEBUG   GST_POLL gstpoll.c:979:gst_poll_fd_ctl_write: 0x556fb4b60cc0: fd (fd:0, idx:1), active : 1
0:00:00.003470731  2778 0x556fb4b3c360 LOG   GST_POLL gstpoll.c:994:gst_poll_fd_ctl_write: 0x556fb4b60cc0: pfd->events now 60 (POLLOUT:4)
0:00:00.003480964  2778 0x556fb4b3c360 DEBUG   GST_POLL gstpoll.c:979:gst_poll_fd_ctl_write: 0x556fb4b60cc0: fd (fd:0, idx:1), active : 1
0:00:00.003486922  2778 0x556fb4b3c360 LOG   GST_POLL gstpoll.c:994:gst_poll_fd_ctl_write: 0x556fb4b60cc0: pfd->events now 60 (POLLOUT:4)
0:00:00.003493119  2778 0x556fb4b3c360 DEBUG   GST_POLL gstpoll.c:979:gst_poll_fd_ctl_write: 0x556fb4b60cc0: fd (fd:0, idx:1), active : 1
0:00:00.003499050  2778 0x556fb4b3c360 LOG   GST_POLL gstpoll.c:994:gst_poll_fd_ctl_write: 0x556fb4b60cc0: pfd->events now 60 (POLLOUT:4)
0:00:00.003505492  2778 0x556fb4b3c360 DEBUG   GST_POLL gstpoll.c:979:gst_poll_fd_ctl_write: 0x556fb4b60cc0: fd (fd:0, idx:1), active : 1
0:00:00.003511354  2778 0x556fb4b3c360 LOG   GST_POLL gstpoll.c:994:gst_poll_fd_ctl_write: 0x556fb4b60cc0: pfd->events now 60 (POLLOUT:4)
0:00:00.003517544  2778 0x556fb4b3c360 DEBUG   GST_POLL gstpoll.c:979:gst_poll_fd_ctl_write: 0x556fb4b60cc0: fd (fd:0, idx:1), active : 1
0:00:00.003523345  2778 0x556fb4b3c360 LOG   GST_POLL gstpoll.c:994:gst_poll_fd_ctl_write: 0x556fb4b60cc0: pfd->events now 60 (POLLOUT:4)
0:00:00.003529488  2778 0x556fb4b3c360 DEBUG   GST_POLL gstpoll.c:979:gst_poll_fd_ctl_write: 0x556fb4b60cc0: fd (fd:0, idx:1), active : 1
0:00:00.003535331  2778 0x556fb4b3c360 LOG   GST_POLL gstpoll.c:994:gst_poll_fd_ctl_write: 0x556fb4b60cc0: pfd->events now 60 (POLLOUT:4)
0:00:00.003541643  2778 0x556fb4b3c360 DEBUG   GST_POLL gstpoll.c:979:gst_poll_fd_ctl_write: 0x556fb4b60cc0: fd (fd:0, idx:1), active : 1
0:00:00.003547470  2778 0x556fb4b3c360 LOG   GST_POLL gstpoll.c:994:gst_poll_fd_ctl_write: 0x556fb4b60cc0: pfd->events now 60 (POLLOUT:4)
0:00:00.003553615  2778 0x556fb4b3c360 DEBUG   GST_POLL gstpoll.c:979:gst_poll_fd_ctl_write: 0x556fb4b60cc0: fd (fd:0, idx:1), active : 1
0:00:00.003559441  2778 0x556fb4b3c360 LOG   GST_POLL gstpoll.c:994:gst_poll_fd_ctl_write: 0x556fb4b60cc0: pfd->events now 60 (POLLOUT:4)
0:00:00.003565670  2778 0x556fb4b3c360 DEBUG   GST_POLL gstpoll.c:979:gst_poll_fd_ctl_write: 0x556fb4b60cc0: fd (fd:0, idx:1), active : 1
0:00:00.003571577  2778 0x556fb4b3c360 LOG   GST_POLL gstpoll.c:994:gst_poll_fd_ctl_write: 0x556fb4b60cc0: pfd->events now 60 (POLLOUT:4)
0:00:00.003577785  2778 0x556fb4b3c360 DEBUG   GST_POLL gstpoll.c:979:gst_poll_fd_ctl_write: 0x556fb4b60cc0: fd (fd:0, idx:1), active : 1
0:00:00.003583798  2778 0x556fb4b3c360 LOG   GST_POLL gstpoll.c:994:gst_poll_fd_ctl_write: 0x556fb4b60cc0: pfd->events now 60 (POLLOUT:4)
0:00:00.003590385  2778 0x556fb4b3c360 LOG   GST_PLUGIN_LOADING gstpluginloader.c:644:put_chunk: Expanding tx buf from 512 to 1152 for chunk of size 8
0:00:00.003597684  2778 0x556fb4b3c360 DEBUG   GST_POLL gstpoll.c:979:gst_poll_fd_ctl_write: 0x556fb4b60cc0: fd (fd:0, idx:1), active : 1
0:00:00.003603704  2778 0x556fb4b3c360 LOG   GST_POLL gstpoll.c:994:gst_poll_fd_ctl_write: 0x556fb4b60cc0: pfd->events now 60 (POLLOUT:4)
0:00:00.003609938  2778 0x556fb4b3c360 DEBUG   GST_POLL gstpoll.c:979:gst_poll_fd_ctl_write: 0x556fb4b60cc0: fd (fd:0, idx:1), active : 1
0:00:00.003619618  2778 0x556fb4b3c360 LOG   GST_POLL gstpoll.c:994:gst_poll_fd_ctl_write: 0x556fb4b60cc0: pfd->events now 60 (POLLOUT:4)
0:00:00.003626784  2778 0x556fb4b3c360 TRACE   GST_REFCOUNTING gstobject.c:264:gst_object_unref: 0x556fb4b623c0 unref 2->1
0:00:00.003634809  2778 0x556fb4b3c360 DEBUG   GST_POLL gstpoll.c:1241:gst_poll_fd_has_error: 0x556fb4b60cc0: fd (fd:0, idx:1) 0
0:00:00.003641871  2778 0x556fb4b3c360 DEBUG   GST_POLL gstpoll.c:1335:gst_poll_fd_can_write: 0x556fb4b60cc0: fd (fd:0, idx:1) 0
0:00:00.003649020  2778 0x556fb4b3c360 DEBUG   GST_POLL gstpoll.c:1195:gst_poll_fd_has_closed: 0x556fb4b60cc0: fd (fd:0, idx:1) 0
0:00:00.003656839  2778 0x556fb4b3c360 DEBUG   GST_POLL gstpoll.c:1414:gst_poll_wait: 0x556fb4b60cc0: timeout :0:00:01.000000000
0:00:00.003684537  2778 0x556fb4b3c360 LOG   GST_PLUGIN_LOADING gstpluginloader.c:1026:exchange_packets: Poll res = 2. 528 bytes pending for write
0:00:00.003699765  2778 0x556fb4b3c360 DEBUG   GST_POLL gstpoll.c:1241:gst_poll_fd_has_error: 0x556fb4b60cc0: fd (fd:5, idx:2) 0
0:00:00.003709273  2778 0x556fb4b3c360 DEBUG   GST_POLL gstpoll.c:1266:gst_poll_fd_can_read_unlocked: 0x556fb4b60cc0: fd (fd:5, idx:2) 1
0:00:00.003720017  2778 0x556fb4b3c360 DEBUG   GST_PLUGIN_LOADING gstpluginloader.c:721:do_plugin_load: Plugin scanner loading file /home/conan/w/prod/BuildSingleReference/.conan/data/gstreamer/1.19.2/_/_/package/d8cac73bce0dfdb14708c459db4ae84177c23223/lib/gstreamer-1.0/libgstcoreelements.so. tag 1
0:00:00.003727165  2778 0x556fb4b3c360 DEBUG   GST_PLUGIN_LOADING gstplugin.c:764:_priv_gst_plugin_load_file_for_registry: attempt to load plugin "/home/conan/w/prod/BuildSingleReference/.conan/data/gstreamer/1.19.2/_/_/package/d8cac73bce0dfdb14708c459db4ae84177c23223/lib/gstreamer-1.0/libgstcoreelements.so"
0:00:00.004135039  2778 0x556fb4b3c360 TRACE   GST_REFCOUNTING gstobject.c:208:gst_object_init: 0x556fb4b662e0 new
0:00:00.004157955  2778 0x556fb4b3c360 LOG   GST_PLUGIN_LOADING gstplugin.c:886:_priv_gst_plugin_load_file_for_registry: Plugin 0x556fb4b662e0 for file "/home/conan/w/prod/BuildSingleReference/.conan/data/gstreamer/1.19.2/_/_/package/d8cac73bce0dfdb14708c459db4ae84177c23223/lib/gstreamer-1.0/libgstcoreelements.so" prepared, calling entry function...
0:00:00.004167471  2778 0x556fb4b3c360 LOG   GST_PLUGIN_LOADING gstplugin.c:893:_priv_gst_plugin_load_file_for_registry: Plugin 0x556fb4b662e0 for file "/home/conan/w/prod/BuildSingleReference/.conan/data/gstreamer/1.19.2/_/_/package/d8cac73bce0dfdb14708c459db4ae84177c23223/lib/gstreamer-1.0/libgstcoreelements.so" prepared, registering...
0:00:00.004181108  2778 0x556fb4b3c360 LOG   GST_PLUGIN_LOADING gstplugin.c:511:gst_plugin_register_func: plugin "/home/conan/w/prod/BuildSingleReference/.conan/data/gstreamer/1.19.2/_/_/package/d8cac73bce0dfdb14708c459db4ae84177c23223/lib/gstreamer-1.0/libgstcoreelements.so" looks good
0:00:00.004212338  2778 0x556fb4b3c360 TRACE   GST_REFCOUNTING gstobject.c:208:gst_object_init: 0x556fb4b66940 new
0:00:00.004224055  2778 0x556fb4b3c360 LOG   GST_ELEMENT_FACTORY gstelementfactory.c:239:gst_element_register: Created new elementfactory for type GstCapsFilter
0:00:00.004236680  2778 0x556fb4b3c360 TRACE   structure gststructure.c:292:gst_structure_new_id_empty_with_size: created structure 0x556fb4b66ed0
0:00:00.004250597  2778 0x556fb4b3c360 TRACE   GST_PERFORMANCE gststructure.c:511:gst_structure_copy: doing copy 0x556fb4b4b290 -> 0x556fb4b66ed0
0:00:00.004258096  2778 0x556fb4b3c360 DEBUG   GST_ELEMENT_PADS gstelement.c:311:gst_element_base_class_init: type GstBaseTransform : factory (nil)
0:00:00.004266022  2778 0x556fb4b3c360 DEBUG   basetransform gstbasetransform.c:333:gst_base_transform_class_init: gst_base_transform_class_init
0:00:00.004279828  2778 0x556fb4b3c360 TRACE   structure gststructure.c:292:gst_structure_new_id_empty_with_size: created structure 0x556fb4b674d0
0:00:00.004286508  2778 0x556fb4b3c360 TRACE   GST_PERFORMANCE gststructure.c:511:gst_structure_copy: doing copy 0x556fb4b66ed0 -> 0x556fb4b674d0
0:00:00.004293456  2778 0x556fb4b3c360 DEBUG   GST_ELEMENT_PADS gstelement.c:311:gst_element_base_class_init: type GstCapsFilter : factory 0x556fb4b66940
0:00:00.004313601  2778 0x556fb4b3c360 TRACE   GST_CAPS gstcaps.c:263:gst_caps_new_empty: created caps 0x556fb4b653e0
0:00:00.004321483  2778 0x556fb4b3c360 TRACE   GST_CAPS gstcaps.c:439:gst_static_caps_get: created 0x7feaf94aaf70 from string ANY
0:00:00.004328630  2778 0x556fb4b3c360 TRACE   GST_REFCOUNTING gstminiobject.c:478:gst_mini_object_ref: 0x556fb4b653e0 ref 1->2
0:00:00.004359138  2778 0x556fb4b3c360 TRACE   GST_REFCOUNTING gstobject.c:208:gst_object_init: 0x556fb4b67e70 new
0:00:00.004371669  2778 0x556fb4b3c360 TRACE   GST_REFCOUNTING gstminiobject.c:478:gst_mini_object_ref: 0x556fb4b653e0 ref 2->3
0:00:00.004384240  2778 0x556fb4b3c360 TRACE   GST_REFCOUNTING gstminiobject.c:660:gst_mini_object_unref: 0x556fb4b653e0 unref 3->2
0:00:00.004392819  2778 0x556fb4b3c360 TRACE   GST_REFCOUNTING gstobject.c:292:gst_object_ref_sink: 0x556fb4b67e70 ref_sink 1->2
0:00:00.004399928  2778 0x556fb4b3c360 TRACE   GST_CAPS gstcaps.c:263:gst_caps_new_empty: created caps 0x556fb4b65100
0:00:00.004406260  2778 0x556fb4b3c360 TRACE   GST_CAPS gstcaps.c:439:gst_static_caps_get: created 0x7feaf94aaf30 from string ANY
0:00:00.004412848  2778 0x556fb4b3c360 TRACE   GST_REFCOUNTING gstminiobject.c:478:gst_mini_object_ref: 0x556fb4b65100 ref 1->2
0:00:00.004421868  2778 0x556fb4b3c360 TRACE   GST_REFCOUNTING gstobject.c:208:gst_object_init: 0x556fb4b680e0 new
0:00:00.004430523  2778 0x556fb4b3c360 TRACE   GST_REFCOUNTING gstminiobject.c:478:gst_mini_object_ref: 0x556fb4b65100 ref 2->3
0:00:00.004438893  2778 0x556fb4b3c360 TRACE   GST_REFCOUNTING gstminiobject.c:660:gst_mini_object_unref: 0x556fb4b65100 unref 3->2
0:00:00.004446244  2778 0x556fb4b3c360 TRACE   GST_REFCOUNTING gstobject.c:292:gst_object_ref_sink: 0x556fb4b680e0 ref_sink 1->2
0:00:00.004456687  2778 0x556fb4b3c360 TRACE   structure gststructure.c:292:gst_structure_new_id_empty_with_size: created structure 0x556fb4b68270
0:00:00.004464283  2778 0x556fb4b3c360 TRACE   GST_PERFORMANCE gststructure.c:511:gst_structure_copy: doing copy 0x556fb4b674d0 -> 0x556fb4b68270
0:00:00.004474852  2778 0x556fb4b3c360 DEBUG   GST_REGISTRY gstregistry.c:589:gst_registry_add_feature: adding feature 0x556fb4b66940 (capsfilter)
0:00:00.004487154  2778 0x556fb4b3c360 DEBUG   GST_REFCOUNTING gstobject.c:708:gst_object_set_parent: set parent (ref and sink)
0:00:00.004494829  2778 0x556fb4b3c360 TRACE   GST_REFCOUNTING gstobject.c:292:gst_object_ref_sink: 0x556fb4b66940 ref_sink 1->2
0:00:00.004501653  2778 0x556fb4b3c360 LOG   GST_REGISTRY gstregistry.c:607:gst_registry_add_feature: emitting feature-added for capsfilter
0:00:00.004514718  2778 0x556fb4b3c360 TRACE   GST_REFCOUNTING gstobject.c:208:gst_object_init: 0x556fb4b686e0 new
0:00:00.004525010  2778 0x556fb4b3c360 LOG   GST_ELEMENT_FACTORY gstelementfactory.c:239:gst_element_register: Created new elementfactory for type GstClockSync
0:00:00.004532969  2778 0x556fb4b3c360 TRACE   structure gststructure.c:292:gst_structure_new_id_empty_with_size: created structure 0x556fb4b68ac0
0:00:00.004539464  2778 0x556fb4b3c360 TRACE   GST_PERFORMANCE gststructure.c:511:gst_structure_copy: doing copy 0x556fb4b4b290 -> 0x556fb4b68ac0
0:00:00.004546215  2778 0x556fb4b3c360 DEBUG   GST_ELEMENT_PADS gstelement.c:311:gst_element_base_class_init: type GstClockSync : factory 0x556fb4b686e0
0:00:00.004562243  2778 0x556fb4b3c360 TRACE   GST_CAPS gstcaps.c:263:gst_caps_new_empty: created caps 0x556fb4b68810
0:00:00.004569085  2778 0x556fb4b3c360 TRACE   GST_CAPS gstcaps.c:439:gst_static_caps_get: created 0x7feaf94aaff0 from string ANY
0:00:00.004575483  2778 0x556fb4b3c360 TRACE   GST_REFCOUNTING gstminiobject.c:478:gst_mini_object_ref: 0x556fb4b68810 ref 1->2
0:00:00.004584545  2778 0x556fb4b3c360 TRACE   GST_REFCOUNTING gstobject.c:208:gst_object_init: 0x556fb4b68de0 new
0:00:00.004596828  2778 0x556fb4b3c360 TRACE   GST_REFCOUNTING gstminiobject.c:478:gst_mini_object_ref: 0x556fb4b68810 ref 2->3
0:00:00.004605705  2778 0x556fb4b3c360 TRACE   GST_REFCOUNTING gstminiobject.c:660:gst_mini_object_unref: 0x556fb4b68810 unref 3->2
0:00:00.004612972  2778 0x556fb4b3c360 TRACE   GST_REFCOUNTING gstobject.c:292:gst_object_ref_sink: 0x556fb4b68de0 ref_sink 1->2
0:00:00.004619522  2778 0x556fb4b3c360 TRACE   GST_CAPS gstcaps.c:263:gst_caps_new_empty: created caps 0x556fb4b68530
0:00:00.004625856  2778 0x556fb4b3c360 TRACE   GST_CAPS gstcaps.c:439:gst_static_caps_get: created 0x7feaf94aafb0 from string ANY
0:00:00.004632019  2778 0x556fb4b3c360 TRACE   GST_REFCOUNTING gstminiobject.c:478:gst_mini_object_ref: 0x556fb4b68530 ref 1->2
0:00:00.004640820  2778 0x556fb4b3c360 TRACE   GST_REFCOUNTING gstobject.c:208:gst_object_init: 0x556fb4b68fa0 new
0:00:00.004649400  2778 0x556fb4b3c360 TRACE   GST_REFCOUNTING gstminiobject.c:478:gst_mini_object_ref: 0x556fb4b68530 ref 2->3
0:00:00.004657653  2778 0x556fb4b3c360 TRACE   GST_REFCOUNTING gstminiobject.c:660:gst_mini_object_unref: 0x556fb4b68530 unref 3->2
0:00:00.004664887  2778 0x556fb4b3c360 TRACE   GST_REFCOUNTING gstobject.c:292:gst_object_ref_sink: 0x556fb4b68fa0 ref_sink 1->2
0:00:00.004705735  2778 0x556fb4b3c360 TRACE   structure gststructure.c:292:gst_structure_new_id_empty_with_size: created structure 0x556fb4b69280
0:00:00.004717348  2778 0x556fb4b3c360 TRACE   GST_PERFORMANCE gststructure.c:511:gst_structure_copy: doing copy 0x556fb4b68ac0 -> 0x556fb4b69280
0:00:00.004727844  2778 0x556fb4b3c360 DEBUG   GST_REGISTRY gstregistry.c:589:gst_registry_add_feature: adding feature 0x556fb4b686e0 (clocksync)
0:00:00.004734435  2778 0x556fb4b3c360 DEBUG   GST_REFCOUNTING gstobject.c:708:gst_object_set_parent: set parent (ref and sink)
0:00:00.004741657  2778 0x556fb4b3c360 TRACE   GST_REFCOUNTING gstobject.c:292:gst_object_ref_sink: 0x556fb4b686e0 ref_sink 1->2
0:00:00.004748308  2778 0x556fb4b3c360 LOG   GST_REGISTRY gstregistry.c:607:gst_registry_add_feature: emitting feature-added for clocksync
0:00:00.004761610  2778 0x556fb4b3c360 TRACE   GST_REFCOUNTING gstobject.c:208:gst_object_init: 0x556fb4b69470 new
0:00:00.004771799  2778 0x556fb4b3c360 LOG   GST_ELEMENT_FACTORY gstelementfactory.c:239:gst_element_register: Created new elementfactory for type GstConcat
0:00:00.004779392  2778 0x556fb4b3c360 TRACE   structure gststructure.c:292:gst_structure_new_id_empty_with_size: created structure 0x556fb4b69850
0:00:00.004785430  2778 0x556fb4b3c360 TRACE   GST_PERFORMANCE gststructure.c:511:gst_structure_copy: doing copy 0x556fb4b4b290 -> 0x556fb4b69850
0:00:00.004792145  2778 0x556fb4b3c360 DEBUG   GST_ELEMENT_PADS gstelement.c:311:gst_element_base_class_init: type GstConcat : factory 0x556fb4b69470
0:00:00.004807125  2778 0x556fb4b3c360 TRACE   GST_CAPS gstcaps.c:263:gst_caps_new_empty: created caps 0x556fb4b695a0
0:00:00.004813833  2778 0x556fb4b3c360 TRACE   GST_CAPS gstcaps.c:439:gst_static_caps_get: created 0x7feaf94ab030 from string ANY
0:00:00.004820319  2778 0x556fb4b3c360 TRACE   GST_REFCOUNTING gstminiobject.c:478:gst_mini_object_ref: 0x556fb4b695a0 ref 1->2
0:00:00.004829373  2778 0x556fb4b3c360 TRACE   GST_REFCOUNTING gstobject.c:208:gst_object_init: 0x556fb4b69b10 new
0:00:00.004838263  2778 0x556fb4b3c360 TRACE   GST_REFCOUNTING gstminiobject.c:478:gst_mini_object_ref: 0x556fb4b695a0 ref 2->3
0:00:00.004846716  2778 0x556fb4b3c360 TRACE   GST_REFCOUNTING gstminiobject.c:660:gst_mini_object_unref: 0x556fb4b695a0 unref 3->2
0:00:00.004853903  2778 0x556fb4b3c360 TRACE   GST_REFCOUNTING gstobject.c:292:gst_object_ref_sink: 0x556fb4b69b10 ref_sink 1->2
0:00:00.004860335  2778 0x556fb4b3c360 TRACE   GST_CAPS gstcaps.c:263:gst_caps_new_empty: created caps 0x556fb4b69140
0:00:00.004866560  2778 0x556fb4b3c360 TRACE   GST_CAPS gstcaps.c:439:gst_static_caps_get: created 0x7feaf94ab070 from string ANY
0:00:00.004872752  2778 0x556fb4b3c360 TRACE   GST_REFCOUNTING gstminiobject.c:478:gst_mini_object_ref: 0x556fb4b69140 ref 1->2
0:00:00.004881265  2778 0x556fb4b3c360 TRACE   GST_REFCOUNTING gstobject.c:208:gst_object_init: 0x556fb4b69c90 new
0:00:00.004894821  2778 0x556fb4b3c360 TRACE   GST_REFCOUNTING gstminiobject.c:478:gst_mini_object_ref: 0x556fb4b69140 ref 2->3
0:00:00.004906300  2778 0x556fb4b3c360 TRACE   GST_REFCOUNTING gstminiobject.c:660:gst_mini_object_unref: 0x556fb4b69140 unref 3->2
0:00:00.004913671  2778 0x556fb4b3c360 TRACE   GST_REFCOUNTING gstobject.c:292:gst_object_ref_sink: 0x556fb4b69c90 ref_sink 1->2
0:00:00.004922748  2778 0x556fb4b3c360 TRACE   structure gststructure.c:292:gst_structure_new_id_empty_with_size: created structure 0x556fb4b69f70
0:00:00.004930237  2778 0x556fb4b3c360 TRACE   GST_PERFORMANCE gststructure.c:511:gst_structure_copy: doing copy 0x556fb4b69850 -> 0x556fb4b69f70
0:00:00.004939655  2778 0x556fb4b3c360 DEBUG   GST_REGISTRY gstregistry.c:589:gst_registry_add_feature: adding feature 0x556fb4b69470 (concat)
0:00:00.004945932  2778 0x556fb4b3c360 DEBUG   GST_REFCOUNTING gstobject.c:708:gst_object_set_parent: set parent (ref and sink)
0:00:00.004953028  2778 0x556fb4b3c360 TRACE   GST_REFCOUNTING gstobject.c:292:gst_object_ref_sink: 0x556fb4b69470 ref_sink 1->2
0:00:00.004959910  2778 0x556fb4b3c360 LOG   GST_REGISTRY gstregistry.c:607:gst_registry_add_feature: emitting feature-added for concat
0:00:00.004980138  2778 0x556fb4b3c360 TRACE   GST_REFCOUNTING gstobject.c:208:gst_object_init: 0x556fb4b6a2b0 new
0:00:00.004989828  2778 0x556fb4b3c360 LOG   GST_ELEMENT_FACTORY gstelementfactory.c:239:gst_element_register: Created new elementfactory for type GstDataURISrc
0:00:00.004997205  2778 0x556fb4b3c360 TRACE   structure gststructure.c:292:gst_structure_new_id_empty_with_size: created structure 0x556fb4b6a7d0
0:00:00.005003514  2778 0x556fb4b3c360 TRACE   GST_PERFORMANCE gststructure.c:511:gst_structure_copy: doing copy 0x556fb4b4b290 -> 0x556fb4b6a7d0
0:00:00.005010242  2778 0x556fb4b3c360 DEBUG   GST_ELEMENT_PADS gstelement.c:311:gst_element_base_class_init: type GstBaseSrc : factory (nil)
0:00:00.005041362  2778 0x556fb4b3c360 TRACE   structure gststructure.c:292:gst_structure_new_id_empty_with_size: created structure 0x556fb4b604c0
0:00:00.005048419  2778 0x556fb4b3c360 TRACE   GST_PERFORMANCE gststructure.c:511:gst_structure_copy: doing copy 0x556fb4b6a7d0 -> 0x556fb4b604c0
0:00:00.005055253  2778 0x556fb4b3c360 DEBUG   GST_ELEMENT_PADS gstelement.c:311:gst_element_base_class_init: type GstDataURISrc : factory 0x556fb4b6a2b0
0:00:00.005064837  2778 0x556fb4b3c360 TRACE   GST_CAPS gstcaps.c:263:gst_caps_new_empty: created caps 0x556fb4b6a3e0
0:00:00.005071762  2778 0x556fb4b3c360 TRACE   GST_CAPS gstcaps.c:439:gst_static_caps_get: created 0x7feaf94ab0b0 from string ANY
0:00:00.005078212  2778 0x556fb4b3c360 TRACE   GST_REFCOUNTING gstminiobject.c:478:gst_mini_object_ref: 0x556fb4b6a3e0 ref 1->2
0:00:00.005087012  2778 0x556fb4b3c360 TRACE   GST_REFCOUNTING gstobject.c:208:gst_object_init: 0x556fb4b6ba60 new
0:00:00.005095878  2778 0x556fb4b3c360 TRACE   GST_REFCOUNTING gstminiobject.c:478:gst_mini_object_ref: 0x556fb4b6a3e0 ref 2->3
0:00:00.005104377  2778 0x556fb4b3c360 TRACE   GST_REFCOUNTING gstminiobject.c:660:gst_mini_object_unref: 0x556fb4b6a3e0 unref 3->2
0:00:00.005116363  2778 0x556fb4b3c360 TRACE   GST_REFCOUNTING gstobject.c:292:gst_object_ref_sink: 0x556fb4b6ba60 ref_sink 1->2
0:00:00.005131216  2778 0x556fb4b3c360 TRACE   structure gststructure.c:292:gst_structure_new_id_empty_with_size: created structure 0x556fb4b6bda0
0:00:00.005141693  2778 0x556fb4b3c360 TRACE   GST_PERFORMANCE gststructure.c:511:gst_structure_copy: doing copy 0x556fb4b604c0 -> 0x556fb4b6bda0
0:00:00.005153447  2778 0x556fb4b3c360 DEBUG   GST_REGISTRY gstregistry.c:589:gst_registry_add_feature: adding feature 0x556fb4b6a2b0 (dataurisrc)
0:00:00.005160094  2778 0x556fb4b3c360 DEBUG   GST_REFCOUNTING gstobject.c:708:gst_object_set_parent: set parent (ref and sink)
0:00:00.005167447  2778 0x556fb4b3c360 TRACE   GST_REFCOUNTING gstobject.c:292:gst_object_ref_sink: 0x556fb4b6a2b0 ref_sink 1->2
0:00:00.005180175  2778 0x556fb4b3c360 LOG   GST_REGISTRY gstregistry.c:607:gst_registry_add_feature: emitting feature-added for dataurisrc
0:00:00.005193042  2778 0x556fb4b3c360 TRACE   GST_REFCOUNTING gstobject.c:208:gst_object_init: 0x556fb4b6c1b0 new
0:00:00.005202840  2778 0x556fb4b3c360 LOG   GST_ELEMENT_FACTORY gstelementfactory.c:239:gst_element_register: Created new elementfactory for type GstDownloadBuffer
0:00:00.005210350  2778 0x556fb4b3c360 TRACE   structure gststructure.c:292:gst_structure_new_id_empty_with_size: created structure 0x556fb4b6c590
0:00:00.005216514  2778 0x556fb4b3c360 TRACE   GST_PERFORMANCE gststructure.c:511:gst_structure_copy: doing copy 0x556fb4b4b290 -> 0x556fb4b6c590
0:00:00.005223010  2778 0x556fb4b3c360 DEBUG   GST_ELEMENT_PADS gstelement.c:311:gst_element_base_class_init: type GstDownloadBuffer : factory 0x556fb4b6c1b0
0:00:00.005244635  2778 0x556fb4b3c360 TRACE   GST_CAPS gstcaps.c:263:gst_caps_new_empty: created caps 0x556fb4b6c2e0
0:00:00.005251237  2778 0x556fb4b3c360 TRACE   GST_CAPS gstcaps.c:439:gst_static_caps_get: created 0x7feaf94ab150 from string ANY
0:00:00.005257496  2778 0x556fb4b3c360 TRACE   GST_REFCOUNTING gstminiobject.c:478:gst_mini_object_ref: 0x556fb4b6c2e0 ref 1->2
0:00:00.005266255  2778 0x556fb4b3c360 TRACE   GST_REFCOUNTING gstobject.c:208:gst_object_init: 0x556fb4b6ca70 new
0:00:00.005274895  2778 0x556fb4b3c360 TRACE   GST_REFCOUNTING gstminiobject.c:478:gst_mini_object_ref: 0x556fb4b6c2e0 ref 2->3
0:00:00.005283473  2778 0x556fb4b3c360 TRACE   GST_REFCOUNTING gstminiobject.c:660:gst_mini_object_unref: 0x556fb4b6c2e0 unref 3->2
0:00:00.005290518  2778 0x556fb4b3c360 TRACE   GST_REFCOUNTING gstobject.c:292:gst_object_ref_sink: 0x556fb4b6ca70 ref_sink 1->2
0:00:00.005297074  2778 0x556fb4b3c360 TRACE   GST_CAPS gstcaps.c:263:gst_caps_new_empty: created caps 0x556fb4b6cbe0
0:00:00.005303274  2778 0x556fb4b3c360 TRACE   GST_CAPS gstcaps.c:439:gst_static_caps_get: created 0x7feaf94ab110 from string ANY
0:00:00.005309365  2778 0x556fb4b3c360 TRACE   GST_REFCOUNTING gstminiobject.c:478:gst_mini_object_ref: 0x556fb4b6cbe0 ref 1->2
0:00:00.005324717  2778 0x556fb4b3c360 TRACE   GST_REFCOUNTING gstobject.c:208:gst_object_init: 0x556fb4b6cc70 new
0:00:00.005333094  2778 0x556fb4b3c360 TRACE   GST_REFCOUNTING gstminiobject.c:478:gst_mini_object_ref: 0x556fb4b6cbe0 ref 2->3
0:00:00.005344324  2778 0x556fb4b3c360 TRACE   GST_REFCOUNTING gstminiobject.c:660:gst_mini_object_unref: 0x556fb4b6cbe0 unref 3->2
0:00:00.005351760  2778 0x556fb4b3c360 TRACE   GST_REFCOUNTING gstobject.c:292:gst_object_ref_sink: 0x556fb4b6cc70 ref_sink 1->2
0:00:00.005361630  2778 0x556fb4b3c360 TRACE   structure gststructure.c:292:gst_structure_new_id_empty_with_size: created structure 0x556fb4b6cf30
0:00:00.005368887  2778 0x556fb4b3c360 TRACE   GST_PERFORMANCE gststructure.c:511:gst_structure_copy: doing copy 0x556fb4b6c590 -> 0x556fb4b6cf30
0:00:00.005377997  2778 0x556fb4b3c360 DEBUG   GST_REGISTRY gstregistry.c:589:gst_registry_add_feature: adding feature 0x556fb4b6c1b0 (downloadbuffer)
0:00:00.005384563  2778 0x556fb4b3c360 DEBUG   GST_REFCOUNTING gstobject.c:708:gst_object_set_parent: set parent (ref and sink)
0:00:00.005391768  2778 0x556fb4b3c360 TRACE   GST_REFCOUNTING gstobject.c:292:gst_object_ref_sink: 0x556fb4b6c1b0 ref_sink 1->2
0:00:00.005398476  2778 0x556fb4b3c360 LOG   GST_REGISTRY gstregistry.c:607:gst_registry_add_feature: emitting feature-added for downloadbuffer
0:00:00.005410859  2778 0x556fb4b3c360 TRACE   GST_REFCOUNTING gstobject.c:208:gst_object_init: 0x556fb4b6d280 new
0:00:00.005420429  2778 0x556fb4b3c360 LOG   GST_ELEMENT_FACTORY gstelementfactory.c:239:gst_element_register: Created new elementfactory for type GstFakeSrc
0:00:00.005427856  2778 0x556fb4b3c360 TRACE   structure gststructure.c:292:gst_structure_new_id_empty_with_size: created structure 0x556fb4b6d7a0
0:00:00.005433890  2778 0x556fb4b3c360 TRACE   GST_PERFORMANCE gststructure.c:511:gst_structure_copy: doing copy 0x556fb4b6a7d0 -> 0x556fb4b6d7a0
0:00:00.005440363  2778 0x556fb4b3c360 DEBUG   GST_ELEMENT_PADS gstelement.c:311:gst_element_base_class_init: type GstFakeSrc : factory 0x556fb4b6d280
0:00:00.005497678  2778 0x556fb4b3c360 TRACE   GST_CAPS gstcaps.c:263:gst_caps_new_empty: created caps 0x556fb4b6d3b0
0:00:00.005505025  2778 0x556fb4b3c360 TRACE   GST_CAPS gstcaps.c:439:gst_static_caps_get: created 0x7feaf94ab1d0 from string ANY
0:00:00.005511464  2778 0x556fb4b3c360 TRACE   GST_REFCOUNTING gstminiobject.c:478:gst_mini_object_ref: 0x556fb4b6d3b0 ref 1->2
0:00:00.005520305  2778 0x556fb4b3c360 TRACE   GST_REFCOUNTING gstobject.c:208:gst_object_init: 0x556fb4b6e730 new
0:00:00.005528803  2778 0x556fb4b3c360 TRACE   GST_REFCOUNTING gstminiobject.c:478:gst_mini_object_ref: 0x556fb4b6d3b0 ref 2->3
0:00:00.005537278  2778 0x556fb4b3c360 TRACE   GST_REFCOUNTING gstminiobject.c:660:gst_mini_object_unref: 0x556fb4b6d3b0 unref 3->2
0:00:00.005544506  2778 0x556fb4b3c360 TRACE   GST_REFCOUNTING gstobject.c:292:gst_object_ref_sink: 0x556fb4b6e730 ref_sink 1->2
0:00:00.005559099  2778 0x556fb4b3c360 TRACE   structure gststructure.c:292:gst_structure_new_id_empty_with_size: created structure 0x556fb4b6e990
0:00:00.005566513  2778 0x556fb4b3c360 TRACE   GST_PERFORMANCE gststructure.c:511:gst_structure_copy: doing copy 0x556fb4b6d7a0 -> 0x556fb4b6e990
0:00:00.005575013  2778 0x556fb4b3c360 DEBUG   GST_REGISTRY gstregistry.c:589:gst_registry_add_feature: adding feature 0x556fb4b6d280 (fakesrc)
0:00:00.005581420  2778 0x556fb4b3c360 DEBUG   GST_REFCOUNTING gstobject.c:708:gst_object_set_parent: set parent (ref and sink)
0:00:00.005588446  2778 0x556fb4b3c360 TRACE   GST_REFCOUNTING gstobject.c:292:gst_object_ref_sink: 0x556fb4b6d280 ref_sink 1->2
0:00:00.005595080  2778 0x556fb4b3c360 LOG   GST_REGISTRY gstregistry.c:607:gst_registry_add_feature: emitting feature-added for fakesrc
0:00:00.005620222  2778 0x556fb4b3c360 TRACE   GST_REFCOUNTING gstobject.c:208:gst_object_init: 0x556fb4b6ef20 new
0:00:00.005630088  2778 0x556fb4b3c360 LOG   GST_ELEMENT_FACTORY gstelementfactory.c:239:gst_element_register: Created new elementfactory for type GstFakeSink
