0:00:00.018752966  2777 0x55eadaba5360 LOG   GST_REGISTRY gstregistrychunks.c:861:_priv_gst_registry_chunks_load_plugin: filename='/home/conan/w/prod/BuildSingleReference/.conan/data/gstreamer/1.19.2/_/_/package/d8cac73bce0dfdb14708c459db4ae84177c23223/lib/gstreamer-1.0/libgstcoreelements.so'
0:00:00.014096762  2778 0x556fb4b3c360 TRACE   GST_REFCOUNTING gstobject.c:237:gst_object_ref: 0x556fb4b79c20 ref 1->2
0:00:00.018759309  2777 0x55eadaba5360 LOG   GST_REGISTRY gstregistrychunks.c:862:_priv_gst_registry_chunks_load_plugin: desc.version='1.19.2'
0:00:00.014104149  2778 0x556fb4b3c360 TRACE   GST_REFCOUNTING gstobject.c:237:gst_object_ref: 0x556fb4b78ae0 ref 1->2
0:00:00.018766020  2777 0x55eadaba5360 LOG   GST_REGISTRY gstregistrychunks.c:863:_priv_gst_registry_chunks_load_plugin: desc.license='LGPL'
0:00:00.014111623  2778 0x556fb4b3c360 TRACE   GST_REFCOUNTING gstobject.c:237:gst_object_ref: 0x556fb4b778a0 ref 1->2
0:00:00.018773747  2777 0x55eadaba5360 LOG   GST_REGISTRY gstregistrychunks.c:864:_priv_gst_registry_chunks_load_plugin: desc.source='gstreamer'
0:00:00.014118907  2778 0x556fb4b3c360 TRACE   GST_REFCOUNTING gstobject.c:237:gst_object_ref: 0x556fb4b76360 ref 1->2
0:00:00.018782168  2777 0x55eadaba5360 LOG   GST_REGISTRY gstregistrychunks.c:865:_priv_gst_registry_chunks_load_plugin: desc.package='GStreamer source release'
0:00:00.014126209  2778 0x556fb4b3c360 TRACE   GST_REFCOUNTING gstobject.c:237:gst_object_ref: 0x556fb4b75680 ref 1->2
0:00:00.018789275  2777 0x55eadaba5360 LOG   GST_REGISTRY gstregistrychunks.c:866:_priv_gst_registry_chunks_load_plugin: desc.origin='Unknown package origin'
0:00:00.014133558  2778 0x556fb4b3c360 TRACE   GST_REFCOUNTING gstobject.c:237:gst_object_ref: 0x556fb4b749b0 ref 1->2
0:00:00.018795465  2777 0x55eadaba5360 LOG   GST_REGISTRY gstregistrychunks.c:867:_priv_gst_registry_chunks_load_plugin: desc.datetime=2021-09-23
0:00:00.014140827  2778 0x556fb4b3c360 TRACE   GST_REFCOUNTING gstobject.c:237:gst_object_ref: 0x556fb4b73bf0 ref 1->2
0:00:00.018809680  2777 0x55eadaba5360 DEBUG   GST_REGISTRY gstregistry.c:473:gst_registry_add_plugin: adding plugin 0x55eadabcb500 for filename "/home/conan/w/prod/BuildSingleReference/.conan/data/gstreamer/1.19.2/_/_/package/d8cac73bce0dfdb14708c459db4ae84177c23223/lib/gstreamer-1.0/libgstcoreelements.so"
0:00:00.014149791  2778 0x556fb4b3c360 TRACE   GST_REFCOUNTING gstobject.c:237:gst_object_ref: 0x556fb4b71540 ref 1->2
0:00:00.018818035  2777 0x55eadaba5360 TRACE   GST_REFCOUNTING gstobject.c:292:gst_object_ref_sink: 0x55eadabcb500 ref_sink 1->2
0:00:00.014159136  2778 0x556fb4b3c360 TRACE   GST_REFCOUNTING gstobject.c:237:gst_object_ref: 0x556fb4b6ef20 ref 1->2
0:00:00.018826153  2777 0x55eadaba5360 LOG   GST_REGISTRY gstregistry.c:486:gst_registry_add_plugin: emitting plugin-added for filename "/home/conan/w/prod/BuildSingleReference/.conan/data/gstreamer/1.19.2/_/_/package/d8cac73bce0dfdb14708c459db4ae84177c23223/lib/gstreamer-1.0/libgstcoreelements.so"
0:00:00.014167669  2778 0x556fb4b3c360 TRACE   GST_REFCOUNTING gstobject.c:237:gst_object_ref: 0x556fb4b6d280 ref 1->2
0:00:00.018833573  2777 0x55eadaba5360 DEBUG   GST_REGISTRY gstregistrychunks.c:887:_priv_gst_registry_chunks_load_plugin: Added plugin 'coreelements' plugin with 22 features from binary registry
0:00:00.014180128  2778 0x556fb4b3c360 TRACE   GST_REFCOUNTING gstobject.c:237:gst_object_ref: 0x556fb4b6c1b0 ref 1->2
0:00:00.018843242  2777 0x55eadaba5360 DEBUG   GST_REGISTRY gstregistrychunks.c:583:gst_registry_chunks_load_feature: Plugin 'coreelements' feature 'streamiddemux' typename : 'GstElementFactory'
0:00:00.014187579  2778 0x556fb4b3c360 TRACE   GST_REFCOUNTING gstobject.c:237:gst_object_ref: 0x556fb4b6a2b0 ref 1->2
0:00:00.018853401  2777 0x55eadaba5360 TRACE   GST_REFCOUNTING gstobject.c:208:gst_object_init: 0x55eadabd2fd0 new
0:00:00.014194739  2778 0x556fb4b3c360 TRACE   GST_REFCOUNTING gstobject.c:237:gst_object_ref: 0x556fb4b69470 ref 1->2
0:00:00.018861878  2777 0x55eadaba5360 LOG   GST_REGISTRY gstregistrychunks.c:610:gst_registry_chunks_load_feature: Reading/casting for GstRegistryChunkElementFactory at address 0x55eadabcbb08
0:00:00.014202551  2778 0x556fb4b3c360 TRACE   GST_REFCOUNTING gstobject.c:237:gst_object_ref: 0x556fb4b686e0 ref 1->2
0:00:00.018870243  2777 0x55eadaba5360 TRACE   structure gststructure.c:292:gst_structure_new_id_empty_with_size: created structure 0x55eadabd5b00
0:00:00.014210636  2778 0x556fb4b3c360 TRACE   GST_REFCOUNTING gstobject.c:237:gst_object_ref: 0x556fb4b66940 ref 1->2
0:00:00.018885327  2777 0x55eadaba5360 DEBUG   structure gststructure.c:2258:gst_structure_parse_field: trying field name 'long-name'
0:00:00.014226732  2778 0x556fb4b3c360 DEBUG   GST_REGISTRY gstregistrychunks.c:265:gst_registry_chunks_save_feature: saved 0 interfaces 0 pad templates
0:00:00.018898028  2777 0x55eadaba5360 DEBUG   default gstvalue.c:2776:_priv_gst_value_parse_value: trying type name 'string'
0:00:00.014240554  2778 0x556fb4b3c360 DEBUG   GST_REGISTRY gstregistrychunks.c:265:gst_registry_chunks_save_feature: saved 0 interfaces 0 pad templates
0:00:00.018913826  2777 0x55eadaba5360 DEBUG   structure gststructure.c:2258:gst_structure_parse_field: trying field name 'klass'
0:00:00.014255547  2778 0x556fb4b3c360 DEBUG   GST_REGISTRY gstregistrychunks.c:265:gst_registry_chunks_save_feature: saved 0 interfaces 0 pad templates
0:00:00.018920613  2777 0x55eadaba5360 DEBUG   default gstvalue.c:2776:_priv_gst_value_parse_value: trying type name 'string'
0:00:00.014266377  2778 0x556fb4b3c360 DEBUG   GST_REGISTRY gstregistrychunks.c:265:gst_registry_chunks_save_feature: saved 1 interfaces 0 pad templates
0:00:00.018928349  2777 0x55eadaba5360 DEBUG   structure gststructure.c:2258:gst_structure_parse_field: trying field name 'description'
0:00:00.014273489  2778 0x556fb4b3c360 DEBUG   GST_REGISTRY gstregistrychunks.c:285:gst_registry_chunks_save_feature: Saved 1 UriTypes
0:00:00.018935690  2777 0x55eadaba5360 DEBUG   default gstvalue.c:2776:_priv_gst_value_parse_value: trying type name 'string'
0:00:00.018944268  2777 0x55eadaba5360 DEBUG   structure gststructure.c:2258:gst_structure_parse_field: trying field name 'author'
0:00:00.014284494  2778 0x556fb4b3c360 DEBUG   GST_REGISTRY gstregistrychunks.c:265:gst_registry_chunks_save_feature: saved 0 interfaces 0 pad templates
0:00:00.018950062  2777 0x55eadaba5360 DEBUG   default gstvalue.c:2776:_priv_gst_value_parse_value: trying type name 'string'
0:00:00.014295548  2778 0x556fb4b3c360 DEBUG   GST_REGISTRY gstregistrychunks.c:265:gst_registry_chunks_save_feature: saved 0 interfaces 0 pad templates
0:00:00.018957913  2777 0x55eadaba5360 DEBUG   GST_REGISTRY gstregistrychunks.c:627:gst_registry_chunks_load_feature: Element factory : npadtemplates=2
0:00:00.018965284  2777 0x55eadaba5360 DEBUG   GST_REGISTRY gstregistrychunks.c:526:gst_registry_chunks_load_pad_template: Reading/casting for GstRegistryChunkPadTemplate at address 0x55eadabcbbe0
0:00:00.014306432  2778 0x556fb4b3c360 DEBUG   GST_REGISTRY gstregistrychunks.c:265:gst_registry_chunks_save_feature: saved 0 interfaces 0 pad templates
0:00:00.018972075  2777 0x55eadaba5360 DEBUG   GST_REGISTRY gstregistrychunks.c:540:gst_registry_chunks_load_pad_template: Added pad_template src_%u
0:00:00.014317492  2778 0x556fb4b3c360 DEBUG   GST_REGISTRY gstregistrychunks.c:265:gst_registry_chunks_save_feature: saved 1 interfaces 0 pad templates
0:00:00.018978446  2777 0x55eadaba5360 DEBUG   GST_REGISTRY gstregistrychunks.c:526:gst_registry_chunks_load_pad_template: Reading/casting for GstRegistryChunkPadTemplate at address 0x55eadabcbbf8
0:00:00.014324398  2778 0x556fb4b3c360 DEBUG   GST_REGISTRY gstregistrychunks.c:285:gst_registry_chunks_save_feature: Saved 1 UriTypes
0:00:00.018987396  2777 0x55eadaba5360 DEBUG   GST_REGISTRY gstregistrychunks.c:540:gst_registry_chunks_load_pad_template: Added pad_template sink
0:00:00.014334177  2778 0x556fb4b3c360 DEBUG   GST_REGISTRY gstregistrychunks.c:265:gst_registry_chunks_save_feature: saved 1 interfaces 0 pad templates
0:00:00.018995854  2777 0x55eadaba5360 DEBUG   GST_REGISTRY gstregistry.c:589:gst_registry_add_feature: adding feature 0x55eadabd2fd0 (streamiddemux)
0:00:00.014345775  2778 0x556fb4b3c360 DEBUG   GST_REGISTRY gstregistrychunks.c:285:gst_registry_chunks_save_feature: Saved 1 UriTypes
0:00:00.019008687  2777 0x55eadaba5360 DEBUG   GST_REFCOUNTING gstobject.c:708:gst_object_set_parent: set parent (ref and sink)
0:00:00.014356106  2778 0x556fb4b3c360 DEBUG   GST_REGISTRY gstregistrychunks.c:265:gst_registry_chunks_save_feature: saved 1 interfaces 0 pad templates
0:00:00.019016792  2777 0x55eadaba5360 TRACE   GST_REFCOUNTING gstobject.c:292:gst_object_ref_sink: 0x55eadabd2fd0 ref_sink 1->2
0:00:00.014362857  2778 0x556fb4b3c360 DEBUG   GST_REGISTRY gstregistrychunks.c:285:gst_registry_chunks_save_feature: Saved 1 UriTypes
0:00:00.019025925  2777 0x55eadaba5360 LOG   GST_REGISTRY gstregistry.c:607:gst_registry_add_feature: emitting feature-added for streamiddemux
0:00:00.014372362  2778 0x556fb4b3c360 DEBUG   GST_REGISTRY gstregistrychunks.c:265:gst_registry_chunks_save_feature: saved 0 interfaces 0 pad templates
0:00:00.019033518  2777 0x55eadaba5360 DEBUG   GST_REGISTRY gstregistrychunks.c:741:gst_registry_chunks_load_feature: Added feature streamiddemux, plugin 0x55eadabcb500 coreelements
0:00:00.019042472  2777 0x55eadaba5360 DEBUG   GST_REGISTRY gstregistrychunks.c:583:gst_registry_chunks_load_feature: Plugin 'coreelements' feature 'valve' typename : 'GstElementFactory'
0:00:00.014382417  2778 0x556fb4b3c360 DEBUG   GST_REGISTRY gstregistrychunks.c:265:gst_registry_chunks_save_feature: saved 0 interfaces 0 pad templates
0:00:00.019050305  2777 0x55eadaba5360 TRACE   GST_REFCOUNTING gstobject.c:208:gst_object_init: 0x55eadabcd680 new
0:00:00.014393211  2778 0x556fb4b3c360 DEBUG   GST_REGISTRY gstregistrychunks.c:265:gst_registry_chunks_save_feature: saved 0 interfaces 0 pad templates
0:00:00.019059037  2777 0x55eadaba5360 LOG   GST_REGISTRY gstregistrychunks.c:610:gst_registry_chunks_load_feature: Reading/casting for GstRegistryChunkElementFactory at address 0x55eadabcbc28
0:00:00.014404622  2778 0x556fb4b3c360 DEBUG   GST_REGISTRY gstregistrychunks.c:265:gst_registry_chunks_save_feature: saved 0 interfaces 0 pad templates
0:00:00.019066174  2777 0x55eadaba5360 TRACE   structure gststructure.c:292:gst_structure_new_id_empty_with_size: created structure 0x55eadabcd800
0:00:00.019074555  2777 0x55eadaba5360 DEBUG   structure gststructure.c:2258:gst_structure_parse_field: trying field name 'long-name'
0:00:00.014414836  2778 0x556fb4b3c360 DEBUG   GST_REGISTRY gstregistrychunks.c:265:gst_registry_chunks_save_feature: saved 0 interfaces 0 pad templates
0:00:00.019080488  2777 0x55eadaba5360 DEBUG   default gstvalue.c:2776:_priv_gst_value_parse_value: trying type name 'string'
0:00:00.014425435  2778 0x556fb4b3c360 DEBUG   GST_REGISTRY gstregistrychunks.c:265:gst_registry_chunks_save_feature: saved 0 interfaces 0 pad templates
0:00:00.019087785  2777 0x55eadaba5360 DEBUG   structure gststructure.c:2258:gst_structure_parse_field: trying field name 'klass'
0:00:00.014435553  2778 0x556fb4b3c360 DEBUG   GST_REGISTRY gstregistrychunks.c:265:gst_registry_chunks_save_feature: saved 1 interfaces 0 pad templates
0:00:00.019098690  2777 0x55eadaba5360 DEBUG   default gstvalue.c:2776:_priv_gst_value_parse_value: trying type name 'string'
0:00:00.014442397  2778 0x556fb4b3c360 DEBUG   GST_REGISTRY gstregistrychunks.c:285:gst_registry_chunks_save_feature: Saved 1 UriTypes
0:00:00.019105810  2777 0x55eadaba5360 DEBUG   structure gststructure.c:2258:gst_structure_parse_field: trying field name 'description'
0:00:00.019111821  2777 0x55eadaba5360 DEBUG   default gstvalue.c:2776:_priv_gst_value_parse_value: trying type name 'string'
0:00:00.014452486  2778 0x556fb4b3c360 DEBUG   GST_REGISTRY gstregistrychunks.c:265:gst_registry_chunks_save_feature: saved 0 interfaces 0 pad templates
0:00:00.019118962  2777 0x55eadaba5360 DEBUG   structure gststructure.c:2258:gst_structure_parse_field: trying field name 'author'
0:00:00.014462963  2778 0x556fb4b3c360 DEBUG   GST_REGISTRY gstregistrychunks.c:265:gst_registry_chunks_save_feature: saved 0 interfaces 0 pad templates
0:00:00.019125003  2777 0x55eadaba5360 DEBUG   default gstvalue.c:2776:_priv_gst_value_parse_value: trying type name 'string'
0:00:00.019133763  2777 0x55eadaba5360 DEBUG   GST_REGISTRY gstregistrychunks.c:627:gst_registry_chunks_load_feature: Element factory : npadtemplates=2
0:00:00.014473178  2778 0x556fb4b3c360 DEBUG   GST_REGISTRY gstregistrychunks.c:265:gst_registry_chunks_save_feature: saved 0 interfaces 0 pad templates
0:00:00.019139717  2777 0x55eadaba5360 DEBUG   GST_REGISTRY gstregistrychunks.c:526:gst_registry_chunks_load_pad_template: Reading/casting for GstRegistryChunkPadTemplate at address 0x55eadabcbd18
0:00:00.014484942  2778 0x556fb4b3c360 DEBUG   GST_REGISTRY gstregistrychunks.c:265:gst_registry_chunks_save_feature: saved 0 interfaces 0 pad templates
0:00:00.019146187  2777 0x55eadaba5360 DEBUG   GST_REGISTRY gstregistrychunks.c:540:gst_registry_chunks_load_pad_template: Added pad_template sink
0:00:00.019154453  2777 0x55eadaba5360 DEBUG   GST_REGISTRY gstregistrychunks.c:526:gst_registry_chunks_load_pad_template: Reading/casting for GstRegistryChunkPadTemplate at address 0x55eadabcbd30
0:00:00.014496257  2778 0x556fb4b3c360 DEBUG   GST_REGISTRY gstregistrychunks.c:265:gst_registry_chunks_save_feature: saved 0 interfaces 0 pad templates
0:00:00.019160443  2777 0x55eadaba5360 DEBUG   GST_REGISTRY gstregistrychunks.c:540:gst_registry_chunks_load_pad_template: Added pad_template src
0:00:00.019168415  2777 0x55eadaba5360 DEBUG   GST_REGISTRY gstregistry.c:589:gst_registry_add_feature: adding feature 0x55eadabcd680 (valve)
0:00:00.014511556  2778 0x556fb4b3c360 TRACE   GST_REFCOUNTING gstobject.c:264:gst_object_unref: 0x556fb4b66940 unref 2->1
0:00:00.019174545  2777 0x55eadaba5360 DEBUG   GST_REFCOUNTING gstobject.c:708:gst_object_set_parent: set parent (ref and sink)
0:00:00.014519682  2778 0x556fb4b3c360 TRACE   GST_REFCOUNTING gstobject.c:264:gst_object_unref: 0x556fb4b686e0 unref 2->1
0:00:00.019182516  2777 0x55eadaba5360 TRACE   GST_REFCOUNTING gstobject.c:292:gst_object_ref_sink: 0x55eadabcd680 ref_sink 1->2
0:00:00.014527242  2778 0x556fb4b3c360 TRACE   GST_REFCOUNTING gstobject.c:264:gst_object_unref: 0x556fb4b69470 unref 2->1
0:00:00.019193790  2777 0x55eadaba5360 LOG   GST_REGISTRY gstregistry.c:607:gst_registry_add_feature: emitting feature-added for valve
0:00:00.014535735  2778 0x556fb4b3c360 TRACE   GST_REFCOUNTING gstobject.c:264:gst_object_unref: 0x556fb4b6a2b0 unref 2->1
0:00:00.019201081  2777 0x55eadaba5360 DEBUG   GST_REGISTRY gstregistrychunks.c:741:gst_registry_chunks_load_feature: Added feature valve, plugin 0x55eadabcb500 coreelements
0:00:00.014543096  2778 0x556fb4b3c360 TRACE   GST_REFCOUNTING gstobject.c:264:gst_object_unref: 0x556fb4b6c1b0 unref 2->1
0:00:00.019208116  2777 0x55eadaba5360 DEBUG   GST_REGISTRY gstregistrychunks.c:583:gst_registry_chunks_load_feature: Plugin 'coreelements' feature 'multiqueue' typename : 'GstElementFactory'
0:00:00.014550277  2778 0x556fb4b3c360 TRACE   GST_REFCOUNTING gstobject.c:264:gst_object_unref: 0x556fb4b6d280 unref 2->1
0:00:00.019216228  2777 0x55eadaba5360 TRACE   GST_REFCOUNTING gstobject.c:208:gst_object_init: 0x55eadabcda50 new
0:00:00.014557390  2778 0x556fb4b3c360 TRACE   GST_REFCOUNTING gstobject.c:264:gst_object_unref: 0x556fb4b6ef20 unref 2->1
0:00:00.014565404  2778 0x556fb4b3c360 TRACE   GST_REFCOUNTING gstobject.c:264:gst_object_unref: 0x556fb4b71540 unref 2->1
0:00:00.019226290  2777 0x55eadaba5360 LOG   GST_REGISTRY gstregistrychunks.c:610:gst_registry_chunks_load_feature: Reading/casting for GstRegistryChunkElementFactory at address 0x55eadabcbd60
0:00:00.014572157  2778 0x556fb4b3c360 TRACE   GST_REFCOUNTING gstobject.c:264:gst_object_unref: 0x556fb4b73bf0 unref 2->1
0:00:00.019235140  2777 0x55eadaba5360 TRACE   structure gststructure.c:292:gst_structure_new_id_empty_with_size: created structure 0x55eadabcdc80
0:00:00.014579491  2778 0x556fb4b3c360 TRACE   GST_REFCOUNTING gstobject.c:264:gst_object_unref: 0x556fb4b749b0 unref 2->1
0:00:00.019242084  2777 0x55eadaba5360 DEBUG   structure gststructure.c:2258:gst_structure_parse_field: trying field name 'long-name'
0:00:00.014586743  2778 0x556fb4b3c360 TRACE   GST_REFCOUNTING gstobject.c:264:gst_object_unref: 0x556fb4b75680 unref 2->1
0:00:00.019249075  2777 0x55eadaba5360 DEBUG   default gstvalue.c:2776:_priv_gst_value_parse_value: trying type name 'string'
0:00:00.014593924  2778 0x556fb4b3c360 TRACE   GST_REFCOUNTING gstobject.c:264:gst_object_unref: 0x556fb4b76360 unref 2->1
0:00:00.019257275  2777 0x55eadaba5360 DEBUG   structure gststructure.c:2258:gst_structure_parse_field: trying field name 'klass'
0:00:00.014601322  2778 0x556fb4b3c360 TRACE   GST_REFCOUNTING gstobject.c:264:gst_object_unref: 0x556fb4b778a0 unref 2->1
0:00:00.019263518  2777 0x55eadaba5360 DEBUG   default gstvalue.c:2776:_priv_gst_value_parse_value: trying type name 'string'
0:00:00.014608460  2778 0x556fb4b3c360 TRACE   GST_REFCOUNTING gstobject.c:264:gst_object_unref: 0x556fb4b78ae0 unref 2->1
0:00:00.019271529  2777 0x55eadaba5360 DEBUG   structure gststructure.c:2258:gst_structure_parse_field: trying field name 'description'
0:00:00.014619842  2778 0x556fb4b3c360 TRACE   GST_REFCOUNTING gstobject.c:264:gst_object_unref: 0x556fb4b79c20 unref 2->1
0:00:00.019282092  2777 0x55eadaba5360 DEBUG   default gstvalue.c:2776:_priv_gst_value_parse_value: trying type name 'string'
0:00:00.014627097  2778 0x556fb4b3c360 TRACE   GST_REFCOUNTING gstobject.c:264:gst_object_unref: 0x556fb4b7bea0 unref 2->1
0:00:00.019290517  2777 0x55eadaba5360 DEBUG   structure gststructure.c:2258:gst_structure_parse_field: trying field name 'author'
0:00:00.014634345  2778 0x556fb4b3c360 TRACE   GST_REFCOUNTING gstobject.c:264:gst_object_unref: 0x556fb4b7d740 unref 2->1
0:00:00.019296683  2777 0x55eadaba5360 DEBUG   default gstvalue.c:2776:_priv_gst_value_parse_value: trying type name 'string'
0:00:00.014641406  2778 0x556fb4b3c360 TRACE   GST_REFCOUNTING gstobject.c:264:gst_object_unref: 0x556fb4b7ebc0 unref 2->1
0:00:00.019305322  2777 0x55eadaba5360 DEBUG   GST_REGISTRY gstregistrychunks.c:627:gst_registry_chunks_load_feature: Element factory : npadtemplates=2
0:00:00.014648609  2778 0x556fb4b3c360 TRACE   GST_REFCOUNTING gstobject.c:264:gst_object_unref: 0x556fb4b7ffa0 unref 2->1
0:00:00.019311497  2777 0x55eadaba5360 DEBUG   GST_REGISTRY gstregistrychunks.c:526:gst_registry_chunks_load_pad_template: Reading/casting for GstRegistryChunkPadTemplate at address 0x55eadabcbe20
0:00:00.014655890  2778 0x556fb4b3c360 TRACE   GST_REFCOUNTING gstobject.c:264:gst_object_unref: 0x556fb4b80fa0 unref 2->1
0:00:00.019318309  2777 0x55eadaba5360 DEBUG   GST_REGISTRY gstregistrychunks.c:540:gst_registry_chunks_load_pad_template: Added pad_template src_%u
0:00:00.014663154  2778 0x556fb4b3c360 TRACE   GST_REFCOUNTING gstobject.c:264:gst_object_unref: 0x556fb4b82950 unref 2->1
0:00:00.019325337  2777 0x55eadaba5360 DEBUG   GST_REGISTRY gstregistrychunks.c:526:gst_registry_chunks_load_pad_template: Reading/casting for GstRegistryChunkPadTemplate at address 0x55eadabcbe38
0:00:00.014687078  2778 0x556fb4b3c360 TRACE   GST_REFCOUNTING gstobject.c:264:gst_object_unref: 0x556fb4b83b10 unref 2->1
0:00:00.019350271  2777 0x55eadaba5360 DEBUG   GST_REGISTRY gstregistrychunks.c:540:gst_registry_chunks_load_pad_template: Added pad_template sink_%u
0:00:00.014703470  2778 0x556fb4b3c360 DEBUG   GST_REGISTRY gstregistrychunks.c:498:_priv_gst_registry_chunks_save_plugin: Found 22 features in plugin 0x556fb4b662e0 (coreelements)
0:00:00.014711394  2778 0x556fb4b3c360 DEBUG   GST_POLL gstpoll.c:979:gst_poll_fd_ctl_write: 0x556fb4b60cc0: fd (fd:0, idx:1), active : 1
0:00:00.019373119  2777 0x55eadaba5360 DEBUG   GST_REGISTRY gstregistry.c:589:gst_registry_add_feature: adding feature 0x55eadabcda50 (multiqueue)
0:00:00.014717877  2778 0x556fb4b3c360 LOG   GST_POLL gstpoll.c:994:gst_poll_fd_ctl_write: 0x556fb4b60cc0: pfd->events now 60 (POLLOUT:4)
0:00:00.014724848  2778 0x556fb4b3c360 DEBUG   GST_POLL gstpoll.c:979:gst_poll_fd_ctl_write: 0x556fb4b60cc0: fd (fd:0, idx:1), active : 1
0:00:00.019383360  2777 0x55eadaba5360 DEBUG   GST_REFCOUNTING gstobject.c:708:gst_object_set_parent: set parent (ref and sink)
0:00:00.014735310  2778 0x556fb4b3c360 LOG   GST_POLL gstpoll.c:994:gst_poll_fd_ctl_write: 0x556fb4b60cc0: pfd->events now 60 (POLLOUT:4)
0:00:00.019399296  2777 0x55eadaba5360 TRACE   GST_REFCOUNTING gstobject.c:292:gst_object_ref_sink: 0x55eadabcda50 ref_sink 1->2
0:00:00.014742198  2778 0x556fb4b3c360 DEBUG   GST_POLL gstpoll.c:979:gst_poll_fd_ctl_write: 0x556fb4b60cc0: fd (fd:0, idx:1), active : 1
0:00:00.019406875  2777 0x55eadaba5360 LOG   GST_REGISTRY gstregistry.c:607:gst_registry_add_feature: emitting feature-added for multiqueue
0:00:00.014748850  2778 0x556fb4b3c360 LOG   GST_POLL gstpoll.c:994:gst_poll_fd_ctl_write: 0x556fb4b60cc0: pfd->events now 60 (POLLOUT:4)
0:00:00.019414320  2777 0x55eadaba5360 DEBUG   GST_REGISTRY gstregistrychunks.c:741:gst_registry_chunks_load_feature: Added feature multiqueue, plugin 0x55eadabcb500 coreelements
0:00:00.014755563  2778 0x556fb4b3c360 DEBUG   GST_POLL gstpoll.c:979:gst_poll_fd_ctl_write: 0x556fb4b60cc0: fd (fd:0, idx:1), active : 1
0:00:00.019421468  2777 0x55eadaba5360 DEBUG   GST_REGISTRY gstregistrychunks.c:583:gst_registry_chunks_load_feature: Plugin 'coreelements' feature 'typefind' typename : 'GstElementFactory'
0:00:00.014762581  2778 0x556fb4b3c360 LOG   GST_POLL gstpoll.c:994:gst_poll_fd_ctl_write: 0x556fb4b60cc0: pfd->events now 60 (POLLOUT:4)
0:00:00.014769802  2778 0x556fb4b3c360 DEBUG   GST_POLL gstpoll.c:979:gst_poll_fd_ctl_write: 0x556fb4b60cc0: fd (fd:0, idx:1), active : 1
0:00:00.019430185  2777 0x55eadaba5360 TRACE   GST_REFCOUNTING gstobject.c:208:gst_object_init: 0x55eadabcdf30 new
0:00:00.014775827  2778 0x556fb4b3c360 LOG   GST_POLL gstpoll.c:994:gst_poll_fd_ctl_write: 0x556fb4b60cc0: pfd->events now 60 (POLLOUT:4)
0:00:00.019440464  2777 0x55eadaba5360 LOG   GST_REGISTRY gstregistrychunks.c:610:gst_registry_chunks_load_feature: Reading/casting for GstRegistryChunkElementFactory at address 0x55eadabcbe68
0:00:00.014782482  2778 0x556fb4b3c360 DEBUG   GST_POLL gstpoll.c:979:gst_poll_fd_ctl_write: 0x556fb4b60cc0: fd (fd:0, idx:1), active : 1
0:00:00.019447548  2777 0x55eadaba5360 TRACE   structure gststructure.c:292:gst_structure_new_id_empty_with_size: created structure 0x55eadabce240
0:00:00.014788777  2778 0x556fb4b3c360 LOG   GST_POLL gstpoll.c:994:gst_poll_fd_ctl_write: 0x556fb4b60cc0: pfd->events now 60 (POLLOUT:4)
0:00:00.019454035  2777 0x55eadaba5360 DEBUG   structure gststructure.c:2258:gst_structure_parse_field: trying field name 'long-name'
0:00:00.014795988  2778 0x556fb4b3c360 DEBUG   GST_POLL gstpoll.c:979:gst_poll_fd_ctl_write: 0x556fb4b60cc0: fd (fd:0, idx:1), active : 1
0:00:00.019460279  2777 0x55eadaba5360 DEBUG   default gstvalue.c:2776:_priv_gst_value_parse_value: trying type name 'string'
0:00:00.014802267  2778 0x556fb4b3c360 LOG   GST_POLL gstpoll.c:994:gst_poll_fd_ctl_write: 0x556fb4b60cc0: pfd->events now 60 (POLLOUT:4)
0:00:00.019467807  2777 0x55eadaba5360 DEBUG   structure gststructure.c:2258:gst_structure_parse_field: trying field name 'klass'
0:00:00.014808859  2778 0x556fb4b3c360 DEBUG   GST_POLL gstpoll.c:979:gst_poll_fd_ctl_write: 0x556fb4b60cc0: fd (fd:0, idx:1), active : 1
0:00:00.019479004  2777 0x55eadaba5360 DEBUG   default gstvalue.c:2776:_priv_gst_value_parse_value: trying type name 'string'
0:00:00.014821141  2778 0x556fb4b3c360 LOG   GST_POLL gstpoll.c:994:gst_poll_fd_ctl_write: 0x556fb4b60cc0: pfd->events now 60 (POLLOUT:4)
0:00:00.019486152  2777 0x55eadaba5360 DEBUG   structure gststructure.c:2258:gst_structure_parse_field: trying field name 'description'
0:00:00.014827726  2778 0x556fb4b3c360 DEBUG   GST_POLL gstpoll.c:979:gst_poll_fd_ctl_write: 0x556fb4b60cc0: fd (fd:0, idx:1), active : 1
0:00:00.019492462  2777 0x55eadaba5360 DEBUG   default gstvalue.c:2776:_priv_gst_value_parse_value: trying type name 'string'
0:00:00.014834315  2778 0x556fb4b3c360 LOG   GST_POLL gstpoll.c:994:gst_poll_fd_ctl_write: 0x556fb4b60cc0: pfd->events now 60 (POLLOUT:4)
0:00:00.019500024  2777 0x55eadaba5360 DEBUG   structure gststructure.c:2258:gst_structure_parse_field: trying field name 'author'
0:00:00.014840875  2778 0x556fb4b3c360 DEBUG   GST_POLL gstpoll.c:979:gst_poll_fd_ctl_write: 0x556fb4b60cc0: fd (fd:0, idx:1), active : 1
0:00:00.019506228  2777 0x55eadaba5360 DEBUG   default gstvalue.c:2776:_priv_gst_value_parse_value: trying type name 'string'
0:00:00.014848157  2778 0x556fb4b3c360 LOG   GST_POLL gstpoll.c:994:gst_poll_fd_ctl_write: 0x556fb4b60cc0: pfd->events now 60 (POLLOUT:4)
0:00:00.019513888  2777 0x55eadaba5360 DEBUG   GST_REGISTRY gstregistrychunks.c:627:gst_registry_chunks_load_feature: Element factory : npadtemplates=2
0:00:00.014854720  2778 0x556fb4b3c360 DEBUG   GST_POLL gstpoll.c:979:gst_poll_fd_ctl_write: 0x556fb4b60cc0: fd (fd:0, idx:1), active : 1
0:00:00.019520365  2777 0x55eadaba5360 DEBUG   GST_REGISTRY gstregistrychunks.c:526:gst_registry_chunks_load_pad_template: Reading/casting for GstRegistryChunkPadTemplate at address 0x55eadabcbf40
0:00:00.014862020  2778 0x556fb4b3c360 LOG   GST_POLL gstpoll.c:994:gst_poll_fd_ctl_write: 0x556fb4b60cc0: pfd->events now 60 (POLLOUT:4)
0:00:00.019527098  2777 0x55eadaba5360 DEBUG   GST_REGISTRY gstregistrychunks.c:540:gst_registry_chunks_load_pad_template: Added pad_template sink
0:00:00.014868789  2778 0x556fb4b3c360 DEBUG   GST_POLL gstpoll.c:979:gst_poll_fd_ctl_write: 0x556fb4b60cc0: fd (fd:0, idx:1), active : 1
0:00:00.019533301  2777 0x55eadaba5360 DEBUG   GST_REGISTRY gstregistrychunks.c:526:gst_registry_chunks_load_pad_template: Reading/casting for GstRegistryChunkPadTemplate at address 0x55eadabcbf58
0:00:00.014875117  2778 0x556fb4b3c360 LOG   GST_POLL gstpoll.c:994:gst_poll_fd_ctl_write: 0x556fb4b60cc0: pfd->events now 60 (POLLOUT:4)
0:00:00.019539724  2777 0x55eadaba5360 DEBUG   GST_REGISTRY gstregistrychunks.c:540:gst_registry_chunks_load_pad_template: Added pad_template src
0:00:00.014881749  2778 0x556fb4b3c360 DEBUG   GST_POLL gstpoll.c:979:gst_poll_fd_ctl_write: 0x556fb4b60cc0: fd (fd:0, idx:1), active : 1
0:00:00.019548012  2777 0x55eadaba5360 DEBUG   GST_REGISTRY gstregistry.c:589:gst_registry_add_feature: adding feature 0x55eadabcdf30 (typefind)
0:00:00.014888112  2778 0x556fb4b3c360 LOG   GST_POLL gstpoll.c:994:gst_poll_fd_ctl_write: 0x556fb4b60cc0: pfd->events now 60 (POLLOUT:4)
0:00:00.019558821  2777 0x55eadaba5360 DEBUG   GST_REFCOUNTING gstobject.c:708:gst_object_set_parent: set parent (ref and sink)
0:00:00.014900828  2778 0x556fb4b3c360 DEBUG   GST_POLL gstpoll.c:979:gst_poll_fd_ctl_write: 0x556fb4b60cc0: fd (fd:0, idx:1), active : 1
0:00:00.019566897  2777 0x55eadaba5360 TRACE   GST_REFCOUNTING gstobject.c:292:gst_object_ref_sink: 0x55eadabcdf30 ref_sink 1->2
0:00:00.014907698  2778 0x556fb4b3c360 LOG   GST_POLL gstpoll.c:994:gst_poll_fd_ctl_write: 0x556fb4b60cc0: pfd->events now 60 (POLLOUT:4)
0:00:00.019574095  2777 0x55eadaba5360 LOG   GST_REGISTRY gstregistry.c:607:gst_registry_add_feature: emitting feature-added for typefind
0:00:00.014915819  2778 0x556fb4b3c360 DEBUG   GST_POLL gstpoll.c:979:gst_poll_fd_ctl_write: 0x556fb4b60cc0: fd (fd:0, idx:1), active : 1
0:00:00.019581329  2777 0x55eadaba5360 DEBUG   GST_REGISTRY gstregistrychunks.c:741:gst_registry_chunks_load_feature: Added feature typefind, plugin 0x55eadabcb500 coreelements
0:00:00.014922202  2778 0x556fb4b3c360 LOG   GST_POLL gstpoll.c:994:gst_poll_fd_ctl_write: 0x556fb4b60cc0: pfd->events now 60 (POLLOUT:4)
0:00:00.019588498  2777 0x55eadaba5360 DEBUG   GST_REGISTRY gstregistrychunks.c:583:gst_registry_chunks_load_feature: Plugin 'coreelements' feature 'tee' typename : 'GstElementFactory'
0:00:00.014929793  2778 0x556fb4b3c360 DEBUG   GST_POLL gstpoll.c:979:gst_poll_fd_ctl_write: 0x556fb4b60cc0: fd (fd:0, idx:1), active : 1
0:00:00.019596515  2777 0x55eadaba5360 TRACE   GST_REFCOUNTING gstobject.c:208:gst_object_init: 0x55eadabce490 new
0:00:00.014936697  2778 0x556fb4b3c360 LOG   GST_POLL gstpoll.c:994:gst_poll_fd_ctl_write: 0x556fb4b60cc0: pfd->events now 60 (POLLOUT:4)
0:00:00.019604832  2777 0x55eadaba5360 LOG   GST_REGISTRY gstregistrychunks.c:610:gst_registry_chunks_load_feature: Reading/casting for GstRegistryChunkElementFactory at address 0x55eadabcbf80
0:00:00.014945658  2778 0x556fb4b3c360 DEBUG   GST_POLL gstpoll.c:979:gst_poll_fd_ctl_write: 0x556fb4b60cc0: fd (fd:0, idx:1), active : 1
0:00:00.019611671  2777 0x55eadaba5360 TRACE   structure gststructure.c:292:gst_structure_new_id_empty_with_size: created structure 0x55eadabce790
0:00:00.014952930  2778 0x556fb4b3c360 LOG   GST_POLL gstpoll.c:994:gst_poll_fd_ctl_write: 0x556fb4b60cc0: pfd->events now 60 (POLLOUT:4)
0:00:00.019618040  2777 0x55eadaba5360 DEBUG   structure gststructure.c:2258:gst_structure_parse_field: trying field name 'long-name'
0:00:00.014960108  2778 0x556fb4b3c360 DEBUG   GST_POLL gstpoll.c:979:gst_poll_fd_ctl_write: 0x556fb4b60cc0: fd (fd:0, idx:1), active : 1
0:00:00.019624160  2777 0x55eadaba5360 DEBUG   default gstvalue.c:2776:_priv_gst_value_parse_value: trying type name 'string'
0:00:00.014966681  2778 0x556fb4b3c360 LOG   GST_POLL gstpoll.c:994:gst_poll_fd_ctl_write: 0x556fb4b60cc0: pfd->events now 60 (POLLOUT:4)
0:00:00.019631435  2777 0x55eadaba5360 DEBUG   structure gststructure.c:2258:gst_structure_parse_field: trying field name 'klass'
0:00:00.014977270  2778 0x556fb4b3c360 DEBUG   GST_POLL gstpoll.c:979:gst_poll_fd_ctl_write: 0x556fb4b60cc0: fd (fd:0, idx:1), active : 1
0:00:00.019639363  2777 0x55eadaba5360 DEBUG   default gstvalue.c:2776:_priv_gst_value_parse_value: trying type name 'string'
0:00:00.014983856  2778 0x556fb4b3c360 LOG   GST_POLL gstpoll.c:994:gst_poll_fd_ctl_write: 0x556fb4b60cc0: pfd->events now 60 (POLLOUT:4)
0:00:00.019647190  2777 0x55eadaba5360 DEBUG   structure gststructure.c:2258:gst_structure_parse_field: trying field name 'description'
0:00:00.014990535  2778 0x556fb4b3c360 DEBUG   GST_POLL gstpoll.c:979:gst_poll_fd_ctl_write: 0x556fb4b60cc0: fd (fd:0, idx:1), active : 1
0:00:00.019653270  2777 0x55eadaba5360 DEBUG   default gstvalue.c:2776:_priv_gst_value_parse_value: trying type name 'string'
0:00:00.014996878  2778 0x556fb4b3c360 LOG   GST_POLL gstpoll.c:994:gst_poll_fd_ctl_write: 0x556fb4b60cc0: pfd->events now 60 (POLLOUT:4)
0:00:00.019660180  2777 0x55eadaba5360 DEBUG   structure gststructure.c:2258:gst_structure_parse_field: trying field name 'author'
0:00:00.015003690  2778 0x556fb4b3c360 DEBUG   GST_POLL gstpoll.c:979:gst_poll_fd_ctl_write: 0x556fb4b60cc0: fd (fd:0, idx:1), active : 1
0:00:00.019666395  2777 0x55eadaba5360 DEBUG   default gstvalue.c:2776:_priv_gst_value_parse_value: trying type name 'string'
0:00:00.015010104  2778 0x556fb4b3c360 LOG   GST_POLL gstpoll.c:994:gst_poll_fd_ctl_write: 0x556fb4b60cc0: pfd->events now 60 (POLLOUT:4)
0:00:00.019674638  2777 0x55eadaba5360 DEBUG   GST_REGISTRY gstregistrychunks.c:627:gst_registry_chunks_load_feature: Element factory : npadtemplates=2
0:00:00.015016860  2778 0x556fb4b3c360 DEBUG   GST_POLL gstpoll.c:979:gst_poll_fd_ctl_write: 0x556fb4b60cc0: fd (fd:0, idx:1), active : 1
0:00:00.019680828  2777 0x55eadaba5360 DEBUG   GST_REGISTRY gstregistrychunks.c:526:gst_registry_chunks_load_pad_template: Reading/casting for GstRegistryChunkPadTemplate at address 0x55eadabcc070
0:00:00.015023170  2778 0x556fb4b3c360 LOG   GST_POLL gstpoll.c:994:gst_poll_fd_ctl_write: 0x556fb4b60cc0: pfd->events now 60 (POLLOUT:4)
0:00:00.019687255  2777 0x55eadaba5360 DEBUG   GST_REGISTRY gstregistrychunks.c:540:gst_registry_chunks_load_pad_template: Added pad_template src_%u
0:00:00.015029982  2778 0x556fb4b3c360 DEBUG   GST_POLL gstpoll.c:979:gst_poll_fd_ctl_write: 0x556fb4b60cc0: fd (fd:0, idx:1), active : 1
0:00:00.019693380  2777 0x55eadaba5360 DEBUG   GST_REGISTRY gstregistrychunks.c:526:gst_registry_chunks_load_pad_template: Reading/casting for GstRegistryChunkPadTemplate at address 0x55eadabcc088
0:00:00.015036359  2778 0x556fb4b3c360 LOG   GST_POLL gstpoll.c:994:gst_poll_fd_ctl_write: 0x556fb4b60cc0: pfd->events now 60 (POLLOUT:4)
0:00:00.019699857  2777 0x55eadaba5360 DEBUG   GST_REGISTRY gstregistrychunks.c:540:gst_registry_chunks_load_pad_template: Added pad_template sink
0:00:00.015043082  2778 0x556fb4b3c360 DEBUG   GST_POLL gstpoll.c:979:gst_poll_fd_ctl_write: 0x556fb4b60cc0: fd (fd:0, idx:1), active : 1
0:00:00.019707921  2777 0x55eadaba5360 DEBUG   GST_REGISTRY gstregistry.c:589:gst_registry_add_feature: adding feature 0x55eadabce490 (tee)
0:00:00.015049544  2778 0x556fb4b3c360 LOG   GST_POLL gstpoll.c:994:gst_poll_fd_ctl_write: 0x556fb4b60cc0: pfd->events now 60 (POLLOUT:4)
0:00:00.019718724  2777 0x55eadaba5360 DEBUG   GST_REFCOUNTING gstobject.c:708:gst_object_set_parent: set parent (ref and sink)
0:00:00.015060485  2778 0x556fb4b3c360 DEBUG   GST_POLL gstpoll.c:979:gst_poll_fd_ctl_write: 0x556fb4b60cc0: fd (fd:0, idx:1), active : 1
0:00:00.019726975  2777 0x55eadaba5360 TRACE   GST_REFCOUNTING gstobject.c:292:gst_object_ref_sink: 0x55eadabce490 ref_sink 1->2
0:00:00.015067832  2778 0x556fb4b3c360 LOG   GST_POLL gstpoll.c:994:gst_poll_fd_ctl_write: 0x556fb4b60cc0: pfd->events now 60 (POLLOUT:4)
0:00:00.019734247  2777 0x55eadaba5360 LOG   GST_REGISTRY gstregistry.c:607:gst_registry_add_feature: emitting feature-added for tee
0:00:00.015075871  2778 0x556fb4b3c360 DEBUG   GST_POLL gstpoll.c:979:gst_poll_fd_ctl_write: 0x556fb4b60cc0: fd (fd:0, idx:1), active : 1
0:00:00.019741485  2777 0x55eadaba5360 DEBUG   GST_REGISTRY gstregistrychunks.c:741:gst_registry_chunks_load_feature: Added feature tee, plugin 0x55eadabcb500 coreelements
0:00:00.015082262  2778 0x556fb4b3c360 LOG   GST_POLL gstpoll.c:994:gst_poll_fd_ctl_write: 0x556fb4b60cc0: pfd->events now 60 (POLLOUT:4)
0:00:00.019748573  2777 0x55eadaba5360 DEBUG   GST_REGISTRY gstregistrychunks.c:583:gst_registry_chunks_load_feature: Plugin 'coreelements' feature 'filesink' typename : 'GstElementFactory'
0:00:00.015090478  2778 0x556fb4b3c360 DEBUG   GST_POLL gstpoll.c:979:gst_poll_fd_ctl_write: 0x556fb4b60cc0: fd (fd:0, idx:1), active : 1
0:00:00.019756483  2777 0x55eadaba5360 TRACE   GST_REFCOUNTING gstobject.c:208:gst_object_init: 0x55eadabcea00 new
0:00:00.015096998  2778 0x556fb4b3c360 LOG   GST_POLL gstpoll.c:994:gst_poll_fd_ctl_write: 0x556fb4b60cc0: pfd->events now 60 (POLLOUT:4)
0:00:00.019764648  2777 0x55eadaba5360 LOG   GST_REGISTRY gstregistrychunks.c:610:gst_registry_chunks_load_feature: Reading/casting for GstRegistryChunkElementFactory at address 0x55eadabcc0b8
0:00:00.015105707  2778 0x556fb4b3c360 DEBUG   GST_POLL gstpoll.c:979:gst_poll_fd_ctl_write: 0x556fb4b60cc0: fd (fd:0, idx:1), active : 1
0:00:00.019771397  2777 0x55eadaba5360 TRACE   structure gststructure.c:292:gst_structure_new_id_empty_with_size: created structure 0x55eadabced70
0:00:00.015112857  2778 0x556fb4b3c360 LOG   GST_POLL gstpoll.c:994:gst_poll_fd_ctl_write: 0x556fb4b60cc0: pfd->events now 60 (POLLOUT:4)
0:00:00.019777730  2777 0x55eadaba5360 DEBUG   structure gststructure.c:2258:gst_structure_parse_field: trying field name 'long-name'
0:00:00.015120091  2778 0x556fb4b3c360 DEBUG   GST_POLL gstpoll.c:979:gst_poll_fd_ctl_write: 0x556fb4b60cc0: fd (fd:0, idx:1), active : 1
0:00:00.019783710  2777 0x55eadaba5360 DEBUG   default gstvalue.c:2776:_priv_gst_value_parse_value: trying type name 'string'
0:00:00.015126584  2778 0x556fb4b3c360 LOG   GST_POLL gstpoll.c:994:gst_poll_fd_ctl_write: 0x556fb4b60cc0: pfd->events now 60 (POLLOUT:4)
0:00:00.019790850  2777 0x55eadaba5360 DEBUG   structure gststructure.c:2258:gst_structure_parse_field: trying field name 'klass'
0:00:00.015137297  2778 0x556fb4b3c360 DEBUG   GST_POLL gstpoll.c:979:gst_poll_fd_ctl_write: 0x556fb4b60cc0: fd (fd:0, idx:1), active : 1
0:00:00.019799466  2777 0x55eadaba5360 DEBUG   default gstvalue.c:2776:_priv_gst_value_parse_value: trying type name 'string'
0:00:00.015143807  2778 0x556fb4b3c360 LOG   GST_POLL gstpoll.c:994:gst_poll_fd_ctl_write: 0x556fb4b60cc0: pfd->events now 60 (POLLOUT:4)
0:00:00.019807369  2777 0x55eadaba5360 DEBUG   structure gststructure.c:2258:gst_structure_parse_field: trying field name 'description'
0:00:00.015150539  2778 0x556fb4b3c360 DEBUG   GST_POLL gstpoll.c:979:gst_poll_fd_ctl_write: 0x556fb4b60cc0: fd (fd:0, idx:1), active : 1
0:00:00.019813600  2777 0x55eadaba5360 DEBUG   default gstvalue.c:2776:_priv_gst_value_parse_value: trying type name 'string'
0:00:00.015156975  2778 0x556fb4b3c360 LOG   GST_POLL gstpoll.c:994:gst_poll_fd_ctl_write: 0x556fb4b60cc0: pfd->events now 60 (POLLOUT:4)
0:00:00.019820926  2777 0x55eadaba5360 DEBUG   structure gststructure.c:2258:gst_structure_parse_field: trying field name 'author'
0:00:00.015163777  2778 0x556fb4b3c360 DEBUG   GST_POLL gstpoll.c:979:gst_poll_fd_ctl_write: 0x556fb4b60cc0: fd (fd:0, idx:1), active : 1
0:00:00.019827180  2777 0x55eadaba5360 DEBUG   default gstvalue.c:2776:_priv_gst_value_parse_value: trying type name 'string'
0:00:00.015175057  2778 0x556fb4b3c360 LOG   GST_POLL gstpoll.c:994:gst_poll_fd_ctl_write: 0x556fb4b60cc0: pfd->events now 60 (POLLOUT:4)
0:00:00.019842036  2777 0x55eadaba5360 DEBUG   GST_REGISTRY gstregistrychunks.c:627:gst_registry_chunks_load_feature: Element factory : npadtemplates=1
0:00:00.015181841  2778 0x556fb4b3c360 DEBUG   GST_POLL gstpoll.c:979:gst_poll_fd_ctl_write: 0x556fb4b60cc0: fd (fd:0, idx:1), active : 1
0:00:00.019848353  2777 0x55eadaba5360 DEBUG   GST_REGISTRY gstregistrychunks.c:526:gst_registry_chunks_load_pad_template: Reading/casting for GstRegistryChunkPadTemplate at address 0x55eadabcc198
0:00:00.015190193  2778 0x556fb4b3c360 LOG   GST_POLL gstpoll.c:994:gst_poll_fd_ctl_write: 0x556fb4b60cc0: pfd->events now 60 (POLLOUT:4)
0:00:00.019854758  2777 0x55eadaba5360 DEBUG   GST_REGISTRY gstregistrychunks.c:540:gst_registry_chunks_load_pad_template: Added pad_template sink
0:00:00.015196964  2778 0x556fb4b3c360 DEBUG   GST_POLL gstpoll.c:979:gst_poll_fd_ctl_write: 0x556fb4b60cc0: fd (fd:0, idx:1), active : 1
0:00:00.019861585  2777 0x55eadaba5360 DEBUG   GST_REGISTRY gstregistrychunks.c:640:gst_registry_chunks_load_feature: Reading 1 UriTypes at address 0x55eadabcc1a9
0:00:00.015203495  2778 0x556fb4b3c360 LOG   GST_POLL gstpoll.c:994:gst_poll_fd_ctl_write: 0x556fb4b60cc0: pfd->events now 60 (POLLOUT:4)
0:00:00.019868965  2777 0x55eadaba5360 DEBUG   GST_REGISTRY gstregistrychunks.c:655:gst_registry_chunks_load_feature: Reading 1 Interfaces at address 0x55eadabcc1b9
0:00:00.015210225  2778 0x556fb4b3c360 DEBUG   GST_POLL gstpoll.c:979:gst_poll_fd_ctl_write: 0x556fb4b60cc0: fd (fd:0, idx:1), active : 1
0:00:00.015223893  2778 0x556fb4b3c360 LOG   GST_POLL gstpoll.c:994:gst_poll_fd_ctl_write: 0x556fb4b60cc0: pfd->events now 60 (POLLOUT:4)
0:00:00.019885000  2777 0x55eadaba5360 DEBUG   GST_REGISTRY gstregistry.c:589:gst_registry_add_feature: adding feature 0x55eadabcea00 (filesink)
0:00:00.015233911  2778 0x556fb4b3c360 DEBUG   GST_POLL gstpoll.c:979:gst_poll_fd_ctl_write: 0x556fb4b60cc0: fd (fd:0, idx:1), active : 1
0:00:00.019896780  2777 0x55eadaba5360 DEBUG   GST_REFCOUNTING gstobject.c:708:gst_object_set_parent: set parent (ref and sink)
0:00:00.015240473  2778 0x556fb4b3c360 LOG   GST_POLL gstpoll.c:994:gst_poll_fd_ctl_write: 0x556fb4b60cc0: pfd->events now 60 (POLLOUT:4)
0:00:00.019905025  2777 0x55eadaba5360 TRACE   GST_REFCOUNTING gstobject.c:292:gst_object_ref_sink: 0x55eadabcea00 ref_sink 1->2
0:00:00.015247412  2778 0x556fb4b3c360 DEBUG   GST_POLL gstpoll.c:979:gst_poll_fd_ctl_write: 0x556fb4b60cc0: fd (fd:0, idx:1), active : 1
0:00:00.019912153  2777 0x55eadaba5360 LOG   GST_REGISTRY gstregistry.c:607:gst_registry_add_feature: emitting feature-added for filesink
0:00:00.015253772  2778 0x556fb4b3c360 LOG   GST_POLL gstpoll.c:994:gst_poll_fd_ctl_write: 0x556fb4b60cc0: pfd->events now 60 (POLLOUT:4)
0:00:00.019919635  2777 0x55eadaba5360 DEBUG   GST_REGISTRY gstregistrychunks.c:741:gst_registry_chunks_load_feature: Added feature filesink, plugin 0x55eadabcb500 coreelements
0:00:00.015260572  2778 0x556fb4b3c360 DEBUG   GST_POLL gstpoll.c:979:gst_poll_fd_ctl_write: 0x556fb4b60cc0: fd (fd:0, idx:1), active : 1
0:00:00.019926552  2777 0x55eadaba5360 DEBUG   GST_REGISTRY gstregistrychunks.c:583:gst_registry_chunks_load_feature: Plugin 'coreelements' feature 'queue2' typename : 'GstElementFactory'
0:00:00.015267658  2778 0x556fb4b3c360 LOG   GST_POLL gstpoll.c:994:gst_poll_fd_ctl_write: 0x556fb4b60cc0: pfd->events now 60 (POLLOUT:4)
0:00:00.019934390  2777 0x55eadaba5360 TRACE   GST_REFCOUNTING gstobject.c:208:gst_object_init: 0x55eadabcf410 new
0:00:00.015274804  2778 0x556fb4b3c360 DEBUG   GST_POLL gstpoll.c:979:gst_poll_fd_ctl_write: 0x556fb4b60cc0: fd (fd:0, idx:1), active : 1
0:00:00.019942663  2777 0x55eadaba5360 LOG   GST_REGISTRY gstregistrychunks.c:610:gst_registry_chunks_load_feature: Reading/casting for GstRegistryChunkElementFactory at address 0x55eadabcc1e0
0:00:00.015283063  2778 0x556fb4b3c360 LOG   GST_POLL gstpoll.c:994:gst_poll_fd_ctl_write: 0x556fb4b60cc0: pfd->events now 60 (POLLOUT:4)
0:00:00.019949640  2777 0x55eadaba5360 TRACE   structure gststructure.c:292:gst_structure_new_id_empty_with_size: created structure 0x55eadabcf640
0:00:00.015291259  2778 0x556fb4b3c360 DEBUG   GST_POLL gstpoll.c:979:gst_poll_fd_ctl_write: 0x556fb4b60cc0: fd (fd:0, idx:1), active : 1
0:00:00.019956023  2777 0x55eadaba5360 DEBUG   structure gststructure.c:2258:gst_structure_parse_field: trying field name 'long-name'
0:00:00.015297713  2778 0x556fb4b3c360 LOG   GST_POLL gstpoll.c:994:gst_poll_fd_ctl_write: 0x556fb4b60cc0: pfd->events now 60 (POLLOUT:4)
0:00:00.019962143  2777 0x55eadaba5360 DEBUG   default gstvalue.c:2776:_priv_gst_value_parse_value: trying type name 'string'
0:00:00.015304492  2778 0x556fb4b3c360 DEBUG   GST_POLL gstpoll.c:979:gst_poll_fd_ctl_write: 0x556fb4b60cc0: fd (fd:0, idx:1), active : 1
0:00:00.019976680  2777 0x55eadaba5360 DEBUG   structure gststructure.c:2258:gst_structure_parse_field: trying field name 'klass'
0:00:00.015317792  2778 0x556fb4b3c360 LOG   GST_POLL gstpoll.c:994:gst_poll_fd_ctl_write: 0x556fb4b60cc0: pfd->events now 60 (POLLOUT:4)
0:00:00.019982811  2777 0x55eadaba5360 DEBUG   default gstvalue.c:2776:_priv_gst_value_parse_value: trying type name 'string'
0:00:00.015325047  2778 0x556fb4b3c360 DEBUG   GST_POLL gstpoll.c:979:gst_poll_fd_ctl_write: 0x556fb4b60cc0: fd (fd:0, idx:1), active : 1
0:00:00.019989758  2777 0x55eadaba5360 DEBUG   structure gststructure.c:2258:gst_structure_parse_field: trying field name 'description'
0:00:00.015331593  2778 0x556fb4b3c360 LOG   GST_POLL gstpoll.c:994:gst_poll_fd_ctl_write: 0x556fb4b60cc0: pfd->events now 60 (POLLOUT:4)
0:00:00.019995959  2777 0x55eadaba5360 DEBUG   default gstvalue.c:2776:_priv_gst_value_parse_value: trying type name 'string'
0:00:00.015338268  2778 0x556fb4b3c360 DEBUG   GST_POLL gstpoll.c:979:gst_poll_fd_ctl_write: 0x556fb4b60cc0: fd (fd:0, idx:1), active : 1
0:00:00.020003060  2777 0x55eadaba5360 DEBUG   structure gststructure.c:2258:gst_structure_parse_field: trying field name 'author'
0:00:00.015344592  2778 0x556fb4b3c360 LOG   GST_POLL gstpoll.c:994:gst_poll_fd_ctl_write: 0x556fb4b60cc0: pfd->events now 60 (POLLOUT:4)
0:00:00.020009398  2777 0x55eadaba5360 DEBUG   default gstvalue.c:2776:_priv_gst_value_parse_value: trying type name 'string'
0:00:00.015351361  2778 0x556fb4b3c360 DEBUG   GST_POLL gstpoll.c:979:gst_poll_fd_ctl_write: 0x556fb4b60cc0: fd (fd:0, idx:1), active : 1
0:00:00.020017814  2777 0x55eadaba5360 DEBUG   GST_REGISTRY gstregistrychunks.c:627:gst_registry_chunks_load_feature: Element factory : npadtemplates=2
0:00:00.015357726  2778 0x556fb4b3c360 LOG   GST_POLL gstpoll.c:994:gst_poll_fd_ctl_write: 0x556fb4b60cc0: pfd->events now 60 (POLLOUT:4)
0:00:00.020024098  2777 0x55eadaba5360 DEBUG   GST_REGISTRY gstregistrychunks.c:526:gst_registry_chunks_load_pad_template: Reading/casting for GstRegistryChunkPadTemplate at address 0x55eadabcc2d0
0:00:00.015366177  2778 0x556fb4b3c360 DEBUG   GST_POLL gstpoll.c:979:gst_poll_fd_ctl_write: 0x556fb4b60cc0: fd (fd:0, idx:1), active : 1
0:00:00.020030717  2777 0x55eadaba5360 DEBUG   GST_REGISTRY gstregistrychunks.c:540:gst_registry_chunks_load_pad_template: Added pad_template sink
0:00:00.015372531  2778 0x556fb4b3c360 LOG   GST_POLL gstpoll.c:994:gst_poll_fd_ctl_write: 0x556fb4b60cc0: pfd->events now 60 (POLLOUT:4)
0:00:00.020036822  2777 0x55eadaba5360 DEBUG   GST_REGISTRY gstregistrychunks.c:526:gst_registry_chunks_load_pad_template: Reading/casting for GstRegistryChunkPadTemplate at address 0x55eadabcc2e8
0:00:00.015379250  2778 0x556fb4b3c360 DEBUG   GST_POLL gstpoll.c:979:gst_poll_fd_ctl_write: 0x556fb4b60cc0: fd (fd:0, idx:1), active : 1
0:00:00.020043224  2777 0x55eadaba5360 DEBUG   GST_REGISTRY gstregistrychunks.c:540:gst_registry_chunks_load_pad_template: Added pad_template src
0:00:00.015385680  2778 0x556fb4b3c360 LOG   GST_POLL gstpoll.c:994:gst_poll_fd_ctl_write: 0x556fb4b60cc0: pfd->events now 60 (POLLOUT:4)
0:00:00.020055050  2777 0x55eadaba5360 DEBUG   GST_REGISTRY gstregistry.c:589:gst_registry_add_feature: adding feature 0x55eadabcf410 (queue2)
0:00:00.015395690  2778 0x556fb4b3c360 DEBUG   GST_POLL gstpoll.c:979:gst_poll_fd_ctl_write: 0x556fb4b60cc0: fd (fd:0, idx:1), active : 1
0:00:00.020061965  2777 0x55eadaba5360 DEBUG   GST_REFCOUNTING gstobject.c:708:gst_object_set_parent: set parent (ref and sink)
0:00:00.015403512  2778 0x556fb4b3c360 LOG   GST_POLL gstpoll.c:994:gst_poll_fd_ctl_write: 0x556fb4b60cc0: pfd->events now 60 (POLLOUT:4)
0:00:00.020069741  2777 0x55eadaba5360 TRACE   GST_REFCOUNTING gstobject.c:292:gst_object_ref_sink: 0x55eadabcf410 ref_sink 1->2
0:00:00.015410892  2778 0x556fb4b3c360 DEBUG   GST_POLL gstpoll.c:979:gst_poll_fd_ctl_write: 0x556fb4b60cc0: fd (fd:0, idx:1), active : 1
0:00:00.020076895  2777 0x55eadaba5360 LOG   GST_REGISTRY gstregistry.c:607:gst_registry_add_feature: emitting feature-added for queue2
0:00:00.015418099  2778 0x556fb4b3c360 LOG   GST_POLL gstpoll.c:994:gst_poll_fd_ctl_write: 0x556fb4b60cc0: pfd->events now 60 (POLLOUT:4)
0:00:00.020084179  2777 0x55eadaba5360 DEBUG   GST_REGISTRY gstregistrychunks.c:741:gst_registry_chunks_load_feature: Added feature queue2, plugin 0x55eadabcb500 coreelements
0:00:00.015425405  2778 0x556fb4b3c360 DEBUG   GST_POLL gstpoll.c:979:gst_poll_fd_ctl_write: 0x556fb4b60cc0: fd (fd:0, idx:1), active : 1
0:00:00.020091226  2777 0x55eadaba5360 DEBUG   GST_REGISTRY gstregistrychunks.c:583:gst_registry_chunks_load_feature: Plugin 'coreelements' feature 'queue' typename : 'GstElementFactory'
0:00:00.015432465  2778 0x556fb4b3c360 LOG   GST_POLL gstpoll.c:994:gst_poll_fd_ctl_write: 0x556fb4b60cc0: pfd->events now 60 (POLLOUT:4)
0:00:00.020099135  2777 0x55eadaba5360 TRACE   GST_REFCOUNTING gstobject.c:208:gst_object_init: 0x55eadabcf8d0 new
0:00:00.015439691  2778 0x556fb4b3c360 DEBUG   GST_POLL gstpoll.c:979:gst_poll_fd_ctl_write: 0x556fb4b60cc0: fd (fd:0, idx:1), active : 1
0:00:00.020107315  2777 0x55eadaba5360 LOG   GST_REGISTRY gstregistrychunks.c:610:gst_registry_chunks_load_feature: Reading/casting for GstRegistryChunkElementFactory at address 0x55eadabcc310
0:00:00.015447931  2778 0x556fb4b3c360 LOG   GST_POLL gstpoll.c:994:gst_poll_fd_ctl_write: 0x556fb4b60cc0: pfd->events now 60 (POLLOUT:4)
0:00:00.020114278  2777 0x55eadaba5360 TRACE   structure gststructure.c:292:gst_structure_new_id_empty_with_size: created structure 0x55eadabcfbb0
0:00:00.015455901  2778 0x556fb4b3c360 DEBUG   GST_POLL gstpoll.c:979:gst_poll_fd_ctl_write: 0x556fb4b60cc0: fd (fd:0, idx:1), active : 1
0:00:00.020120481  2777 0x55eadaba5360 DEBUG   structure gststructure.c:2258:gst_structure_parse_field: trying field name 'long-name'
0:00:00.015462377  2778 0x556fb4b3c360 LOG   GST_POLL gstpoll.c:994:gst_poll_fd_ctl_write: 0x556fb4b60cc0: pfd->events now 60 (POLLOUT:4)
0:00:00.020126693  2777 0x55eadaba5360 DEBUG   default gstvalue.c:2776:_priv_gst_value_parse_value: trying type name 'string'
0:00:00.015469075  2778 0x556fb4b3c360 DEBUG   GST_POLL gstpoll.c:979:gst_poll_fd_ctl_write: 0x556fb4b60cc0: fd (fd:0, idx:1), active : 1
0:00:00.020137789  2777 0x55eadaba5360 DEBUG   structure gststructure.c:2258:gst_structure_parse_field: trying field name 'klass'
0:00:00.015479072  2778 0x556fb4b3c360 LOG   GST_POLL gstpoll.c:994:gst_poll_fd_ctl_write: 0x556fb4b60cc0: pfd->events now 60 (POLLOUT:4)
0:00:00.020144272  2777 0x55eadaba5360 DEBUG   default gstvalue.c:2776:_priv_gst_value_parse_value: trying type name 'string'
0:00:00.015486617  2778 0x556fb4b3c360 DEBUG   GST_POLL gstpoll.c:979:gst_poll_fd_ctl_write: 0x556fb4b60cc0: fd (fd:0, idx:1), active : 1
0:00:00.020151184  2777 0x55eadaba5360 DEBUG   structure gststructure.c:2258:gst_structure_parse_field: trying field name 'description'
0:00:00.015493055  2778 0x556fb4b3c360 LOG   GST_POLL gstpoll.c:994:gst_poll_fd_ctl_write: 0x556fb4b60cc0: pfd->events now 60 (POLLOUT:4)
0:00:00.020157400  2777 0x55eadaba5360 DEBUG   default gstvalue.c:2776:_priv_gst_value_parse_value: trying type name 'string'
0:00:00.015499823  2778 0x556fb4b3c360 DEBUG   GST_POLL gstpoll.c:979:gst_poll_fd_ctl_write: 0x556fb4b60cc0: fd (fd:0, idx:1), active : 1
0:00:00.020164881  2777 0x55eadaba5360 DEBUG   structure gststructure.c:2258:gst_structure_parse_field: trying field name 'author'
0:00:00.015506257  2778 0x556fb4b3c360 LOG   GST_POLL gstpoll.c:994:gst_poll_fd_ctl_write: 0x556fb4b60cc0: pfd->events now 60 (POLLOUT:4)
