0:00:00.020171133  2777 0x55eadaba5360 DEBUG   default gstvalue.c:2776:_priv_gst_value_parse_value: trying type name 'string'
0:00:00.015513305  2778 0x556fb4b3c360 DEBUG   GST_POLL gstpoll.c:979:gst_poll_fd_ctl_write: 0x556fb4b60cc0: fd (fd:0, idx:1), active : 1
0:00:00.020178673  2777 0x55eadaba5360 DEBUG   GST_REGISTRY gstregistrychunks.c:627:gst_registry_chunks_load_feature: Element factory : npadtemplates=2
0:00:00.015519798  2778 0x556fb4b3c360 LOG   GST_POLL gstpoll.c:994:gst_poll_fd_ctl_write: 0x556fb4b60cc0: pfd->events now 60 (POLLOUT:4)
0:00:00.020184973  2777 0x55eadaba5360 DEBUG   GST_REGISTRY gstregistrychunks.c:526:gst_registry_chunks_load_pad_template: Reading/casting for GstRegistryChunkPadTemplate at address 0x55eadabcc3c8
0:00:00.015527135  2778 0x556fb4b3c360 DEBUG   GST_POLL gstpoll.c:979:gst_poll_fd_ctl_write: 0x556fb4b60cc0: fd (fd:0, idx:1), active : 1
0:00:00.020191497  2777 0x55eadaba5360 DEBUG   GST_REGISTRY gstregistrychunks.c:540:gst_registry_chunks_load_pad_template: Added pad_template sink
0:00:00.015533625  2778 0x556fb4b3c360 LOG   GST_POLL gstpoll.c:994:gst_poll_fd_ctl_write: 0x556fb4b60cc0: pfd->events now 60 (POLLOUT:4)
0:00:00.020197748  2777 0x55eadaba5360 DEBUG   GST_REGISTRY gstregistrychunks.c:526:gst_registry_chunks_load_pad_template: Reading/casting for GstRegistryChunkPadTemplate at address 0x55eadabcc3e0
0:00:00.015540383  2778 0x556fb4b3c360 DEBUG   GST_POLL gstpoll.c:979:gst_poll_fd_ctl_write: 0x556fb4b60cc0: fd (fd:0, idx:1), active : 1
0:00:00.020204254  2777 0x55eadaba5360 DEBUG   GST_REGISTRY gstregistrychunks.c:540:gst_registry_chunks_load_pad_template: Added pad_template src
0:00:00.015546699  2778 0x556fb4b3c360 LOG   GST_POLL gstpoll.c:994:gst_poll_fd_ctl_write: 0x556fb4b60cc0: pfd->events now 60 (POLLOUT:4)
0:00:00.015557046  2778 0x556fb4b3c360 DEBUG   GST_POLL gstpoll.c:979:gst_poll_fd_ctl_write: 0x556fb4b60cc0: fd (fd:0, idx:1), active : 1
0:00:00.020219655  2777 0x55eadaba5360 DEBUG   GST_REGISTRY gstregistry.c:589:gst_registry_add_feature: adding feature 0x55eadabcf8d0 (queue)
0:00:00.015562897  2778 0x556fb4b3c360 LOG   GST_POLL gstpoll.c:994:gst_poll_fd_ctl_write: 0x556fb4b60cc0: pfd->events now 60 (POLLOUT:4)
0:00:00.020228328  2777 0x55eadaba5360 DEBUG   GST_REFCOUNTING gstobject.c:708:gst_object_set_parent: set parent (ref and sink)
0:00:00.015569580  2778 0x556fb4b3c360 DEBUG   GST_POLL gstpoll.c:979:gst_poll_fd_ctl_write: 0x556fb4b60cc0: fd (fd:0, idx:1), active : 1
0:00:00.020236482  2777 0x55eadaba5360 TRACE   GST_REFCOUNTING gstobject.c:292:gst_object_ref_sink: 0x55eadabcf8d0 ref_sink 1->2
0:00:00.015577205  2778 0x556fb4b3c360 LOG   GST_POLL gstpoll.c:994:gst_poll_fd_ctl_write: 0x556fb4b60cc0: pfd->events now 60 (POLLOUT:4)
0:00:00.020243752  2777 0x55eadaba5360 LOG   GST_REGISTRY gstregistry.c:607:gst_registry_add_feature: emitting feature-added for queue
0:00:00.015585384  2778 0x556fb4b3c360 DEBUG   GST_POLL gstpoll.c:979:gst_poll_fd_ctl_write: 0x556fb4b60cc0: fd (fd:0, idx:1), active : 1
0:00:00.020250934  2777 0x55eadaba5360 DEBUG   GST_REGISTRY gstregistrychunks.c:741:gst_registry_chunks_load_feature: Added feature queue, plugin 0x55eadabcb500 coreelements
0:00:00.015591781  2778 0x556fb4b3c360 LOG   GST_POLL gstpoll.c:994:gst_poll_fd_ctl_write: 0x556fb4b60cc0: pfd->events now 60 (POLLOUT:4)
0:00:00.020258100  2777 0x55eadaba5360 DEBUG   GST_REGISTRY gstregistrychunks.c:583:gst_registry_chunks_load_feature: Plugin 'coreelements' feature 'output-selector' typename : 'GstElementFactory'
0:00:00.015599211  2778 0x556fb4b3c360 DEBUG   GST_POLL gstpoll.c:979:gst_poll_fd_ctl_write: 0x556fb4b60cc0: fd (fd:0, idx:1), active : 1
0:00:00.020266108  2777 0x55eadaba5360 TRACE   GST_REFCOUNTING gstobject.c:208:gst_object_init: 0x55eadabd0280 new
0:00:00.015606202  2778 0x556fb4b3c360 LOG   GST_POLL gstpoll.c:994:gst_poll_fd_ctl_write: 0x556fb4b60cc0: pfd->events now 60 (POLLOUT:4)
0:00:00.020274255  2777 0x55eadaba5360 LOG   GST_REGISTRY gstregistrychunks.c:610:gst_registry_chunks_load_feature: Reading/casting for GstRegistryChunkElementFactory at address 0x55eadabcc418
0:00:00.015615159  2778 0x556fb4b3c360 DEBUG   GST_POLL gstpoll.c:979:gst_poll_fd_ctl_write: 0x556fb4b60cc0: fd (fd:0, idx:1), active : 1
0:00:00.020281108  2777 0x55eadaba5360 TRACE   structure gststructure.c:292:gst_structure_new_id_empty_with_size: created structure 0x55eadabd0400
0:00:00.015622631  2778 0x556fb4b3c360 LOG   GST_POLL gstpoll.c:994:gst_poll_fd_ctl_write: 0x556fb4b60cc0: pfd->events now 60 (POLLOUT:4)
0:00:00.020287521  2777 0x55eadaba5360 DEBUG   structure gststructure.c:2258:gst_structure_parse_field: trying field name 'long-name'
0:00:00.015629559  2778 0x556fb4b3c360 DEBUG   GST_POLL gstpoll.c:979:gst_poll_fd_ctl_write: 0x556fb4b60cc0: fd (fd:0, idx:1), active : 1
0:00:00.020293690  2777 0x55eadaba5360 DEBUG   default gstvalue.c:2776:_priv_gst_value_parse_value: trying type name 'string'
0:00:00.015640232  2778 0x556fb4b3c360 LOG   GST_POLL gstpoll.c:994:gst_poll_fd_ctl_write: 0x556fb4b60cc0: pfd->events now 60 (POLLOUT:4)
0:00:00.020303818  2777 0x55eadaba5360 DEBUG   structure gststructure.c:2258:gst_structure_parse_field: trying field name 'klass'
0:00:00.015647258  2778 0x556fb4b3c360 DEBUG   GST_POLL gstpoll.c:979:gst_poll_fd_ctl_write: 0x556fb4b60cc0: fd (fd:0, idx:1), active : 1
0:00:00.020310113  2777 0x55eadaba5360 DEBUG   default gstvalue.c:2776:_priv_gst_value_parse_value: trying type name 'string'
0:00:00.015653675  2778 0x556fb4b3c360 LOG   GST_POLL gstpoll.c:994:gst_poll_fd_ctl_write: 0x556fb4b60cc0: pfd->events now 60 (POLLOUT:4)
0:00:00.020317073  2777 0x55eadaba5360 DEBUG   structure gststructure.c:2258:gst_structure_parse_field: trying field name 'description'
0:00:00.015660706  2778 0x556fb4b3c360 DEBUG   GST_POLL gstpoll.c:979:gst_poll_fd_ctl_write: 0x556fb4b60cc0: fd (fd:0, idx:1), active : 1
0:00:00.020323261  2777 0x55eadaba5360 DEBUG   default gstvalue.c:2776:_priv_gst_value_parse_value: trying type name 'string'
0:00:00.015683618  2778 0x556fb4b3c360 LOG   GST_POLL gstpoll.c:994:gst_poll_fd_ctl_write: 0x556fb4b60cc0: pfd->events now 60 (POLLOUT:4)
0:00:00.020352751  2777 0x55eadaba5360 DEBUG   structure gststructure.c:2258:gst_structure_parse_field: trying field name 'author'
0:00:00.015699075  2778 0x556fb4b3c360 DEBUG   GST_POLL gstpoll.c:979:gst_poll_fd_ctl_write: 0x556fb4b60cc0: fd (fd:0, idx:1), active : 1
0:00:00.020364879  2777 0x55eadaba5360 DEBUG   default gstvalue.c:2776:_priv_gst_value_parse_value: trying type name 'string'
0:00:00.015708508  2778 0x556fb4b3c360 LOG   GST_POLL gstpoll.c:994:gst_poll_fd_ctl_write: 0x556fb4b60cc0: pfd->events now 60 (POLLOUT:4)
0:00:00.020376123  2777 0x55eadaba5360 DEBUG   GST_REGISTRY gstregistrychunks.c:627:gst_registry_chunks_load_feature: Element factory : npadtemplates=2
0:00:00.015716551  2778 0x556fb4b3c360 DEBUG   GST_POLL gstpoll.c:979:gst_poll_fd_ctl_write: 0x556fb4b60cc0: fd (fd:0, idx:1), active : 1
0:00:00.020382825  2777 0x55eadaba5360 DEBUG   GST_REGISTRY gstregistrychunks.c:526:gst_registry_chunks_load_pad_template: Reading/casting for GstRegistryChunkPadTemplate at address 0x55eadabcc4f0
0:00:00.015724737  2778 0x556fb4b3c360 LOG   GST_POLL gstpoll.c:994:gst_poll_fd_ctl_write: 0x556fb4b60cc0: pfd->events now 60 (POLLOUT:4)
0:00:00.020389643  2777 0x55eadaba5360 DEBUG   GST_REGISTRY gstregistrychunks.c:540:gst_registry_chunks_load_pad_template: Added pad_template src_%u
0:00:00.015731633  2778 0x556fb4b3c360 DEBUG   GST_POLL gstpoll.c:979:gst_poll_fd_ctl_write: 0x556fb4b60cc0: fd (fd:0, idx:1), active : 1
0:00:00.020395982  2777 0x55eadaba5360 DEBUG   GST_REGISTRY gstregistrychunks.c:526:gst_registry_chunks_load_pad_template: Reading/casting for GstRegistryChunkPadTemplate at address 0x55eadabcc508
0:00:00.015738067  2778 0x556fb4b3c360 LOG   GST_POLL gstpoll.c:994:gst_poll_fd_ctl_write: 0x556fb4b60cc0: pfd->events now 60 (POLLOUT:4)
0:00:00.020402355  2777 0x55eadaba5360 DEBUG   GST_REGISTRY gstregistrychunks.c:540:gst_registry_chunks_load_pad_template: Added pad_template sink
0:00:00.015749450  2778 0x556fb4b3c360 DEBUG   GST_POLL gstpoll.c:979:gst_poll_fd_ctl_write: 0x556fb4b60cc0: fd (fd:0, idx:1), active : 1
0:00:00.020414006  2777 0x55eadaba5360 DEBUG   GST_REGISTRY gstregistry.c:589:gst_registry_add_feature: adding feature 0x55eadabd0280 (output-selector)
0:00:00.015756029  2778 0x556fb4b3c360 LOG   GST_POLL gstpoll.c:994:gst_poll_fd_ctl_write: 0x556fb4b60cc0: pfd->events now 60 (POLLOUT:4)
0:00:00.020421025  2777 0x55eadaba5360 DEBUG   GST_REFCOUNTING gstobject.c:708:gst_object_set_parent: set parent (ref and sink)
0:00:00.015762754  2778 0x556fb4b3c360 DEBUG   GST_POLL gstpoll.c:979:gst_poll_fd_ctl_write: 0x556fb4b60cc0: fd (fd:0, idx:1), active : 1
0:00:00.020429106  2777 0x55eadaba5360 TRACE   GST_REFCOUNTING gstobject.c:292:gst_object_ref_sink: 0x55eadabd0280 ref_sink 1->2
0:00:00.015769794  2778 0x556fb4b3c360 LOG   GST_POLL gstpoll.c:994:gst_poll_fd_ctl_write: 0x556fb4b60cc0: pfd->events now 60 (POLLOUT:4)
0:00:00.020436425  2777 0x55eadaba5360 LOG   GST_REGISTRY gstregistry.c:607:gst_registry_add_feature: emitting feature-added for output-selector
0:00:00.015777939  2778 0x556fb4b3c360 DEBUG   GST_POLL gstpoll.c:979:gst_poll_fd_ctl_write: 0x556fb4b60cc0: fd (fd:0, idx:1), active : 1
0:00:00.020444143  2777 0x55eadaba5360 DEBUG   GST_REGISTRY gstregistrychunks.c:741:gst_registry_chunks_load_feature: Added feature output-selector, plugin 0x55eadabcb500 coreelements
0:00:00.015784695  2778 0x556fb4b3c360 LOG   GST_POLL gstpoll.c:994:gst_poll_fd_ctl_write: 0x556fb4b60cc0: pfd->events now 60 (POLLOUT:4)
0:00:00.020451114  2777 0x55eadaba5360 DEBUG   GST_REGISTRY gstregistrychunks.c:583:gst_registry_chunks_load_feature: Plugin 'coreelements' feature 'input-selector' typename : 'GstElementFactory'
0:00:00.015792647  2778 0x556fb4b3c360 DEBUG   GST_POLL gstpoll.c:979:gst_poll_fd_ctl_write: 0x556fb4b60cc0: fd (fd:0, idx:1), active : 1
0:00:00.015799110  2778 0x556fb4b3c360 LOG   GST_POLL gstpoll.c:994:gst_poll_fd_ctl_write: 0x556fb4b60cc0: pfd->events now 60 (POLLOUT:4)
0:00:00.020459483  2777 0x55eadaba5360 TRACE   GST_REFCOUNTING gstobject.c:208:gst_object_init: 0x55eadabd0840 new
0:00:00.015805403  2778 0x556fb4b3c360 DEBUG   GST_POLL gstpoll.c:979:gst_poll_fd_ctl_write: 0x556fb4b60cc0: fd (fd:0, idx:1), active : 1
0:00:00.020469470  2777 0x55eadaba5360 LOG   GST_REGISTRY gstregistrychunks.c:610:gst_registry_chunks_load_feature: Reading/casting for GstRegistryChunkElementFactory at address 0x55eadabcc540
0:00:00.015811723  2778 0x556fb4b3c360 LOG   GST_POLL gstpoll.c:994:gst_poll_fd_ctl_write: 0x556fb4b60cc0: pfd->events now 60 (POLLOUT:4)
0:00:00.020478228  2777 0x55eadaba5360 TRACE   structure gststructure.c:292:gst_structure_new_id_empty_with_size: created structure 0x55eadabd0b50
0:00:00.015818376  2778 0x556fb4b3c360 DEBUG   GST_POLL gstpoll.c:979:gst_poll_fd_ctl_write: 0x556fb4b60cc0: fd (fd:0, idx:1), active : 1
0:00:00.020484650  2777 0x55eadaba5360 DEBUG   structure gststructure.c:2258:gst_structure_parse_field: trying field name 'long-name'
0:00:00.015830108  2778 0x556fb4b3c360 LOG   GST_POLL gstpoll.c:994:gst_poll_fd_ctl_write: 0x556fb4b60cc0: pfd->events now 60 (POLLOUT:4)
0:00:00.020492734  2777 0x55eadaba5360 DEBUG   default gstvalue.c:2776:_priv_gst_value_parse_value: trying type name 'string'
0:00:00.015837015  2778 0x556fb4b3c360 DEBUG   GST_POLL gstpoll.c:979:gst_poll_fd_ctl_write: 0x556fb4b60cc0: fd (fd:0, idx:1), active : 1
0:00:00.020500166  2777 0x55eadaba5360 DEBUG   structure gststructure.c:2258:gst_structure_parse_field: trying field name 'klass'
0:00:00.015843496  2778 0x556fb4b3c360 LOG   GST_POLL gstpoll.c:994:gst_poll_fd_ctl_write: 0x556fb4b60cc0: pfd->events now 60 (POLLOUT:4)
0:00:00.020506563  2777 0x55eadaba5360 DEBUG   default gstvalue.c:2776:_priv_gst_value_parse_value: trying type name 'string'
0:00:00.015850680  2778 0x556fb4b3c360 LOG   GST_PLUGIN_LOADING gstpluginloader.c:644:put_chunk: Expanding tx buf from 10158 to 13209 for chunk of size 209
0:00:00.020513604  2777 0x55eadaba5360 DEBUG   structure gststructure.c:2258:gst_structure_parse_field: trying field name 'description'
0:00:00.020520582  2777 0x55eadaba5360 DEBUG   default gstvalue.c:2776:_priv_gst_value_parse_value: trying type name 'string'
0:00:00.020527335  2777 0x55eadaba5360 DEBUG   structure gststructure.c:2258:gst_structure_parse_field: trying field name 'author'
0:00:00.015870637  2778 0x556fb4b3c360 DEBUG   GST_POLL gstpoll.c:979:gst_poll_fd_ctl_write: 0x556fb4b60cc0: fd (fd:0, idx:1), active : 1
0:00:00.020533163  2777 0x55eadaba5360 DEBUG   default gstvalue.c:2776:_priv_gst_value_parse_value: trying type name 'string'
0:00:00.015877606  2778 0x556fb4b3c360 LOG   GST_POLL gstpoll.c:994:gst_poll_fd_ctl_write: 0x556fb4b60cc0: pfd->events now 60 (POLLOUT:4)
0:00:00.020542699  2777 0x55eadaba5360 DEBUG   GST_REGISTRY gstregistrychunks.c:627:gst_registry_chunks_load_feature: Element factory : npadtemplates=2
0:00:00.015884699  2778 0x556fb4b3c360 DEBUG   GST_POLL gstpoll.c:979:gst_poll_fd_ctl_write: 0x556fb4b60cc0: fd (fd:0, idx:1), active : 1
0:00:00.020548951  2777 0x55eadaba5360 DEBUG   GST_REGISTRY gstregistrychunks.c:526:gst_registry_chunks_load_pad_template: Reading/casting for GstRegistryChunkPadTemplate at address 0x55eadabcc670
0:00:00.015891127  2778 0x556fb4b3c360 LOG   GST_POLL gstpoll.c:994:gst_poll_fd_ctl_write: 0x556fb4b60cc0: pfd->events now 60 (POLLOUT:4)
0:00:00.020555276  2777 0x55eadaba5360 DEBUG   GST_REGISTRY gstregistrychunks.c:540:gst_registry_chunks_load_pad_template: Added pad_template src
0:00:00.015897939  2778 0x556fb4b3c360 DEBUG   GST_POLL gstpoll.c:979:gst_poll_fd_ctl_write: 0x556fb4b60cc0: fd (fd:0, idx:1), active : 1
0:00:00.020561345  2777 0x55eadaba5360 DEBUG   GST_REGISTRY gstregistrychunks.c:526:gst_registry_chunks_load_pad_template: Reading/casting for GstRegistryChunkPadTemplate at address 0x55eadabcc680
0:00:00.015904446  2778 0x556fb4b3c360 LOG   GST_POLL gstpoll.c:994:gst_poll_fd_ctl_write: 0x556fb4b60cc0: pfd->events now 60 (POLLOUT:4)
0:00:00.020567648  2777 0x55eadaba5360 DEBUG   GST_REGISTRY gstregistrychunks.c:540:gst_registry_chunks_load_pad_template: Added pad_template sink_%u
0:00:00.015911156  2778 0x556fb4b3c360 DEBUG   GST_POLL gstpoll.c:979:gst_poll_fd_ctl_write: 0x556fb4b60cc0: fd (fd:0, idx:1), active : 1
0:00:00.015922189  2778 0x556fb4b3c360 LOG   GST_POLL gstpoll.c:994:gst_poll_fd_ctl_write: 0x556fb4b60cc0: pfd->events now 60 (POLLOUT:4)
0:00:00.020584760  2777 0x55eadaba5360 DEBUG   GST_REGISTRY gstregistry.c:589:gst_registry_add_feature: adding feature 0x55eadabd0840 (input-selector)
0:00:00.015928581  2778 0x556fb4b3c360 DEBUG   GST_POLL gstpoll.c:979:gst_poll_fd_ctl_write: 0x556fb4b60cc0: fd (fd:0, idx:1), active : 1
0:00:00.020591896  2777 0x55eadaba5360 DEBUG   GST_REFCOUNTING gstobject.c:708:gst_object_set_parent: set parent (ref and sink)
0:00:00.015935152  2778 0x556fb4b3c360 LOG   GST_POLL gstpoll.c:994:gst_poll_fd_ctl_write: 0x556fb4b60cc0: pfd->events now 60 (POLLOUT:4)
0:00:00.020599948  2777 0x55eadaba5360 TRACE   GST_REFCOUNTING gstobject.c:292:gst_object_ref_sink: 0x55eadabd0840 ref_sink 1->2
0:00:00.015941984  2778 0x556fb4b3c360 DEBUG   GST_POLL gstpoll.c:979:gst_poll_fd_ctl_write: 0x556fb4b60cc0: fd (fd:0, idx:1), active : 1
0:00:00.020607090  2777 0x55eadaba5360 LOG   GST_REGISTRY gstregistry.c:607:gst_registry_add_feature: emitting feature-added for input-selector
0:00:00.015948307  2778 0x556fb4b3c360 LOG   GST_POLL gstpoll.c:994:gst_poll_fd_ctl_write: 0x556fb4b60cc0: pfd->events now 60 (POLLOUT:4)
0:00:00.020614620  2777 0x55eadaba5360 DEBUG   GST_REGISTRY gstregistrychunks.c:741:gst_registry_chunks_load_feature: Added feature input-selector, plugin 0x55eadabcb500 coreelements
0:00:00.015955702  2778 0x556fb4b3c360 DEBUG   GST_POLL gstpoll.c:979:gst_poll_fd_ctl_write: 0x556fb4b60cc0: fd (fd:0, idx:1), active : 1
0:00:00.020621616  2777 0x55eadaba5360 DEBUG   GST_REGISTRY gstregistrychunks.c:583:gst_registry_chunks_load_feature: Plugin 'coreelements' feature 'identity' typename : 'GstElementFactory'
0:00:00.015962637  2778 0x556fb4b3c360 LOG   GST_POLL gstpoll.c:994:gst_poll_fd_ctl_write: 0x556fb4b60cc0: pfd->events now 60 (POLLOUT:4)
0:00:00.020629826  2777 0x55eadaba5360 TRACE   GST_REFCOUNTING gstobject.c:208:gst_object_init: 0x55eadabd1000 new
0:00:00.015970116  2778 0x556fb4b3c360 DEBUG   GST_POLL gstpoll.c:979:gst_poll_fd_ctl_write: 0x556fb4b60cc0: fd (fd:0, idx:1), active : 1
0:00:00.020638043  2777 0x55eadaba5360 LOG   GST_REGISTRY gstregistrychunks.c:610:gst_registry_chunks_load_feature: Reading/casting for GstRegistryChunkElementFactory at address 0x55eadabcc6b0
0:00:00.015978552  2778 0x556fb4b3c360 LOG   GST_POLL gstpoll.c:994:gst_poll_fd_ctl_write: 0x556fb4b60cc0: pfd->events now 60 (POLLOUT:4)
0:00:00.020644800  2777 0x55eadaba5360 TRACE   structure gststructure.c:292:gst_structure_new_id_empty_with_size: created structure 0x55eadabd1230
0:00:00.015986607  2778 0x556fb4b3c360 DEBUG   GST_POLL gstpoll.c:979:gst_poll_fd_ctl_write: 0x556fb4b60cc0: fd (fd:0, idx:1), active : 1
0:00:00.020651138  2777 0x55eadaba5360 DEBUG   structure gststructure.c:2258:gst_structure_parse_field: trying field name 'long-name'
0:00:00.015993077  2778 0x556fb4b3c360 LOG   GST_POLL gstpoll.c:994:gst_poll_fd_ctl_write: 0x556fb4b60cc0: pfd->events now 60 (POLLOUT:4)
0:00:00.020661909  2777 0x55eadaba5360 DEBUG   default gstvalue.c:2776:_priv_gst_value_parse_value: trying type name 'string'
0:00:00.016004437  2778 0x556fb4b3c360 DEBUG   GST_POLL gstpoll.c:979:gst_poll_fd_ctl_write: 0x556fb4b60cc0: fd (fd:0, idx:1), active : 1
0:00:00.020668921  2777 0x55eadaba5360 DEBUG   structure gststructure.c:2258:gst_structure_parse_field: trying field name 'klass'
0:00:00.016011195  2778 0x556fb4b3c360 LOG   GST_POLL gstpoll.c:994:gst_poll_fd_ctl_write: 0x556fb4b60cc0: pfd->events now 60 (POLLOUT:4)
0:00:00.020675342  2777 0x55eadaba5360 DEBUG   default gstvalue.c:2776:_priv_gst_value_parse_value: trying type name 'string'
0:00:00.016018037  2778 0x556fb4b3c360 DEBUG   GST_POLL gstpoll.c:979:gst_poll_fd_ctl_write: 0x556fb4b60cc0: fd (fd:0, idx:1), active : 1
0:00:00.016026035  2778 0x556fb4b3c360 LOG   GST_POLL gstpoll.c:994:gst_poll_fd_ctl_write: 0x556fb4b60cc0: pfd->events now 60 (POLLOUT:4)
0:00:00.020686642  2777 0x55eadaba5360 DEBUG   structure gststructure.c:2258:gst_structure_parse_field: trying field name 'description'
0:00:00.016032828  2778 0x556fb4b3c360 DEBUG   GST_POLL gstpoll.c:979:gst_poll_fd_ctl_write: 0x556fb4b60cc0: fd (fd:0, idx:1), active : 1
0:00:00.020695097  2777 0x55eadaba5360 DEBUG   default gstvalue.c:2776:_priv_gst_value_parse_value: trying type name 'string'
0:00:00.016039160  2778 0x556fb4b3c360 LOG   GST_POLL gstpoll.c:994:gst_poll_fd_ctl_write: 0x556fb4b60cc0: pfd->events now 60 (POLLOUT:4)
0:00:00.020702991  2777 0x55eadaba5360 DEBUG   structure gststructure.c:2258:gst_structure_parse_field: trying field name 'author'
0:00:00.016046092  2778 0x556fb4b3c360 DEBUG   GST_POLL gstpoll.c:979:gst_poll_fd_ctl_write: 0x556fb4b60cc0: fd (fd:0, idx:1), active : 1
0:00:00.020709288  2777 0x55eadaba5360 DEBUG   default gstvalue.c:2776:_priv_gst_value_parse_value: trying type name 'string'
0:00:00.016052659  2778 0x556fb4b3c360 LOG   GST_POLL gstpoll.c:994:gst_poll_fd_ctl_write: 0x556fb4b60cc0: pfd->events now 60 (POLLOUT:4)
0:00:00.020716816  2777 0x55eadaba5360 DEBUG   GST_REGISTRY gstregistrychunks.c:627:gst_registry_chunks_load_feature: Element factory : npadtemplates=2
0:00:00.016059532  2778 0x556fb4b3c360 DEBUG   GST_POLL gstpoll.c:979:gst_poll_fd_ctl_write: 0x556fb4b60cc0: fd (fd:0, idx:1), active : 1
0:00:00.020723001  2777 0x55eadaba5360 DEBUG   GST_REGISTRY gstregistrychunks.c:526:gst_registry_chunks_load_pad_template: Reading/casting for GstRegistryChunkPadTemplate at address 0x55eadabcc780
0:00:00.016083626  2778 0x556fb4b3c360 LOG   GST_POLL gstpoll.c:994:gst_poll_fd_ctl_write: 0x556fb4b60cc0: pfd->events now 60 (POLLOUT:4)
0:00:00.020748173  2777 0x55eadaba5360 DEBUG   GST_REGISTRY gstregistrychunks.c:540:gst_registry_chunks_load_pad_template: Added pad_template sink
0:00:00.016090780  2778 0x556fb4b3c360 DEBUG   GST_POLL gstpoll.c:979:gst_poll_fd_ctl_write: 0x556fb4b60cc0: fd (fd:0, idx:1), active : 1
0:00:00.020754516  2777 0x55eadaba5360 DEBUG   GST_REGISTRY gstregistrychunks.c:526:gst_registry_chunks_load_pad_template: Reading/casting for GstRegistryChunkPadTemplate at address 0x55eadabcc798
0:00:00.016103886  2778 0x556fb4b3c360 LOG   GST_POLL gstpoll.c:994:gst_poll_fd_ctl_write: 0x556fb4b60cc0: pfd->events now 60 (POLLOUT:4)
0:00:00.020773176  2777 0x55eadaba5360 DEBUG   GST_REGISTRY gstregistrychunks.c:540:gst_registry_chunks_load_pad_template: Added pad_template src
0:00:00.016115480  2778 0x556fb4b3c360 DEBUG   GST_POLL gstpoll.c:979:gst_poll_fd_ctl_write: 0x556fb4b60cc0: fd (fd:0, idx:1), active : 1
0:00:00.020781342  2777 0x55eadaba5360 DEBUG   GST_REGISTRY gstregistry.c:589:gst_registry_add_feature: adding feature 0x55eadabd1000 (identity)
0:00:00.016122068  2778 0x556fb4b3c360 LOG   GST_POLL gstpoll.c:994:gst_poll_fd_ctl_write: 0x556fb4b60cc0: pfd->events now 60 (POLLOUT:4)
0:00:00.020788293  2777 0x55eadaba5360 DEBUG   GST_REFCOUNTING gstobject.c:708:gst_object_set_parent: set parent (ref and sink)
0:00:00.016130347  2778 0x556fb4b3c360 DEBUG   GST_POLL gstpoll.c:979:gst_poll_fd_ctl_write: 0x556fb4b60cc0: fd (fd:0, idx:1), active : 1
0:00:00.020796745  2777 0x55eadaba5360 TRACE   GST_REFCOUNTING gstobject.c:292:gst_object_ref_sink: 0x55eadabd1000 ref_sink 1->2
0:00:00.016137463  2778 0x556fb4b3c360 LOG   GST_POLL gstpoll.c:994:gst_poll_fd_ctl_write: 0x556fb4b60cc0: pfd->events now 60 (POLLOUT:4)
0:00:00.020804303  2777 0x55eadaba5360 LOG   GST_REGISTRY gstregistry.c:607:gst_registry_add_feature: emitting feature-added for identity
0:00:00.016145963  2778 0x556fb4b3c360 DEBUG   GST_POLL gstpoll.c:979:gst_poll_fd_ctl_write: 0x556fb4b60cc0: fd (fd:0, idx:1), active : 1
0:00:00.020812005  2777 0x55eadaba5360 DEBUG   GST_REGISTRY gstregistrychunks.c:741:gst_registry_chunks_load_feature: Added feature identity, plugin 0x55eadabcb500 coreelements
0:00:00.016152655  2778 0x556fb4b3c360 LOG   GST_POLL gstpoll.c:994:gst_poll_fd_ctl_write: 0x556fb4b60cc0: pfd->events now 60 (POLLOUT:4)
0:00:00.020819651  2777 0x55eadaba5360 DEBUG   GST_REGISTRY gstregistrychunks.c:583:gst_registry_chunks_load_feature: Plugin 'coreelements' feature 'funnel' typename : 'GstElementFactory'
0:00:00.016160789  2778 0x556fb4b3c360 DEBUG   GST_POLL gstpoll.c:979:gst_poll_fd_ctl_write: 0x556fb4b60cc0: fd (fd:0, idx:1), active : 1
0:00:00.020828048  2777 0x55eadaba5360 TRACE   GST_REFCOUNTING gstobject.c:208:gst_object_init: 0x55eadabd1670 new
0:00:00.016168068  2778 0x556fb4b3c360 LOG   GST_POLL gstpoll.c:994:gst_poll_fd_ctl_write: 0x556fb4b60cc0: pfd->events now 60 (POLLOUT:4)
0:00:00.020836560  2777 0x55eadaba5360 LOG   GST_REGISTRY gstregistrychunks.c:610:gst_registry_chunks_load_feature: Reading/casting for GstRegistryChunkElementFactory at address 0x55eadabcc7c8
0:00:00.016180148  2778 0x556fb4b3c360 DEBUG   GST_POLL gstpoll.c:979:gst_poll_fd_ctl_write: 0x556fb4b60cc0: fd (fd:0, idx:1), active : 1
0:00:00.020843640  2777 0x55eadaba5360 TRACE   structure gststructure.c:292:gst_structure_new_id_empty_with_size: created structure 0x55eadabd1970
0:00:00.016186866  2778 0x556fb4b3c360 LOG   GST_POLL gstpoll.c:994:gst_poll_fd_ctl_write: 0x556fb4b60cc0: pfd->events now 60 (POLLOUT:4)
0:00:00.020850089  2777 0x55eadaba5360 DEBUG   structure gststructure.c:2258:gst_structure_parse_field: trying field name 'long-name'
0:00:00.016197934  2778 0x556fb4b3c360 DEBUG   GST_POLL gstpoll.c:979:gst_poll_fd_ctl_write: 0x556fb4b60cc0: fd (fd:0, idx:1), active : 1
0:00:00.020860065  2777 0x55eadaba5360 DEBUG   default gstvalue.c:2776:_priv_gst_value_parse_value: trying type name 'string'
0:00:00.016204692  2778 0x556fb4b3c360 LOG   GST_POLL gstpoll.c:994:gst_poll_fd_ctl_write: 0x556fb4b60cc0: pfd->events now 60 (POLLOUT:4)
0:00:00.020868447  2777 0x55eadaba5360 DEBUG   structure gststructure.c:2258:gst_structure_parse_field: trying field name 'klass'
0:00:00.016211806  2778 0x556fb4b3c360 DEBUG   GST_POLL gstpoll.c:979:gst_poll_fd_ctl_write: 0x556fb4b60cc0: fd (fd:0, idx:1), active : 1
0:00:00.016218432  2778 0x556fb4b3c360 LOG   GST_POLL gstpoll.c:994:gst_poll_fd_ctl_write: 0x556fb4b60cc0: pfd->events now 60 (POLLOUT:4)
0:00:00.020879288  2777 0x55eadaba5360 DEBUG   default gstvalue.c:2776:_priv_gst_value_parse_value: trying type name 'string'
0:00:00.016225061  2778 0x556fb4b3c360 DEBUG   GST_POLL gstpoll.c:979:gst_poll_fd_ctl_write: 0x556fb4b60cc0: fd (fd:0, idx:1), active : 1
0:00:00.020888134  2777 0x55eadaba5360 DEBUG   structure gststructure.c:2258:gst_structure_parse_field: trying field name 'description'
0:00:00.016231683  2778 0x556fb4b3c360 LOG   GST_POLL gstpoll.c:994:gst_poll_fd_ctl_write: 0x556fb4b60cc0: pfd->events now 60 (POLLOUT:4)
0:00:00.020894766  2777 0x55eadaba5360 DEBUG   default gstvalue.c:2776:_priv_gst_value_parse_value: trying type name 'string'
0:00:00.016238734  2778 0x556fb4b3c360 DEBUG   GST_POLL gstpoll.c:979:gst_poll_fd_ctl_write: 0x556fb4b60cc0: fd (fd:0, idx:1), active : 1
0:00:00.020902455  2777 0x55eadaba5360 DEBUG   structure gststructure.c:2258:gst_structure_parse_field: trying field name 'author'
0:00:00.016245343  2778 0x556fb4b3c360 LOG   GST_POLL gstpoll.c:994:gst_poll_fd_ctl_write: 0x556fb4b60cc0: pfd->events now 60 (POLLOUT:4)
0:00:00.020908796  2777 0x55eadaba5360 DEBUG   default gstvalue.c:2776:_priv_gst_value_parse_value: trying type name 'string'
0:00:00.016252399  2778 0x556fb4b3c360 DEBUG   GST_POLL gstpoll.c:979:gst_poll_fd_ctl_write: 0x556fb4b60cc0: fd (fd:0, idx:1), active : 1
0:00:00.020916565  2777 0x55eadaba5360 DEBUG   GST_REGISTRY gstregistrychunks.c:627:gst_registry_chunks_load_feature: Element factory : npadtemplates=2
0:00:00.016258970  2778 0x556fb4b3c360 LOG   GST_POLL gstpoll.c:994:gst_poll_fd_ctl_write: 0x556fb4b60cc0: pfd->events now 60 (POLLOUT:4)
0:00:00.020923086  2777 0x55eadaba5360 DEBUG   GST_REGISTRY gstregistrychunks.c:526:gst_registry_chunks_load_pad_template: Reading/casting for GstRegistryChunkPadTemplate at address 0x55eadabcc8a0
0:00:00.016265963  2778 0x556fb4b3c360 DEBUG   GST_POLL gstpoll.c:979:gst_poll_fd_ctl_write: 0x556fb4b60cc0: fd (fd:0, idx:1), active : 1
0:00:00.020929701  2777 0x55eadaba5360 DEBUG   GST_REGISTRY gstregistrychunks.c:540:gst_registry_chunks_load_pad_template: Added pad_template src
0:00:00.016272603  2778 0x556fb4b3c360 LOG   GST_POLL gstpoll.c:994:gst_poll_fd_ctl_write: 0x556fb4b60cc0: pfd->events now 60 (POLLOUT:4)
0:00:00.020940860  2777 0x55eadaba5360 DEBUG   GST_REGISTRY gstregistrychunks.c:526:gst_registry_chunks_load_pad_template: Reading/casting for GstRegistryChunkPadTemplate at address 0x55eadabcc8b0
0:00:00.016283269  2778 0x556fb4b3c360 DEBUG   GST_POLL gstpoll.c:979:gst_poll_fd_ctl_write: 0x556fb4b60cc0: fd (fd:0, idx:1), active : 1
0:00:00.020947428  2777 0x55eadaba5360 DEBUG   GST_REGISTRY gstregistrychunks.c:540:gst_registry_chunks_load_pad_template: Added pad_template sink_%u
0:00:00.016290012  2778 0x556fb4b3c360 LOG   GST_POLL gstpoll.c:994:gst_poll_fd_ctl_write: 0x556fb4b60cc0: pfd->events now 60 (POLLOUT:4)
0:00:00.020955833  2777 0x55eadaba5360 DEBUG   GST_REGISTRY gstregistry.c:589:gst_registry_add_feature: adding feature 0x55eadabd1670 (funnel)
0:00:00.016296934  2778 0x556fb4b3c360 DEBUG   GST_POLL gstpoll.c:979:gst_poll_fd_ctl_write: 0x556fb4b60cc0: fd (fd:0, idx:1), active : 1
0:00:00.020962790  2777 0x55eadaba5360 DEBUG   GST_REFCOUNTING gstobject.c:708:gst_object_set_parent: set parent (ref and sink)
0:00:00.016304377  2778 0x556fb4b3c360 LOG   GST_POLL gstpoll.c:994:gst_poll_fd_ctl_write: 0x556fb4b60cc0: pfd->events now 60 (POLLOUT:4)
0:00:00.020971010  2777 0x55eadaba5360 TRACE   GST_REFCOUNTING gstobject.c:292:gst_object_ref_sink: 0x55eadabd1670 ref_sink 1->2
0:00:00.016312062  2778 0x556fb4b3c360 DEBUG   GST_POLL gstpoll.c:979:gst_poll_fd_ctl_write: 0x556fb4b60cc0: fd (fd:0, idx:1), active : 1
0:00:00.020978418  2777 0x55eadaba5360 LOG   GST_REGISTRY gstregistry.c:607:gst_registry_add_feature: emitting feature-added for funnel
0:00:00.016319819  2778 0x556fb4b3c360 LOG   GST_POLL gstpoll.c:994:gst_poll_fd_ctl_write: 0x556fb4b60cc0: pfd->events now 60 (POLLOUT:4)
0:00:00.020986012  2777 0x55eadaba5360 DEBUG   GST_REGISTRY gstregistrychunks.c:741:gst_registry_chunks_load_feature: Added feature funnel, plugin 0x55eadabcb500 coreelements
0:00:00.016327189  2778 0x556fb4b3c360 DEBUG   GST_POLL gstpoll.c:979:gst_poll_fd_ctl_write: 0x556fb4b60cc0: fd (fd:0, idx:1), active : 1
0:00:00.020993283  2777 0x55eadaba5360 DEBUG   GST_REGISTRY gstregistrychunks.c:583:gst_registry_chunks_load_feature: Plugin 'coreelements' feature 'filesrc' typename : 'GstElementFactory'
0:00:00.016334477  2778 0x556fb4b3c360 LOG   GST_POLL gstpoll.c:994:gst_poll_fd_ctl_write: 0x556fb4b60cc0: pfd->events now 60 (POLLOUT:4)
0:00:00.021001652  2777 0x55eadaba5360 TRACE   GST_REFCOUNTING gstobject.c:208:gst_object_init: 0x55eadabd1d90 new
0:00:00.016342219  2778 0x556fb4b3c360 DEBUG   GST_POLL gstpoll.c:979:gst_poll_fd_ctl_write: 0x556fb4b60cc0: fd (fd:0, idx:1), active : 1
0:00:00.021010305  2777 0x55eadaba5360 LOG   GST_REGISTRY gstregistrychunks.c:610:gst_registry_chunks_load_feature: Reading/casting for GstRegistryChunkElementFactory at address 0x55eadabcc8e0
0:00:00.016350720  2778 0x556fb4b3c360 LOG   GST_POLL gstpoll.c:994:gst_poll_fd_ctl_write: 0x556fb4b60cc0: pfd->events now 60 (POLLOUT:4)
0:00:00.021017448  2777 0x55eadaba5360 TRACE   structure gststructure.c:292:gst_structure_new_id_empty_with_size: created structure 0x55eadabd2090
0:00:00.016359385  2778 0x556fb4b3c360 DEBUG   GST_POLL gstpoll.c:979:gst_poll_fd_ctl_write: 0x556fb4b60cc0: fd (fd:0, idx:1), active : 1
0:00:00.021028513  2777 0x55eadaba5360 DEBUG   structure gststructure.c:2258:gst_structure_parse_field: trying field name 'long-name'
0:00:00.016370507  2778 0x556fb4b3c360 LOG   GST_POLL gstpoll.c:994:gst_poll_fd_ctl_write: 0x556fb4b60cc0: pfd->events now 60 (POLLOUT:4)
0:00:00.021035220  2777 0x55eadaba5360 DEBUG   default gstvalue.c:2776:_priv_gst_value_parse_value: trying type name 'string'
0:00:00.016377567  2778 0x556fb4b3c360 DEBUG   GST_POLL gstpoll.c:979:gst_poll_fd_ctl_write: 0x556fb4b60cc0: fd (fd:0, idx:1), active : 1
0:00:00.021042690  2777 0x55eadaba5360 DEBUG   structure gststructure.c:2258:gst_structure_parse_field: trying field name 'klass'
0:00:00.016384306  2778 0x556fb4b3c360 LOG   GST_POLL gstpoll.c:994:gst_poll_fd_ctl_write: 0x556fb4b60cc0: pfd->events now 60 (POLLOUT:4)
0:00:00.021049293  2777 0x55eadaba5360 DEBUG   default gstvalue.c:2776:_priv_gst_value_parse_value: trying type name 'string'
0:00:00.016391322  2778 0x556fb4b3c360 DEBUG   GST_POLL gstpoll.c:979:gst_poll_fd_ctl_write: 0x556fb4b60cc0: fd (fd:0, idx:1), active : 1
0:00:00.021056705  2777 0x55eadaba5360 DEBUG   structure gststructure.c:2258:gst_structure_parse_field: trying field name 'description'
0:00:00.016398003  2778 0x556fb4b3c360 LOG   GST_POLL gstpoll.c:994:gst_poll_fd_ctl_write: 0x556fb4b60cc0: pfd->events now 60 (POLLOUT:4)
0:00:00.021063289  2777 0x55eadaba5360 DEBUG   default gstvalue.c:2776:_priv_gst_value_parse_value: trying type name 'string'
0:00:00.016405412  2778 0x556fb4b3c360 DEBUG   GST_POLL gstpoll.c:979:gst_poll_fd_ctl_write: 0x556fb4b60cc0: fd (fd:0, idx:1), active : 1
0:00:00.021070968  2777 0x55eadaba5360 DEBUG   structure gststructure.c:2258:gst_structure_parse_field: trying field name 'author'
0:00:00.016412069  2778 0x556fb4b3c360 LOG   GST_POLL gstpoll.c:994:gst_poll_fd_ctl_write: 0x556fb4b60cc0: pfd->events now 60 (POLLOUT:4)
0:00:00.021077362  2777 0x55eadaba5360 DEBUG   default gstvalue.c:2776:_priv_gst_value_parse_value: trying type name 'string'
0:00:00.016419727  2778 0x556fb4b3c360 DEBUG   GST_POLL gstpoll.c:979:gst_poll_fd_ctl_write: 0x556fb4b60cc0: fd (fd:0, idx:1), active : 1
0:00:00.021084968  2777 0x55eadaba5360 DEBUG   GST_REGISTRY gstregistrychunks.c:627:gst_registry_chunks_load_feature: Element factory : npadtemplates=1
0:00:00.016426395  2778 0x556fb4b3c360 LOG   GST_POLL gstpoll.c:994:gst_poll_fd_ctl_write: 0x556fb4b60cc0: pfd->events now 60 (POLLOUT:4)
0:00:00.021091258  2777 0x55eadaba5360 DEBUG   GST_REGISTRY gstregistrychunks.c:526:gst_registry_chunks_load_pad_template: Reading/casting for GstRegistryChunkPadTemplate at address 0x55eadabcc9c0
0:00:00.016433491  2778 0x556fb4b3c360 DEBUG   GST_POLL gstpoll.c:979:gst_poll_fd_ctl_write: 0x556fb4b60cc0: fd (fd:0, idx:1), active : 1
0:00:00.021097812  2777 0x55eadaba5360 DEBUG   GST_REGISTRY gstregistrychunks.c:540:gst_registry_chunks_load_pad_template: Added pad_template src
0:00:00.016440089  2778 0x556fb4b3c360 LOG   GST_POLL gstpoll.c:994:gst_poll_fd_ctl_write: 0x556fb4b60cc0: pfd->events now 60 (POLLOUT:4)
0:00:00.021108882  2777 0x55eadaba5360 DEBUG   GST_REGISTRY gstregistrychunks.c:640:gst_registry_chunks_load_feature: Reading 1 UriTypes at address 0x55eadabcc9d0
0:00:00.016450910  2778 0x556fb4b3c360 DEBUG   GST_POLL gstpoll.c:979:gst_poll_fd_ctl_write: 0x556fb4b60cc0: fd (fd:0, idx:1), active : 1
0:00:00.021116485  2777 0x55eadaba5360 DEBUG   GST_REGISTRY gstregistrychunks.c:655:gst_registry_chunks_load_feature: Reading 1 Interfaces at address 0x55eadabcc9d9
0:00:00.016457414  2778 0x556fb4b3c360 LOG   GST_POLL gstpoll.c:994:gst_poll_fd_ctl_write: 0x556fb4b60cc0: pfd->events now 60 (POLLOUT:4)
0:00:00.016465342  2778 0x556fb4b3c360 DEBUG   GST_POLL gstpoll.c:979:gst_poll_fd_ctl_write: 0x556fb4b60cc0: fd (fd:0, idx:1), active : 1
0:00:00.021125799  2777 0x55eadaba5360 DEBUG   GST_REGISTRY gstregistry.c:589:gst_registry_add_feature: adding feature 0x55eadabd1d90 (filesrc)
0:00:00.016471587  2778 0x556fb4b3c360 LOG   GST_POLL gstpoll.c:994:gst_poll_fd_ctl_write: 0x556fb4b60cc0: pfd->events now 60 (POLLOUT:4)
0:00:00.021134936  2777 0x55eadaba5360 DEBUG   GST_REFCOUNTING gstobject.c:708:gst_object_set_parent: set parent (ref and sink)
0:00:00.016478619  2778 0x556fb4b3c360 DEBUG   GST_POLL gstpoll.c:979:gst_poll_fd_ctl_write: 0x556fb4b60cc0: fd (fd:0, idx:1), active : 1
0:00:00.021143071  2777 0x55eadaba5360 TRACE   GST_REFCOUNTING gstobject.c:292:gst_object_ref_sink: 0x55eadabd1d90 ref_sink 1->2
0:00:00.016485268  2778 0x556fb4b3c360 LOG   GST_POLL gstpoll.c:994:gst_poll_fd_ctl_write: 0x556fb4b60cc0: pfd->events now 60 (POLLOUT:4)
0:00:00.021150626  2777 0x55eadaba5360 LOG   GST_REGISTRY gstregistry.c:607:gst_registry_add_feature: emitting feature-added for filesrc
0:00:00.016492296  2778 0x556fb4b3c360 DEBUG   GST_POLL gstpoll.c:979:gst_poll_fd_ctl_write: 0x556fb4b60cc0: fd (fd:0, idx:1), active : 1
0:00:00.021158294  2777 0x55eadaba5360 DEBUG   GST_REGISTRY gstregistrychunks.c:741:gst_registry_chunks_load_feature: Added feature filesrc, plugin 0x55eadabcb500 coreelements
0:00:00.016499182  2778 0x556fb4b3c360 LOG   GST_POLL gstpoll.c:994:gst_poll_fd_ctl_write: 0x556fb4b60cc0: pfd->events now 60 (POLLOUT:4)
0:00:00.021166059  2777 0x55eadaba5360 DEBUG   GST_REGISTRY gstregistrychunks.c:583:gst_registry_chunks_load_feature: Plugin 'coreelements' feature 'fdsink' typename : 'GstElementFactory'
0:00:00.016507432  2778 0x556fb4b3c360 DEBUG   GST_POLL gstpoll.c:979:gst_poll_fd_ctl_write: 0x556fb4b60cc0: fd (fd:0, idx:1), active : 1
0:00:00.016514704  2778 0x556fb4b3c360 LOG   GST_POLL gstpoll.c:994:gst_poll_fd_ctl_write: 0x556fb4b60cc0: pfd->events now 60 (POLLOUT:4)
0:00:00.021174771  2777 0x55eadaba5360 TRACE   GST_REFCOUNTING gstobject.c:208:gst_object_init: 0x55eadabd2540 new
0:00:00.016521285  2778 0x556fb4b3c360 DEBUG   GST_POLL gstpoll.c:979:gst_poll_fd_ctl_write: 0x556fb4b60cc0: fd (fd:0, idx:1), active : 1
0:00:00.021185070  2777 0x55eadaba5360 LOG   GST_REGISTRY gstregistrychunks.c:610:gst_registry_chunks_load_feature: Reading/casting for GstRegistryChunkElementFactory at address 0x55eadabcca00
0:00:00.016527904  2778 0x556fb4b3c360 LOG   GST_POLL gstpoll.c:994:gst_poll_fd_ctl_write: 0x556fb4b60cc0: pfd->events now 60 (POLLOUT:4)
0:00:00.021198155  2777 0x55eadaba5360 TRACE   structure gststructure.c:292:gst_structure_new_id_empty_with_size: created structure 0x55eadabd28c0
0:00:00.016540197  2778 0x556fb4b3c360 DEBUG   GST_POLL gstpoll.c:979:gst_poll_fd_ctl_write: 0x556fb4b60cc0: fd (fd:0, idx:1), active : 1
0:00:00.021204822  2777 0x55eadaba5360 DEBUG   structure gststructure.c:2258:gst_structure_parse_field: trying field name 'long-name'
0:00:00.016546792  2778 0x556fb4b3c360 LOG   GST_POLL gstpoll.c:994:gst_poll_fd_ctl_write: 0x556fb4b60cc0: pfd->events now 60 (POLLOUT:4)
0:00:00.021211201  2777 0x55eadaba5360 DEBUG   default gstvalue.c:2776:_priv_gst_value_parse_value: trying type name 'string'
0:00:00.016553742  2778 0x556fb4b3c360 DEBUG   GST_POLL gstpoll.c:979:gst_poll_fd_ctl_write: 0x556fb4b60cc0: fd (fd:0, idx:1), active : 1
0:00:00.021218673  2777 0x55eadaba5360 DEBUG   structure gststructure.c:2258:gst_structure_parse_field: trying field name 'klass'
0:00:00.016560367  2778 0x556fb4b3c360 LOG   GST_POLL gstpoll.c:994:gst_poll_fd_ctl_write: 0x556fb4b60cc0: pfd->events now 60 (POLLOUT:4)
0:00:00.021224983  2777 0x55eadaba5360 DEBUG   default gstvalue.c:2776:_priv_gst_value_parse_value: trying type name 'string'
0:00:00.016567352  2778 0x556fb4b3c360 DEBUG   GST_POLL gstpoll.c:979:gst_poll_fd_ctl_write: 0x556fb4b60cc0: fd (fd:0, idx:1), active : 1
0:00:00.021231980  2777 0x55eadaba5360 DEBUG   structure gststructure.c:2258:gst_structure_parse_field: trying field name 'description'
0:00:00.016573978  2778 0x556fb4b3c360 LOG   GST_POLL gstpoll.c:994:gst_poll_fd_ctl_write: 0x556fb4b60cc0: pfd->events now 60 (POLLOUT:4)
0:00:00.021238437  2777 0x55eadaba5360 DEBUG   default gstvalue.c:2776:_priv_gst_value_parse_value: trying type name 'string'
0:00:00.016580877  2778 0x556fb4b3c360 DEBUG   GST_POLL gstpoll.c:979:gst_poll_fd_ctl_write: 0x556fb4b60cc0: fd (fd:0, idx:1), active : 1
0:00:00.021246347  2777 0x55eadaba5360 DEBUG   structure gststructure.c:2258:gst_structure_parse_field: trying field name 'author'
0:00:00.016587347  2778 0x556fb4b3c360 LOG   GST_POLL gstpoll.c:994:gst_poll_fd_ctl_write: 0x556fb4b60cc0: pfd->events now 60 (POLLOUT:4)
0:00:00.021252809  2777 0x55eadaba5360 DEBUG   default gstvalue.c:2776:_priv_gst_value_parse_value: trying type name 'string'
0:00:00.016595039  2778 0x556fb4b3c360 DEBUG   GST_POLL gstpoll.c:979:gst_poll_fd_ctl_write: 0x556fb4b60cc0: fd (fd:0, idx:1), active : 1
0:00:00.021260187  2777 0x55eadaba5360 DEBUG   GST_REGISTRY gstregistrychunks.c:627:gst_registry_chunks_load_feature: Element factory : npadtemplates=1
0:00:00.016601597  2778 0x556fb4b3c360 LOG   GST_POLL gstpoll.c:994:gst_poll_fd_ctl_write: 0x556fb4b60cc0: pfd->events now 60 (POLLOUT:4)
0:00:00.021266815  2777 0x55eadaba5360 DEBUG   GST_REGISTRY gstregistrychunks.c:526:gst_registry_chunks_load_pad_template: Reading/casting for GstRegistryChunkPadTemplate at address 0x55eadabccae0
0:00:00.016609043  2778 0x556fb4b3c360 DEBUG   GST_POLL gstpoll.c:979:gst_poll_fd_ctl_write: 0x556fb4b60cc0: fd (fd:0, idx:1), active : 1
0:00:00.021277417  2777 0x55eadaba5360 DEBUG   GST_REGISTRY gstregistrychunks.c:540:gst_registry_chunks_load_pad_template: Added pad_template sink
0:00:00.016619466  2778 0x556fb4b3c360 LOG   GST_POLL gstpoll.c:994:gst_poll_fd_ctl_write: 0x556fb4b60cc0: pfd->events now 60 (POLLOUT:4)
0:00:00.021284595  2777 0x55eadaba5360 DEBUG   GST_REGISTRY gstregistrychunks.c:640:gst_registry_chunks_load_feature: Reading 1 UriTypes at address 0x55eadabccaf1
0:00:00.016626492  2778 0x556fb4b3c360 DEBUG   GST_POLL gstpoll.c:979:gst_poll_fd_ctl_write: 0x556fb4b60cc0: fd (fd:0, idx:1), active : 1
0:00:00.021291976  2777 0x55eadaba5360 DEBUG   GST_REGISTRY gstregistrychunks.c:655:gst_registry_chunks_load_feature: Reading 1 Interfaces at address 0x55eadabccaff
0:00:00.016633121  2778 0x556fb4b3c360 LOG   GST_POLL gstpoll.c:994:gst_poll_fd_ctl_write: 0x556fb4b60cc0: pfd->events now 60 (POLLOUT:4)
0:00:00.021300666  2777 0x55eadaba5360 DEBUG   GST_REGISTRY gstregistry.c:589:gst_registry_add_feature: adding feature 0x55eadabd2540 (fdsink)
0:00:00.016640873  2778 0x556fb4b3c360 DEBUG   GST_POLL gstpoll.c:979:gst_poll_fd_ctl_write: 0x556fb4b60cc0: fd (fd:0, idx:1), active : 1
0:00:00.021307756  2777 0x55eadaba5360 DEBUG   GST_REFCOUNTING gstobject.c:708:gst_object_set_parent: set parent (ref and sink)
0:00:00.016649357  2778 0x556fb4b3c360 LOG   GST_POLL gstpoll.c:994:gst_poll_fd_ctl_write: 0x556fb4b60cc0: pfd->events now 60 (POLLOUT:4)
0:00:00.021315828  2777 0x55eadaba5360 TRACE   GST_REFCOUNTING gstobject.c:292:gst_object_ref_sink: 0x55eadabd2540 ref_sink 1->2
0:00:00.016656994  2778 0x556fb4b3c360 DEBUG   GST_POLL gstpoll.c:979:gst_poll_fd_ctl_write: 0x556fb4b60cc0: fd (fd:0, idx:1), active : 1
0:00:00.021323345  2777 0x55eadaba5360 LOG   GST_REGISTRY gstregistry.c:607:gst_registry_add_feature: emitting feature-added for fdsink
0:00:00.016664760  2778 0x556fb4b3c360 LOG   GST_POLL gstpoll.c:994:gst_poll_fd_ctl_write: 0x556fb4b60cc0: pfd->events now 60 (POLLOUT:4)
0:00:00.021341443  2777 0x55eadaba5360 DEBUG   GST_REGISTRY gstregistrychunks.c:741:gst_registry_chunks_load_feature: Added feature fdsink, plugin 0x55eadabcb500 coreelements
0:00:00.021348897  2777 0x55eadaba5360 DEBUG   GST_REGISTRY gstregistrychunks.c:583:gst_registry_chunks_load_feature: Plugin 'coreelements' feature 'fdsrc' typename : 'GstElementFactory'
0:00:00.016688321  2778 0x556fb4b3c360 DEBUG   GST_POLL gstpoll.c:979:gst_poll_fd_ctl_write: 0x556fb4b60cc0: fd (fd:0, idx:1), active : 1
0:00:00.021358154  2777 0x55eadaba5360 TRACE   GST_REFCOUNTING gstobject.c:208:gst_object_init: 0x55eadabd6930 new
0:00:00.016700103  2778 0x556fb4b3c360 LOG   GST_POLL gstpoll.c:994:gst_poll_fd_ctl_write: 0x556fb4b60cc0: pfd->events now 60 (POLLOUT:4)
0:00:00.021366896  2777 0x55eadaba5360 LOG   GST_REGISTRY gstregistrychunks.c:610:gst_registry_chunks_load_feature: Reading/casting for GstRegistryChunkElementFactory at address 0x55eadabccb28
0:00:00.016707961  2778 0x556fb4b3c360 DEBUG   GST_POLL gstpoll.c:979:gst_poll_fd_ctl_write: 0x556fb4b60cc0: fd (fd:0, idx:1), active : 1
0:00:00.021379424  2777 0x55eadaba5360 TRACE   structure gststructure.c:292:gst_structure_new_id_empty_with_size: created structure 0x55eadabd6b60
0:00:00.016721248  2778 0x556fb4b3c360 LOG   GST_POLL gstpoll.c:994:gst_poll_fd_ctl_write: 0x556fb4b60cc0: pfd->events now 60 (POLLOUT:4)
0:00:00.021386125  2777 0x55eadaba5360 DEBUG   structure gststructure.c:2258:gst_structure_parse_field: trying field name 'long-name'
0:00:00.016728348  2778 0x556fb4b3c360 DEBUG   GST_POLL gstpoll.c:979:gst_poll_fd_ctl_write: 0x556fb4b60cc0: fd (fd:0, idx:1), active : 1
0:00:00.021392540  2777 0x55eadaba5360 DEBUG   default gstvalue.c:2776:_priv_gst_value_parse_value: trying type name 'string'
0:00:00.016735060  2778 0x556fb4b3c360 LOG   GST_POLL gstpoll.c:994:gst_poll_fd_ctl_write: 0x556fb4b60cc0: pfd->events now 60 (POLLOUT:4)
0:00:00.021400014  2777 0x55eadaba5360 DEBUG   structure gststructure.c:2258:gst_structure_parse_field: trying field name 'klass'
0:00:00.016742226  2778 0x556fb4b3c360 DEBUG   GST_POLL gstpoll.c:979:gst_poll_fd_ctl_write: 0x556fb4b60cc0: fd (fd:0, idx:1), active : 1
0:00:00.021406536  2777 0x55eadaba5360 DEBUG   default gstvalue.c:2776:_priv_gst_value_parse_value: trying type name 'string'
0:00:00.016749136  2778 0x556fb4b3c360 LOG   GST_POLL gstpoll.c:994:gst_poll_fd_ctl_write: 0x556fb4b60cc0: pfd->events now 60 (POLLOUT:4)
0:00:00.021414150  2777 0x55eadaba5360 DEBUG   structure gststructure.c:2258:gst_structure_parse_field: trying field name 'description'
0:00:00.016756366  2778 0x556fb4b3c360 DEBUG   GST_POLL gstpoll.c:979:gst_poll_fd_ctl_write: 0x556fb4b60cc0: fd (fd:0, idx:1), active : 1
0:00:00.021420519  2777 0x55eadaba5360 DEBUG   default gstvalue.c:2776:_priv_gst_value_parse_value: trying type name 'string'
0:00:00.016763108  2778 0x556fb4b3c360 LOG   GST_POLL gstpoll.c:994:gst_poll_fd_ctl_write: 0x556fb4b60cc0: pfd->events now 60 (POLLOUT:4)
0:00:00.021427816  2777 0x55eadaba5360 DEBUG   structure gststructure.c:2258:gst_structure_parse_field: trying field name 'author'
0:00:00.016770157  2778 0x556fb4b3c360 DEBUG   GST_POLL gstpoll.c:979:gst_poll_fd_ctl_write: 0x556fb4b60cc0: fd (fd:0, idx:1), active : 1
0:00:00.021434136  2777 0x55eadaba5360 DEBUG   default gstvalue.c:2776:_priv_gst_value_parse_value: trying type name 'string'
0:00:00.016776895  2778 0x556fb4b3c360 LOG   GST_POLL gstpoll.c:994:gst_poll_fd_ctl_write: 0x556fb4b60cc0: pfd->events now 60 (POLLOUT:4)
0:00:00.021441464  2777 0x55eadaba5360 DEBUG   GST_REGISTRY gstregistrychunks.c:627:gst_registry_chunks_load_feature: Element factory : npadtemplates=1
0:00:00.016783803  2778 0x556fb4b3c360 DEBUG   GST_POLL gstpoll.c:979:gst_poll_fd_ctl_write: 0x556fb4b60cc0: fd (fd:0, idx:1), active : 1
0:00:00.021447843  2777 0x55eadaba5360 DEBUG   GST_REGISTRY gstregistrychunks.c:526:gst_registry_chunks_load_pad_template: Reading/casting for GstRegistryChunkPadTemplate at address 0x55eadabccc08
0:00:00.016790417  2778 0x556fb4b3c360 LOG   GST_POLL gstpoll.c:994:gst_poll_fd_ctl_write: 0x556fb4b60cc0: pfd->events now 60 (POLLOUT:4)
0:00:00.021454322  2777 0x55eadaba5360 DEBUG   GST_REGISTRY gstregistrychunks.c:540:gst_registry_chunks_load_pad_template: Added pad_template src
0:00:00.016804297  2778 0x556fb4b3c360 DEBUG   GST_POLL gstpoll.c:979:gst_poll_fd_ctl_write: 0x556fb4b60cc0: fd (fd:0, idx:1), active : 1
0:00:00.021466933  2777 0x55eadaba5360 DEBUG   GST_REGISTRY gstregistrychunks.c:640:gst_registry_chunks_load_feature: Reading 1 UriTypes at address 0x55eadabccc18
0:00:00.016811288  2778 0x556fb4b3c360 LOG   GST_POLL gstpoll.c:994:gst_poll_fd_ctl_write: 0x556fb4b60cc0: pfd->events now 60 (POLLOUT:4)
0:00:00.021474571  2777 0x55eadaba5360 DEBUG   GST_REGISTRY gstregistrychunks.c:655:gst_registry_chunks_load_feature: Reading 1 Interfaces at address 0x55eadabccc1f
0:00:00.016818412  2778 0x556fb4b3c360 DEBUG   GST_POLL gstpoll.c:979:gst_poll_fd_ctl_write: 0x556fb4b60cc0: fd (fd:0, idx:1), active : 1
0:00:00.021483222  2777 0x55eadaba5360 DEBUG   GST_REGISTRY gstregistry.c:589:gst_registry_add_feature: adding feature 0x55eadabd6930 (fdsrc)
0:00:00.016825177  2778 0x556fb4b3c360 LOG   GST_POLL gstpoll.c:994:gst_poll_fd_ctl_write: 0x556fb4b60cc0: pfd->events now 60 (POLLOUT:4)
0:00:00.021490206  2777 0x55eadaba5360 DEBUG   GST_REFCOUNTING gstobject.c:708:gst_object_set_parent: set parent (ref and sink)
0:00:00.016832342  2778 0x556fb4b3c360 DEBUG   GST_POLL gstpoll.c:979:gst_poll_fd_ctl_write: 0x556fb4b60cc0: fd (fd:0, idx:1), active : 1
0:00:00.016838948  2778 0x556fb4b3c360 LOG   GST_POLL gstpoll.c:994:gst_poll_fd_ctl_write: 0x556fb4b60cc0: pfd->events now 60 (POLLOUT:4)
0:00:00.021501523  2777 0x55eadaba5360 TRACE   GST_REFCOUNTING gstobject.c:292:gst_object_ref_sink: 0x55eadabd6930 ref_sink 1->2
0:00:00.016845432  2778 0x556fb4b3c360 DEBUG   GST_POLL gstpoll.c:979:gst_poll_fd_ctl_write: 0x556fb4b60cc0: fd (fd:0, idx:1), active : 1
0:00:00.021509079  2777 0x55eadaba5360 LOG   GST_REGISTRY gstregistry.c:607:gst_registry_add_feature: emitting feature-added for fdsrc
0:00:00.016852186  2778 0x556fb4b3c360 LOG   GST_POLL gstpoll.c:994:gst_poll_fd_ctl_write: 0x556fb4b60cc0: pfd->events now 60 (POLLOUT:4)
0:00:00.021516435  2777 0x55eadaba5360 DEBUG   GST_REGISTRY gstregistrychunks.c:741:gst_registry_chunks_load_feature: Added feature fdsrc, plugin 0x55eadabcb500 coreelements
0:00:00.016859249  2778 0x556fb4b3c360 DEBUG   GST_POLL gstpoll.c:979:gst_poll_fd_ctl_write: 0x556fb4b60cc0: fd (fd:0, idx:1), active : 1
0:00:00.021523870  2777 0x55eadaba5360 DEBUG   GST_REGISTRY gstregistrychunks.c:583:gst_registry_chunks_load_feature: Plugin 'coreelements' feature 'fakesink' typename : 'GstElementFactory'
0:00:00.016865799  2778 0x556fb4b3c360 LOG   GST_POLL gstpoll.c:994:gst_poll_fd_ctl_write: 0x556fb4b60cc0: pfd->events now 60 (POLLOUT:4)
0:00:00.021531948  2777 0x55eadaba5360 TRACE   GST_REFCOUNTING gstobject.c:208:gst_object_init: 0x55eadabd6fe0 new
0:00:00.016872829  2778 0x556fb4b3c360 DEBUG   GST_POLL gstpoll.c:979:gst_poll_fd_ctl_write: 0x556fb4b60cc0: fd (fd:0, idx:1), active : 1
0:00:00.021540673  2777 0x55eadaba5360 LOG   GST_REGISTRY gstregistrychunks.c:610:gst_registry_chunks_load_feature: Reading/casting for GstRegistryChunkElementFactory at address 0x55eadabccc48
0:00:00.016881054  2778 0x556fb4b3c360 LOG   GST_POLL gstpoll.c:994:gst_poll_fd_ctl_write: 0x556fb4b60cc0: pfd->events now 60 (POLLOUT:4)
0:00:00.021554596  2777 0x55eadaba5360 TRACE   structure gststructure.c:292:gst_structure_new_id_empty_with_size: created structure 0x55eadabd7210
0:00:00.016896763  2778 0x556fb4b3c360 DEBUG   GST_POLL gstpoll.c:979:gst_poll_fd_ctl_write: 0x556fb4b60cc0: fd (fd:0, idx:1), active : 1
0:00:00.021561209  2777 0x55eadaba5360 DEBUG   structure gststructure.c:2258:gst_structure_parse_field: trying field name 'long-name'
0:00:00.016903439  2778 0x556fb4b3c360 LOG   GST_POLL gstpoll.c:994:gst_poll_fd_ctl_write: 0x556fb4b60cc0: pfd->events now 60 (POLLOUT:4)
0:00:00.021567669  2777 0x55eadaba5360 DEBUG   default gstvalue.c:2776:_priv_gst_value_parse_value: trying type name 'string'
0:00:00.016910460  2778 0x556fb4b3c360 DEBUG   GST_POLL gstpoll.c:979:gst_poll_fd_ctl_write: 0x556fb4b60cc0: fd (fd:0, idx:1), active : 1
0:00:00.021574890  2777 0x55eadaba5360 DEBUG   structure gststructure.c:2258:gst_structure_parse_field: trying field name 'klass'
0:00:00.016917122  2778 0x556fb4b3c360 LOG   GST_POLL gstpoll.c:994:gst_poll_fd_ctl_write: 0x556fb4b60cc0: pfd->events now 60 (POLLOUT:4)
0:00:00.021581579  2777 0x55eadaba5360 DEBUG   default gstvalue.c:2776:_priv_gst_value_parse_value: trying type name 'string'
